01-10 06:19:21.125 24295 28844 D CardWidget_SEEDLING_SUPPORT_SDK(3000004): (SeedlingSupportCardExecutor-pool-2-thread-1) seedling_entrance = 8
01-10 06:19:21.125 24295 28844 D CardWidget_SEEDLING_SUPPORT_SDK(3000004): (SeedlingSupportCardExecutor-pool-2-thread-1) page_id = pages/index.json
01-10 06:19:21.125 24295 28844 D CardWidget_SEEDLING_SUPPORT_SDK(3000004): (SeedlingSupportCardExecutor-pool-2-thread-1) upk_version_code = 1000001
01-10 06:19:21.125 24295 28844 D CardWidget_SEEDLING_SUPPORT_SDK(3000004): (SeedlingSupportCardExecutor-pool-2-thread-1) service_instance_id = 
01-10 06:19:21.125 24295 28844 D CardWidget_SEEDLING_SUPPORT_SDK(3000004): (SeedlingSupportCardExecutor-pool-2-thread-1) action :2
01-10 06:19:21.125 24295 28844 D CardWidget_SEEDLING_SUPPORT_SDK(3000004): (SeedlingSupportCardExecutor-pool-2-thread-1) dispatchLifecycle :subscribed,card = SeedlingCard(serviceId=268451924, cardId=268451924, cardIndex=1, hostId=20, host=StatusBar, subscribeType=Recommend, size=NXN, pageId=pages/index.json, upkVersionCode=1000001).instance=
01-10 06:19:21.125 24295 28844 D CardWidget_SEEDLING_SUPPORT_SDK(3000004)_SeedlingCardCache: (SeedlingSupportCardExecutor-pool-2-thread-1) onSubscribed card=SeedlingCard(serviceId=268451924, cardId=268451924, cardIndex=1, hostId=20, host=StatusBar, subscribeType=Recommend, size=NXN, pageId=pages/index.json, upkVersionCode=1000001),instanceId=
01-10 06:19:21.125 17922 20648 E OplusHansFreezeManagerService: updateAppCardProvider is called, but com.oplus.pantanal.ums is not allowed.
01-10 06:19:21.128 24295 28844 E UTraceContext: jsonString parse to json error: org.json.JSONException: End of input at character 0 of  [Battery.apk|com.oplus.battery|1.4.7-8671218-20240809-163401]
01-10 06:19:21.128 24295 28844 E UTraceContext: org.json.JSONException: End of input at character 0 of 
01-10 06:19:21.128 24295 28844 E UTraceContext: 	at org.json.JSONTokener.syntaxError(JSONTokener.java:469)
01-10 06:19:21.128 24295 28844 E UTraceContext: 	at org.json.JSONTokener.nextValue(JSONTokener.java:101)
01-10 06:19:21.128 24295 28844 E UTraceContext: 	at org.json.JSONObject.<init>(JSONObject.java:168)
01-10 06:19:21.128 24295 28844 E UTraceContext: 	at org.json.JSONObject.<init>(JSONObject.java:185)
01-10 06:19:21.128 24295 28844 E UTraceContext: 	at com.oplus.utrace.sdk.UTraceContextV2$Companion.fromJSONString(UTraceContextV2.kt:17)
01-10 06:19:21.128 24295 28844 E UTraceContext: 	at com.oplus.utrace.sdk.UTraceCompat.readFromJsonString(UTraceCompat.kt:10)
01-10 06:19:21.128 24295 28844 E UTraceContext: 	at m7.c.d(Unknown Source:15)
01-10 06:19:21.128 24295 28844 E UTraceContext: 	at m7.a$a.b(Unknown Source:8)
01-10 06:19:21.128 24295 28844 E UTraceContext: 	at h7.a.d(Unknown Source:23)
01-10 06:19:21.128 24295 28844 E UTraceContext: 	at h7.a.e(Unknown Source:6)
01-10 06:19:21.128 24295 28844 E UTraceContext: 	at h7.a.onSubscribed(Unknown Source:54)
01-10 06:19:21.128 24295 28844 E UTraceContext: 	at k7.c$b.a(Unknown Source:133)
01-10 06:19:21.128 24295 28844 E UTraceContext: 	at k7.c$b.invoke(Unknown Source:5)
01-10 06:19:21.128 24295 28844 E UTraceContext: 	at k7.c.f(Unknown Source:133)
01-10 06:19:21.128 24295 28844 E UTraceContext: 	at k7.c.a(Unknown Source:16)
01-10 06:19:21.128 24295 28844 E UTraceContext: 	at i7.a$e.a(Unknown Source:59)
01-10 06:19:21.128 24295 28844 E UTraceContext: 	at i7.a$e.invoke(Unknown Source:3)
01-10 06:19:21.128 24295 28844 E UTraceContext: 	at com.oplus.pantanal.seedling.util.c$a.a(Unknown Source:5)
01-10 06:19:21.128 24295 28844 E UTraceContext: 	at com.oplus.pantanal.seedling.util.c$a.invoke(Unknown Source:1)
01-10 06:19:21.128 24295 28844 E UTraceContext: 	at com.oplus.pantanal.seedling.util.f.a(Unknown Source:11)
01-10 06:19:21.128 24295 28844 E UTraceContext: 	at com.oplus.pantanal.seedling.util.c.m(Unknown Source:13)
01-10 06:19:21.128 24295 28844 E UTraceContext: 	at com.oplus.pantanal.seedling.util.c.a(Unknown Source:1)
01-10 06:19:21.128 24295 28844 E UTraceContext: 	at com.oplus.pantanal.seedling.util.b.run(R8$$SyntheticClass:5)
01-10 06:19:21.128 24295 28844 E UTraceContext: 	at java.util.concurrent.Executors$RunnableAdapter.call(Executors.java:487)
01-10 06:19:21.128 24295 28844 E UTraceContext: 	at java.util.concurrent.FutureTask.run(FutureTask.java:264)
01-10 06:19:21.128 24295 28844 E UTraceContext: 	at java.util.concurrent.ThreadPoolExecutor.runWorker(ThreadPoolExecutor.java:1145)
01-10 06:19:21.128 24295 28844 E UTraceContext: 	at java.util.concurrent.ThreadPoolExecutor$Worker.run(ThreadPoolExecutor.java:644)
01-10 06:19:21.128 24295 28844 E UTraceContext: 	at java.lang.Thread.run(Thread.java:1012)
01-10 06:19:21.128 24295 28844 D CardWidget_TraceHelper: (SeedlingSupportCardExecutor-pool-2-thread-1) startTrace spanName=920003.parentTraceCtx=null
01-10 06:19:21.128 24295 28844 E CardWidget_TraceHelper: (SeedlingSupportCardExecutor-pool-2-thread-1) traceCtxStr is null or empty
01-10 06:19:21.128 24295 28844 D CardWidget_SEEDLING_SUPPORT_SDK(3000004): (SeedlingSupportCardExecutor-pool-2-thread-1) CardExecutor: request,data:[B@6d827a7
01-10 06:19:21.128 24295 28844 D CardWidget_SEEDLING_SUPPORT_SDK(3000004): (SeedlingSupportCardExecutor-pool-2-thread-1) use json to decode,size = 369
01-10 06:19:21.128 24295 28844 D CardWidget_SEEDLING_SUPPORT_SDK(3000004): (SeedlingSupportCardExecutor-pool-2-thread-1) card = {"cardType":268451924,"cardId":1,"hostId":20,"action":2,"param":{"life_circle":"create","service_id":"268451924","card_create_type":"2","card_size":"1000","seedling_entrance":"8","page_id":"pages\/index.json","upk_version_code":"1000001","card_unique_key":"268451924&1&20_sid=268451924_rk=fbb948_sk=ed7ebf","is_support_multi_instance":"false","service_instance_id":""}}   action = 2  decodeSeedlingCardEvent param = 2
01-10 06:19:21.128 24295 28844 D CardWidget_SEEDLING_SUPPORT_SDK(3000004): (SeedlingSupportCardExecutor-pool-2-thread-1) service_id = 268451924
01-10 06:19:21.128 24295 28844 D CardWidget_SEEDLING_SUPPORT_SDK(3000004): (SeedlingSupportCardExecutor-pool-2-thread-1) card_create_type = 2
01-10 06:19:21.128 24295 28844 D CardWidget_SEEDLING_SUPPORT_SDK(3000004): (SeedlingSupportCardExecutor-pool-2-thread-1) card_size = 1000
01-10 06:19:21.128 24295 28844 D CardWidget_SEEDLING_SUPPORT_SDK(3000004): (SeedlingSupportCardExecutor-pool-2-thread-1) seedling_entrance = 8
01-10 06:19:21.128 24295 28844 D CardWidget_SEEDLING_SUPPORT_SDK(3000004): (SeedlingSupportCardExecutor-pool-2-thread-1) page_id = pages/index.json
01-10 06:19:21.128 24295 28844 D CardWidget_SEEDLING_SUPPORT_SDK(3000004): (SeedlingSupportCardExecutor-pool-2-thread-1) upk_version_code = 1000001
01-10 06:19:21.128 24295 28844 D CardWidget_SEEDLING_SUPPORT_SDK(3000004): (SeedlingSupportCardExecutor-pool-2-thread-1) service_instance_id = 
01-10 06:19:21.128 24295 28844 D CardWidget_SEEDLING_SUPPORT_SDK(3000004): (SeedlingSupportCardExecutor-pool-2-thread-1) action :2
01-10 06:19:21.128 24295 28844 D CardWidget_SEEDLING_SUPPORT_SDK(3000004): (SeedlingSupportCardExecutor-pool-2-thread-1) dispatchLifecycle :create,card = SeedlingCard(serviceId=268451924, cardId=268451924, cardIndex=1, hostId=20, host=StatusBar, subscribeType=Recommend, size=NXN, pageId=pages/index.json, upkVersionCode=1000001).instance=
01-10 06:19:21.128 24295 28844 D CardWidget_SEEDLING_SUPPORT_SDK(3000004)_SeedlingCardCache: (SeedlingSupportCardExecutor-pool-2-thread-1) onCardCreate card=SeedlingCard(serviceId=268451924, cardId=268451924, cardIndex=1, hostId=20, host=StatusBar, subscribeType=Recommend, size=NXN, pageId=pages/index.json, upkVersionCode=1000001),instanceId=
01-10 06:19:21.128 24295 28844 D CardWidget_SEEDLING_SUPPORT_SDK(3000004)_SeedlingCardCache: (SeedlingSupportCardExecutor-pool-2-thread-1) observeSeedlingCard size=0,seedlingCard:SeedlingCard(serviceId=268451924, cardId=268451924, cardIndex=1, hostId=20, host=StatusBar, subscribeType=Recommend, size=NXN, pageId=pages/index.json, upkVersionCode=1000001)
01-10 06:19:21.128 24295 28844 D CardWidget_SEEDLING_SUPPORT_SDK(3000004)_SeedlingCardCache: (SeedlingSupportCardExecutor-pool-2-thread-1) observeSeedlingCard cardList size=1,[SeedlingCard(serviceId=268451924, cardId=268451924, cardIndex=1, hostId=20, host=StatusBar, subscribeType=Recommend, size=NXN, pageId=pages/index.json, upkVersionCode=1000001)]
01-10 06:19:21.128 24295 28844 E UTraceContext: jsonString parse to json error: org.json.JSONException: End of input at character 0 of  [Battery.apk|com.oplus.battery|1.4.7-8671218-20240809-163401]
01-10 06:19:21.128 24295 28844 E UTraceContext: org.json.JSONException: End of input at character 0 of 
01-10 06:19:21.128 24295 28844 E UTraceContext: 	at org.json.JSONTokener.syntaxError(JSONTokener.java:469)
01-10 06:19:21.128 24295 28844 E UTraceContext: 	at org.json.JSONTokener.nextValue(JSONTokener.java:101)
01-10 06:19:21.128 24295 28844 E UTraceContext: 	at org.json.JSONObject.<init>(JSONObject.java:168)
01-10 06:19:21.128 24295 28844 E UTraceContext: 	at org.json.JSONObject.<init>(JSONObject.java:185)
01-10 06:19:21.128 24295 28844 E UTraceContext: 	at com.oplus.utrace.sdk.UTraceContextV2$Companion.fromJSONString(UTraceContextV2.kt:17)
01-10 06:19:21.128 24295 28844 E UTraceContext: 	at com.oplus.utrace.sdk.UTraceCompat.readFromJsonString(UTraceCompat.kt:10)
01-10 06:19:21.128 24295 28844 E UTraceContext: 	at m7.c.d(Unknown Source:15)
01-10 06:19:21.128 24295 28844 E UTraceContext: 	at m7.a$a.b(Unknown Source:8)
01-10 06:19:21.128 24295 28844 E UTraceContext: 	at h7.a.d(Unknown Source:23)
01-10 06:19:21.128 24295 28844 E UTraceContext: 	at h7.a.e(Unknown Source:6)
01-10 06:19:21.128 24295 28844 E UTraceContext: 	at h7.a.onCardCreate(Unknown Source:57)
01-10 06:19:21.128 24295 28844 E UTraceContext: 	at k7.c$b.a(Unknown Source:219)
01-10 06:19:21.128 24295 28844 E UTraceContext: 	at k7.c$b.invoke(Unknown Source:5)
01-10 06:19:21.128 24295 28844 E UTraceContext: 	at k7.c.f(Unknown Source:133)
01-10 06:19:21.128 24295 28844 E UTraceContext: 	at k7.c.a(Unknown Source:16)
01-10 06:19:21.128 24295 28844 E UTraceContext: 	at i7.a$e.a(Unknown Source:59)
01-10 06:19:21.128 24295 28844 E UTraceContext: 	at i7.a$e.invoke(Unknown Source:3)
01-10 06:19:21.128 24295 28844 E UTraceContext: 	at com.oplus.pantanal.seedling.util.c$a.a(Unknown Source:5)
01-10 06:19:21.128 24295 28844 E UTraceContext: 	at com.oplus.pantanal.seedling.util.c$a.invoke(Unknown Source:1)
01-10 06:19:21.128 24295 28844 E UTraceContext: 	at com.oplus.pantanal.seedling.util.f.a(Unknown Source:11)
01-10 06:19:21.128 24295 28844 E UTraceContext: 	at com.oplus.pantanal.seedling.util.c.m(Unknown Source:13)
01-10 06:19:21.128 24295 28844 E UTraceContext: 	at com.oplus.pantanal.seedling.util.c.a(Unknown Source:1)
01-10 06:19:21.128 24295 28844 E UTraceContext: 	at com.oplus.pantanal.seedling.util.b.run(R8$$SyntheticClass:5)
01-10 06:19:21.128 24295 28844 E UTraceContext: 	at java.util.concurrent.Executors$RunnableAdapter.call(Executors.java:487)
01-10 06:19:21.128 24295 28844 E UTraceContext: 	at java.util.concurrent.FutureTask.run(FutureTask.java:264)
01-10 06:19:21.128 24295 28844 E UTraceContext: 	at java.util.concurrent.ThreadPoolExecutor.runWorker(ThreadPoolExecutor.java:1145)
01-10 06:19:21.128 24295 28844 E UTraceContext: 	at java.util.concurrent.ThreadPoolExecutor$Worker.run(ThreadPoolExecutor.java:644)
01-10 06:19:21.128 24295 28844 E UTraceContext: 	at java.lang.Thread.run(Thread.java:1012)
01-10 06:19:21.128 24295 28844 D CardWidget_TraceHelper: (SeedlingSupportCardExecutor-pool-2-thread-1) startTrace spanName=920004.parentTraceCtx=null
01-10 06:19:21.128 24295 28844 E CardWidget_TraceHelper: (SeedlingSupportCardExecutor-pool-2-thread-1) traceCtxStr is null or empty
01-10 06:19:21.128 24295 28844 D CardWidget_SEEDLING_SUPPORT_SDK(3000004): (SeedlingSupportCardExecutor-pool-2-thread-1) CardExecutor: request,data:[B@847f454
01-10 06:19:21.128 24295 28844 D CardWidget_SEEDLING_SUPPORT_SDK(3000004): (SeedlingSupportCardExecutor-pool-2-thread-1) use json to decode,size = 393
01-10 06:19:21.128 24295 28844 D CardWidget_SEEDLING_SUPPORT_SDK(3000004): (SeedlingSupportCardExecutor-pool-2-thread-1) card = {"cardType":268451924,"cardId":1,"hostId":20,"action":2,"param":{"life_circle":"update_data","service_id":"268451924","card_create_type":"2","card_size":"1000","seedling_entrance":"8","page_id":"pages\/index.json","upk_version_code":"1000001","business_data":"","card_unique_key":"268451924&1&20_sid=268451924_rk=fbb948_sk=ed7ebf","is_support_multi_instance":"false","service_instance_id":""}}   action = 2  decodeSeedlingCardEvent param = 2
01-10 06:19:21.128 24295 28844 D CardWidget_SEEDLING_SUPPORT_SDK(3000004): (SeedlingSupportCardExecutor-pool-2-thread-1) service_id = 268451924
01-10 06:19:21.128 24295 28844 D CardWidget_SEEDLING_SUPPORT_SDK(3000004): (SeedlingSupportCardExecutor-pool-2-thread-1) card_create_type = 2
01-10 06:19:21.128 24295 28844 D CardWidget_SEEDLING_SUPPORT_SDK(3000004): (SeedlingSupportCardExecutor-pool-2-thread-1) card_size = 1000
01-10 06:19:21.128 24295 28844 D CardWidget_SEEDLING_SUPPORT_SDK(3000004): (SeedlingSupportCardExecutor-pool-2-thread-1) seedling_entrance = 8
01-10 06:19:21.128 24295 28844 D CardWidget_SEEDLING_SUPPORT_SDK(3000004): (SeedlingSupportCardExecutor-pool-2-thread-1) page_id = pages/index.json
01-10 06:19:21.128 24295 28844 D CardWidget_SEEDLING_SUPPORT_SDK(3000004): (SeedlingSupportCardExecutor-pool-2-thread-1) upk_version_code = 1000001
01-10 06:19:21.128 24295 28844 D CardWidget_SEEDLING_SUPPORT_SDK(3000004): (SeedlingSupportCardExecutor-pool-2-thread-1) service_instance_id = 
01-10 06:19:21.128 24295 28844 D CardWidget_SEEDLING_SUPPORT_SDK(3000004): (SeedlingSupportCardExecutor-pool-2-thread-1) action :2
01-10 06:19:21.128 24295 28844 D CardWidget_SEEDLING_SUPPORT_SDK(3000004): (SeedlingSupportCardExecutor-pool-2-thread-1) dispatchLifecycle :update_data,card = SeedlingCard(serviceId=268451924, cardId=268451924, cardIndex=1, hostId=20, host=StatusBar, subscribeType=Recommend, size=NXN, pageId=pages/index.json, upkVersionCode=1000001).instance=
01-10 06:19:21.128 24295 28844 D CardWidget_SEEDLING_SUPPORT_SDK(3000004)_SeedlingCardCache: (SeedlingSupportCardExecutor-pool-2-thread-1) onUpdateData card=SeedlingCard(serviceId=268451924, cardId=268451924, cardIndex=1, hostId=20, host=StatusBar, subscribeType=Recommend, size=NXN, pageId=pages/index.json, upkVersionCode=1000001),instanceId=
01-10 06:19:21.128 24295 28844 E UTraceContext: jsonString parse to json error: org.json.JSONException: End of input at character 0 of  [Battery.apk|com.oplus.battery|1.4.7-8671218-20240809-163401]
01-10 06:19:21.128 24295 28844 E UTraceContext: org.json.JSONException: End of input at character 0 of 
01-10 06:19:21.128 24295 28844 E UTraceContext: 	at org.json.JSONTokener.syntaxError(JSONTokener.java:469)
01-10 06:19:21.128 24295 28844 E UTraceContext: 	at org.json.JSONTokener.nextValue(JSONTokener.java:101)
01-10 06:19:21.128 24295 28844 E UTraceContext: 	at org.json.JSONObject.<init>(JSONObject.java:168)
01-10 06:19:21.128 24295 28844 E UTraceContext: 	at org.json.JSONObject.<init>(JSONObject.java:185)
01-10 06:19:21.128 24295 28844 E UTraceContext: 	at com.oplus.utrace.sdk.UTraceContextV2$Companion.fromJSONString(UTraceContextV2.kt:17)
01-10 06:19:21.128 24295 28844 E UTraceContext: 	at com.oplus.utrace.sdk.UTraceCompat.readFromJsonString(UTraceCompat.kt:10)
01-10 06:19:21.128 24295 28844 E UTraceContext: 	at m7.c.d(Unknown Source:15)
01-10 06:19:21.128 24295 28844 E UTraceContext: 	at m7.a$a.b(Unknown Source:8)
01-10 06:19:21.128 24295 28844 E UTraceContext: 	at h7.a.d(Unknown Source:23)
01-10 06:19:21.128 24295 28844 E UTraceContext: 	at h7.a.e(Unknown Source:6)
01-10 06:19:21.128 24295 28844 E UTraceContext: 	at h7.a.onUpdateData(Unknown Source:59)
01-10 06:19:21.128 24295 28844 E UTraceContext: 	at k7.c$b.a(Unknown Source:171)
01-10 06:19:21.128 24295 28844 E UTraceContext: 	at k7.c$b.invoke(Unknown Source:5)
01-10 06:19:21.128 24295 28844 E UTraceContext: 	at k7.c.f(Unknown Source:133)
01-10 06:19:21.128 24295 28844 E UTraceContext: 	at k7.c.a(Unknown Source:16)
01-10 06:19:21.128 24295 28844 E UTraceContext: 	at i7.a$e.a(Unknown Source:59)
01-10 06:19:21.128 24295 28844 E UTraceContext: 	at i7.a$e.invoke(Unknown Source:3)
01-10 06:19:21.128 24295 28844 E UTraceContext: 	at com.oplus.pantanal.seedling.util.c$a.a(Unknown Source:5)
01-10 06:19:21.128 24295 28844 E UTraceContext: 	at com.oplus.pantanal.seedling.util.c$a.invoke(Unknown Source:1)
01-10 06:19:21.128 24295 28844 E UTraceContext: 	at com.oplus.pantanal.seedling.util.f.a(Unknown Source:11)
01-10 06:19:21.128 24295 28844 E UTraceContext: 	at com.oplus.pantanal.seedling.util.c.m(Unknown Source:13)
01-10 06:19:21.128 24295 28844 E UTraceContext: 	at com.oplus.pantanal.seedling.util.c.a(Unknown Source:1)
01-10 06:19:21.128 24295 28844 E UTraceContext: 	at com.oplus.pantanal.seedling.util.b.run(R8$$SyntheticClass:5)
01-10 06:19:21.128 24295 28844 E UTraceContext: 	at java.util.concurrent.Executors$RunnableAdapter.call(Executors.java:487)
01-10 06:19:21.128 24295 28844 E UTraceContext: 	at java.util.concurrent.FutureTask.run(FutureTask.java:264)
01-10 06:19:21.128 24295 28844 E UTraceContext: 	at java.util.concurrent.ThreadPoolExecutor.runWorker(ThreadPoolExecutor.java:1145)
01-10 06:19:21.128 24295 28844 E UTraceContext: 	at java.util.concurrent.ThreadPoolExecutor$Worker.run(ThreadPoolExecutor.java:644)
01-10 06:19:21.128 24295 28844 E UTraceContext: 	at java.lang.Thread.run(Thread.java:1012)
01-10 06:19:21.128 24295 28844 D CardWidget_TraceHelper: (SeedlingSupportCardExecutor-pool-2-thread-1) startTrace spanName=920005.parentTraceCtx=null
01-10 06:19:21.128 24295 28844 E CardWidget_TraceHelper: (SeedlingSupportCardExecutor-pool-2-thread-1) traceCtxStr is null or empty
01-10 06:19:21.129 24295 28844 D CardWidget_SEEDLING_SUPPORT_SDK(3000004): (SeedlingSupportCardExecutor-pool-2-thread-1) updateData card=SeedlingCard(serviceId=268451924, cardId=268451924, cardIndex=1, hostId=20, host=StatusBar, subscribeType=Recommend, size=NXN, pageId=pages/index.json, upkVersionCode=1000001),businessData is null=false.cardOptions=SeedlingCardOptions(pageId=pages/index, dataSourcePkgName=null, isMilestone=true, requestShowPanel=false, requestHideStatusBar=false, grade=4, notificationIdList=null, showHostMap=null, lockScreenShowHostMap={StatusBar=false}, cancelPanelActionConfig=null, panelActionConfigMap=null, controlAction=null, remindType=0, shouldFocus=false, focusTimestamp=null, extensibleActionMap={hiddenIconList=battery})
01-10 06:19:21.129 24295 28844 D CardWidget_SEEDLING_SUPPORT_SDK(3000004): (SeedlingSupportCardExecutor-pool-2-thread-1) SeedlingTool updateData card=:SeedlingCard(serviceId=268451924, cardId=268451924, cardIndex=1, hostId=20, host=StatusBar, subscribeType=Recommend, size=NXN, pageId=pages/index.json, upkVersionCode=1000001),instanceId=.cardOptions=SeedlingCardOptions(pageId=pages/index, dataSourcePkgName=null, isMilestone=true, requestShowPanel=false, requestHideStatusBar=false, grade=4, notificationIdList=null, showHostMap=null, lockScreenShowHostMap={StatusBar=false}, cancelPanelActionConfig=null, panelActionConfigMap=null, controlAction=null, remindType=0, shouldFocus=false, focusTimestamp=null, extensibleActionMap={hiddenIconList=battery})
01-10 06:19:21.129 24295 28844 D CardWidget_SEEDLING_SUPPORT_SDK(3000004): (SeedlingSupportCardExecutor-pool-2-thread-1) CardExecutor: request,data:[B@ccffd
01-10 06:19:21.129 24295 28844 D CardWidget_SEEDLING_SUPPORT_SDK(3000004): (SeedlingSupportCardExecutor-pool-2-thread-1) use json to decode,size = 367
01-10 06:19:21.129 24295 28844 D CardWidget_SEEDLING_SUPPORT_SDK(3000004): (SeedlingSupportCardExecutor-pool-2-thread-1) card = {"cardType":268451924,"cardId":1,"hostId":20,"action":2,"param":{"life_circle":"show","service_id":"268451924","card_create_type":"2","card_size":"1000","seedling_entrance":"8","page_id":"pages\/index.json","upk_version_code":"1000001","card_unique_key":"268451924&1&20_sid=268451924_rk=fbb948_sk=936248","is_support_multi_instance":"false","service_instance_id":""}}   action = 2  decodeSeedlingCardEvent param = 2
01-10 06:19:21.129 24295 28844 D CardWidget_SEEDLING_SUPPORT_SDK(3000004): (SeedlingSupportCardExecutor-pool-2-thread-1) service_id = 268451924
01-10 06:19:21.129 24295 28844 D CardWidget_SEEDLING_SUPPORT_SDK(3000004): (SeedlingSupportCardExecutor-pool-2-thread-1) card_create_type = 2
01-10 06:19:21.129 24295 28898 D CardWidget_SEEDLING_SUPPORT_SDK(3000004): (SeedlingSupportDataExecutor-pool-3-thread-1) [serviceId:268451924 card:268451924&1&20] options = {"timestamp":120925155135721,"options":{"pageId":"pages\/index","isMilestone":true,"requestShowPanel":false,"requestHideStatusBar":false,"importance":4,"lockScreenShowHostMap":{"8":false},"remind_type":0,"should_focus":false,"focus_timestamp":1736486361129,"extensibleAction":{"hiddenIconList":"battery"}}}
01-10 06:19:21.129 24295 28844 D CardWidget_SEEDLING_SUPPORT_SDK(3000004): (SeedlingSupportCardExecutor-pool-2-thread-1) card_size = 1000
01-10 06:19:21.129 24295 28844 D CardWidget_SEEDLING_SUPPORT_SDK(3000004): (SeedlingSupportCardExecutor-pool-2-thread-1) seedling_entrance = 8
01-10 06:19:21.129 24295 28844 D CardWidget_SEEDLING_SUPPORT_SDK(3000004): (SeedlingSupportCardExecutor-pool-2-thread-1) page_id = pages/index.json
01-10 06:19:21.129 24295 28844 D CardWidget_SEEDLING_SUPPORT_SDK(3000004): (SeedlingSupportCardExecutor-pool-2-thread-1) upk_version_code = 1000001
01-10 06:19:21.129 24295 28844 D CardWidget_SEEDLING_SUPPORT_SDK(3000004): (SeedlingSupportCardExecutor-pool-2-thread-1) service_instance_id = 
01-10 06:19:21.129 24295 28844 D CardWidget_SEEDLING_SUPPORT_SDK(3000004): (SeedlingSupportCardExecutor-pool-2-thread-1) action :2
01-10 06:19:21.129 24295 28844 D CardWidget_SEEDLING_SUPPORT_SDK(3000004): (SeedlingSupportCardExecutor-pool-2-thread-1) dispatchLifecycle :show,card = SeedlingCard(serviceId=268451924, cardId=268451924, cardIndex=1, hostId=20, host=StatusBar, subscribeType=Recommend, size=NXN, pageId=pages/index.json, upkVersionCode=1000001).instance=
01-10 06:19:21.129 24295 28844 D CardWidget_SEEDLING_SUPPORT_SDK(3000004)_SeedlingCardCache: (SeedlingSupportCardExecutor-pool-2-thread-1) onShow card=SeedlingCard(serviceId=268451924, cardId=268451924, cardIndex=1, hostId=20, host=StatusBar, subscribeType=Recommend, size=NXN, pageId=pages/index.json, upkVersionCode=1000001),instanceId=
01-10 06:19:21.129 24295 28898 D CardWidget_SEEDLING_SUPPORT_SDK(3000004): (SeedlingSupportDataExecutor-pool-3-thread-1) buildByteData#card = SeedlingCard(serviceId=268451924, cardId=268451924, cardIndex=1, hostId=20, host=StatusBar, subscribeType=Recommend, size=NXN, pageId=pages/index.json, upkVersionCode=1000001)
01-10 06:19:21.129 24295 28898 D CardWidget_SEEDLING_SUPPORT_SDK(3000004): (SeedlingSupportDataExecutor-pool-3-thread-1) use json to encode
01-10 06:19:21.129 24295 28898 D CardWidget_SEEDLING_SUPPORT_SDK(3000004): (SeedlingSupportDataExecutor-pool-3-thread-1) serviceId:268451924, updateData: widgetCode = card:268451924&1&20
01-10 06:19:21.129 24295 28844 E UTraceContext: jsonString parse to json error: org.json.JSONException: End of input at character 0 of  [Battery.apk|com.oplus.battery|1.4.7-8671218-20240809-163401]
01-10 06:19:21.129 24295 28844 E UTraceContext: org.json.JSONException: End of input at character 0 of 
01-10 06:19:21.129 24295 28844 E UTraceContext: 	at org.json.JSONTokener.syntaxError(JSONTokener.java:469)
01-10 06:19:21.129 24295 28844 E UTraceContext: 	at org.json.JSONTokener.nextValue(JSONTokener.java:101)
01-10 06:19:21.129 24295 28844 E UTraceContext: 	at org.json.JSONObject.<init>(JSONObject.java:168)
01-10 06:19:21.129 24295 28844 E UTraceContext: 	at org.json.JSONObject.<init>(JSONObject.java:185)
01-10 06:19:21.129 24295 28844 E UTraceContext: 	at com.oplus.utrace.sdk.UTraceContextV2$Companion.fromJSONString(UTraceContextV2.kt:17)
01-10 06:19:21.129 24295 28844 E UTraceContext: 	at com.oplus.utrace.sdk.UTraceCompat.readFromJsonString(UTraceCompat.kt:10)
01-10 06:19:21.129 24295 28844 E UTraceContext: 	at m7.c.d(Unknown Source:15)
01-10 06:19:21.129 24295 28844 E UTraceContext: 	at m7.a$a.b(Unknown Source:8)
01-10 06:19:21.129 24295 28844 E UTraceContext: 	at h7.a.d(Unknown Source:23)
01-10 06:19:21.129 24295 28844 E UTraceContext: 	at h7.a.e(Unknown Source:6)
01-10 06:19:21.129 24295 28844 E UTraceContext: 	at h7.a.onShow(Unknown Source:54)
01-10 06:19:21.129 24295 28844 E UTraceContext: 	at k7.c$b.a(Unknown Source:207)
01-10 06:19:21.129 24295 28844 E UTraceContext: 	at k7.c$b.invoke(Unknown Source:5)
01-10 06:19:21.129 24295 28844 E UTraceContext: 	at k7.c.f(Unknown Source:133)
01-10 06:19:21.129 24295 28844 E UTraceContext: 	at k7.c.a(Unknown Source:16)
01-10 06:19:21.129 24295 28844 E UTraceContext: 	at i7.a$e.a(Unknown Source:59)
01-10 06:19:21.129 24295 28844 E UTraceContext: 	at i7.a$e.invoke(Unknown Source:3)
01-10 06:19:21.129 24295 28844 E UTraceContext: 	at com.oplus.pantanal.seedling.util.c$a.a(Unknown Source:5)
01-10 06:19:21.129 24295 28844 E UTraceContext: 	at com.oplus.pantanal.seedling.util.c$a.invoke(Unknown Source:1)
01-10 06:19:21.129 24295 28844 E UTraceContext: 	at com.oplus.pantanal.seedling.util.f.a(Unknown Source:11)
01-10 06:19:21.129 24295 28844 E UTraceContext: 	at com.oplus.pantanal.seedling.util.c.m(Unknown Source:13)
01-10 06:19:21.129 24295 28844 E UTraceContext: 	at com.oplus.pantanal.seedling.util.c.a(Unknown Source:1)
01-10 06:19:21.129 24295 28844 E UTraceContext: 	at com.oplus.pantanal.seedling.util.b.run(R8$$SyntheticClass:5)
01-10 06:19:21.129 24295 28844 E UTraceContext: 	at java.util.concurrent.Executors$RunnableAdapter.call(Executors.java:487)
01-10 06:19:21.129 24295 28844 E UTraceContext: 	at java.util.concurrent.FutureTask.run(FutureTask.java:264)
01-10 06:19:21.129 24295 28844 E UTraceContext: 	at java.util.concurrent.ThreadPoolExecutor.runWorker(ThreadPoolExecutor.java:1145)
01-10 06:19:21.129 24295 28844 E UTraceContext: 	at java.util.concurrent.ThreadPoolExecutor$Worker.run(ThreadPoolExecutor.java:644)
01-10 06:19:21.129 24295 28844 E UTraceContext: 	at java.lang.Thread.run(Thread.java:1012)
01-10 06:19:21.129 24295 28844 D CardWidget_TraceHelper: (SeedlingSupportCardExecutor-pool-2-thread-1) startTrace spanName=920010.parentTraceCtx=null
01-10 06:19:21.129 24295 28844 E CardWidget_TraceHelper: (SeedlingSupportCardExecutor-pool-2-thread-1) traceCtxStr is null or empty
01-10 06:19:21.129 24295 28898 I Channel.Client[1000028].battery.ClientProxy.ChargeSeedlingCardProvider: processObserve resUri=card:268451924&1&20, size is: 705
01-10 06:19:21.129 20663 20678 I UMS.CardServiceServerProvider: call, method=callback, arg=com.oplus.powermanager.chargeSeedling.ChargeSeedlingCardProvider, extras=Bundle[mParcelledData.dataSize=860] callingPackage=com.oplus.b***y, callingPid=24295,
01-10 06:19:21.129 20663 20678 I UMS.CardServiceServerProvider: getCallBackIds, method is not pull, return null
01-10 06:19:21.129 20663 20678 I UMS.HostPidManager: addHostPackageNameAndPid, callingPackageName = com.oplus.battery, callingPid = 24295, callbackId = null
01-10 06:19:21.129 20663 20678 I CardService[500].CardServiceServerProviderProxy: call: method = callback, callingPackageName = *om.op*us.ba*tery, callingPid = 24295
01-10 06:19:21.129 20663 20678 I Channel.Server[1000032].ums.ChannelServerProvider: call, method=[callback], clientName=[com.oplus.powermanager.chargeSeedling.ChargeSeedlingCardProvider], resultCallBackId=[card:268451924&1&20]
01-10 06:19:21.130 17922 20648 D WindowManagerServiceExtImpl: extractConfigInfoAndRealFlags rotation=0, screenDp=411, residentWS:0, win=Window{6e3118 u0 SeedlingCard}
01-10 06:19:21.130 20663 28897 I Channel.Server[1000032].ums.IServerImpl: runCallback, clientName=com.oplus.powermanager.chargeSeedling.ChargeSeedlingCardProvider, clientProxy=x2.else@15fe7cc
01-10 06:19:21.130 20663 28897 I Channel.Server[1000032].ums.ClientProxyImpl(hargeSeedling.ChargeSeedlingCardProvider): runCallback, callbackId=[card:268451924&1&20], isOnceCallback=[false], this=23062476
01-10 06:19:21.130 20663 28897 I CardService[500].CardDataChannelImpl: 268451924&1&20_sid=268451924_rk=fbb948 runCallback. size=705
01-10 06:19:21.130 17922 20648 V WindowManager: Relayout Window{6e3118 u0 SeedlingCard}: viewVisibility=8, oldvis=8, req=1080x2334, vsysui=, x=0, y=0
01-10 06:19:21.130 20663 28897 I CardService[500].Card: 268451924&1&20_sid=268451924_rk=fbb948 tryUpdate: start tryUpdate, uiData = -1134463534
01-10 06:19:21.130 20663 28903 I CardService[500].GlobalStrategy: 268451924&1&20_sid=268451924_rk=fbb948 insertRequest, batchSupport:true, priority:3.
01-10 06:19:21.130 17922 20648 D WindowManager: NFW_findFocusedWindowIfNeeded:Window{88342aa u0 NotificationShade} mCurrentFocus:Window{88342aa u0 NotificationShade}
01-10 06:19:21.147 20663 28903 I CardService[500].Card: 268451924&1&20_sid=268451924_rk=fbb948 tryUpdate: end tryUpdate, uiData = -929505422, lifecycleStatue = show
01-10 06:19:21.147 20663 22221 I CardService[500].UiDataChannelPolicy: 268451924&1&20_sid=268451924_rk=fbb948 observeCardService: received data, size=580, cardConfig=DecisionCardConfig(serviceId=268451924, type=268451924, name=, desc=, size=7, packageName=com.oplus.battery, componentName=com.oplus.powermanager.chargeSeedling.ChargeSeedlingCardProvider, category=100, supportActiveUpdate=false, minActiveUpdateInterval=-1, updatePriority=3, maxUpdateFrequency=1, protocol=2, instantCardUrl=, supportSuperChannel=false)
01-10 06:19:21.147 20663 22221 I CardService[500].UiDataChannelPolicy: 268451924&1&20_sid=268451924_rk=fbb948 observeCardService: notify, batchSuccess=false
01-10 06:19:21.148 20663 22221 I Channel.Client[1000032].ums.ClientProxy.seedling_client_statusbar: processObserve resUri=card:268451924&1&20, size is: 580
01-10 06:19:21.148 20663 22221 I CardService[500].CardChannelTrackUtil: 268451924&1&20_sid=268451924_rk=fbb948 uploadCardChannelTrack traceData = {serviceId=268451924, cardIndex=1, cardType=268451924, hostId=20, traceType=3, versionCode=500, action=[2025-01-10 06:19:21.069]100-101-110-111-113-120-130[2025-01-10 06:19:21.121]200-201-210-211-220-230[2025-01-10 06:19:21.122]300-301[2025-01-10 06:19:21.123]400-310-311-320-330-401-410-411-420-430[2025-01-10 06:19:21.130]1000-1001-1002}
01-10 06:19:21.149 20663 29488 I TrackUtil: get MetaValue key: isSupportTrackBatchSubmit
01-10 06:19:21.149 20663 29488 I TrackUtil: isSupportBatchSubmit: true
01-10 06:19:21.149 20663 29488 I TrackUtil: submit track cache, size: 5
01-10 06:19:21.150 18585 18608 I [0]DCS-StrategyManager: isNeedUpload: cache, type: 2006, appID: 118102, logTag: event_tag, eventID: card_service_publish_configuration_trace
01-10 06:19:21.150 18585 18608 I [0]DCS-StrategyManager: isNeedUpload: cache, type: 2006, appID: 118102, logTag: event_tag, eventID: card_service_card_channel_trace
01-10 06:19:21.150 18585 18608 I [0]DCS-StrategyManager: isNeedUpload: cache, type: 2006, appID: 118102, logTag: event_tag, eventID: card_service_card_channel_trace
01-10 06:19:21.150 18585 18608 I [0]DCS-StrategyManager: isNeedUpload: cache, type: 2006, appID: 118102, logTag: event_tag, eventID: card_service_card_channel_trace
01-10 06:19:21.150 18585 18608 I [0]DCS-StrategyManager: isNeedUpload: cache, type: 2006, appID: 118102, logTag: event_tag, eventID: card_service_card_channel_trace
01-10 06:19:21.162 20907 10757 W Conscrypt: Could not set socket write timeout: java.net.SocketException: Socket closed
01-10 06:19:21.162 20907 10757 W Conscrypt: 	at com.google.android.gms.org.conscrypt.Platform.setSocketWriteTimeout(:com.google.android.gms@244933035@24.49.33 (260400-705592033):204)
01-10 06:19:21.162 20907 10757 W Conscrypt: 	at com.google.android.gms.org.conscrypt.ConscryptFileDescriptorSocket.setSoWriteTimeout(:com.google.android.gms@244933035@24.49.33 (260400-705592033):4)
01-10 06:19:21.223 20907 10757 W Conscrypt: Could not set socket write timeout: java.net.SocketException: Socket closed
01-10 06:19:21.223 20907 10757 W Conscrypt: 	at com.google.android.gms.org.conscrypt.Platform.setSocketWriteTimeout(:com.google.android.gms@244933035@24.49.33 (260400-705592033):204)
01-10 06:19:21.223 20907 10757 W Conscrypt: 	at com.google.android.gms.org.conscrypt.ConscryptFileDescriptorSocket.setSoWriteTimeout(:com.google.android.gms@244933035@24.49.33 (260400-705592033):4)
01-10 06:19:21.326 17922 18258 V UsbDeviceManager: USB UEVENT: {SUBSYSTEM=android_usb, SEQNUM=45524, ACTION=change, USB_STATE=CONNECTED, DEVPATH=/devices/virtual/android_usb/android0}
01-10 06:19:21.326 17922 18258 I UsbDeviceManager: mResetUsbGadgetDisableDebounce:false connected:1configured:0
01-10 06:19:21.326 17922 18258 I UsbDeviceManager: removeMessages MSG_UPDATE_STATE
01-10 06:19:21.326 17922 17944 D OplusUsbDeviceFeature: setUsbPlugFlag
01-10 06:19:21.332 17922 17944 I UsbDeviceManager: handleMessage MSG_UPDATE_STATE mConnected:true mConfigured:false
01-10 06:19:21.333 17922 17944 D UsbDeviceManager: broadcasting Intent { act=android.hardware.usb.action.USB_STATE flg=0x31100000 (has extras) } extras: Bundle[{host_connected=false, connected=true, unlocked=false, adb=true, configured=false}]
01-10 06:19:21.334 17922 17944 D UsbDeviceManager: updateMtpFunction , mtpEnabled: false, ptpEnabled: false, mIsMtpServiceBound: false
01-10 06:19:21.336 17922 17922 W Settings: Setting adb_enabled has moved from android.provider.Settings.Secure to android.provider.Settings.Global.
01-10 06:19:21.336 17922 17977 D ActivityManager: Cancel freezing 24763 com.google.android.projection.gearhead:car
01-10 06:19:21.336 18730 18769 I Tethering: USB bcast connected:true configured:false rndis:false ncm:false
01-10 06:19:21.336 17922 17977 D ActivityManager: Async freezing 24763 com.google.android.projection.gearhead:car
01-10 06:19:21.336 17922 17977 D ActivityManager: Cancel freezing 24763 com.google.android.projection.gearhead:car
01-10 06:19:21.336 17922 17977 D ActivityManager: Async freezing 24763 com.google.android.projection.gearhead:car
01-10 06:19:21.336 17922 17977 D ActivityManager: Cancel freezing 28909 com.android.DeviceAsWebcam
01-10 06:19:21.336 17922 17977 D ActivityManager: Async freezing 28909 com.android.DeviceAsWebcam
01-10 06:19:21.337 17922 17977 D ActivityManager: Cancel freezing 28909 com.android.DeviceAsWebcam
01-10 06:19:21.337 17922 17977 D ActivityManager: Async freezing 28909 com.android.DeviceAsWebcam
01-10 06:19:21.337 17922 17977 D ActivityManager: Cancel freezing 24122 android.process.media
01-10 06:19:21.337 17922 17977 D ActivityManager: Async freezing 24122 android.process.media
01-10 06:19:21.337 17922 17977 D ActivityManager: Cancel freezing 24122 android.process.media
01-10 06:19:21.337 17922 17977 D ActivityManager: Async freezing 24122 android.process.media
01-10 06:19:21.337 28909 28909 E DeviceAsWebcamReceiver: UVC support isn't enabled, why do we have DeviceAsWebcam installed ?
01-10 06:19:21.338 17922 17977 D ActivityManager: Cancel freezing 24122 android.process.media
01-10 06:19:21.338 17922 17977 D ActivityManager: Cancel freezing 28909 com.android.DeviceAsWebcam
01-10 06:19:21.339 17922 20648 D ActivityManager: Async freezing 28909 com.android.DeviceAsWebcam
01-10 06:19:21.339 24122 24122 I MtpReceiver: handleUsbState configured=false connected=true mtpEnabled=false ptpEnabled=false unlocked=false
01-10 06:19:21.339 17922 17940 D ActivityManager: Async freezing 24122 android.process.media
01-10 06:19:21.343  2104 18445 I WifiHAL : event received NL80211_CMD_VENDOR, vendor_id = 0x1374, subcmd = 0xd
01-10 06:19:21.343  3314 18446 D LOWI-9.0.1.110: [LOWI-Scan] wait_event:Wait done with Cmd 103
01-10 06:19:21.343  3314 18446 D LOWI-9.0.1.110: [LOWI-Scan] do_listen_events: Rcvd valid Netlink Cmd 0 Err 0
01-10 06:19:21.343  3270  3270 I cnss-daemon: nl80211 response handler invoked
01-10 06:19:21.343  3270  3270 I cnss-daemon: nl80211_response_handler: cmd 103, vendorID 4980, subcmd 13  received
01-10 06:19:21.418 10101 10635 I adbd    : USB event: FUNCTIONFS_ENABLE
01-10 06:19:21.418 17922 18258 V UsbDeviceManager: USB UEVENT: {SUBSYSTEM=android_usb, SEQNUM=45525, ACTION=change, USB_STATE=CONFIGURED, DEVPATH=/devices/virtual/android_usb/android0}
01-10 06:19:21.418 17922 18258 I UsbDeviceManager: mResetUsbGadgetDisableDebounce:false connected:1configured:1
01-10 06:19:21.418 10101 10770 I adbd    : UsbFfs-worker thread spawned
01-10 06:19:21.418 17922 17944 D OplusUsbDeviceFeature: setUsbPlugFlag
01-10 06:19:21.420 17922 17944 I UsbDeviceManager: handleMessage MSG_UPDATE_STATE mConnected:true mConfigured:true
01-10 06:19:21.420 17922 17944 D UsbDeviceManager: broadcasting Intent { act=android.hardware.usb.action.USB_STATE flg=0x31100000 (has extras) } extras: Bundle[{host_connected=false, connected=true, unlocked=false, adb=true, configured=true}]
01-10 06:19:21.422 17922 17944 D UsbDeviceManager: updateMtpFunction , mtpEnabled: false, ptpEnabled: false, mIsMtpServiceBound: false
01-10 06:19:21.424 17922 17922 W Settings: Setting adb_enabled has moved from android.provider.Settings.Secure to android.provider.Settings.Global.
01-10 06:19:21.424 17922 17977 D ActivityManager: Cancel freezing 24763 com.google.android.projection.gearhead:car
01-10 06:19:21.424 17922 17977 D ActivityManager: Async freezing 24763 com.google.android.projection.gearhead:car
01-10 06:19:21.425 17922 17977 D ActivityManager: Cancel freezing 24763 com.google.android.projection.gearhead:car
01-10 06:19:21.425 17922 17977 D ActivityManager: Async freezing 24763 com.google.android.projection.gearhead:car
01-10 06:19:21.425 18730 18769 I Tethering: USB bcast connected:true configured:true rndis:false ncm:false
01-10 06:19:21.426 17922 17977 D ActivityManager: Cancel freezing 28909 com.android.DeviceAsWebcam
01-10 06:19:21.426 17922 17977 D ActivityManager: Async freezing 28909 com.android.DeviceAsWebcam
01-10 06:19:21.426 17922 17977 D ActivityManager: Cancel freezing 28909 com.android.DeviceAsWebcam
01-10 06:19:21.426 17922 17977 D ActivityManager: Async freezing 28909 com.android.DeviceAsWebcam
01-10 06:19:21.427 17922 17977 D ActivityManager: Cancel freezing 24122 android.process.media
01-10 06:19:21.427 17922 17977 D ActivityManager: Async freezing 24122 android.process.media
01-10 06:19:21.427 17922 17977 D ActivityManager: Cancel freezing 24122 android.process.media
01-10 06:19:21.427 17922 17977 D ActivityManager: Async freezing 24122 android.process.media
01-10 06:19:21.427 17922 17977 D ActivityManager: Cancel freezing 24122 android.process.media
01-10 06:19:21.427 17922 17977 D ActivityManager: Cancel freezing 28909 com.android.DeviceAsWebcam
01-10 06:19:21.428 28909 28909 E DeviceAsWebcamReceiver: UVC support isn't enabled, why do we have DeviceAsWebcam installed ?
01-10 06:19:21.429 24122 24122 I MtpReceiver: handleUsbState configured=true connected=true mtpEnabled=false ptpEnabled=false unlocked=false
01-10 06:19:21.430 17922 17940 D ActivityManager: Async freezing 28909 com.android.DeviceAsWebcam
01-10 06:19:21.432 17922 19359 D ActivityManager: Async freezing 24122 android.process.media
01-10 06:19:21.435 17922 17940 D NotificationService--NotificationRecord: isSupportRearLight , isRearLight = false mLedRM = false isMultilLed = false
01-10 06:19:21.435 17922 17940 D EnvelopeDetectorController: isEnvelopeAssistantEnabled isCancelNotification: false currentUserId: 0 userId: 0
01-10 06:19:21.436 17922 17940 I OplusStatusBarManagerServiceEnhance:  getTopIsFullscreen mTopIsFullscreen: false
01-10 06:19:21.436 17922 17922 D NotificationService--OplusNotificationManagerServiceExtImpl: isForwardToAssistants: false, case : Is in mMcsNotInterceptPkgList or is isSystemApp
01-10 06:19:21.436 17922 17922 D NotificationService: This application enqueue notifications is not need postDelayed
01-10 06:19:21.438 17922 17922 W NotificationHistory: Attempted to add notif for locked/gone/disabled user 0
01-10 06:19:21.441 17922 17922 D EnvelopeDetectorController: isEnvelopeAssistantEnabled isCancelNotification: true currentUserId: 0 userId: 0
01-10 06:19:21.457  2273  2310 D BatteryChargeControl: bcc get no support from charging protocol
01-10 06:19:21.485 17922 18987 D NotificationService--NotificationRecord: isSupportRearLight , isRearLight = false mLedRM = false isMultilLed = false
01-10 06:19:21.486 17922 18987 D EnvelopeDetectorController: isEnvelopeAssistantEnabled isCancelNotification: false currentUserId: 0 userId: 0
01-10 06:19:21.486 21298 21298 V DeepThinker: BroadcastReceiverWrapper: onReceive, start dispatch android.intent.action.ACTION_POWER_CONNECTED
01-10 06:19:21.486 20213 20213 I ewwk    : (REDACTED) O received %s
01-10 06:19:21.486 21298 21298 V DeepThinker: BroadcastReceiverWrapper: onReceive, finish dispatch android.intent.action.ACTION_POWER_CONNECTED  Time consuming : 0 ms
01-10 06:19:21.486 17922 18987 I OplusStatusBarManagerServiceEnhance:  getTopIsFullscreen mTopIsFullscreen: false
01-10 06:19:21.486 21069 21069 I DaemonReceiver: onReceive:android.intent.action.ACTION_POWER_CONNECTED
01-10 06:19:21.486 21069 21069 I DaemonReceiver: onReceive end
01-10 06:19:21.486 20213 20213 I AmbBrdcstRcvrServClient: (REDACTED) handleRefreshAction(): not handling %s
01-10 06:19:21.486 17922 17922 D NotificationService--OplusNotificationManagerServiceExtImpl: isForwardToAssistants: false, case : Is in mMcsNotInterceptPkgList or is isSystemApp
01-10 06:19:21.486 20213 21047 I BrdcstRcvrMsgr: (REDACTED) sendMessage(): received broadcast id:%d with action:%s
01-10 06:19:21.486 17922 17922 D NotificationService: This application enqueue notifications is not need postDelayed
01-10 06:19:21.487 17922 17940 D ActivityManager: Cancel freezing 24140 com.google.android.adservices.api
01-10 06:19:21.487 17922 17940 D ActivityManager: Cancel freezing 21148 com.google.android.googlequicksearchbox:search
01-10 06:19:21.487 17922 17922 W NotificationHistory: Attempted to add notif for locked/gone/disabled user 0
01-10 06:19:21.488 21069 21812 I DaemonReceiver: handleBroadcast:android.intent.action.ACTION_POWER_CONNECTED
01-10 06:19:21.488 21148 31131 W OplusExSystemServiceHelper: checkOplusExSystemService intent getComponent is null
01-10 06:19:21.489  2273  7387 E charge_time: ui_soc=100,quit
01-10 06:19:21.489  2273  7387 D charge_time: force write 0s(00:00:00) to ttf, rc=12
01-10 06:19:21.490 21148 31360 I A       : Calling beginBinderSession().
01-10 06:19:21.490  9632  9649 I DMP-RemoteWorkProcessor: process:onReceivearg: android.intent.action.ACTION_POWER_CONNECTEDextras:Bundle[EMPTY_PARCEL]
01-10 06:19:21.490 21148 31360 I A       : beginBinderSession(): calling binder
01-10 06:19:21.490  9632  9701 I DMP-BusinessHandler: handleMessage:1
01-10 06:19:21.490  9632  9701 I DMP-IndexProvider: call, authority[com.oplus.dmp.index], method[onReceive], resource[null]
01-10 06:19:21.490 20213 21047 I BrdcstRcvrMsgr: SvcConn: messenger connected
01-10 06:19:21.490  9632  9701 I DMP-AppInitializer: isAppAvailable for indexCall, caller: com.oplus.dmp
01-10 06:19:21.490  9632  9701 I DMP-AppInitializer: get app status success ,when get status directly
01-10 06:19:21.490  9632  9701 I DMP-IndexProvider: Process index init succeed
01-10 06:19:21.490 21148 22100 I BrdcstRcvrBProvider: (REDACTED) handleMessage(): id:%d action:%s
01-10 06:19:21.490  9632  9701 I DMP-Dispatcher: dispatchToMultiResource, method: onReceive, extras: Bundle[{action=android.intent.action.ACTION_POWER_CONNECTED}]
01-10 06:19:21.490  9632  9701 W DMP-Dispatcher: dispatchToMultiResource invalid param, resourceList is empty
01-10 06:19:21.491 21148 22100 I AmbBrdcstRcvrBProvider: (REDACTED) receive(): %s
01-10 06:19:21.491 21148 22100 I agzs    : (REDACTED) hasHotwordEverywhere-%b
01-10 06:19:21.491 21148 22047 I BrdcstRcvrBProvider: (REDACTED) handleMessage(): DONE id:%d
01-10 06:19:21.491 20213 21047 I BrdcstRcvrMsgr: (REDACTED) handleMessage(): id:%d, DEC to %d
01-10 06:19:21.491 20213 21047 I BrdcstRcvrMsgr: disconnect()
01-10 06:19:21.492 17922 17940 D ActivityManager: Async freezing 24140 com.google.android.adservices.api
01-10 06:19:21.492 17922 17940 D ActivityManager: Async freezing 21148 com.google.android.googlequicksearchbox:search
01-10 06:19:21.492  2092  2092 D healthd : system healthd: battery l=100 v=4434 t=30.1 h=2 st=2 c=284 fc=5920000 cc=25 chg=u
01-10 06:19:21.496 17922 19359 D OplusBatteryServiceFeature: getChgConfig: flag = 0, extra = , callerName = 1
01-10 06:19:21.496  2273  2273 D vendor.oplus.hardware.charger-V6-service: oplus_chg_get_state_retention 0
01-10 06:19:21.496  2273  2273 D vendor.oplus.hardware.charger-V6-service: get_ui_charge_icon_type 0 0 0 0 0
01-10 06:19:21.496 17922 19359 D OplusBatteryServiceFeature: getChgConfig: flag = 1, extra = , callerName = 1
01-10 06:19:21.496  2273  2273 D vendor.oplus.hardware.charger-V6-service: oplus_chg_get_state_retention 0
01-10 06:19:21.496  2273  2273 D vendor.oplus.hardware.charger-V6-service: oplus_chg_get_ui_power 0 0
01-10 06:19:21.496 17922 19359 D OplusBatteryServiceFeature: getChgConfig: flag = 4, extra = , callerName = 1
01-10 06:19:21.496  2273  2273 D vendor.oplus.hardware.charger-V6-service: oplus_chg_get_state_retention 0
01-10 06:19:21.496  2273  2273 D vendor.oplus.hardware.charger-V6-service: oplus_chg_get_cpa_power 2500
01-10 06:19:21.496 17922 19359 D OplusBatteryServiceFeature: getChgConfig: flag = 6, extra = , callerName = 1
01-10 06:19:21.496  2273  2273 D vendor.oplus.hardware.charger-V6-service: oplus_chg_get_state_retention 0
01-10 06:19:21.496  2273  2273 D vendor.oplus.hardware.charger-V6-service: oplus_chg_get_cpa_power 2500
01-10 06:19:21.496  2273  2273 D vendor.oplus.hardware.charger-V6-service: getIsSingleHyperSupport=2, cpa_power=2
01-10 06:19:21.496 17922 19359 D OplusBatteryServiceFeature: getChgConfig: flag = 24, extra = , callerName = 1
01-10 06:19:21.500 17922 18314 W IPCThreadState: Sending oneway calls to frozen process.
01-10 06:19:21.500 17922 18314 W IPCThreadState: Sending oneway calls to frozen process.
01-10 06:19:21.500 17922 18314 W IPCThreadState: Sending oneway calls to frozen process.
01-10 06:19:21.500 17922 18314 W IPCThreadState: Sending oneway calls to frozen process.
01-10 06:19:21.500 17922 18314 W IPCThreadState: Sending oneway calls to frozen process.
01-10 06:19:21.500 17922 18314 W IPCThreadState: Sending oneway calls to frozen process.
01-10 06:19:21.500 17922 18314 W IPCThreadState: Sending oneway calls to frozen process.
01-10 06:19:21.501 17922 18314 W IPCThreadState: Sending oneway calls to frozen process.
01-10 06:19:21.501 17922 18314 W IPCThreadState: Sending oneway calls to frozen process.
01-10 06:19:21.501 17922 18314 W IPCThreadState: Sending oneway calls to frozen process.
01-10 06:19:21.501 17922 18314 W IPCThreadState: Sending oneway calls to frozen process.
01-10 06:19:21.506  2150  2232 I SnapAlloc: Using graphics libs for alignment calculations
01-10 06:19:21.510  2150  2232 I SnapAlloc: Using graphics libs for alignment calculations
01-10 06:19:21.513 17528 17528 D Zygote  : Forked child process 10774
01-10 06:19:21.513 17922 17970 I ActivityManager: Start proc 10774:com.google.android.as.oss/u0a277 for service {com.google.android.as.oss/com.google.android.gms.learning.internal.training.InAppJobService}
01-10 06:19:21.524 10774 10774 E .android.as.oss: Unknown bits set in runtime_flags: 0x40000000
01-10 06:19:21.524 10774 10774 I .android.as.oss: Using CollectorTypeCMC GC.
01-10 06:19:21.525 10774 10774 E .android.as.oss: Not starting debugger since process cannot load the jdwp agent.
01-10 06:19:21.527 10774 10774 D nativeloader: Load libframework-connectivity-tiramisu-jni.so using APEX ns com_android_tethering for caller /apex/com.android.tethering/javalib/framework-connectivity-t.jar: ok
01-10 06:19:21.528 20907 10771 I effr    : (REDACTED) Setting isLegacySQLite mode to %s.
01-10 06:19:21.530 10774 10774 D OplusActivityThreadExtImpl: java.lang.NoSuchMethodException: dalvik.system.VMRuntime.SupressionGC [int, int]
01-10 06:19:21.530 10774 10774 W libc    : Access denied finding property "persist.vendor.sys.activitylog"
01-10 06:19:21.530 10774 10774 I OneTrace: Mark active for pid=10774? true
01-10 06:19:21.530 10774 10774 D cutils-dev: otrace_set_tracing_enabled? true tag:0
01-10 06:19:21.530 10774 10774 D cutils-dev: properties changed in otrace_seq_number_changed!
01-10 06:19:21.531 20907 10771 I effr    : (REDACTED) Writing data for these Geller corpora: %s
01-10 06:19:21.531 20907 10771 I effr    : (REDACTED) Writing metadata key: %s, corpus: %s
01-10 06:19:21.531 20907 10771 I effr    : (REDACTED) Writing metadata key: %s, corpus: %s
01-10 06:19:21.532 20907 10771 I effr    : (REDACTED) Writing data for these Geller corpora: %s
01-10 06:19:21.532 17922 19359 D ActivityTaskManagerServiceExtImpl: preBindApplication record is null
01-10 06:19:21.532 17922 19359 D RGBNormalizeServer: OplusRGBNormalize feature enabled ? true
01-10 06:19:21.532 17922 19359 D ResourcesManagerCache: For package com.google.android.as.oss we got cacheList [null] appInfoExt is null ? false hasFeature ? false
01-10 06:19:21.532 20907 10771 I effr    : (REDACTED) Writing metadata key: %s, corpus: %s
01-10 06:19:21.532 20907 10771 I effr    : (REDACTED) Writing metadata key: %s, corpus: %s
01-10 06:19:21.533 20907 10771 I effr    : (REDACTED) Writing data for these Geller corpora: %s
01-10 06:19:21.534 20907 10771 I effr    : (REDACTED) Writing metadata key: %s, corpus: %s
01-10 06:19:21.534 20907 10771 I effr    : (REDACTED) Writing metadata key: %s, corpus: %s
01-10 06:19:21.534 10774 10783 D OplusAppHeapManager: java.lang.NoSuchMethodException: dalvik.system.VMRuntime.updateProcessValue [int, int, int]
01-10 06:19:21.535 10774 10774 D OplusActivityManager: get AMS extension: android.os.BinderProxy@74bdafc
