01-10 06:19:22.100 18698 18698 D PluginSeedling--Engine: ActionBase-->action 'setHistory'.status changed from WAIT to RUNNING @main
01-10 06:19:22.100 18698 18698 D PluginSeedling--Engine: ActionBase-->action 'setHistory'.status changed from RUNNING to DONE @main
01-10 06:19:22.100 18698 20886 I PantaCard.SysUi.SeedlingCard:  268451924&1&20_sid=268451924_rk=fbb948_sk=2a1824,notifySizeChange, [oldSize, newSize]:[0, 7],cardTag:268451924&1&20,[sdk:v1.2.56-932c039,seed-plugin:v15.0.69-dc9783bb,app:v15.00.11]
01-10 06:19:22.100 18698 18698 D PluginSeedling--Engine: ActionBase-->action 'INSTANT_CARD_STATE_ENTRY'.status changed from DONE to RUNNING @main
01-10 06:19:22.100 18698 20886 I PantaCard.SysUi.SeedlingCard:  268451924&1&20_sid=268451924_rk=fbb948,packCardAction:origin params:{life_circle=size_change}[sdk:v1.2.56-932c039,seed-plugin:v15.0.69-dc9783bb,app:v15.00.11]
01-10 06:19:22.100 18698 18698 D PluginSeedling--StateMachine: FluidAction-->run action INSTANT_CARD_STATE_ENTRY
01-10 06:19:22.100 18698 18698 D PluginSeedling--Engine: ActionBase-->action 'INSTANT_CARD_STATE_ENTRY'.status changed from RUNNING to DONE @main
01-10 06:19:22.100 18698 18698 D PluginSeedling--Engine: ActionBase-->action 'START_STATE->INSTANT_CARD_STATE!cross-level'.status changed from RUNNING to DONE @main
01-10 06:19:22.100 18698 20886 I PantaCard.SysUi.CardManagerProxy:  268451924&1&20_sid=268451924_rk=fbb948_sk=2a1824,requestCardAction: action = CardAction(action=2, param={life_circle=size_change, service_id=268451924, card_create_type=2, card_size=1000, seedling_entrance=8, page_id=pages/index.json, upk_version_code=1000001, business_data=0&7}, shouldForceFetch=true, shouldNotify=true),[sdk:v1.2.56-932c039,seed-plugin:v15.0.69-dc9783bb,app:v15.00.11]
01-10 06:19:22.100 18698 18698 D PluginSeedling--StateMachine: SeedlingStateMachine-->AfterEvent:EVENT_DATA_INSTANT, Result ACCEPTED, AfterTransfer:INSTANT_CARD_STATE
01-10 06:19:22.100 18698 18698 D PluginSeedling--CapsuleCard: InstantViewModel-->accept showInstantCardWithTime--5000
01-10 06:19:22.100 18698 18698 D PluginSeedling--Capsule: ThreadUtil-->TimeManager-runOnUiThreadDelay token:268451924||0|1736486361028
01-10 06:19:22.100 18698 18698 D PluginSeedling--Engine: StateMachineHandler-->emptyEvent: emptyListeners:ListenerContainer(repeatStrategy=MOVE_TO_TAIL, retentionStrategy=ALWAYS, isolationInvoke=true, size=2, runningFlag=false) @main
01-10 06:19:22.100 18698 18698 D PluginSeedling--Engine: StateMachineHandler-->emptyEvent: emptyListener:s3.a@fabcd6e @main
01-10 06:19:22.100 18698 18698 D PluginSeedling--Capsule: BaseCapsuleContainerViewModel-->onStabled:[]
01-10 06:19:22.100 18698 18698 D PluginSeedling--Capsule: BaseCapsuleContainerViewModel-->cancelPostApply
01-10 06:19:22.100 18698 18698 D PluginSeedling--Engine: StateMachineHandler-->removeEmptyListener:s3.a@fabcd6e @main
01-10 06:19:22.100 18698 18698 D PluginSeedling--Capsule: BaseCapsuleContainerViewModel-->applyListInternal
01-10 06:19:22.100 18698 18698 D PluginSeedling--Capsule: BaseCapsuleContainerViewModel-->cancelPostApply
01-10 06:19:22.100 18698 18698 D PluginSeedling--Engine: StateMachineHandler-->emptyEvent: emptyListener:c4.l@5d22c0f @main
01-10 06:19:22.100 18698 18698 D PluginSeedling--CapsuleCard: CardRootViewModel-->instant onStabled:[
01-10 06:19:22.100 18698 18698 D PluginSeedling--CapsuleCard: key: 268451924||0|1736486361028, modelState:SeedlingState(0),level: 1, score: 6.05, forceReminder: false, alwaysReminder: false, duration: 5000]
01-10 06:19:22.100 18698 18698 D PluginSeedling--Engine: StateMachineHandler-->removeEmptyListener:c4.l@5d22c0f @main
01-10 06:19:22.100 18698 18698 D PluginSeedling--CapsuleCard: CardRootViewModel-->applyInstantListInternal, size: 1, list: [
01-10 06:19:22.100 18698 18698 D PluginSeedling--CapsuleCard: key: 268451924||0|1736486361028, modelState:SeedlingState(0),level: 1, score: 6.05, forceReminder: false, alwaysReminder: false, duration: 5000]
01-10 06:19:22.100 18698 18698 I PluginSeedling--CapsuleCard: CardRootViewModel-->autoSetCardRootVisible: isQsExpandtrue 
01-10 06:19:22.100 18698 18698 D PluginSeedling--CapsuleCard: InstantViewModel-->update list, instant size:1
01-10 06:19:22.100 18698 18698 D PluginSeedling--CapsuleCard: InstantViewModel-->start executing instantCard preemption logic
01-10 06:19:22.100 18698 18698 D PluginSeedling--CapsuleCard: InstantViewModel-->restartTiming, key: 268451924||0|1736486361028, time: 5000
01-10 06:19:22.100 18698 18698 D PluginSeedling--Capsule: ThreadUtil-->TimeManager-runOnUiThreadDelay token:268451924||0|1736486361028
01-10 06:19:22.100 18698 18698 I PluginSeedling--StatusBar: SimpleSceneBuilder-->afterAction end animatorSceneType SMALL_INSTANT_CARD_APPEAR
01-10 06:19:22.101 18698 18698 E PluginSeedling--Origin: ReflectionUtil-->AodViewModel, false
01-10 06:19:22.101 18698 18698 E PluginSeedling--Origin: java.lang.NoSuchMethodException: dalvik.system.VMRuntime.DesupressionGC [int]
01-10 06:19:22.101 18698 18698 E PluginSeedling--Origin: 	at java.lang.Class.getMethod(Class.java:2950)
01-10 06:19:22.101 18698 18698 E PluginSeedling--Origin: 	at java.lang.Class.getDeclaredMethod(Class.java:2929)
01-10 06:19:22.101 18698 18698 E PluginSeedling--Origin: 	at s8.e0.Z2(Unknown Source:15)
01-10 06:19:22.101 18698 18698 E PluginSeedling--Origin: 	at i3.e2.accept(Unknown Source:152)
01-10 06:19:22.101 18698 18698 E PluginSeedling--Origin: 	at t4.n.j(Unknown Source:41)
01-10 06:19:22.101 18698 18698 E PluginSeedling--Origin: 	at t4.a.a(Unknown Source:42)
01-10 06:19:22.101 18698 18698 E PluginSeedling--Origin: 	at t4.y.q(Unknown Source:60)
01-10 06:19:22.101 18698 18698 E PluginSeedling--Origin: 	at t4.w.c(Unknown Source:102)
01-10 06:19:22.101 18698 18698 E PluginSeedling--Origin: 	at t4.w.b(Unknown Source:42)
01-10 06:19:22.101 18698 18698 E PluginSeedling--Origin: 	at t4.b.accept(Unknown Source:54)
01-10 06:19:22.101 18698 18698 E PluginSeedling--Origin: 	at u4.g.c(Unknown Source:50)
01-10 06:19:22.101 18698 18698 E PluginSeedling--Origin: 	at t4.f.f(Unknown Source:59)
01-10 06:19:22.101 18698 18698 E PluginSeedling--Origin: 	at t4.a.f(Unknown Source:13)
01-10 06:19:22.101 18698 18698 E PluginSeedling--Origin: 	at t4.n.j(Unknown Source:30)
01-10 06:19:22.101 18698 18698 E PluginSeedling--Origin: 	at t4.a.a(Unknown Source:42)
01-10 06:19:22.101 18698 18698 E PluginSeedling--Origin: 	at t4.y.q(Unknown Source:60)
01-10 06:19:22.101 18698 18698 E PluginSeedling--Origin: 	at t4.w.c(Unknown Source:102)
01-10 06:19:22.101 18698 18698 E PluginSeedling--Origin: 	at t4.w.b(Unknown Source:42)
01-10 06:19:22.101 18698 18698 E PluginSeedling--Origin: 	at t4.b.accept(Unknown Source:54)
01-10 06:19:22.101 18698 18698 E PluginSeedling--Origin: 	at u4.g.c(Unknown Source:50)
01-10 06:19:22.101 18698 18698 E PluginSeedling--Origin: 	at t4.f.f(Unknown Source:59)
01-10 06:19:22.101 18698 18698 E PluginSeedling--Origin: 	at t4.s.f(Unknown Source:18)
01-10 06:19:22.101 18698 18698 E PluginSeedling--Origin: 	at z4.a.b(Unknown Source:37)
01-10 06:19:22.101 18698 18698 E PluginSeedling--Origin: 	at t4.b.accept(Unknown Source:54)
01-10 06:19:22.101 18698 18698 E PluginSeedling--Origin: 	at u4.g.c(Unknown Source:50)
01-10 06:19:22.101 18698 18698 E PluginSeedling--Origin: 	at t4.f.f(Unknown Source:59)
01-10 06:19:22.101 18698 18698 E PluginSeedling--Origin: 	at t4.s.f(Unknown Source:18)
01-10 06:19:22.101 18698 18698 E PluginSeedling--Origin: 	at q4.g.onAnimationEnd(Unknown Source:27)
01-10 06:19:22.101 18698 18698 E PluginSeedling--Origin: 	at android.animation.Animator$AnimatorListener.onAnimationEnd(Animator.java:729)
01-10 06:19:22.101 18698 18698 E PluginSeedling--Origin: 	at android.animation.Animator$AnimatorCaller$$ExternalSyntheticLambda1.call(D8$$SyntheticClass:0)
01-10 06:19:22.101 18698 18698 E PluginSeedling--Origin: 	at android.animation.Animator.callOnList(Animator.java:687)
01-10 06:19:22.101 18698 18698 E PluginSeedling--Origin: 	at android.animation.Animator.notifyListeners(Animator.java:630)
01-10 06:19:22.101 18698 18698 E PluginSeedling--Origin: 	at android.animation.Animator.notifyEndListeners(Animator.java:655)
01-10 06:19:22.101 18698 18698 E PluginSeedling--Origin: 	at android.animation.AnimatorSet.endAnimation(AnimatorSet.java:1475)
01-10 06:19:22.101 18698 18698 E PluginSeedling--Origin: 	at android.animation.AnimatorSet.doAnimationFrame(AnimatorSet.java:1261)
01-10 06:19:22.101 18698 18698 E PluginSeedling--Origin: 	at android.animation.AnimationHandler.doAnimationFrame(AnimationHandler.java:344)
01-10 06:19:22.101 18698 18698 E PluginSeedling--Origin: 	at android.animation.AnimationHandler.-$$Nest$mdoAnimationFrame(Unknown Source:0)
01-10 06:19:22.101 18698 18698 E PluginSeedling--Origin: 	at android.animation.AnimationHandler$1.doFrame(AnimationHandler.java:87)
01-10 06:19:22.101 18698 18698 E PluginSeedling--Origin: 	at android.view.Choreographer$CallbackRecord.run(Choreographer.java:1619)
01-10 06:19:22.101 18698 18698 E PluginSeedling--Origin: 	at android.view.Choreographer$CallbackRecord.run(Choreographer.java:1630)
01-10 06:19:22.101 18698 18698 E PluginSeedling--Origin: 	at android.view.Choreographer.doCallbacks(Choreographer.java:1154)
01-10 06:19:22.101 18698 18698 E PluginSeedling--Origin: 	at android.view.Choreographer.doFrame(Choreographer.java:1039)
01-10 06:19:22.101 18698 18698 E PluginSeedling--Origin: 	at android.view.Choreographer$FrameDisplayEventReceiver.run(Choreographer.java:1604)
01-10 06:19:22.101 18698 18698 E PluginSeedling--Origin: 	at android.os.Handler.handleCallback(Handler.java:959)
01-10 06:19:22.101 18698 18698 E PluginSeedling--Origin: 	at android.os.Handler.dispatchMessage(Handler.java:100)
01-10 06:19:22.101 18698 18698 E PluginSeedling--Origin: 	at android.os.Looper.loopOnce(Looper.java:282)
01-10 06:19:22.101 18698 18698 E PluginSeedling--Origin: 	at android.os.Looper.loop(Looper.java:387)
01-10 06:19:22.101 18698 18698 E PluginSeedling--Origin: 	at android.app.ActivityThread.main(ActivityThread.java:9505)
01-10 06:19:22.101 18698 18698 E PluginSeedling--Origin: 	at java.lang.reflect.Method.invoke(Native Method)
01-10 06:19:22.101 18698 18698 E PluginSeedling--Origin: 	at com.android.internal.os.RuntimeInit$MethodAndArgsCaller.run(RuntimeInit.java:600)
01-10 06:19:22.101 18698 18698 E PluginSeedling--Origin: 	at com.android.internal.os.ZygoteInit.main(ZygoteInit.java:1005)
01-10 06:19:22.103 18698 28838 I PantaCard.SysUi.ServiceManagerProxy:  268451924&1&20_sid=268451924_rk=fbb948_sk=2a1824,requestCardAction: businessTag =[cardUniqueKey=268451924&1&20_sid=268451924_rk=fbb948_sk=2a1824,action =CardAction(action=2, param={life_circle=size_change, service_id=268451924, card_create_type=2, card_size=1000, seedling_entrance=8, page_id=pages/index.json, upk_version_code=1000001, business_data=0&7}, shouldForceFetch=true, shouldNotify=true)][sdk:v1.2.56-932c039,seed-plugin:v15.0.69-dc9783bb,app:v15.00.11]
01-10 06:19:22.104 18698 18698 W PluginSeedling--Origin: CallHandler-->releaseUahEvent failed handle = -1
01-10 06:19:22.104 18698 28838 D PantaCard.SysUi.CardViewInfo:  getUTraceCodeContext,extraData != null,codeCtx:null[sdk:v1.2.56-932c039,seed-plugin:v15.0.69-dc9783bb,app:v15.00.11]
01-10 06:19:22.104 18698 28838 I Channel.Server[1000032].systemui.ClientProxyImpl(seedling_client_statusbar): request, businessTag=[cardUniqueKey=268451924&1&20_sid=268451924_rk=fbb948_sk=2a1824,action =CardAction(action=2, param={life_circle=size_change, service_id=268451924, card_create_type=2, card_size=1000, seedling_entrance=8, page_id=pages/index.json, upk_version_code=1000001, business_data=0&7}, shouldForceFetch=true, shouldNotify=true)], shouldForceFetch=true, shouldNotify=true, this=202736851
01-10 06:19:22.104 18698 28838 D UserContextImp: acquireUnstableContentProviderClient, originAuthority com.oplus.pantanal.ums.cardservice.provider.CardServiceClientProvider authorityWithoutUserId com.oplus.pantanal.ums.cardservice.provider.CardServiceClientProvider authorityWithUserId 0@com.oplus.pantanal.ums.cardservice.provider.CardServiceClientProvider UserContextImp com.android.systemui.SystemUIApplication@5545de7 userId 0
01-10 06:19:22.105 20663 20678 I Channel.Client[1000032].ums.ChannelClientProvider: call, clientProxy=com.oplus.channel.client.ClientProxy@da7e9d2, clientName=seedling_client_statusbar
01-10 06:19:22.106 18698 28838 W PantaCard.SysUi.ServiceManagerProxy:  268451924&1&20_sid=268451924_rk=fbb948_sk=2a1824,requestCardAction request done,bussinessTag = [cardUniqueKey=268451924&1&20_sid=268451924_rk=fbb948_sk=2a1824,action =CardAction(action=2, param={life_circle=size_change, service_id=268451924, card_create_type=2, card_size=1000, seedling_entrance=8, page_id=pages/index.json, upk_version_code=1000001, business_data=0&7}, shouldForceFetch=true, shouldNotify=true)],clientProxy = com.oplus.channel.server.ClientProxyImpl@c1584d3[sdk:v1.2.56-932c039,seed-plugin:v15.0.69-dc9783bb,app:v15.00.11]
01-10 06:19:22.108 20663 22227 I CardService[500].UiDataChannelPolicy: 268451924&1&20_sid=268451924_rk=fbb948_sk=2a1824 request: cardAction = {life_circle=size_change, service_id=268451924, card_create_type=2, card_size=1000, seedling_entrance=8, page_id=pages/index.json, upk_version_code=1000001, business_data=0&7, card_unique_key=268451924&1&20_sid=268451924_rk=fbb948_sk=2a1824, is_support_multi_instance=false, service_instance_id=} [CardService-master|com.oplus.pantanal.ums|1.4.25-69f924a]
01-10 06:19:22.108 20663 22227 I CardService[500].CardServiceImpl: 268451924&1&20_sid=268451924_rk=fbb948_sk=2a1824 requestCardAction, action = {life_circle=size_change, service_id=268451924, card_create_type=2, card_size=1000, seedling_entrance=8, page_id=pages/index.json, upk_version_code=1000001, business_data=0&7, card_unique_key=268451924&1&20_sid=268451924_rk=fbb948_sk=2a1824, is_support_multi_instance=false, service_instance_id=}
01-10 06:19:22.108 20663 22221 I CardService[500].CardServiceImpl: 268451924&1&20_sid=268451924_rk=fbb948_sk=2a1824 requestCardAction, action = {life_circle=size_change, service_id=268451924, card_create_type=2, card_size=1000, seedling_entrance=8, page_id=pages/index.json, upk_version_code=1000001, business_data=0&7, card_unique_key=268451924&1&20_sid=268451924_rk=fbb948_sk=2a1824, is_support_multi_instance=false, service_instance_id=}, card = Card(cardIdentify=CardIdentify(cardIndex=1, cardType=268451924, hostId=20, cardCreateType=2, cardEntrance=8)),hadNotScanned:false
01-10 06:19:22.109 20663 22221 I CardService[500].Card: 268451924&1&20_sid=268451924_rk=fbb948 requestAction: start tryRunAction = {life_circle=size_change, service_id=268451924, card_create_type=2, card_size=1000, seedling_entrance=8, page_id=pages/index.json, upk_version_code=1000001, business_data=0&7, card_unique_key=268451924&1&20_sid=268451924_rk=fbb948_sk=2a1824, is_support_multi_instance=false, service_instance_id=}
01-10 06:19:22.109 20663 22221 I CardService[500].Card: 268451924&1&20_sid=268451924_rk=fbb948 requestAction: end tryRunAction = Action(shouldForceFetch=false, shouldNotify=true, action=2, extraParams={life_circle=size_change, service_id=268451924, card_create_type=2, card_size=1000, seedling_entrance=8, page_id=pages/index.json, upk_version_code=1000001, business_data=0&7, card_unique_key=268451924&1&20_sid=268451924_rk=fbb948_sk=2a1824, is_support_multi_instance=false, service_instance_id=})
01-10 06:19:22.109 20663 22221 I CardService[500].CardDataChannelImpl: 268451924&1&20_sid=268451924_rk=fbb948 requestCardAction, action = 2, extras = {life_circle=size_change, service_id=268451924, card_create_type=2, card_size=1000, seedling_entrance=8, page_id=pages/index.json, upk_version_code=1000001, business_data=0&7, card_unique_key=268451924&1&20_sid=268451924_rk=fbb948_sk=2a1824, is_support_multi_instance=false, service_instance_id=}, protocol=2, shouldForceFetch=false, shouldNotify=true
01-10 06:19:22.109 20663 22221 I Channel.Server[1000032].ums.ClientProxyImpl(hargeSeedling.ChargeSeedlingCardProvider): request, businessTag=268451924&1&20_sid=268451924_rk=fbb948, extra = [size_change, 268451924, 2, 1000, 8, pages/index.json, 1000001, 0&7, 268451924&1&20_sid=268451924_rk=fbb948_sk=2a1824, false, ], shouldForceFetch=false, shouldNotify=true, this=23062476
01-10 06:19:22.111 20663 21621 I UMS.CardServiceServerProvider: call, method=pullCommand, arg=com.oplus.powermanager.chargeSeedling.ChargeSeedlingCardProvider, extras=null callingPackage=com.oplus.b***y, callingPid=24295,
01-10 06:19:22.111 20663 21621 I Channel.Server[1000032].ums.IServerImpl: getCommandList, clientName=com.oplus.powermanager.chargeSeedling.ChargeSeedlingCardProvider, clientProxy=x2.else@15fe7cc
01-10 06:19:22.111 20663 21621 I UMS.HostPidManager: addHostPackageNameAndPid, callingPackageName = com.oplus.battery, callingPid = 24295, callbackId = [card:268451924&1&20]
01-10 06:19:22.111 20663 21621 I CardService[500].CardServiceServerProviderProxy: call: method = pullCommand, callingPackageName = *om.op*us.ba*tery, callingPid = 24295
01-10 06:19:22.111 20663 20946 I UMS.HostPidManager: addHostPackageNameAndPid launch
01-10 06:19:22.112 20663 20946 I UMS.HostPidManager: cleanIfNeed result false
01-10 06:19:22.112 20663 20946 I UMS.HostPidManager: getCardTypes, resultList: [268451924]
01-10 06:19:22.112 20663 20946 I UMS.HostPidManager: addToCacheIfNeed return false,callingPid, 24295,needAddMap = {268451924=com.oplus.battery}
01-10 06:19:22.112 20663 20946 I UMS.HostPidManager: addHostPackageNameAndPid,isChangedFromClean = false,isChangedFromAdd = false
01-10 06:19:22.112 24295 24404 I Channel.Client[1000028].battery.ClientProxy.ChargeSeedlingCardProvider: pullAndRunCommand commandList = [Command(methodType=2, callbackId=card:268451924&1&20, params=[B@43104a), Command(methodType=0, callbackId=, params=[B@ec0abbb)]
01-10 06:19:22.112 24295 24404 I Channel.Client[1000028].battery.ClientProxy.: processObserve resUri=card:268451924&1&20.
01-10 06:19:22.112 24295 28844 D CardWidget_SEEDLING_SUPPORT_SDK(3000004): (SeedlingSupportCardExecutor-pool-2-thread-1) CardExecutor: request,data:[B@ec0abbb
01-10 06:19:22.112 24295 28844 D CardWidget_SEEDLING_SUPPORT_SDK(3000004): (SeedlingSupportCardExecutor-pool-2-thread-1) use json to decode,size = 396
01-10 06:19:22.112 24295 28844 D CardWidget_SEEDLING_SUPPORT_SDK(3000004): (SeedlingSupportCardExecutor-pool-2-thread-1) card = {"cardType":268451924,"cardId":1,"hostId":20,"action":2,"param":{"life_circle":"size_change","service_id":"268451924","card_create_type":"2","card_size":"1000","seedling_entrance":"8","page_id":"pages\/index.json","upk_version_code":"1000001","business_data":"0&7","card_unique_key":"268451924&1&20_sid=268451924_rk=fbb948_sk=2a1824","is_support_multi_instance":"false","service_instance_id":""}}   action = 2  decodeSeedlingCardEvent param = 2
01-10 06:19:22.112 24295 28844 D CardWidget_SEEDLING_SUPPORT_SDK(3000004): (SeedlingSupportCardExecutor-pool-2-thread-1) service_id = 268451924
01-10 06:19:22.112 24295 28844 D CardWidget_SEEDLING_SUPPORT_SDK(3000004): (SeedlingSupportCardExecutor-pool-2-thread-1) card_create_type = 2
01-10 06:19:22.112 24295 28844 D CardWidget_SEEDLING_SUPPORT_SDK(3000004): (SeedlingSupportCardExecutor-pool-2-thread-1) card_size = 1000
01-10 06:19:22.112 24295 28844 D CardWidget_SEEDLING_SUPPORT_SDK(3000004): (SeedlingSupportCardExecutor-pool-2-thread-1) seedling_entrance = 8
01-10 06:19:22.112 24295 28844 D CardWidget_SEEDLING_SUPPORT_SDK(3000004): (SeedlingSupportCardExecutor-pool-2-thread-1) page_id = pages/index.json
01-10 06:19:22.112 24295 28844 D CardWidget_SEEDLING_SUPPORT_SDK(3000004): (SeedlingSupportCardExecutor-pool-2-thread-1) upk_version_code = 1000001
01-10 06:19:22.112 24295 28844 D CardWidget_SEEDLING_SUPPORT_SDK(3000004): (SeedlingSupportCardExecutor-pool-2-thread-1) service_instance_id = 
01-10 06:19:22.112 24295 28844 D CardWidget_SEEDLING_SUPPORT_SDK(3000004): (SeedlingSupportCardExecutor-pool-2-thread-1) action :2
01-10 06:19:22.112 24295 28844 D CardWidget_SEEDLING_SUPPORT_SDK(3000004): (SeedlingSupportCardExecutor-pool-2-thread-1) dispatchLifecycle :size_change,card = SeedlingCard(serviceId=268451924, cardId=268451924, cardIndex=1, hostId=20, host=StatusBar, subscribeType=Recommend, size=NXN, pageId=pages/index.json, upkVersionCode=1000001).instance=
01-10 06:19:22.112 24295 28844 D CardWidget_SEEDLING_SUPPORT_SDK(3000004): (SeedlingSupportCardExecutor-pool-2-thread-1) getSizeChangeParams. {"life_circle":"size_change","service_id":"268451924","card_create_type":"2","card_size":"1000","seedling_entrance":"8","page_id":"pages\/index.json","upk_version_code":"1000001","business_data":"0&7","card_unique_key":"268451924&1&20_sid=268451924_rk=fbb948_sk=2a1824","is_support_multi_instance":"false","service_instance_id":""}
01-10 06:19:22.112 24295 28844 D CardWidget_SEEDLING_SUPPORT_SDK(3000004)_SeedlingCardCache: (SeedlingSupportCardExecutor-pool-2-thread-1) onSizeChange card=SeedlingCard(serviceId=268451924, cardId=268451924, cardIndex=1, hostId=20, host=StatusBar, subscribeType=Recommend, size=NXN, pageId=pages/index.json, upkVersionCode=1000001),instanceId=
01-10 06:19:22.112 24295 28844 D CardWidget_SEEDLING_SUPPORT_SDK(3000004): (SeedlingSupportCardExecutor-pool-2-thread-1) getSizeChangeParams. {"life_circle":"size_change","service_id":"268451924","card_create_type":"2","card_size":"1000","seedling_entrance":"8","page_id":"pages\/index.json","upk_version_code":"1000001","business_data":"0&7","card_unique_key":"268451924&1&20_sid=268451924_rk=fbb948_sk=2a1824","is_support_multi_instance":"false","service_instance_id":""}
01-10 06:19:22.235 10101 10101 I adbd    : UsbFfs: already offline
01-10 06:19:22.235 10101 10101 I adbd    : Calling send_auth_request...
01-10 06:19:22.240 10101 10101 I adbd    : adbd_auth: loading keys from /data/misc/adb/adb_keys
01-10 06:19:22.243 10101 10101 I adbd    : adb client authorized
01-10 06:19:22.305 17922 18415 D OplusWifiPower_TriggerCenter: mComponentCallback: wifistat
01-10 06:19:22.305 18986 18986 D VendorWifiService: onEvent event:9,action:1
01-10 06:19:22.306 18698 18794 D WifiStatusTracker: mNetworkCallback onCapabilitiesChanged network:102 mPrimaryNetworkId:102
01-10 06:19:22.307 18986 19429 D SubsysEventListenerManager: onCapabilitiesChanged
01-10 06:19:22.307 18986 19429 D DataStateTracker: getCurDataChannel, channel:1
01-10 06:19:22.308 17922 18415 D SystemNetworkObserver: wifi network 102 nc changed, primary=true
01-10 06:19:22.308 18698 18794 D WifiStatusTracker: mNetworkCallback onCapabilitiesChanged network:102 mPrimaryNetworkId:102
01-10 06:19:22.308 17922 18415 D SystemNetworkObserver: default network nc changed 102
01-10 06:19:22.309 17922 18441 D OplusSlaNetworkManager: isPrimaryWifi:true network:102
01-10 06:19:22.309 18698 18902 D WifiPickerTracker: handleNetworkCapabilitiesChanged network:102
01-10 06:19:22.309 18937 20983 D QCNEJ/NativeAidlConnector: -> SND notifyDefaultNetworkChanged(1)
01-10 06:19:22.309 18937 20983 D cneJni  : sendDefaultNwMsg start
01-10 06:19:22.310 18937 20983 D cneJni  : sendWifiStatus start
01-10 06:19:22.310 18698 18794 I SystemUi--Statusbar: NetworkController.WifiSignalController-->handleStatusUpdated state=3 enabled=true connected=true isDefaultNetwork=true rssi=-64 level=4 statusLabel=null isDirty=false
01-10 06:19:22.310 20413 21646 I BugleRcsEngine: Connected state: [1], networkType: [WIFI] [CONTEXT thread_id=69 ]
01-10 06:19:22.310 20413 22045 I BugleRcsEngine: handleMessage processing message:[NOTIFY_UPTIME_IGNORE_STATE_CHANGED] with [non-null]:RcsEngineImpl reference [CONTEXT log_prefix="RcsEngineImpl[DUAL_REG]:[254f5748-f7ae]>Handler" thread_id=75 ]
01-10 06:19:22.310 18873 20975 D txpwrJni: sendNetworkInfo start
01-10 06:19:22.310 18873 20975 D txpwrJni: sendNetworkInfo RatType 0
01-10 06:19:22.311 18698 18902 I WifiPickerTracker: wifi connected status realConnectedWifiEntry not null: true
01-10 06:19:22.312 17922 18314 W IPCThreadState: Sending oneway calls to frozen process.
01-10 06:19:22.312 18698 18794 I SystemUi--Statusbar: NetworkController.WifiSignalController-->handleStatusUpdated state=3 enabled=true connected=true isDefaultNetwork=true rssi=-64 level=4 statusLabel=null isDirty=false
01-10 06:19:22.312 18698 18794 I SystemUi--Statusbar: NetworkController.WifiSignalController-->handleStatusUpdated state=3 enabled=true connected=true isDefaultNetwork=true rssi=-64 level=4 statusLabel=null isDirty=false
01-10 06:19:22.312 17922 18314 W IPCThreadState: Sending oneway calls to frozen process.
01-10 06:19:22.312 17922 18314 W IPCThreadState: Sending oneway calls to frozen process.
01-10 06:19:22.312 18698 19141 E ActivityThread: Failed to find provider info for com.bitstrips.imoji.provider
01-10 06:19:22.312 18698 18698 D OplusBitmojiDownloadManager: onNetworkTypeChange: access unavailable
01-10 06:19:22.312 17922 18314 W IPCThreadState: Sending oneway calls to frozen process.
01-10 06:19:22.313 17922 18314 W IPCThreadState: Sending oneway calls to frozen process.
01-10 06:19:22.313 17922 18314 W IPCThreadState: Sending oneway calls to frozen process.
01-10 06:19:22.313 17922 18314 W IPCThreadState: Sending oneway calls to frozen process.
01-10 06:19:22.313 17922 18314 W IPCThreadState: Sending oneway calls to frozen process.
01-10 06:19:22.313 17922 18314 W IPCThreadState: Sending oneway calls to frozen process.
01-10 06:19:22.313 17922 18314 W IPCThreadState: Sending oneway calls to frozen process.
01-10 06:19:22.313 17922 18314 W IPCThreadState: Sending oneway calls to frozen process.
01-10 06:19:22.313 17922 18314 W IPCThreadState: Sending oneway calls to frozen process.
01-10 06:19:22.313 17922 18314 W IPCThreadState: Sending oneway calls to frozen process.
01-10 06:19:22.313 17922 18314 W IPCThreadState: Sending oneway calls to frozen process.
01-10 06:19:22.313 17922 18314 W IPCThreadState: Sending oneway calls to frozen process.
01-10 06:19:22.313 17922 18314 W IPCThreadState: Sending oneway calls to frozen process.
01-10 06:19:22.313 20413 22045 I BugleRcsEngine: Rcs is enabled from user settings: true [CONTEXT log_prefix="ProvisioningEngineDataRetriever" thread_id=75 ]
01-10 06:19:22.313 17922 18314 W IPCThreadState: Sending oneway calls to frozen process.
01-10 06:19:22.313 17922 18314 W IPCThreadState: Sending oneway calls to frozen process.
01-10 06:19:22.313 17922 18314 W IPCThreadState: Sending oneway calls to frozen process.
01-10 06:19:22.314 17922 18314 W IPCThreadState: Sending oneway calls to frozen process.
01-10 06:19:22.314 17922 18314 W IPCThreadState: Sending oneway calls to frozen process.
01-10 06:19:22.314 17922 18314 W IPCThreadState: Sending oneway calls to frozen process.
01-10 06:19:22.314 17922 18314 W IPCThreadState: Sending oneway calls to frozen process.
01-10 06:19:22.314 17922 18314 W IPCThreadState: Sending oneway calls to frozen process.
01-10 06:19:22.314 17922 18314 W IPCThreadState: Sending oneway calls to frozen process.
01-10 06:19:22.314 17922 18314 W IPCThreadState: Sending oneway calls to frozen process.
01-10 06:19:22.314 17922 18314 W IPCThreadState: Sending oneway calls to frozen process.
01-10 06:19:22.314 17922 18314 W IPCThreadState: Sending oneway calls to frozen process.
01-10 06:19:22.314 17922 18314 W IPCThreadState: Sending oneway calls to frozen process.
01-10 06:19:22.314 17922 18314 W IPCThreadState: Sending oneway calls to frozen process.
01-10 06:19:22.314 17922 18314 W IPCThreadState: Sending oneway calls to frozen process.
01-10 06:19:22.314 17922 18314 W IPCThreadState: Sending oneway calls to frozen process.
01-10 06:19:22.314 17922 18314 W IPCThreadState: Sending oneway calls to frozen process.
01-10 06:19:22.314 17922 18314 W IPCThreadState: Sending oneway calls to frozen process.
01-10 06:19:22.314 19361 19373 I ChimeraSrvcProxy: NullBinder for android.net.action.RECOMMEND_NETWORKS triggering remote TransactionTooLargeException due to Service without Chimera impl
01-10 06:19:22.314 19361 19373 W .gms.persistent: Large reply transaction of 2113536 bytes, interface descriptor , code 1
01-10 06:19:22.314 17922 18314 W IPCThreadState: Sending oneway calls to frozen process.
01-10 06:19:22.314 17922 18314 W IPCThreadState: Sending oneway calls to frozen process.
01-10 06:19:22.315 17922 18314 W IPCThreadState: Sending oneway calls to frozen process.
01-10 06:19:22.315 17922 18314 W IPCThreadState: Sending oneway calls to frozen process.
01-10 06:19:22.315 17922 18314 W IPCThreadState: Sending oneway calls to frozen process.
01-10 06:19:22.315 17922 18314 W IPCThreadState: Sending oneway calls to frozen process.
01-10 06:19:22.315 17922 18314 W IPCThreadState: Sending oneway calls to frozen process.
01-10 06:19:22.315 17922 18314 W IPCThreadState: Sending oneway calls to frozen process.
01-10 06:19:22.315 17922 18314 W IPCThreadState: Sending oneway calls to frozen process.
01-10 06:19:22.315 17922 18314 W IPCThreadState: Sending oneway calls to frozen process.
01-10 06:19:22.315 17922 18314 W IPCThreadState: Sending oneway calls to frozen process.
01-10 06:19:22.315 17922 18314 W IPCThreadState: Sending oneway calls to frozen process.
01-10 06:19:22.315 17922 18314 W IPCThreadState: Sending oneway calls to frozen process.
01-10 06:19:22.315 17922 18314 W IPCThreadState: Sending oneway calls to frozen process.
01-10 06:19:22.315 17922 18314 W IPCThreadState: Sending oneway calls to frozen process.
01-10 06:19:22.315 17922 18314 W IPCThreadState: Sending oneway calls to frozen process.
01-10 06:19:22.315 17922 18314 W IPCThreadState: Sending oneway calls to frozen process.
01-10 06:19:22.315 17922 18314 W IPCThreadState: Sending oneway calls to frozen process.
01-10 06:19:22.315 17922 18314 W IPCThreadState: Sending oneway calls to frozen process.
01-10 06:19:22.315 17922 18314 W IPCThreadState: Sending oneway calls to frozen process.
01-10 06:19:22.317 19361 19373 I ChimeraSrvcProxy: NullBinder for android.net.action.RECOMMEND_NETWORKS triggering remote TransactionTooLargeException due to Service without Chimera impl
01-10 06:19:22.317 19361 19373 W .gms.persistent: Large reply transaction of 2113536 bytes, interface descriptor , code 1
01-10 06:19:22.318 19361 19373 I ChimeraSrvcProxy: NullBinder for android.net.action.RECOMMEND_NETWORKS triggering remote TransactionTooLargeException due to Service without Chimera impl
01-10 06:19:22.318 19361 19373 W .gms.persistent: Large reply transaction of 2113536 bytes, interface descriptor , code 1
01-10 06:19:22.320 19361 19373 I ChimeraSrvcProxy: NullBinder for android.net.action.RECOMMEND_NETWORKS triggering remote TransactionTooLargeException due to Service without Chimera impl
01-10 06:19:22.320 19361 19373 W .gms.persistent: Large reply transaction of 2113536 bytes, interface descriptor , code 1
01-10 06:19:22.379  2153  2418 I SDM     : DisplayBase::CommitThread: Received idle timeout, panel: cmd, timeout: 70000 us
01-10 06:19:22.458  2273  2310 D BatteryChargeControl: bcc get no support from charging protocol
01-10 06:19:22.520 17535 17574 W Netd    : No subsystem found in netlink event
01-10 06:19:22.523 18730 19258 D ApfFilter: (wlan0): Adding RA fe80::22b0:1ff:fee5:9ffe -> ff02::1 0s DNS 6000s fe80::22b0:1ff:fee5:9ffe 
01-10 06:19:22.859  2183  2262 E PERFHAL-PERFCTRL: PERFHAL-PERFCTRL: chk_core_online_poll_loop() 700: poll() has timed out for /sys/kernel/msm_performance/events/cpu_hotplug
01-10 06:19:22.860  2183  2262 E PERFHAL-PERFCTRL: PERFHAL-PERFCTRL: chk_core_online_poll_loop() 695: Block on poll()
01-10 06:19:22.959 24364 24669 D TrafficStats: tagSocket(149) with statsTag=0xffffffff, statsUid=-1
01-10 06:19:22.998 25838 26022 D PowerStatsService: handleMessage:10(bk_pw_d_f) 0
01-10 06:19:22.999 25838 26022 D PowerStatsService: startBackFileTime:2025_0110_0610_44
01-10 06:19:23.007 25838 26022 D backUpPowerDataFile: took 8ms
01-10 06:19:23.051  3583  4140 D QmiClient: qmiServiceEventCallback recv msg id 47
01-10 06:19:23.051  3583  4140 D QmiOttClient: enter : onQmiServiceEventCallback msgId 47
01-10 06:19:23.051  3583  3614 D OttProxy: handleMessage msg is 3001
01-10 06:19:23.052 18986 19005 D SubsysRadioIndication: [PHONE0]radioLinkLatencyInfoInd
01-10 06:19:23.052 18986 19005 D SubsysRadioIndication: [PHONE0]notify enter
01-10 06:19:23.288 17821 18087 I [CAM-OEMLAYER] : [ INFO][ProviderExt] healthmonitor.cpp:239 Monitoring() [CAM-OEMLAYER] Begin Check. dev[0 0] sds[0 0]
01-10 06:19:23.289 17821 18087 I [CAM-OEMLAYER] : [ INFO][ProviderExt] healthmonitor.cpp:346 CameraExtensionMonitorCheck() [CAM-OEMLAYER] Monitor Check result: inuse 0x40 pass 1 clk_cnt 0 rgltr_cnt 0 rgltr_enabled 0
01-10 06:19:23.289 17821 18087 I [CAM-OEMLAYER] : [ INFO][ProviderExt] healthmonitor.cpp:445 CameraExtensionMonitorCheck() [CAM-OEMLAYER] Monitor Check result: ncsUnreleased 0
01-10 06:19:23.347  2104 18445 I WifiHAL : event received NL80211_CMD_VENDOR, vendor_id = 0x1374, subcmd = 0xd
01-10 06:19:23.347  3314 18446 D LOWI-9.0.1.110: [LOWI-Scan] wait_event:Wait done with Cmd 103
01-10 06:19:23.347  3314 18446 D LOWI-9.0.1.110: [LOWI-Scan] do_listen_events: Rcvd valid Netlink Cmd 0 Err 0
01-10 06:19:23.347  3270  3270 I cnss-daemon: nl80211 response handler invoked
01-10 06:19:23.347  3270  3270 I cnss-daemon: nl80211_response_handler: cmd 103, vendorID 4980, subcmd 13  received
01-10 06:19:23.460  2273  2310 D BatteryChargeControl: bcc get no support from charging protocol
01-10 06:19:23.879  3583  4140 D QmiClient: qmiServiceEventCallback recv msg id 47
01-10 06:19:23.879  3583  4140 D QmiOttClient: enter : onQmiServiceEventCallback msgId 47
01-10 06:19:23.880  3583  3614 D OttProxy: handleMessage msg is 3001
01-10 06:19:23.880 18986 19005 D SubsysRadioIndication: [PHONE0]radioLinkLatencyInfoInd
01-10 06:19:23.880 18986 19005 D SubsysRadioIndication: [PHONE0]notify enter
01-10 06:19:23.977  3417  4602 I oplus_theia: Waiting for OCenterService
01-10 06:19:24.461  2273  2310 D BatteryChargeControl: bcc get no support from charging protocol
01-10 06:19:24.971  3583  4140 D QmiClient: qmiServiceEventCallback recv msg id 47
01-10 06:19:24.971  3583  4140 D QmiOttClient: enter : onQmiServiceEventCallback msgId 47
01-10 06:19:24.972  3583  3614 D OttProxy: handleMessage msg is 3001
01-10 06:19:24.972 18986 19005 D SubsysRadioIndication: [PHONE0]radioLinkLatencyInfoInd
01-10 06:19:24.972 18986 19005 D SubsysRadioIndication: [PHONE0]notify enter
01-10 06:19:25.104 18843 19462 D TelephonyImpl: isRequestingMms
01-10 06:19:25.105 18843 19462 D TelephonyImpl: getReleaseMmsNetworkTime
01-10 06:19:25.108 18843 19462 D OplusDdsSwitchStrategy: Md,OplusCheckFeature,RETURN_TO_CUR_ACTION_DDS
01-10 06:19:25.339 18986 18986 D VendorWifiService: onEvent event:9,action:1
01-10 06:19:25.339 17922 18415 D OplusWifiPower_TriggerCenter: mComponentCallback: wifistat
01-10 06:19:25.342 18986 19429 D SubsysEventListenerManager: onCapabilitiesChanged
01-10 06:19:25.342 18986 19429 D DataStateTracker: getCurDataChannel, channel:1
01-10 06:19:25.341 18698 18794 D WifiStatusTracker: mNetworkCallback onCapabilitiesChanged network:102 mPrimaryNetworkId:102
01-10 06:19:25.342 18698 18902 D WifiPickerTracker: handleNetworkCapabilitiesChanged network:102
01-10 06:19:25.342 17922 18441 D OplusSlaNetworkManager: isPrimaryWifi:true network:102
01-10 06:19:25.343 17922 18415 D SystemNetworkObserver: wifi network 102 nc changed, primary=true
01-10 06:19:25.343 17922 18415 D SystemNetworkObserver: default network nc changed 102
01-10 06:19:25.344 18698 18794 D WifiStatusTracker: mNetworkCallback onCapabilitiesChanged network:102 mPrimaryNetworkId:102
01-10 06:19:25.344 18937 20983 D cneJni  : sendWifiStatus start
01-10 06:19:25.344 18937 20983 D QCNEJ/NativeAidlConnector: -> SND notifyDefaultNetworkChanged(1)
01-10 06:19:25.344 18937 20983 D cneJni  : sendDefaultNwMsg start
01-10 06:19:25.344 20413 21646 I BugleRcsEngine: Connected state: [1], networkType: [WIFI] [CONTEXT thread_id=69 ]
01-10 06:19:25.345 18698 18794 I SystemUi--Statusbar: NetworkController.WifiSignalController-->handleStatusUpdated state=3 enabled=true connected=true isDefaultNetwork=true rssi=-66 level=4 statusLabel=null isDirty=false
01-10 06:19:25.345 20413 22045 I BugleRcsEngine: handleMessage processing message:[NOTIFY_UPTIME_IGNORE_STATE_CHANGED] with [non-null]:RcsEngineImpl reference [CONTEXT log_prefix="RcsEngineImpl[DUAL_REG]:[254f5748-f7ae]>Handler" thread_id=75 ]
01-10 06:19:25.345 18698 18794 I SystemUi--Statusbar: NetworkController.WifiSignalController-->handleStatusUpdated state=3 enabled=true connected=true isDefaultNetwork=true rssi=-66 level=4 statusLabel=null isDirty=false
01-10 06:19:25.345 18698 18794 I SystemUi--Statusbar: NetworkController.WifiSignalController-->handleStatusUpdated state=3 enabled=true connected=true isDefaultNetwork=true rssi=-66 level=4 statusLabel=null isDirty=false
01-10 06:19:25.345 17922 18314 W IPCThreadState: Sending oneway calls to frozen process.
01-10 06:19:25.345 17922 18314 W IPCThreadState: Sending oneway calls to frozen process.
01-10 06:19:25.345 17922 18314 W IPCThreadState: Sending oneway calls to frozen process.
01-10 06:19:25.346 18873 20975 D txpwrJni: sendNetworkInfo start
01-10 06:19:25.346 18873 20975 D txpwrJni: sendNetworkInfo RatType 0
01-10 06:19:25.347 17922 18314 W IPCThreadState: Sending oneway calls to frozen process.
01-10 06:19:25.347 18698 18902 I WifiPickerTracker: wifi connected status realConnectedWifiEntry not null: true
01-10 06:19:25.347 17922 18314 W IPCThreadState: Sending oneway calls to frozen process.
01-10 06:19:25.347 17922 18314 W IPCThreadState: Sending oneway calls to frozen process.
01-10 06:19:25.347 17922 18314 W IPCThreadState: Sending oneway calls to frozen process.
01-10 06:19:25.347 17922 18314 W IPCThreadState: Sending oneway calls to frozen process.
01-10 06:19:25.347 17922 18314 W IPCThreadState: Sending oneway calls to frozen process.
01-10 06:19:25.347 17922 18314 W IPCThreadState: Sending oneway calls to frozen process.
01-10 06:19:25.347 17922 18314 W IPCThreadState: Sending oneway calls to frozen process.
01-10 06:19:25.348 17922 18314 W IPCThreadState: Sending oneway calls to frozen process.
01-10 06:19:25.348 17922 18314 W IPCThreadState: Sending oneway calls to frozen process.
01-10 06:19:25.348 17922 18314 W IPCThreadState: Sending oneway calls to frozen process.
01-10 06:19:25.348 17922 18314 W IPCThreadState: Sending oneway calls to frozen process.
01-10 06:19:25.348 17922 18314 W IPCThreadState: Sending oneway calls to frozen process.
01-10 06:19:25.348 17922 18314 W IPCThreadState: Sending oneway calls to frozen process.
01-10 06:19:25.348 17922 18314 W IPCThreadState: Sending oneway calls to frozen process.
01-10 06:19:25.348 17922 18314 W IPCThreadState: Sending oneway calls to frozen process.
01-10 06:19:25.348 17922 18314 W IPCThreadState: Sending oneway calls to frozen process.
01-10 06:19:25.348 17922 18314 W IPCThreadState: Sending oneway calls to frozen process.
01-10 06:19:25.348 17922 18314 W IPCThreadState: Sending oneway calls to frozen process.
01-10 06:19:25.348 17922 18314 W IPCThreadState: Sending oneway calls to frozen process.
01-10 06:19:25.348 17922 18314 W IPCThreadState: Sending oneway calls to frozen process.
01-10 06:19:25.348 17922 18314 W IPCThreadState: Sending oneway calls to frozen process.
01-10 06:19:25.349 17922 18314 W IPCThreadState: Sending oneway calls to frozen process.
01-10 06:19:25.349 17922 18314 W IPCThreadState: Sending oneway calls to frozen process.
01-10 06:19:25.349 17922 18314 W IPCThreadState: Sending oneway calls to frozen process.
01-10 06:19:25.349 17922 18314 W IPCThreadState: Sending oneway calls to frozen process.
01-10 06:19:25.349 17922 18314 W IPCThreadState: Sending oneway calls to frozen process.
01-10 06:19:25.349 17922 18314 W IPCThreadState: Sending oneway calls to frozen process.
01-10 06:19:25.349 17922 18314 W IPCThreadState: Sending oneway calls to frozen process.
01-10 06:19:25.349 17922 18314 W IPCThreadState: Sending oneway calls to frozen process.
01-10 06:19:25.349 17922 18314 W IPCThreadState: Sending oneway calls to frozen process.
01-10 06:19:25.349 17922 18314 W IPCThreadState: Sending oneway calls to frozen process.
01-10 06:19:25.349 17922 18314 W IPCThreadState: Sending oneway calls to frozen process.
01-10 06:19:25.349 19361 19373 I ChimeraSrvcProxy: NullBinder for android.net.action.RECOMMEND_NETWORKS triggering remote TransactionTooLargeException due to Service without Chimera impl
01-10 06:19:25.349 17922 18314 W IPCThreadState: Sending oneway calls to frozen process.
01-10 06:19:25.349 19361 19373 W .gms.persistent: Large reply transaction of 2113536 bytes, interface descriptor , code 1
01-10 06:19:25.349 17922 18314 W IPCThreadState: Sending oneway calls to frozen process.
01-10 06:19:25.349 17922 18314 W IPCThreadState: Sending oneway calls to frozen process.
01-10 06:19:25.349 17922 18314 W IPCThreadState: Sending oneway calls to frozen process.
01-10 06:19:25.349 20413 22045 I BugleRcsEngine: Rcs is enabled from user settings: true [CONTEXT log_prefix="ProvisioningEngineDataRetriever" thread_id=75 ]
01-10 06:19:25.349 17922 18314 W IPCThreadState: Sending oneway calls to frozen process.
01-10 06:19:25.349 17922 18314 W IPCThreadState: Sending oneway calls to frozen process.
01-10 06:19:25.349 17922 18314 W IPCThreadState: Sending oneway calls to frozen process.
01-10 06:19:25.349 17922 18314 W IPCThreadState: Sending oneway calls to frozen process.
01-10 06:19:25.349 17922 18314 W IPCThreadState: Sending oneway calls to frozen process.
01-10 06:19:25.349 17922 18314 W IPCThreadState: Sending oneway calls to frozen process.
01-10 06:19:25.349 17922 18314 W IPCThreadState: Sending oneway calls to frozen process.
01-10 06:19:25.349 17922 18314 W IPCThreadState: Sending oneway calls to frozen process.
01-10 06:19:25.350 17922 18314 W IPCThreadState: Sending oneway calls to frozen process.
01-10 06:19:25.350 17922 18314 W IPCThreadState: Sending oneway calls to frozen process.
01-10 06:19:25.350 17922 18314 W IPCThreadState: Sending oneway calls to frozen process.
01-10 06:19:25.350 17922 18314 W IPCThreadState: Sending oneway calls to frozen process.
01-10 06:19:25.350 17922 18314 W IPCThreadState: Sending oneway calls to frozen process.
01-10 06:19:25.350 17922 18314 W IPCThreadState: Sending oneway calls to frozen process.
01-10 06:19:25.351 19361 19373 I ChimeraSrvcProxy: NullBinder for android.net.action.RECOMMEND_NETWORKS triggering remote TransactionTooLargeException due to Service without Chimera impl
01-10 06:19:25.351 19361 19373 W .gms.persistent: Large reply transaction of 2113536 bytes, interface descriptor , code 1
01-10 06:19:25.352 19361 19373 I ChimeraSrvcProxy: NullBinder for android.net.action.RECOMMEND_NETWORKS triggering remote TransactionTooLargeException due to Service without Chimera impl
01-10 06:19:25.352 19361 19373 W .gms.persistent: Large reply transaction of 2113536 bytes, interface descriptor , code 1
01-10 06:19:25.353 19361 19373 I ChimeraSrvcProxy: NullBinder for android.net.action.RECOMMEND_NETWORKS triggering remote TransactionTooLargeException due to Service without Chimera impl
01-10 06:19:25.353 19361 19373 W .gms.persistent: Large reply transaction of 2113536 bytes, interface descriptor , code 1
01-10 06:19:25.382  3314 18446 D LOWI-9.0.1.110: [LOWI-Scan] wait_event:Wait done with Cmd 103
01-10 06:19:25.382  3314 18446 D LOWI-9.0.1.110: [LOWI-Scan] do_listen_events: Rcvd valid Netlink Cmd 0 Err 0
01-10 06:19:25.382  2104 18445 I WifiHAL : event received NL80211_CMD_VENDOR, vendor_id = 0x1374, subcmd = 0xd
01-10 06:19:25.382  3270  3270 I cnss-daemon: nl80211 response handler invoked
01-10 06:19:25.382  3270  3270 I cnss-daemon: nl80211_response_handler: cmd 103, vendorID 4980, subcmd 13  received
01-10 06:19:25.461  2273  2310 D BatteryChargeControl: bcc get no support from charging protocol
01-10 06:19:25.523  9661 10826 D nativeloader: Load /data/app/~~ZEkSGJ1Aa14QM3mDiSoa_g==/com.zhiliaoapp.musically-y0Tn_QN6iWdUFsUNG2KF1Q==/lib/arm64/libalog.so using ns clns-9 from class loader (caller=/data/app/~~ZEkSGJ1Aa14QM3mDiSoa_g==/com.zhiliaoapp.musically-y0Tn_QN6iWdUFsUNG2KF1Q==/base.apk!classes3.dex): ok
01-10 06:19:25.863  2183  2262 E PERFHAL-PERFCTRL: PERFHAL-PERFCTRL: chk_core_online_poll_loop() 700: poll() has timed out for /sys/kernel/msm_performance/events/cpu_hotplug
01-10 06:19:25.863  2183  2262 E PERFHAL-PERFCTRL: PERFHAL-PERFCTRL: chk_core_online_poll_loop() 695: Block on poll()
01-10 06:19:25.879  3583  4140 D QmiClient: qmiServiceEventCallback recv msg id 47
01-10 06:19:25.879  3583  4140 D QmiOttClient: enter : onQmiServiceEventCallback msgId 47
01-10 06:19:25.879  3583  3614 D OttProxy: handleMessage msg is 3001
01-10 06:19:25.880 18986 19005 D SubsysRadioIndication: [PHONE0]radioLinkLatencyInfoInd
01-10 06:19:25.881 18986 19005 D SubsysRadioIndication: [PHONE0]notify enter
01-10 06:19:26.016 17922 18314 D InetDiagMessage: Destroyed 6 sockets, proto=IPPROTO_TCP, family=AF_INET, states=14
01-10 06:19:26.016 17922 18314 D InetDiagMessage: Destroyed 0 sockets, proto=IPPROTO_TCP, family=AF_INET6, states=14
01-10 06:19:26.016 17922 18314 D InetDiagMessage: Destroyed live tcp sockets for uids={10330} in 2ms
01-10 06:19:26.017 17922 18314 D InetDiagMessage: Destroyed 0 sockets, proto=IPPROTO_TCP, family=AF_INET, states=14
01-10 06:19:26.017 17922 18314 D InetDiagMessage: Destroyed 0 sockets, proto=IPPROTO_TCP, family=AF_INET6, states=14
01-10 06:19:26.017 17922 18314 D InetDiagMessage: Destroyed live tcp sockets for uids={20330} in 1ms
01-10 06:19:26.025 17922 18314 D InetDiagMessage: Destroyed 0 sockets, proto=IPPROTO_TCP, family=AF_INET, states=14
01-10 06:19:26.025 17922 18314 D InetDiagMessage: Destroyed 0 sockets, proto=IPPROTO_TCP, family=AF_INET6, states=14
01-10 06:19:26.025 17922 18314 D InetDiagMessage: Destroyed live tcp sockets for uids={10360} in 1ms
01-10 06:19:26.026 17922 18314 D InetDiagMessage: Destroyed 0 sockets, proto=IPPROTO_TCP, family=AF_INET, states=14
01-10 06:19:26.027 17922 18314 D InetDiagMessage: Destroyed 0 sockets, proto=IPPROTO_TCP, family=AF_INET6, states=14
01-10 06:19:26.027 17922 18314 D InetDiagMessage: Destroyed live tcp sockets for uids={20360} in 2ms
01-10 06:19:26.462  2273  2310 D BatteryChargeControl: bcc get no support from charging protocol
01-10 06:19:26.564 17535 17573 E NetlinkEvent: NetlinkEvent::FindParam(): Parameter 'INTERFACE' not found
01-10 06:19:26.564 17535 17573 E NetlinkEvent: NetlinkEvent::FindParam(): Parameter 'STATE' not found
01-10 06:19:26.564 17535 17573 E NetlinkEvent: NetlinkEvent::FindParam(): Parameter 'TIME_NS' not found
01-10 06:19:26.564 17535 17573 E NetlinkEvent: NetlinkEvent::FindParam(): Parameter 'UID' not found
01-10 06:19:26.879  3583  4140 D QmiClient: qmiServiceEventCallback recv msg id 47
01-10 06:19:26.879  3583  4140 D QmiOttClient: enter : onQmiServiceEventCallback msgId 47
01-10 06:19:26.879  3583  3614 D OttProxy: handleMessage msg is 3001
01-10 06:19:26.879 18986 19005 D SubsysRadioIndication: [PHONE0]radioLinkLatencyInfoInd
01-10 06:19:26.879 18986 19005 D SubsysRadioIndication: [PHONE0]notify enter
01-10 06:19:27.102 18698 18698 D PluginSeedling--CapsuleCard: InstantViewModel-->time out, close service, key:268451924||0|1736486361028
01-10 06:19:27.102 18698 18698 D PluginSeedling--Origin: EntryDataManager-->close service, entryType:[statusbar,type=8,hostId=20], serviceId:268451924
01-10 06:19:27.102 18698 18698 D PluginSeedling--Origin: BaseDataManager-->update onDataChanged -> size: 1,state:SeedlingState(8)
01-10 06:19:27.103 18698 18698 E SDP.SysUi.BaseSeedling:  268451924&1&20_sid=268451924_rk=fbb948,268451924&1&20_sid=268451924_rk=fbb948,getViewListBySize error, entrance:status_bar[8,20], cardSize:9, allValidSize:[7][ssdk:v1.2.56-932c039,sdplugin:v15.0.69-dc9783bb] [SeedlingSdk|com.android.systemui|1.4.26-79c0076]
01-10 06:19:27.103 18698 18698 E PluginSeedling--StatusBar: StatusSeedlingInfo-->get no lg CardView, 268451924
01-10 06:19:27.103 18698 18698 I SDP.SysUi.BaseSeedling:  268451924&1&20_sid=268451924_rk=fbb948,268451924&1&20_sid=268451924_rk=fbb948,getViewListBySize success, entrance:status_bar[8,20], cardSize:7, allValidSize:[7][ssdk:v1.2.56-932c039,sdplugin:v15.0.69-dc9783bb]
01-10 06:19:27.103 18698 18698 D PluginSeedling--CapsuleCard: SeedlingInfo-->getHiddenStatusIconList: [battery]
01-10 06:19:27.103 18698 18698 D PluginSeedling--Capsule: CapsulesRepository-->onDataChanged, hasSystem[true to true] size:1: [StatusBarSeedlingInfo: [key: 268451924||0|1736486361028, entranceType: 8, serviceType: 100, score: 6.05, groupPripority: 1 seedlingType: 2, serviceCategory: 2, shouldShow: true, lockscreenShouldShow: false, seedlingState: SeedlingState(8), state: 2, pkg: com.oplus.battery, hostPackage=com.oplus.battery front: false, forceReminder: false, remindLevel: 0, liveDuration: 0, InstantDuration: 5000, requestPanel: false, capsuleTimeOut: 300000 SeedlingCardOptions: true, seedlingUIData: true, isSupportMultiInstance: false, serviceInstanceId:  subdomain: common, rusBaseData: RusBaseData(id='268451924', updateStateEnable=0, canDelete=1, remindAlways=0, longClick='', cardImportance=-1, clickCustomAction=0, timeOutDuration=5,enableInSuperpower=1)]isOverrideTransition:false, state: SeedlingState(8),L-level: 1, T-level: 1, showSize: 7, capsuleShowing: true, capsuleShowingOfLock: false, cardShowing: false, cardView: null, capsuleView: n7.b1{67cc24b V.E...... ......ID 322,21-758,100 alpha=1.0 viewInfo = },hiddenIconList: [battery] 
01-10 06:19:27.103 18698 18698 D PluginSeedling--Capsule: ]
01-10 06:19:27.103 18698 18698 D PluginSeedling--Capsule: BaseCapsuleContainerViewModel-->onCapsuleListChanged:[]
01-10 06:19:27.103 18698 18698 D PluginSeedling--Capsule: BaseCapsuleContainerViewModel-->applyListInternal
01-10 06:19:27.103 18698 18698 D PluginSeedling--Capsule: BaseCapsuleContainerViewModel-->cancelPostApply
