01-10 06:19:00.990 18698 18757 D OneHandedController: setLockedDisabled locked = false, enabled = false ,FeatureEnabled = false
01-10 06:19:00.990 18698 18698 W VRI[StatusBar]: handleResized abandoned!
01-10 06:19:00.990 18698 18698 W VRI[NotificationShade]: handleResized abandoned!
01-10 06:19:00.990 18698 18698 W VRI[NavigationBar_displayId_0]: handleResized abandoned!
01-10 06:19:00.990 18698 18981 W VRI[ScreenDecorOverlay]: handleResized abandoned!
01-10 06:19:00.990 18698 19447 W VRI[OnScreenFingerprintIcon]: handleResized abandoned!
01-10 06:19:00.990 18698 18981 W VRI[ScreenDecorOverlayBottom]: handleResized abandoned!
01-10 06:19:00.990 18698 19447 W VRI[OnScreenFingerprintPressedIcon]: handleResized abandoned!
01-10 06:19:00.990 18698 19810 D LinearmotorVibrator: vibrate: effect=WaveformEffect { 2fbce72, effectType=49, effectStrength=-1, effectLoop=false, ringtoneVibrateType=-1, isRingtoneCustomized=false, ringtoneFilePath=, strengthSettingEnabled=true, asynchronous=false, usageHint=0 }
01-10 06:19:00.991 17922 17940 I VibratorManagerServiceExtImpl: vibrate is uid=10228, pid=18698, opPkg=com.android.systemui, effect=Mono{mEffect=Composed{segments=[OplusVibrationEffectSegment{mEffectId=49, mEffectStrength=-1, mRingtonePath=''}], repeat=-1}}, attributes=VibrationAttributes{mUsage=UNKNOWN, mAudioUsage= USAGE_UNKNOWN, mCategory=UNKNOWN, mFlags=0}, reason=null, token=39863957
01-10 06:19:00.993 17922 18239 W VibrationScaler: Got unexpected vibration intensity: 1600
01-10 06:19:00.993 17922 18239 E VibrationScaler: No configured scaling level found! (current=1600, default= 2)
01-10 06:19:00.993 17922 18239 D VibrationThread: Perform OplusPrebakedSegment{mWaveformId=4, mDuration=80, mEffectStrength=1600, mDefaultUsage=TOUCH} on vibrator 0
01-10 06:19:00.993 17922 17948 D OplusAppQuickStart_AppQuickStartController: onFirstWindowDrawn ar=ActivityRecord{2e335b u0 com.android.launcher/.Launcher t2}
01-10 06:19:00.993 17922 17948 D ActivityTaskManager: Clearing startingData for activity=ActivityRecord{2e335b u0 com.android.launcher/.Launcher t2} mStartingData=null mStartingSurface=null
01-10 06:19:00.999 17922 19223 D OplusUserManagerServiceEnhance: getMultiSystemUserId  res = -10000
01-10 06:19:01.002 17922 18235 D ActivityManager: reportOneUidFrozenStateChanged uid 10189 frozen = false
01-10 06:19:01.002 17922 17977 D ActivityManager: sync unfroze 19492 com.oneplus.deskclock:clockWidget for 3
01-10 06:19:01.003 17922 17977 D ActivityManager: Async freezing 19492 com.oneplus.deskclock:clockWidget
01-10 06:19:01.003 17922 17977 D ActivityManager: Cancel freezing 19492 com.oneplus.deskclock:clockWidget
01-10 06:19:01.003 17922 17977 D ActivityManager: Async freezing 19492 com.oneplus.deskclock:clockWidget
01-10 06:19:01.003 17922 17977 D ActivityManager: Cancel freezing 19492 com.oneplus.deskclock:clockWidget
01-10 06:19:01.005 17922 19359 D ActivityManager: Async freezing 19492 com.oneplus.deskclock:clockWidget
01-10 06:19:01.006 17922 17940 D OplusAppQuickStart_AppQuickStartController: onFirstWindowDrawn ar=ActivityRecord{2e335b u0 com.android.launcher/.Launcher t2}
01-10 06:19:01.006 17922 17940 D ActivityTaskManager: Clearing startingData for activity=ActivityRecord{2e335b u0 com.android.launcher/.Launcher t2} mStartingData=null mStartingSurface=null
01-10 06:19:01.006 17922 17940 D DeviceStateProviderImpl: keyguard show or sleep: true mLastReportedState 0
01-10 06:19:01.007 17922 17947 V UsbDeviceManager: onKeyguardStateChanged: isShowing:true secure:true user:0
01-10 06:19:01.007 17922 19359 W UserManagerService: Requested status bar icon for non-badged user 0
01-10 06:19:01.007 17922 17947 D OplusAccessControlManagerService: onKeyguardStateChanged : true
01-10 06:19:01.010 17922 17948 D OplusAppQuickStart_AppQuickStartController: onFirstWindowDrawn ar=ActivityRecord{2e335b u0 com.android.launcher/.Launcher t2}
01-10 06:19:01.010 17922 17948 D ActivityTaskManager: Clearing startingData for activity=ActivityRecord{2e335b u0 com.android.launcher/.Launcher t2} mStartingData=null mStartingSurface=null
01-10 06:19:01.012 17922 17998 D VRR [OPlusSAManager]: setSAConfig scene: FIXED_90_120 modeId: 4 auto: false fakeFrame: true
01-10 06:19:01.012 17922 17998 D VRR [OPlusSAManager]: updateAutoMinfps with nits: 60.287018, mHistOK true, mAmbientOK true, mCctOK true, mIrOK true, mBrightnessOK true, isPkgOK true, SA min fps: 0
01-10 06:19:01.012 17922 17998 D VRR [OPlusSurfaceFlingerController]: setAutoMode enable: false fakeFrame: true fps: 0
01-10 06:19:01.012 17922 18987 V WindowManager: Relayout Window{383ca41 u0 com.android.systemui/com.android.systemui.usb.UsbDebuggingActivity}: viewVisibility=0, oldvis=8, req=1024x624, vsysui=, x=0, y=0
01-10 06:19:01.012 17922 18987 I WindowManager: Window{383ca41 u0 com.android.systemui/com.android.systemui.usb.UsbDebuggingActivity} state from NO_SURFACE to DRAW_PENDING; reason: resetDrawState
01-10 06:19:01.012 17922 17998 D VRR [OPlusHistogram]: registerCallbacks callbacks: com.oplus.vrr.OPlusSAManager$2@a50e86b
01-10 06:19:01.012 17922 17998 D VRR [OPlusAmbientBrightness]: registerCallbacks callbacks: com.oplus.vrr.OPlusSAManager$1@905bfc8
01-10 06:19:01.012 17922 17998 D VRR [OPlusColorTemperature]: registerCallbacks callbacks: com.oplus.vrr.OPlusSAManager$3@491c861
01-10 06:19:01.012 17922 17998 D VRR [OPlusInfrared]: registerCallbacks callbacks: com.oplus.vrr.OPlusSAManager$4@9260f86
01-10 06:19:01.013 17922 18987 D OplusAppQuickStart_AppQuickStartController: onFirstWindowDrawn ar=ActivityRecord{2e335b u0 com.android.launcher/.Launcher t2}
01-10 06:19:01.013 17922 18987 D ActivityTaskManager: Clearing startingData for activity=ActivityRecord{2e335b u0 com.android.launcher/.Launcher t2} mStartingData=null mStartingSurface=null
01-10 06:19:01.013 17922 18987 D WindowManager: NFW_findFocusedWindowIfNeeded:Window{88342aa u0 NotificationShade} mCurrentFocus:Window{88342aa u0 NotificationShade}
01-10 06:19:01.016 17922 19359 D OplusTransitionController: onSyncFinishedDrawing, Window{383ca41 u0 com.android.systemui/com.android.systemui.usb.UsbDebuggingActivity}
01-10 06:19:01.016 17922 19359 I WindowManager: finishDrawing skipLayout:false,syncSeqId=0,mPrepareSyncSeqId=0 Window{383ca41 u0 com.android.systemui/com.android.systemui.usb.UsbDebuggingActivity} com.android.server.wm.WindowManagerService.finishDrawingWindow:3139 com.android.server.wm.Session.finishDrawing:376 android.view.IWindowSession$Stub.onTransact:815 
01-10 06:19:01.016 17922 19359 I WindowManager: Window{383ca41 u0 com.android.systemui/com.android.systemui.usb.UsbDebuggingActivity} state from DRAW_PENDING to COMMIT_DRAW_PENDING; reason: finishDrawingLocked
01-10 06:19:01.017 17922 17948 I WindowManager: Window{383ca41 u0 com.android.systemui/com.android.systemui.usb.UsbDebuggingActivity} state from COMMIT_DRAW_PENDING to READY_TO_SHOW; reason: commitFinishDrawingLocked
01-10 06:19:01.017 17922 17948 D OplusAppQuickStart_AppQuickStartController: onFirstWindowDrawn ar=ActivityRecord{5bfe50c u0 com.android.systemui/.usb.UsbDebuggingActivity t71}
01-10 06:19:01.017 17922 17948 D ActivityTaskManager: Clearing startingData for activity=ActivityRecord{5bfe50c u0 com.android.systemui/.usb.UsbDebuggingActivity t71} mStartingData=null mStartingSurface=null
01-10 06:19:01.017 17922 17948 D OplusAppQuickStart_AppQuickStartController: onFirstWindowDrawn ar=ActivityRecord{2e335b u0 com.android.launcher/.Launcher t2}
01-10 06:19:01.017 17922 17948 D ActivityTaskManager: Clearing startingData for activity=ActivityRecord{2e335b u0 com.android.launcher/.Launcher t2} mStartingData=null mStartingSurface=null
01-10 06:19:01.017 17922 17948 D ActivityTaskManager: commitVisibility: ActivityRecord{5bfe50c u0 com.android.systemui/.usb.UsbDebuggingActivity t71}: visible=true visibleRequested=true, isInTransition=true, runningAnimation=true 
01-10 06:19:01.017 17922 17948 D OplusAppQuickStart_AppQuickStartController: onFirstWindowDrawn ar=ActivityRecord{5bfe50c u0 com.android.systemui/.usb.UsbDebuggingActivity t71}
01-10 06:19:01.017 17922 17948 D ActivityTaskManager: Clearing startingData for activity=ActivityRecord{5bfe50c u0 com.android.systemui/.usb.UsbDebuggingActivity t71} mStartingData=null mStartingSurface=null
01-10 06:19:01.017 17922 17948 I WindowManager: Window{383ca41 u0 com.android.systemui/com.android.systemui.usb.UsbDebuggingActivity} state from READY_TO_SHOW to HAS_DRAWN; reason: performShowLocked
01-10 06:19:01.017 17922 17948 D ActivityTaskManager: commitVisibility: ActivityRecord{2e335b u0 com.android.launcher/.Launcher t2}: visible=true visibleRequested=true, isInTransition=true, runningAnimation=true 
01-10 06:19:01.017 17922 17948 D OplusAppQuickStart_AppQuickStartController: onFirstWindowDrawn ar=ActivityRecord{2e335b u0 com.android.launcher/.Launcher t2}
01-10 06:19:01.017 17922 17948 D ActivityTaskManager: Clearing startingData for activity=ActivityRecord{2e335b u0 com.android.launcher/.Launcher t2} mStartingData=null mStartingSurface=null
01-10 06:19:01.017 17922 17948 I WindowManager: Window{cf7b7f4 u0 com.android.launcher/com.android.launcher.Launcher} state from READY_TO_SHOW to HAS_DRAWN; reason: performShowLocked
01-10 06:19:01.017 17922 17948 E OplusAppQuickStart_AppQuickStartController: not start from launcher transition:TransitionRecord{aa56a48 id=28 track=0 type=TO_BACK flags=0x102 state=1}
01-10 06:19:01.017 17922 17948 D Transition: collectOrderChanges onTopTasksEnd: [Task{8f2406a #71 type=standard A=10228:com.android.systemui}], reportedOnTop:null, mOnTopTasksStart: [Task{8f2406a #71 type=standard A=10228:com.android.systemui}], TDA child: [Task{8c19017 #3 type=undefined}, Task{e876c5f #69 type=standard A=10109:com.instagram.android}, Task{2d1c129 #70 type=standard A=10311:com.facebook.katana}, Task{65e8ec2 #67 type=standard A=10334:org.telegram.messenger}, Task{125361d #68 type=standard A=10170:com.android.chrome}, Task{19054dc #1 type=home}, Task{8f2406a #71 type=standard A=10228:com.android.systemui}]
01-10 06:19:01.017 17922 17948 D InterruptTransitionController: updateAnimTargetIfNeed, open from launcher transition has displayArea target, remove it, DefaultTaskDisplayArea@154411367
01-10 06:19:01.017 17922 17948 D InterruptTransitionController: cleanEndParentForChangeInfo, Task{8f2406a #71 type=standard A=10228:com.android.systemui}
01-10 06:19:01.017 17922 17948 D InterruptTransitionController: cleanEndParentForChangeInfo, Task{19054dc #1 type=home}
01-10 06:19:01.017 17922 17948 D OplusFlexibleActivityTransitionManager: fixTransitType type result:4, targets: [Task{8f2406a #71 type=standard A=10228:com.android.systemui}, Task{19054dc #1 type=home}, WallpaperWindowToken{2ef3f92 token=android.os.Binder@f20975c showWhenLocked=true}]
01-10 06:19:01.018 17922 17948 D OplusZoomWindowManagerService: saveSupportFreeFormToTaskInfo target = com.android.systemui/.usb.UsbDebuggingActivity isSupportZoomMode = false
01-10 06:19:01.018 17922 17948 D OplusTransitionController: onTransactionReady, transition: 28, 
01-10 06:19:01.018 17922 17948 D OplusTransitionController:  info: {id=28 t=TO_BACK f=0x102 trk=0 r=[0@Point(0, 0)] c=[{WCT{RemoteToken{9e6ecc3 Task{8f2406a #71 type=standard A=10228:com.android.systemui}}} m=TO_FRONT f=TRANSLUCENT leash=Surface(name=Task=71)/@0xa8060e1 sb=Rect(0, 0 - 1080, 2376) eb=Rect(0, 0 - 1080, 2376) d=0 taskParent=-1},{WCT{RemoteToken{97a6dca Task{19054dc #1 type=home}}} m=TO_FRONT f=SHOW_WALLPAPER leash=Surface(name=Task=1)/@0x813fb69 sb=Rect(0, 0 - 1080, 2376) eb=Rect(0, 0 - 1080, 2376) d=0 taskParent=-1},{null m=TO_FRONT f=IS_WALLPAPER leash=Surface(name=WallpaperWindowToken{2ef3f92 token=android.os.Binder@f20975c showWhenLocked=false})/@0x61eccb8 sb=Rect(0, 0 - 1080, 2376) eb=Rect(0, 0 - 1080, 2376) d=0}] extendInfo=[OplusTransitionExtendedInfo{mTmpFinishT=null, mInOplusCompatMode=false, mIsProcessRunning=false, mHasMismatchBoundsTarget=false, mRecentsController=null, mIsTranslucentActivityToHome=false, mAvoidInterceptKeyEventToHome=false, mIsFromHome=false, mParentLeash=null, mIsOplusAnimRes=false, mIsFromOverlay=false, mIsBalAllow=false, mTaskNotInRecent=false, mAssistScreenShowing=false, mAbortTransitionOnShell=false, mUserIdTransition=0, mInRemoteScene=false, mInPreReady=false, mToken=null, mRequestTransitionTaskId=-1}]}, 
01-10 06:19:01.018 17922 17948 D OplusTransitionController:  targets : [Task{8f2406a #71 type=standard A=10228:com.android.systemui}, Task{19054dc #1 type=home}, WallpaperWindowToken{2ef3f92 token=android.os.Binder@f20975c showWhenLocked=true}], 
01-10 06:19:01.018 17922 17948 D OplusTransitionController:  participants: {ActivityRecord{2e335b u0 com.android.launcher/.Launcher t2}, WallpaperWindowToken{2ef3f92 token=android.os.Binder@f20975c showWhenLocked=true}, ActivityRecord{5bfe50c u0 com.android.systemui/.usb.UsbDebuggingActivity t71}}, 
01-10 06:19:01.018 17922 17948 D OplusTransitionController:  playings:[TransitionRecord{aa56a48 id=28 track=0 type=TO_BACK flags=0x102 state=2}]
01-10 06:19:01.019 17922 17944 V WindowManager: Sent Transition (#28) createdAt=01-10 06:19:00.970 via request=TransitionRequestInfo { type = TO_BACK, triggerTask = null, pipTask = null, remoteTransition = null, displayChange = null, flags = 258, debugId = 28 }
01-10 06:19:01.019 17922 17944 V WindowManager:     startWCT=WindowContainerTransaction { changes = {} hops = [] errorCallbackToken=null taskFragmentOrganizer=null }
01-10 06:19:01.019 17922 17944 V WindowManager:     info={id=28 t=TO_BACK f=0x102 trk=0 r=[0@Point(0, 0)] c=[
01-10 06:19:01.019 17922 17944 V WindowManager:         {WCT{RemoteToken{9e6ecc3 Task{8f2406a #71 type=standard A=10228:com.android.systemui}}} m=TO_FRONT f=TRANSLUCENT leash=Surface(name=Task=71)/@0xa8060e1 sb=Rect(0, 0 - 1080, 2376) eb=Rect(0, 0 - 1080, 2376) d=0 taskParent=-1},
01-10 06:19:01.019 17922 17944 V WindowManager:         {WCT{RemoteToken{97a6dca Task{19054dc #1 type=home}}} m=TO_FRONT f=SHOW_WALLPAPER leash=Surface(name=Task=1)/@0x813fb69 sb=Rect(0, 0 - 1080, 2376) eb=Rect(0, 0 - 1080, 2376) d=0 taskParent=-1},
01-10 06:19:01.019 17922 17944 V WindowManager:         {null m=TO_FRONT f=IS_WALLPAPER leash=Surface(name=WallpaperWindowToken{2ef3f92 token=android.os.Binder@f20975c showWhenLocked=false})/@0x61eccb8 sb=Rect(0, 0 - 1080, 2376) eb=Rect(0, 0 - 1080, 2376) d=0}
01-10 06:19:01.019 17922 17944 V WindowManager:     ] extendInfo=[OplusTransitionExtendedInfo{mTmpFinishT=null, mInOplusCompatMode=false, mIsProcessRunning=false, mHasMismatchBoundsTarget=false, mRecentsController=null, mIsTranslucentActivityToHome=false, mAvoidInterceptKeyEventToHome=false, mIsFromHome=false, mParentLeash=null, mIsOplusAnimRes=false, mIsFromOverlay=false, mIsBalAllow=false, mTaskNotInRecent=false, mAssistScreenShowing=false, mAbortTransitionOnShell=false, mUserIdTransition=0, mInRemoteScene=false, mInPreReady=false, mToken=null, mRequestTransitionTaskId=-1}]}
01-10 06:19:01.020 17922 17948 I TaskOrganizerController: onTaskInfoChanged taskid 71 config { mBounds=Rect(0, 0 - 1080, 2376) mAppBounds=Rect(0, 0 - 1080, 2376) mMaxBounds=Rect(0, 0 - 1080, 2376) mDisplayRotation=ROTATION_0 mWindowingMode=fullscreen mActivityType=standard mAlwaysOnTop=undefined mRotation=ROTATION_0}
01-10 06:19:01.020 17922 17948 D FlexibleWindowManagerService: onFlexibleWindowTaskInfoChanged: mTaskId = 71 oldIsTaskEmbedded = false   curIsTaskEmbedded = false  topActivity = ComponentInfo{com.android.systemui/com.android.systemui.usb.UsbDebuggingActivity}
01-10 06:19:01.020 17922 17948 D OplusFlexibleWindowMinimizedManagerHelper: onTaskInfoChanged taskInfo:TaskInfo{userId=0 taskId=71 displayId=0 isRunning=true baseIntent=Intent { flg=0x10800000 cmp=com.android.systemui/.usb.UsbDebuggingActivity mCallingUid=1000 } baseActivity=ComponentInfo{com.android.systemui/com.android.systemui.usb.UsbDebuggingActivity} topActivity=ComponentInfo{com.android.systemui/com.android.systemui.usb.UsbDebuggingActivity} origActivity=null realActivity=ComponentInfo{com.android.systemui/com.android.systemui.usb.UsbDebuggingActivity} numActivities=1 lastActiveTime=120904998 supportsSplitScreenMultiWindow=true supportsMultiWindow=true supportsPocketStudioMultiWindow=true isInFlexibleEmbedded = false uid = 10228 pid = 18698 resizeMode=1 isResizeable=true minWidth=-1 minHeight=-1 defaultMinSize=220 token=WCT{RemoteToken{9e6ecc3 Task{8f2406a #71 type=standard A=10228:com.android.systemui}}} topActivityType=1 pictureInPictureParams=null shouldDockBigOverlays=false launchIntoPipHostTaskId=-1 lastParentTaskIdBeforePip=-1 displayCutoutSafeInsets=Rect(0, 120 - 0, 0) topActivityInfo=ActivityInfo{5486940 com.android.systemui.usb.UsbDebuggingActivity} launchCookies=[] positionInParent=Point(0, 0) parentTaskId=-1 isFocused=true isVisible=true isVisibleRequested=true isSleeping=false locusId=null displayAreaFeatureId=1 isTopActivityTransparent=true appCompatTaskInfo=AppCompatTaskInfo { topActivityInSizeCompat=false topActivityInOplusCompatMode=false topActivityEligibleForLetterboxEducation= falseisLetterboxEducationEnabled= false isLetterboxDoubleTapEnabled= false topActivityEligibleForUserAspectRatioButton= false topActivityBoundsLetterboxed= false isFromLetterboxDoubleTap= false topActivityLetterboxVerticalPosition= -1 topActivityLetterboxHorizontalPosition= -1 topActivityLetterboxWidth=1080 topActivityLetterboxHeight=2376 isUserFullscreenOverrideEnabled=false isSystemFullscreenOverrideEnabled=false cameraCompatTaskInfo=CameraCompatTaskInfo { cameraCompatControlState=hidden freeformCameraCompatMode=inactive}} topActivityLetterboxInsets=Rect(0, 0 - 0, 0) mOplusExtraBundle = Bundle[{androidx.flexible.taskFrame=Rect(0, 0 - 0, 0), key_flexible_task_state=0, androidx.activity.LaunchScenario=0, androidx.activity.LaunchScale=1.0}]} task:Task{8f2406a #71 type=standard A=10228:com.android.systemui}
01-10 06:19:01.020 17922 17948 D OplusFlexibleDragToSplitAnimController: visibleFlexibleTaskInfos delete:71
01-10 06:19:01.020 17922 17948 D FlexibleWindowManagerService: onFlexibleWindowTaskInfoChanged, return for cur task not embedded
01-10 06:19:01.020 17922 17948 I TaskOrganizerController: onTaskInfoChanged taskid 1 config { mBounds=Rect(0, 0 - 1080, 2376) mAppBounds=Rect(0, 0 - 1080, 2376) mMaxBounds=Rect(0, 0 - 1080, 2376) mDisplayRotation=ROTATION_0 mWindowingMode=fullscreen mActivityType=home mAlwaysOnTop=undefined mRotation=ROTATION_0}
01-10 06:19:01.020 17922 17948 D FlexibleWindowManagerService: onFlexibleWindowTaskInfoChanged: mTaskId = 1 oldIsTaskEmbedded = false   curIsTaskEmbedded = false  topActivity = ComponentInfo{com.android.launcher/com.android.launcher.Launcher}
01-10 06:19:01.020 17922 17948 D OplusFlexibleWindowMinimizedManagerHelper: onTaskInfoChanged taskInfo:TaskInfo{userId=0 taskId=1 displayId=0 isRunning=true baseIntent=Intent { act=android.intent.action.MAIN cat=[android.intent.category.HOME] flg=0x10000100 cmp=com.android.launcher/.Launcher mCallingUid=1000 } baseActivity=ComponentInfo{com.android.launcher/com.android.launcher.Launcher} topActivity=ComponentInfo{com.android.launcher/com.android.launcher.Launcher} origActivity=null realActivity=null numActivities=1 lastActiveTime=119370710 supportsSplitScreenMultiWindow=false supportsMultiWindow=true supportsPocketStudioMultiWindow=false isInFlexibleEmbedded = false uid = 10225 pid = 18990 resizeMode=2 isResizeable=true minWidth=-1 minHeight=-1 defaultMinSize=220 token=WCT{RemoteToken{97a6dca Task{19054dc #1 type=home}}} topActivityType=2 pictureInPictureParams=null shouldDockBigOverlays=false launchIntoPipHostTaskId=-1 lastParentTaskIdBeforePip=-1 displayCutoutSafeInsets=null topActivityInfo=ActivityInfo{ad07b3b com.android.launcher.Launcher} launchCookies=[] positionInParent=Point(0, 0) parentTaskId=-1 isFocused=false isVisible=true isVisibleRequested=true isSleeping=false locusId=LocusId[17_chars] displayAreaFeatureId=1 isTopActivityTransparent=false appCompatTaskInfo=AppCompatTaskInfo { topActivityInSizeCompat=false topActivityInOplusCompatMode=false topActivityEligibleForLetterboxEducation= falseisLetterboxEducationEnabled= false isLetterboxDoubleTapEnabled= false topActivityEligibleForUserAspectRatioButton= false topActivityBoundsLetterboxed= false isFromLetterboxDoubleTap= false topActivityLetterboxVerticalPosition= -1 topActivityLetterboxHorizontalPosition= -1 topActivityLetterboxWidth=1080 topActivityLetterboxHeight=2376 isUserFullscreenOverrideEnabled=false isSystemFullscreenOverrideEnabled=false cameraCompatTaskInfo=CameraCompatTaskInfo { cameraCompatControlState=hidden freeformCameraCompatMode=inactive}} topActivityLetterboxInsets=Rect(0, 0 - 0, 0) mOplusExtraBundle = Bundle[{androidx.flexible.taskFrame=Rect(0, 0 - 0, 0), key_flexible_task_state=0, androidx.activity.LaunchScenario=0, androidx.activity.LaunchScale=1.0}]} task:Task{19054dc #1 type=home}
01-10 06:19:01.020 17922 17948 D OplusFlexibleDragToSplitAnimController: visibleFlexibleTaskInfos delete:1
01-10 06:19:01.020 17922 17948 D FlexibleWindowManagerService: onFlexibleWindowTaskInfoChanged, return for cur task not embedded
01-10 06:19:01.020 17922 19359 D WindowManagerServiceExtImpl: extractConfigInfoAndRealFlags rotation=0, screenDp=411, residentWS:0, win=Window{88342aa u0 NotificationShade}
01-10 06:19:01.020 17922 19359 V WindowManager: Relayout Window{88342aa u0 NotificationShade}: viewVisibility=0, oldvis=0, req=1080x2376, vsysui=, x=0, y=0
01-10 06:19:01.022 17922 17948 I SurfaceAnimationRunner: startAnimation requiresEdgeExtension=false, duration=200, animationLeash=Surface(name=Dim Layer for - WindowedMagnification:0:64)/@0xc412a1d, runningAnim=com.android.server.wm.SurfaceAnimationRunner$RunningAnimation@201f492, mPreProcessingAnimations={}
01-10 06:19:01.023 17922 18987 D Transition: finishTransition ar ActivityRecord{2e335b u0 com.android.launcher/.Launcher t2}, isVisibleRequested=true, state=STARTED, visibleAtTransitionEndTokens={ActivityRecord{2e335b u0 com.android.launcher/.Launcher t2}, WallpaperWindowToken{2ef3f92 token=android.os.Binder@f20975c showWhenLocked=true}, ActivityRecord{5bfe50c u0 com.android.systemui/.usb.UsbDebuggingActivity t71}}, this=TransitionRecord{aa56a48 id=28 track=0 type=TO_BACK flags=0x102 state=2}
01-10 06:19:01.023 17922 18987 D Transition: finishTransition ar ActivityRecord{5bfe50c u0 com.android.systemui/.usb.UsbDebuggingActivity t71}, isVisibleRequested=true, state=RESUMED, visibleAtTransitionEndTokens={ActivityRecord{2e335b u0 com.android.launcher/.Launcher t2}, WallpaperWindowToken{2ef3f92 token=android.os.Binder@f20975c showWhenLocked=true}, ActivityRecord{5bfe50c u0 com.android.systemui/.usb.UsbDebuggingActivity t71}}, this=TransitionRecord{aa56a48 id=28 track=0 type=TO_BACK flags=0x102 state=2}
01-10 06:19:01.023 17922 18987 I OplusAppSwitchManagerService:  handleAppVisible , r = ActivityRecord{2e335b u0 com.android.launcher/.Launcher t2}
01-10 06:19:01.023 17922 18987 I OplusAppSwitchManagerService:  handleAppVisible , r = ActivityRecord{5bfe50c u0 com.android.systemui/.usb.UsbDebuggingActivity t71}
01-10 06:19:01.024 17922 18987 D OplusTransitionController: finishTransition, transition: TransitionRecord{aa56a48 id=28 track=0 type=TO_BACK flags=0x102 state=4}
01-10 06:19:01.024 17922 18987 D WindowManager: setKeyguardOccludedLw occluded=false,false,false
01-10 06:19:01.024 17922 18987 D TransitionController: NFW_send RECOMPUTE_FOCUS in finishTransition
01-10 06:19:01.024 17922 17947 D WindowManager: NFW_findFocusedWindowIfNeeded:Window{88342aa u0 NotificationShade} mCurrentFocus:Window{88342aa u0 NotificationShade}
01-10 06:19:01.025 17922 18943 W UserManagerService: Requested status bar icon for non-badged user 0
01-10 06:19:01.027 17922 17949 D SurfaceAnimationRunner: onAnimationStart:Surface(name=Dim Layer for - WindowedMagnification:0:64)/@0xc412a1d
01-10 06:19:01.028 17922 19246 I BLASTSyncEngine: onCommitted syncId: 28, timeout: falseran: false
01-10 06:19:01.030 18990 18990 W VRI[Launcher]: handleResized abandoned!
01-10 06:19:01.030 17922 17947 D WindowManager: NFW_findFocusedWindowIfNeeded:Window{88342aa u0 NotificationShade} mCurrentFocus:Window{88342aa u0 NotificationShade}
01-10 06:19:01.030 17922 17940 I StatusBarManagerService: disableLocked, what:0, pkg:com.android.systemui userId: 0 token:android.os.BinderProxy@4b767dd net1:0 net2:0
01-10 06:19:01.032 17922 17940 D LockSettingsService: [userPresent]  userId = 0
01-10 06:19:01.033 17922 19359 D CoreBackPreview: Window{88342aa u0 NotificationShade}: Setting back callback null
01-10 06:19:01.034  1144  8039 I keystore2: system/security/keystore2/src/super_key.rs:1040 - Successfully unlocked user 0 with biometric 1980268012456811619
01-10 06:19:01.035 17922 17922 V ALSProbe: Finishing next consumer
01-10 06:19:01.035 17922 17922 W BiometricFrameworkStatsLogger: found a negative latency : -1
01-10 06:19:01.037 17922 17922 D LockSettingsService: handleRequireStrongAuthOneUser oldValue: 0 newValue: 0 strongAuthReason: 0 userId: 0
01-10 06:19:01.038 17922 19256 D DeviceStateProviderImpl: keyguard show or sleep: false mLastReportedState 0
01-10 06:19:01.038 17922 19256 D OplusVisibleTasks:  notifyTasksNumChange no need to notify.
01-10 06:19:01.038 17922 19256 V FlexibleTaskController: notifyKeyguardStateChanged keyguardShowing = false ; displayId = 0
01-10 06:19:01.038 17922 17947 V UsbDeviceManager: onKeyguardStateChanged: isShowing:false secure:true user:0
01-10 06:19:01.039 17922 19256 D WindowManagerServiceExtImpl: extractConfigInfoAndRealFlags rotation=0, screenDp=411, residentWS:0, win=Window{88342aa u0 NotificationShade}
01-10 06:19:01.039 17922 17963 V ALSProbe: Disable ALS: 167946114
01-10 06:19:01.039 17922 19256 V WindowManager: Relayout Window{88342aa u0 NotificationShade}: viewVisibility=4, oldvis=0, req=1080x2376, vsysui=, x=0, y=0
01-10 06:19:01.039 17922 19256 I WindowManager: Window{88342aa u0 NotificationShade} state from HAS_DRAWN to NO_SURFACE; reason: destroySurface
01-10 06:19:01.039 17922 17966 I UserAwareMgr: handleFgAppChanged, pkgName: com.android.systemui, pid: 18698, isVisible: false, fgAppType: FG2
01-10 06:19:01.040 17922 19256 D WindowManager: NFW_findFocusedWindowIfNeeded:Window{383ca41 u0 com.android.systemui/com.android.systemui.usb.UsbDebuggingActivity} mCurrentFocus:Window{88342aa u0 NotificationShade}
01-10 06:19:01.040 17922 19256 V WindowManager: Changing focus from Window{88342aa u0 NotificationShade} to Window{383ca41 u0 com.android.systemui/com.android.systemui.usb.UsbDebuggingActivity},diplayid=0
01-10 06:19:01.046 17922 17998 D VRR [OPlusRefreshRateService]: Receive multi scene changed eventId = 5 bundleList.size = 2
01-10 06:19:01.047 17922 19256 V WindowManager: Relayout Window{15689ca u0 NavigationBar_displayId_0}: viewVisibility=0, oldvis=0, req=1080x116, vsysui=, x=0, y=0
01-10 06:19:01.049 17922 19256 W UserManagerService: Requested status bar icon for non-badged user 0
01-10 06:19:01.051 17922 17940 W UserManagerService: Requested status bar icon for non-badged user 0
01-10 06:19:01.052 17922 19256 W UserManagerService: Requested status bar icon for non-badged user 0
01-10 06:19:01.053 17922 19256 W UserManagerService: Requested status bar icon for non-badged user 0
01-10 06:19:01.053 17922 19359 W UserManagerService: Requested status bar icon for non-badged user 0
01-10 06:19:01.055 17922 19246 D ActivityManager: Cancel freezing 20907 com.google.android.gms
01-10 06:19:01.057 17922 20647 V WindowManager: Relayout Window{15689ca u0 NavigationBar_displayId_0}: viewVisibility=0, oldvis=0, req=1080x116, vsysui=, x=0, y=0
01-10 06:19:01.058 17922 18263 D PowerManagerService: userActivityNoUpdateLocked: groupId=0, eventTime=93889275, event=touch, flags=0x0, uid=1000
01-10 06:19:01.061 17922 20647 D SystemServerTiming: getUserSwitchability-0
01-10 06:19:01.061 17922 20647 D SystemServerTiming: TM.isInCall
01-10 06:19:01.061 17922 20647 D SystemServerTiming: hasUserRestriction-DISALLOW_USER_SWITCH
01-10 06:19:01.061 17922 20647 D SystemServerTiming: getInt-ALLOW_USER_SWITCHING_WHEN_SYSTEM_USER_LOCKED
01-10 06:19:01.061 17922 20647 D SystemServerTiming: isUserUnlocked-USER_SYSTEM
01-10 06:19:01.064 17922 17998 D VRR [OPlusSAManager]: updateAutoMinfps with nits: 71.93503, mHistOK true, mAmbientOK true, mCctOK true, mIrOK true, mBrightnessOK true, isPkgOK true, SA min fps: 0
01-10 06:19:01.065 17922 19359 D LockSettingsStorage: [readSyntheticPasswordState] userId = 0, name = pwd
01-10 06:19:01.069 17922 17940 W PackageManager: package com.google.android.gms uid 10129 pid 19361 call SetEnabledSetting(com.google.android.gms component = com.google.android.gms.nearby.mediums.nearfieldcommunication.NfcAdvertisingService, 1, 0)
01-10 06:19:01.071 17922 18235 D ActivityManager: reportOneUidFrozenStateChanged uid 10288 frozen = false
01-10 06:19:01.072 17922 19256 D ActivityManager: sync unfroze 24140 com.google.android.adservices.api for 6
01-10 06:19:01.072 17922 19256 D ActivityManager: pid 21148 com.google.android.googlequicksearchbox:search received async transactions while frozen
01-10 06:19:01.074 17922 19256 D ActivityManager: sync unfroze 21148 com.google.android.googlequicksearchbox:search for 6
01-10 06:19:01.075 17922 17977 W ProcessStats: Tracking association SourceState{b578d3e com.google.android.googlequicksearchbox:interactor/10135 BFgs #7253} whose proc state 4 is better than process ProcessState{32fbda4 com.google.android.googlequicksearchbox:search/10135 pkg=com.google.android.googlequicksearchbox} proc state 14 (9 skipped)
01-10 06:19:01.077 17922 17940 D OplusBatteryServiceFeature: setSmartCoolDown: coolDown = 0, normalCoolDown = 0, pkgName = com.android.systemui
01-10 06:19:01.082 17922 17994 D AlarmWakeupCheck: SCREEN_ON: CntAlarmWakeup = 1
01-10 06:19:01.085 27131 27389 W ContextImpl: Calling a method in the system process without a qualified user: android.app.ContextImpl.startService:1958 android.content.ContextWrapper.startService:837 g3.e.D:51 com.oplusos.sau.service.g.handleMessage:7 android.os.Handler.dispatchMessage:107 
01-10 06:19:01.086 17922 18364 I MR2ServiceImpl: Updating composite discovery preference | preference: RouteDiscoveryRequest{ preferredFeatures={}, activeScan=false }, active routers: []
01-10 06:19:01.087 17922 17994 D OplusAlarmAdjustment: MSG_SCREEN_ON, mScreenOnElapsed=120905113 ms
01-10 06:19:01.087 17922 17994 D OplusAlarmAdjustMap: removeAlignUid, uid=0, requester=0
01-10 06:19:01.089 17922 18414 D OplusBatteryManager: getPsyBatteryRm: 5046
01-10 06:19:01.089 17922 18474 D CommSceneService: notify screen off changed state=0
01-10 06:19:01.089 17922 18474 E CommSceneService: modem stationary state=0 not update, cancel notify!
01-10 06:19:01.090 17922 18474 D OSysNetControlService: handle comm scene=1001 state=0 phoneId=-1
01-10 06:19:01.091 17922 18282 W OplusStorageManagerFeature: mScreenReceiver action:android.intent.action.SCREEN_ON
01-10 06:19:01.091 17922 18282 W OplusStorageManagerFeature: turn screenOn, maintPrepared:false
01-10 06:19:01.091  1123 10502 D vold    : [storage]aborting idle start
01-10 06:19:01.091  1123 10502 D vold    : [storage]idle maintenance stopped
01-10 06:19:01.091 17922 18282 W OplusStorageManagerFeature: sendToTarget over,paramStr:0
01-10 06:19:01.092 17922 17922 D LightsServiceExtImpl: currentTime is not belong to 700 - 2330
01-10 06:19:01.092 17922 18282 W OplusStorageManagerFeature: Ready to deal actionParam:0
01-10 06:19:01.092 17922 18343 D OplusFeatureColorMode: +updateUserPresent
01-10 06:19:01.092 17922 18257 E ActivityThread: Failed to find provider info for finshell.wallet.quickstart.flag.provider.open
01-10 06:19:01.092 17922 18257 E ActivityThread: Failed to find provider info for heytap.tas.quickstart.flag.provider.open
01-10 06:19:01.093 17922 18282 W OplusStorageManagerFeature: mScreenReceiver action:android.intent.action.DREAMING_STOPPED
01-10 06:19:01.093 17922 18282 W OplusStorageManagerFeature: turn screenOn, maintPrepared:false
01-10 06:19:01.093  1123 10503 D vold    : [storage]aborting idle start
01-10 06:19:01.093  1123 10503 D vold    : [storage]idle maintenance stopped
01-10 06:19:01.093 17922 18282 W OplusStorageManagerFeature: sendToTarget over,paramStr:0
01-10 06:19:01.094 17922 18282 W OplusStorageManagerFeature: Ready to deal actionParam:0
01-10 06:19:01.098 17922 17940 D ActivityManager: Async freezing 24140 com.google.android.adservices.api
01-10 06:19:01.098 17922 17940 D ActivityManager: Async freezing 21148 com.google.android.googlequicksearchbox:search
01-10 06:19:01.104 17922 17947 D OplusAccessControlManagerService: onKeyguardStateChanged : false
01-10 06:19:01.146 17922 17998 D VRR [OPlusSAManager]: updateAutoMinfps with nits: 82.503204, mHistOK true, mAmbientOK true, mCctOK true, mIrOK true, mBrightnessOK true, isPkgOK true, SA min fps: 0
01-10 06:19:01.170 17922 17922 D VRR [OPlusExternalRefreshRateManager]: setStatus with: 0
01-10 06:19:01.170 17922 17922 D RefreshRate: keepHighRefreshRate status=0: votes=PRIORITY_WINDOW_REQUEST -> Vote{mRefreshRate=120.0, mMinRefreshRate=120.0, mRequestSource=null};
01-10 06:19:01.171 17922 17998 D VRR [OPlusRefreshRateService]:  setDirectorStates [flag: 1, state: 0, directorStateOff: 0]
01-10 06:19:01.171 17922 17998 D VRR [OPlusExternalRefreshRateManager]: setDirectorState state: 1
01-10 06:19:01.171 17922 17998 D VRR [OPlusSurfaceFlingerController]:  setDirectorState : 1
01-10 06:19:01.178 17922 18263 D PowerManagerService: userActivityNoUpdateLocked: groupId=0, eventTime=93889394, event=touch, flags=0x0, uid=1000
01-10 06:19:01.226 17922 17949 D SurfaceAnimationRunner: onAnimationEnd:Surface(name=Dim Layer for - WindowedMagnification:0:64)/@0xc412a1d
01-10 06:19:01.229 17922 17998 D VRR [OPlusSAManager]: updateAutoMinfps with nits: 93.86722, mHistOK true, mAmbientOK true, mCctOK true, mIrOK true, mBrightnessOK true, isPkgOK true, SA min fps: 0
01-10 06:19:01.230 17922 20644 V WindowManager: Relayout Window{57ff209 u0 OnScreenFingerprintIcon}: viewVisibility=8, oldvis=0, req=1080x1080, vsysui=
01-10 06:19:01.230 17922 20644 I WindowManager: Window{57ff209 u0 OnScreenFingerprintIcon} state from HAS_DRAWN to NO_SURFACE; reason: destroySurface
01-10 06:19:01.231 17922 20644 D WindowManager: NFW_findFocusedWindowIfNeeded:Window{383ca41 u0 com.android.systemui/com.android.systemui.usb.UsbDebuggingActivity} mCurrentFocus:Window{383ca41 u0 com.android.systemui/com.android.systemui.usb.UsbDebuggingActivity}
01-10 06:19:01.233 17922 20644 V WindowManager: Relayout Window{f36d941 u0 OnScreenFingerprintPressedIcon}: viewVisibility=8, oldvis=0, req=165x165, vsysui=
01-10 06:19:01.233 17922 20644 I WindowManager: Window{f36d941 u0 OnScreenFingerprintPressedIcon} state from HAS_DRAWN to NO_SURFACE; reason: destroySurface
01-10 06:19:01.233 17922 20644 D VRR [OPlusRefreshRatePolicy]: setRefreshRatePolicy policy=POLICY_FOD, refreshRate=120, statusOn=false
01-10 06:19:01.233 17922 20644 D VRR [OPlusRefreshRatePolicy]: setRefreshRatePolicy policy=POLICY_SYSTEM, refreshRate=120, statusOn=true
01-10 06:19:01.234 17922 20644 D WindowManager: NFW_findFocusedWindowIfNeeded:Window{383ca41 u0 com.android.systemui/com.android.systemui.usb.UsbDebuggingActivity} mCurrentFocus:Window{383ca41 u0 com.android.systemui/com.android.systemui.usb.UsbDebuggingActivity}
01-10 06:19:01.251 17922 17940 D AidlResponseHandler: [onTransact]code 1001 flags: 17
01-10 06:19:01.251 17922 18366 D Biometrics/FingerprintProvider/FingerprintServiceProviderExtImpl: dispatchTouchUp
01-10 06:19:01.253 17922 20644 D AidlResponseHandler: [onTransact]code 1001 flags: 17
01-10 06:19:01.253 17922 18366 D Biometrics/FingerprintProvider/FingerprintServiceProviderExtImpl: dispatchTouchUp
01-10 06:19:01.271 17922 17966 I UserAwareMgr: event is already released: SceneEvent{id=5017, maxWorkDurationMs=1500, caller='[android]', eventFlags=0, fbPriority=1, keyThreads=[KeyThread{name=InsetsAnimation, owner=self, schedPolicy=ux, priority=ANIMATOR}, KeyThread{name=UIThread, owner=self, schedPolicy=ux, priority=ANIMATOR}, KeyThread{name=main, owner=self, schedPolicy=ux, priority=ANIMATOR}], vipBinderGroup=null}, callingPid: 17922, appPid: 0
01-10 06:19:01.312 17922 17998 D VRR [OPlusSAManager]: updateAutoMinfps with nits: 106.03511, mHistOK true, mAmbientOK true, mCctOK true, mIrOK true, mBrightnessOK true, isPkgOK true, SA min fps: 0
01-10 06:19:01.378 17922 17993 D OplusFeatureHDREnhanceBrightness: setAnimating : displayId[0]=false
01-10 06:19:01.378 17922 17993 D OplusFeatureReduceBrightness: setAnimating : animating = false
01-10 06:19:01.378 17922 17993 D OplusFeatureEdrEnhanceBrightness: setAnimating: false
01-10 06:19:01.378 17922 17993 D OplusFeaturePwEdrEnhanceBrightness: setAnimating: false
01-10 06:19:01.378 17922 17993 D OplusFeatureLongTakeBrightness: setAnimating >> animating end
01-10 06:19:01.378 17922 17993 I OplusSmartBrightnessController: handleBrightnessTotalRateType displayId[0]=long take->manual
01-10 06:19:01.378 17922 17993 D RampAnimatorExtImpl: onAnimationEnd id[0]=[true,0],changed=[1162->1162->1693],duration:513,phaseCounts=[0, 0, 0]
01-10 06:19:01.387 17922 17940 D FaceProvider/default: Starting watchdog for face
01-10 06:19:01.426 17535 17573 E NetlinkEvent: NetlinkEvent::FindParam(): Parameter 'INTERFACE' not found
01-10 06:19:01.426 17535 17573 E NetlinkEvent: NetlinkEvent::FindParam(): Parameter 'STATE' not found
01-10 06:19:01.426 17535 17573 E NetlinkEvent: NetlinkEvent::FindParam(): Parameter 'TIME_NS' not found
01-10 06:19:01.426 17535 17573 E NetlinkEvent: NetlinkEvent::FindParam(): Parameter 'UID' not found
01-10 06:19:01.497 17922 17940 D CommonDcsUploader: notifyMsgToCommonDcs, logTag: 20120fingerprint_special_event
01-10 06:19:01.513 17922 17998 D VRR [OPlusSAManager]: updateAutoMinfps with nits: 106.03511, mHistOK true, mAmbientOK true, mCctOK true, mIrOK true, mBrightnessOK true, isPkgOK true, SA min fps: 0
01-10 06:19:01.513 17922 17998 D VRR [OPlusSurfaceFlingerController]: setAutoMode enable: false fakeFrame: true fps: 0
01-10 06:19:01.816 17922 18235 D ActivityManager: Freezer deadlock watchdog
01-10 06:19:02.228 17922 18263 D PowerManagerService: userActivityNoUpdateLocked: groupId=0, eventTime=93890443, event=touch, flags=0x0, uid=1000
01-10 06:19:02.236 17535 17573 E NetlinkEvent: NetlinkEvent::FindParam(): Parameter 'INTERFACE' not found
01-10 06:19:02.236 17535 17573 E NetlinkEvent: NetlinkEvent::FindParam(): Parameter 'STATE' not found
01-10 06:19:02.236 17535 17573 E NetlinkEvent: NetlinkEvent::FindParam(): Parameter 'TIME_NS' not found
01-10 06:19:02.236 17535 17573 E NetlinkEvent: NetlinkEvent::FindParam(): Parameter 'UID' not found
01-10 06:19:02.532 17922 17998 D VRR [OPlusExternalRefreshRateManager]: notifyDisableOtiMode: false
01-10 06:19:02.532 17922 17998 D VRR [OPlusSurfaceFlingerController]:  setTouchIdleShouldPause : false
01-10 06:19:03.041 17922 18263 D PowerManagerService: userActivityNoUpdateLocked: groupId=0, eventTime=93891256, event=touch, flags=0x0, uid=1000
01-10 06:19:03.144 17922 18263 D PowerManagerService: userActivityNoUpdateLocked: groupId=0, eventTime=93891360, event=touch, flags=0x0, uid=1000
01-10 06:19:03.158 17922 19256 D ActivityRecordExtImpl: skipPrepareAppTransitionForZoom false
01-10 06:19:03.158 17922 19256 D ActivityTaskManager: setAppVisibility(Token{ac1e95b ActivityRecord{5bfe50c u0 com.android.systemui/.usb.UsbDebuggingActivity t71 f}}}, visible=false): mNextAppTransitionRequests=[], mNextAppTransitionFlags=,mAppTransitionState=APP_STATE_IDLE visible=true mVisibleRequested=true
01-10 06:19:03.158 18698 18757 V WindowManagerShell: Transition requested (#29): android.os.BinderProxy@61107a8 TransitionRequestInfo { type = CLOSE, triggerTask = TaskInfo{userId=0 taskId=71 displayId=0 isRunning=false baseIntent=Intent { flg=0x10800000 cmp=com.android.systemui/.usb.UsbDebuggingActivity mCallingUid=1000 } baseActivity=null topActivity=null origActivity=null realActivity=ComponentInfo{com.android.systemui/com.android.systemui.usb.UsbDebuggingActivity} numActivities=0 lastActiveTime=120904998 supportsSplitScreenMultiWindow=true supportsMultiWindow=true supportsPocketStudioMultiWindow=true isInFlexibleEmbedded = false uid = -1 pid = -1 resizeMode=1 isResizeable=true minWidth=-1 minHeight=-1 defaultMinSize=220 token=WCT{android.window.IWindowContainerToken$Stub$Proxy@985a2c1} topActivityType=1 pictureInPictureParams=null shouldDockBigOverlays=false launchIntoPipHostTaskId=-1 lastParentTaskIdBeforePip=-1 displayCutoutSafeInsets=Rect(0, 120 - 0, 0) topActivityInfo=null launchCookies=[] positionInParent=Point(0, 0) parentTaskId=-1 isFocused=true isVisible=true isVisibleRequested=true isSleeping=false locusId=null displayAreaFeatureId=1 isTopActivityTransparent=false appCompatTaskInfo=AppCompatTaskInfo { topActivityInSizeCompat=false topActivityInOplusCompatMode=false topActivityEligibleForLetterboxEducation= falseisLetterboxEducationEnabled= false isLetterboxDoubleTapEnabled= false topActivityEligibleForUserAspectRatioButton= false topActivityBoundsLetterboxed= false isFromLetterboxDoubleTap= false topActivityLetterboxVerticalPosition= -1 topActivityLetterboxHorizontalPosition= -1 topActivityLetterboxWidth=-1 topActivityLetterboxHeight=-1 isUserFullscreenOverrideEnabled=false isSystemFullscreenOverrideEnabled=false cameraCompatTaskInfo=CameraCompatTaskInfo { cameraCompatControlState=hidden freeformCameraCompatMode=inactive}} topActivityLetterboxInsets=Rect(0, 0 - 0, 0) mOplusExtraBundle = Bundle[mParcelledData.dataSize=348]}, pipTask = null, remoteTransition = null, displayChange = null, flags = 0, debugId = 29 }
01-10 06:19:03.158 17922 19256 D ActivityTaskManager: setVisibility(Token{ac1e95b ActivityRecord{5bfe50c u0 com.android.systemui/.usb.UsbDebuggingActivity t71 f}}}, visible=false) defer commitVisibility for transition collecting
01-10 06:19:03.159 17922 17944 D AdbDebuggingManager: Logging key QAAAAPdjNnA5si6kvcRTIf9OiKVZ7xhk6ossKJq4PX6JfLbwXUxlVwGxMHV8SEiYn0bKCtz5+j585etVtmZy+wV7W4uKz/9ZtACjRXgFFEO5XWa0ZzKOioyq6Q5EdfA+AGoOl5HlhoXYzgbSMW7QLvITeigj5MMt+7x5sDuBFeuPXyJqRQMeLeS6avg6OM25klvjfCzYpD5wlDkB2/Gqd7r93JKJlt44ZlbwuE/vi4vgTOzF6fKTMO1gZ0ahnZvPgaWhu963gDrMKS0KhL5uZkY9U2zN1Fh+ASAmlQBtgmAoc/hHA/usk90zef+o8DmoNYrFvAVqYPwREEwQ+QXFN9+aHHw3Fda1KEkE44EArk9YTMKNa3Jdp9FZpDffP5eePgEBj7VnXHwPsMVZDll2THCARVbl30Tsg+SznQpWm67CxAfpNg4NoYh0bHTP1+8u599Vs0wcspAcu9kTdLWRp7JgSGmFbi6UYqlHn+/bfnxRN42u5UIsCSSo20A5zg5CKhqvUS7G4/2nMNzmdNIGkWWz/CAD6v4YPBGvw+EamS1GZSnWk/5WyNjDj85pJqicQGjEleOToneeoQtjN5Hz3thcUbyners7uXmTuztMx83AjDHXpOMvD08S0tS/xDSTSL9NkCJuX7kHp0Y3ZTwaMOjTrsLXUv+k9Y9AwQDvhT5n9advvmvuXQEAAQA= lilli@JONAS, state = 2, alwaysAllow = true, lastConnectionTime = 1736486343159, authWindow = 604800000
01-10 06:19:03.165 17922 17940 D RefreshRate: Trigger app switch boost, ar=ActivityRecord{2e335b u0 com.android.launcher/.Launcher t2},currDisplayRate=120.00001,boostId=3
01-10 06:19:03.165 17922 17940 D RefreshRate: setDisplayConfigSpecs complete: targetMode={id=4, width=1080, height=2376, fps=120.00001, vsync=120.00001, synthetic=false, alternativeRefreshRates=[60.000004, 90.0], supportedHdrTypes=[1, 2, 3, 4]},srcMode={id=4, width=1080, height=2376, fps=120.00001, vsync=120.00001, synthetic=false, alternativeRefreshRates=[60.000004, 90.0], supportedHdrTypes=[1, 2, 3, 4]},sfModId=4,rate=120.00001
01-10 06:19:03.165 17922 17998 D RefreshRate: do setDisplayConfigSpecs  
01-10 06:19:03.166 17922 17998 D DisplayModeDirector: setAppRequest displayId : 0  modeId: 4  requestedRefreshRate: 120.00001  requestedMinRefreshRateRange: 120.00001  requestedMaxRefreshRateRange: 120.00001
01-10 06:19:03.166 17922 17966 I UserAwareMgr: handleTopAppChanged: com.android.launcher, pid: 18990, uid: 10225
01-10 06:19:03.166 17922 17940 D ActivityTaskManager: onWindowFocusChanged Task{511e4c2 #2 type=home I=com.android.launcher/.Launcher} would transfer to compact
01-10 06:19:03.166 17922 17966 W UserAwareMgr: app is already on the top: {pkgName='com.android.launcher', pid=18990, uid=10225, flags='tp|launcher', renderTid=19177, hwuiTids=[19426, 19427], glTids=null, threadInfos={launcher.anim={threadName='launcher.anim', tid=19112, extendTids=null}, onlineUXThread={threadName='onlineUXThread', tid=19113, extendTids=null}, UiThreadHelper={threadName='UiThreadHelper', tid=19068, extendTids=null}, UrgentTransactionHelper={threadName='UrgentTransactionHelper', tid=19105, extendTids=null}, RecentTasksList={threadName='RecentTasksList', tid=19111, extendTids=null}, launcher-loader={threadName='launcher-loader', tid=19070, extendTids=null}, TaskThumbnailCache={threadName='TaskThumbnailCache', tid=19119, extendTids=null}, TaskViewTransactionHelper={threadName='TaskViewTransactionHelper', tid=19108, extendTids=null}, WallpaperTransactionHelper={threadName='WallpaperTransactionHelper', tid=19106, extendTids=null}, TaskIconCache={threadName='TaskIconCache', tid=19118, extendTids=null}}}
01-10 06:19:03.166 17922 17966 W UserAwareMgr: top app not changed: com.android.launcher, pid: 18990
01-10 06:19:03.166 17922 17940 D ActivityTaskManager: NFW_setLastResumedActivityUncheckLocked:true r:ActivityRecord{2e335b u0 com.android.launcher/.Launcher t2} currentFocus:Window{383ca41 u0 com.android.systemui/com.android.systemui.usb.UsbDebuggingActivity}
01-10 06:19:03.166 17922 17940 D QuickBackInputPolicy: hasMultiChildrenInTask: false
01-10 06:19:03.166 17922 17940 D WindowManager: NFW_findFocusedWindowIfNeeded:Window{cf7b7f4 u0 com.android.launcher/com.android.launcher.Launcher} mCurrentFocus:Window{383ca41 u0 com.android.systemui/com.android.systemui.usb.UsbDebuggingActivity}
01-10 06:19:03.166 17922 17947 D DisplayManagerServiceExtImpl: scheduleTraversalLocked intraversal=false
01-10 06:19:03.166 17922 17940 V WindowManager: Changing focus from Window{383ca41 u0 com.android.systemui/com.android.systemui.usb.UsbDebuggingActivity} to Window{cf7b7f4 u0 com.android.launcher/com.android.launcher.Launcher},diplayid=0
01-10 06:19:03.166 17922 17947 D DisplayManagerService: MSG_REQUEST_TRAVERSAL pendingCompleted=false
01-10 06:19:03.166 17922 17998 D VRR [OPlusRefreshRateService]: Receive multi scene changed eventId = 5 bundleList.size = 2
01-10 06:19:03.167 17922 17940 D FlexibleTaskController: onTaskFocusChanged prevTask:Task{8f2406a #71 type=standard A=10228:com.android.systemui} ,currentTask:Task{511e4c2 #2 type=home I=com.android.launcher/.Launcher}, reason: resumeTopActivity - onActivityStateChanged
01-10 06:19:03.167 17922 17940 I OplusJoystickManager: handleApplicationSwitch deprecated!
01-10 06:19:03.168 17922 18913 D OplusAppSwitchListener: Detect com.android.systemui switch to background
01-10 06:19:03.168 17922 18913 D OplusFeatureReduceBrightness: onAppExit , info = com.android.systemui
01-10 06:19:03.168 17922 18913 D OplusEapManager: mTargetExitName :com.android.systemui
01-10 06:19:03.168 17922 17998 D VRR [OPlusRefreshRateService]: handleFrontAppChange pkgName: null
01-10 06:19:03.168 17922 18913 D OplusAppSwitchListener: Detect com.android.launcher switch to foreground
01-10 06:19:03.168 17922 18913 D OplusFeatureGlobalLimitBrightness: switch to display extreme mode 
01-10 06:19:03.168 17922 18913 D OplusFeatureRiderMode: onAppEnter , info = com.android.launcher
01-10 06:19:03.169 17922 18913 D OplusEapManager: mTargetEnterName :com.android.launcher
01-10 06:19:03.169 17922 17940 D WindowManager: updateOrientation: mLastOrientation = SCREEN_ORIENTATION_NOSENSOR(5) newOrientation = SCREEN_ORIENTATION_NOSENSOR(5) forceUpdate = true LastOrientationSource = ActivityRecord{2e335b u0 com.android.launcher/.Launcher t2}
01-10 06:19:03.169 17922 17940 D WindowManager: rotation(ROTATION_0) no changed  displayId = 0, lastOrientation = 5
01-10 06:19:03.169 17922 18913 D VRR [OPlusFrontAppManager]: OnAppSwitchObserver: onAppEnter , info.targetName = com.android.launcher
01-10 06:19:03.169 17922 17998 D VRR [OPlusRefreshRateService]: handleFrontAppChange pkgName: com.android.launcher
01-10 06:19:03.169 17922 17995 I OplusSmartBrightnessController: handleMessage MSG_POWER_BRIGHTNESS_CHANGED.
01-10 06:19:03.169 17922 17998 D VRR [OPlusExternalRefreshRateManager]:  [OTI] handleTouchIdleState: special timeout 5000
01-10 06:19:03.169 17922 17998 D VRR [OPlusSAManager]: updateAutoMinfps with nits: 106.03511, mHistOK true, mAmbientOK true, mCctOK true, mIrOK true, mBrightnessOK true, isPkgOK true, SA min fps: 0
01-10 06:19:03.169 17922 17940 D ClientLifecycleManagerExtImpl: hookScheduleTransactionItem record=ActivityRecord{2e335b u0 com.android.launcher/.Launcher t2}
01-10 06:19:03.169 17922 17940 D ClientLifecycleManagerExtImpl: hookScheduleTransactionItem clolorMode = -1
01-10 06:19:03.170 17922 17998 D VRR [OPlusSurfaceFlingerController]:  setDirectorOtiHwConfig : true
01-10 06:19:03.170 17922 17940 D DisplayModeDirector: setAppRequest displayId : 0  modeId: 4  requestedRefreshRate: 0.0  requestedMinRefreshRateRange: 0.0  requestedMaxRefreshRateRange: 120.00001
01-10 06:19:03.170 17922 17998 D VRR [OPlusRefreshRateService]:  setDirectorStates [flag: 1, state: 1, directorStateOff: 1]
01-10 06:19:03.170 17922 17998 D VRR [OPlusExternalRefreshRateManager]: setDirectorState state: 0
01-10 06:19:03.170 17922 17998 D VRR [OPlusSurfaceFlingerController]:  setDirectorState : 0
01-10 06:19:03.170 17922 17940 D DisplayManagerService: performTraversalInternal pendingTraversal
01-10 06:19:03.170 17922 17940 D DisplayDevice: setLayerStackLocked id=local:4630946756802996883 token=android.os.BinderProxy@ed7b62f stack=0->0
01-10 06:19:03.170 17922 17998 D LocalDisplayAdapter: setDesiredDisplayModeSpecsAsync: display unique id = local:4630946756802996883, display mode specs = defaultMode=4 allowGroupSwitching=false primaryRanges=physical: (120.0 120.00001) render:  (120.0 120.00001) appRequestRanges=physical: (120.0 120.00001) render:  (120.0 120.00001) idleScreenRefreshRate=null
01-10 06:19:03.171 17922 17993 D ColorAutomaticBrightnessController: MSG_UPDATE_BRIGHTNESS
