01-10 06:19:27.128 18698 18698 I PantaCard.SysUi.MultiInstanceDecisionAdapter:  notifyObserversByEntranceType done, entranceType:[notification,type=16,hostId=30],total observer count = 1, total service size = 0[sdk:v1.2.56-932c039,seed-plugin:v15.0.69-dc9783bb,app:v15.00.11]
01-10 06:19:27.128 18698 18698 D StaticSDK.DecisionCenter: (main)notifyAllObservers key = 16,in version 1.1.24-beta-p1-SNAPSHOT
01-10 06:19:27.128 18698 28838 D UTrace.Sdk: start, spanName: 7001 [7f0000011736486361028442624295|p_18698_5e03e6f@39|p_18698_5e03e6f@40|com.android.systemui]
01-10 06:19:27.128 18698 28838 I PantaCard.SysUi.ServiceManagerProxy:  268451924&1&20_sid=268451924_rk=fbb948_sk=f457a7,requestCardAction: businessTag =[cardUniqueKey=268451924&1&20_sid=268451924_rk=fbb948_sk=f457a7,action =CardAction(action=2, param={life_circle=hide, service_id=268451924, card_create_type=2, card_size=1000, seedling_entrance=8, page_id=pages/index.json, upk_version_code=1000001}, shouldForceFetch=true, shouldNotify=true)][sdk:v1.2.56-932c039,seed-plugin:v15.0.69-dc9783bb,app:v15.00.11] [7f0000011736486361028442624295|p_18698_5e03e6f@39|p_18698_5e03e6f@40|com.android.systemui]
01-10 06:19:27.128 18698 28838 D PantaCard.SysUi.CardViewInfo:  getUTraceCodeContext,extraData != null,codeCtx:null[sdk:v1.2.56-932c039,seed-plugin:v15.0.69-dc9783bb,app:v15.00.11] [7f0000011736486361028442624295|p_18698_5e03e6f@39|p_18698_5e03e6f@40|com.android.systemui]
01-10 06:19:27.128 18698 28838 I Channel.Server[1000032].systemui.ClientProxyImpl(seedling_client_statusbar): request, businessTag=[cardUniqueKey=268451924&1&20_sid=268451924_rk=fbb948_sk=f457a7,action =CardAction(action=2, param={life_circle=hide, service_id=268451924, card_create_type=2, card_size=1000, seedling_entrance=8, page_id=pages/index.json, upk_version_code=1000001}, shouldForceFetch=true, shouldNotify=true)], shouldForceFetch=true, shouldNotify=true, this=202736851
01-10 06:19:27.128 17535 17582 E TetherController: property_get sys.radio.data.modem_share_flag return 0, 1!
01-10 06:19:27.128 18698 28838 D UserContextImp: acquireUnstableContentProviderClient, originAuthority com.oplus.pantanal.ums.cardservice.provider.CardServiceClientProvider authorityWithoutUserId com.oplus.pantanal.ums.cardservice.provider.CardServiceClientProvider authorityWithUserId 0@com.oplus.pantanal.ums.cardservice.provider.CardServiceClientProvider UserContextImp com.android.systemui.SystemUIApplication@5545de7 userId 0
01-10 06:19:27.129 20663 21621 I Channel.Client[1000032].ums.ChannelClientProvider: call, clientProxy=com.oplus.channel.client.ClientProxy@da7e9d2, clientName=seedling_client_statusbar
01-10 06:19:27.130 18698 28838 W PantaCard.SysUi.ServiceManagerProxy:  268451924&1&20_sid=268451924_rk=fbb948_sk=f457a7,requestCardAction request done,bussinessTag = [cardUniqueKey=268451924&1&20_sid=268451924_rk=fbb948_sk=f457a7,action =CardAction(action=2, param={life_circle=hide, service_id=268451924, card_create_type=2, card_size=1000, seedling_entrance=8, page_id=pages/index.json, upk_version_code=1000001}, shouldForceFetch=true, shouldNotify=true)],clientProxy = com.oplus.channel.server.ClientProxyImpl@c1584d3[sdk:v1.2.56-932c039,seed-plugin:v15.0.69-dc9783bb,app:v15.00.11] [7f0000011736486361028442624295|p_18698_5e03e6f@39|p_18698_5e03e6f@40|com.android.systemui]
01-10 06:19:27.130 18698 28838 D UTrace.Sdk: addSpanTags, tags: {cardViewInfo=CardViewInfo[entrance:[statusbar,type=8,hostId=20]; serviceId:268451924; cardType:268451924; hostId:20; cardId:1; size:0; sizeList:[7]; initDataSize:0; policyName:; cardCategory:SEEDLING]} [7f0000011736486361028442624295|p_18698_5e03e6f@39|p_18698_5e03e6f@40|com.android.systemui]
01-10 06:19:27.130 18698 28838 D UTrace.Sdk: end, completionType: GOAHEAD [7f0000011736486361028442624295|p_18698_5e03e6f@39|p_18698_5e03e6f@40|com.android.systemui]
01-10 06:19:27.130 18698 28838 D UTrace.Sdk: start, spanName: 7003 [7f0000011736486361028442624295|p_18698_5e03e6f@40|p_18698_5e03e6f@41|com.android.systemui]
01-10 06:19:27.130 18698 28838 I PantaCard.SysUi.ServiceManagerProxy:  268451924&1&20_sid=268451924_rk=fbb948_sk=4ebbc1,requestCardAction: businessTag =[cardUniqueKey=268451924&1&20_sid=268451924_rk=fbb948_sk=4ebbc1,action =CardAction(action=2, param={life_circle=destroy, service_id=268451924, card_create_type=2, card_size=1000, seedling_entrance=8, page_id=pages/index.json, upk_version_code=1000001}, shouldForceFetch=true, shouldNotify=true)][sdk:v1.2.56-932c039,seed-plugin:v15.0.69-dc9783bb,app:v15.00.11] [7f0000011736486361028442624295|p_18698_5e03e6f@40|p_18698_5e03e6f@41|com.android.systemui]
01-10 06:19:27.130 18698 28838 D PantaCard.SysUi.CardViewInfo:  getUTraceCodeContext,extraData != null,codeCtx:null[sdk:v1.2.56-932c039,seed-plugin:v15.0.69-dc9783bb,app:v15.00.11] [7f0000011736486361028442624295|p_18698_5e03e6f@40|p_18698_5e03e6f@41|com.android.systemui]
01-10 06:19:27.130 18698 28838 I Channel.Server[1000032].systemui.ClientProxyImpl(seedling_client_statusbar): request, businessTag=[cardUniqueKey=268451924&1&20_sid=268451924_rk=fbb948_sk=4ebbc1,action =CardAction(action=2, param={life_circle=destroy, service_id=268451924, card_create_type=2, card_size=1000, seedling_entrance=8, page_id=pages/index.json, upk_version_code=1000001}, shouldForceFetch=true, shouldNotify=true)], shouldForceFetch=true, shouldNotify=true, this=202736851
01-10 06:19:27.130 20663 22227 I CardService[500].UiDataChannelPolicy: 268451924&1&20_sid=268451924_rk=fbb948_sk=f457a7 request: cardAction = {life_circle=hide, service_id=268451924, card_create_type=2, card_size=1000, seedling_entrance=8, page_id=pages/index.json, upk_version_code=1000001, card_unique_key=268451924&1&20_sid=268451924_rk=fbb948_sk=f457a7, is_support_multi_instance=false, service_instance_id=} [CardService-master|com.oplus.pantanal.ums|1.4.25-69f924a]
01-10 06:19:27.130 18698 28838 D UserContextImp: acquireUnstableContentProviderClient, originAuthority com.oplus.pantanal.ums.cardservice.provider.CardServiceClientProvider authorityWithoutUserId com.oplus.pantanal.ums.cardservice.provider.CardServiceClientProvider authorityWithUserId 0@com.oplus.pantanal.ums.cardservice.provider.CardServiceClientProvider UserContextImp com.android.systemui.SystemUIApplication@5545de7 userId 0
01-10 06:19:27.130 20663 21621 I Channel.Client[1000032].ums.ChannelClientProvider: call, clientProxy=com.oplus.channel.client.ClientProxy@da7e9d2, clientName=seedling_client_statusbar
01-10 06:19:27.130 18698 28838 W PantaCard.SysUi.ServiceManagerProxy:  268451924&1&20_sid=268451924_rk=fbb948_sk=4ebbc1,requestCardAction request done,bussinessTag = [cardUniqueKey=268451924&1&20_sid=268451924_rk=fbb948_sk=4ebbc1,action =CardAction(action=2, param={life_circle=destroy, service_id=268451924, card_create_type=2, card_size=1000, seedling_entrance=8, page_id=pages/index.json, upk_version_code=1000001}, shouldForceFetch=true, shouldNotify=true)],clientProxy = com.oplus.channel.server.ClientProxyImpl@c1584d3[sdk:v1.2.56-932c039,seed-plugin:v15.0.69-dc9783bb,app:v15.00.11] [7f0000011736486361028442624295|p_18698_5e03e6f@40|p_18698_5e03e6f@41|com.android.systemui]
01-10 06:19:27.130 20663 22227 I CardService[500].CardServiceImpl: 268451924&1&20_sid=268451924_rk=fbb948_sk=f457a7 requestCardAction, action = {life_circle=hide, service_id=268451924, card_create_type=2, card_size=1000, seedling_entrance=8, page_id=pages/index.json, upk_version_code=1000001, card_unique_key=268451924&1&20_sid=268451924_rk=fbb948_sk=f457a7, is_support_multi_instance=false, service_instance_id=}
01-10 06:19:27.131 18698 28838 D UTrace.Sdk: addSpanTags, tags: {cardViewInfo=CardViewInfo[entrance:[statusbar,type=8,hostId=20]; serviceId:268451924; cardType:268451924; hostId:20; cardId:1; size:0; sizeList:[7]; initDataSize:0; policyName:; cardCategory:SEEDLING]} [7f0000011736486361028442624295|p_18698_5e03e6f@40|p_18698_5e03e6f@41|com.android.systemui]
01-10 06:19:27.131 18698 28838 D UTrace.Sdk: end, completionType: GOAHEAD [7f0000011736486361028442624295|p_18698_5e03e6f@40|p_18698_5e03e6f@41|com.android.systemui]
01-10 06:19:27.131 18698 28838 D UTrace.Sdk: start, spanName: 7005 [7f0000011736486361028442624295|p_18698_5e03e6f@41|p_18698_5e03e6f@42|com.android.systemui]
01-10 06:19:27.131 18698 28838 I PantaCard.SysUi.ServiceManagerProxy:  268451924&1&20_sid=268451924_rk=fbb948_sk=a6f684,requestCardAction: businessTag =[cardUniqueKey=268451924&1&20_sid=268451924_rk=fbb948_sk=a6f684,action =CardAction(action=2, param={life_circle=unsubscribed, service_id=268451924, card_create_type=2, card_size=1000, seedling_entrance=8, page_id=pages/index.json, upk_version_code=1000001}, shouldForceFetch=true, shouldNotify=true)][sdk:v1.2.56-932c039,seed-plugin:v15.0.69-dc9783bb,app:v15.00.11] [7f0000011736486361028442624295|p_18698_5e03e6f@41|p_18698_5e03e6f@42|com.android.systemui]
01-10 06:19:27.131 20663 22221 I CardService[500].CardServiceImpl: 268451924&1&20_sid=268451924_rk=fbb948_sk=f457a7 requestCardAction, action = {life_circle=hide, service_id=268451924, card_create_type=2, card_size=1000, seedling_entrance=8, page_id=pages/index.json, upk_version_code=1000001, card_unique_key=268451924&1&20_sid=268451924_rk=fbb948_sk=f457a7, is_support_multi_instance=false, service_instance_id=}, card = Card(cardIdentify=CardIdentify(cardIndex=1, cardType=268451924, hostId=20, cardCreateType=2, cardEntrance=8)),hadNotScanned:false
01-10 06:19:27.131 18698 28838 D PantaCard.SysUi.CardViewInfo:  getUTraceCodeContext,extraData != null,codeCtx:null[sdk:v1.2.56-932c039,seed-plugin:v15.0.69-dc9783bb,app:v15.00.11] [7f0000011736486361028442624295|p_18698_5e03e6f@41|p_18698_5e03e6f@42|com.android.systemui]
01-10 06:19:27.131 20663 22221 I CardService[500].Card: 268451924&1&20_sid=268451924_rk=fbb948 requestAction: start tryRunAction = {life_circle=hide, service_id=268451924, card_create_type=2, card_size=1000, seedling_entrance=8, page_id=pages/index.json, upk_version_code=1000001, card_unique_key=268451924&1&20_sid=268451924_rk=fbb948_sk=f457a7, is_support_multi_instance=false, service_instance_id=}
01-10 06:19:27.131 18698 28838 I Channel.Server[1000032].systemui.ClientProxyImpl(seedling_client_statusbar): request, businessTag=[cardUniqueKey=268451924&1&20_sid=268451924_rk=fbb948_sk=a6f684,action =CardAction(action=2, param={life_circle=unsubscribed, service_id=268451924, card_create_type=2, card_size=1000, seedling_entrance=8, page_id=pages/index.json, upk_version_code=1000001}, shouldForceFetch=true, shouldNotify=true)], shouldForceFetch=true, shouldNotify=true, this=202736851
01-10 06:19:27.131 18698 28838 D UserContextImp: acquireUnstableContentProviderClient, originAuthority com.oplus.pantanal.ums.cardservice.provider.CardServiceClientProvider authorityWithoutUserId com.oplus.pantanal.ums.cardservice.provider.CardServiceClientProvider authorityWithUserId 0@com.oplus.pantanal.ums.cardservice.provider.CardServiceClientProvider UserContextImp com.android.systemui.SystemUIApplication@5545de7 userId 0
01-10 06:19:27.131 20663 22227 I CardService[500].UiDataChannelPolicy: 268451924&1&20_sid=268451924_rk=fbb948_sk=4ebbc1 request: cardAction = {life_circle=destroy, service_id=268451924, card_create_type=2, card_size=1000, seedling_entrance=8, page_id=pages/index.json, upk_version_code=1000001, card_unique_key=268451924&1&20_sid=268451924_rk=fbb948_sk=4ebbc1, is_support_multi_instance=false, service_instance_id=}
01-10 06:19:27.131 20663 22227 I CardService[500].CardServiceImpl: 268451924&1&20_sid=268451924_rk=fbb948_sk=4ebbc1 requestCardAction, action = {life_circle=destroy, service_id=268451924, card_create_type=2, card_size=1000, seedling_entrance=8, page_id=pages/index.json, upk_version_code=1000001, card_unique_key=268451924&1&20_sid=268451924_rk=fbb948_sk=4ebbc1, is_support_multi_instance=false, service_instance_id=}
01-10 06:19:27.131 17922 18987 E OplusHansFreezeManagerService: updateAppCardProvider is called, but com.oplus.pantanal.ums is not allowed.
01-10 06:19:27.131 20663 22221 I CardService[500].Card: 268451924&1&20_sid=268451924_rk=fbb948 requestAction: end tryRunAction = Action(shouldForceFetch=true, shouldNotify=true, action=2, extraParams={life_circle=hide, service_id=268451924, card_create_type=2, card_size=1000, seedling_entrance=8, page_id=pages/index.json, upk_version_code=1000001, card_unique_key=268451924&1&20_sid=268451924_rk=fbb948_sk=f457a7, is_support_multi_instance=false, service_instance_id=})
01-10 06:19:27.131 20663 22221 I CardService[500].CardDataChannelImpl: 268451924&1&20_sid=268451924_rk=fbb948 requestCardAction, action = 2, extras = {life_circle=hide, service_id=268451924, card_create_type=2, card_size=1000, seedling_entrance=8, page_id=pages/index.json, upk_version_code=1000001, card_unique_key=268451924&1&20_sid=268451924_rk=fbb948_sk=f457a7, is_support_multi_instance=false, service_instance_id=}, protocol=2, shouldForceFetch=true, shouldNotify=true
01-10 06:19:27.131 20663 21621 I Channel.Client[1000032].ums.ChannelClientProvider: call, clientProxy=com.oplus.channel.client.ClientProxy@da7e9d2, clientName=seedling_client_statusbar
01-10 06:19:27.131 20663 22221 I Channel.Server[1000032].ums.ClientProxyImpl(hargeSeedling.ChargeSeedlingCardProvider): request, businessTag=268451924&1&20_sid=268451924_rk=fbb948, extra = [hide, 268451924, 2, 1000, 8, pages/index.json, 1000001, 268451924&1&20_sid=268451924_rk=fbb948_sk=f457a7, false, ], shouldForceFetch=true, shouldNotify=true, this=23062476
01-10 06:19:27.131 18698 28838 W PantaCard.SysUi.ServiceManagerProxy:  268451924&1&20_sid=268451924_rk=fbb948_sk=a6f684,requestCardAction request done,bussinessTag = [cardUniqueKey=268451924&1&20_sid=268451924_rk=fbb948_sk=a6f684,action =CardAction(action=2, param={life_circle=unsubscribed, service_id=268451924, card_create_type=2, card_size=1000, seedling_entrance=8, page_id=pages/index.json, upk_version_code=1000001}, shouldForceFetch=true, shouldNotify=true)],clientProxy = com.oplus.channel.server.ClientProxyImpl@c1584d3[sdk:v1.2.56-932c039,seed-plugin:v15.0.69-dc9783bb,app:v15.00.11] [7f0000011736486361028442624295|p_18698_5e03e6f@41|p_18698_5e03e6f@42|com.android.systemui]
01-10 06:19:27.131 18698 28838 D UTrace.Sdk: addSpanTags, tags: {cardViewInfo=CardViewInfo[entrance:[statusbar,type=8,hostId=20]; serviceId:268451924; cardType:268451924; hostId:20; cardId:1; size:0; sizeList:[7]; initDataSize:0; policyName:; cardCategory:SEEDLING]} [7f0000011736486361028442624295|p_18698_5e03e6f@41|p_18698_5e03e6f@42|com.android.systemui]
01-10 06:19:27.131 20663 22221 I CardService[500].CardServiceImpl: 268451924&1&20_sid=268451924_rk=fbb948_sk=4ebbc1 requestCardAction, action = {life_circle=destroy, service_id=268451924, card_create_type=2, card_size=1000, seedling_entrance=8, page_id=pages/index.json, upk_version_code=1000001, card_unique_key=268451924&1&20_sid=268451924_rk=fbb948_sk=4ebbc1, is_support_multi_instance=false, service_instance_id=}, card = Card(cardIdentify=CardIdentify(cardIndex=1, cardType=268451924, hostId=20, cardCreateType=2, cardEntrance=8)),hadNotScanned:false
01-10 06:19:27.131 20663 22221 I CardService[500].Card: 268451924&1&20_sid=268451924_rk=fbb948 requestAction: start tryRunAction = {life_circle=destroy, service_id=268451924, card_create_type=2, card_size=1000, seedling_entrance=8, page_id=pages/index.json, upk_version_code=1000001, card_unique_key=268451924&1&20_sid=268451924_rk=fbb948_sk=4ebbc1, is_support_multi_instance=false, service_instance_id=}
01-10 06:19:27.131 18698 28838 D UTrace.Sdk: end, completionType: GOAHEAD [7f0000011736486361028442624295|p_18698_5e03e6f@41|p_18698_5e03e6f@42|com.android.systemui]
01-10 06:19:27.131 20663 22227 E ActivityThread: Failed to find provider info for com.coloros.assistantscreen.setting.permissionOperate
01-10 06:19:27.131 20663 22221 I CardService[500].Card: 268451924&1&20_sid=268451924_rk=fbb948 requestAction: end tryRunAction = Action(shouldForceFetch=false, shouldNotify=true, action=2, extraParams={life_circle=destroy, service_id=268451924, card_create_type=2, card_size=1000, seedling_entrance=8, page_id=pages/index.json, upk_version_code=1000001, card_unique_key=268451924&1&20_sid=268451924_rk=fbb948_sk=4ebbc1, is_support_multi_instance=false, service_instance_id=})
01-10 06:19:27.131 20663 22221 I CardService[500].CardDataChannelImpl: 268451924&1&20_sid=268451924_rk=fbb948 requestCardAction, action = 2, extras = {life_circle=destroy, service_id=268451924, card_create_type=2, card_size=1000, seedling_entrance=8, page_id=pages/index.json, upk_version_code=1000001, card_unique_key=268451924&1&20_sid=268451924_rk=fbb948_sk=4ebbc1, is_support_multi_instance=false, service_instance_id=}, protocol=2, shouldForceFetch=false, shouldNotify=true
01-10 06:19:27.131 20663 10843 I Channel.Server[1000032].ums.CallPuller: callPull, businessTag=268451924&1&20_sid=268451924_rk=fbb948, extra = [hide, 268451924, 2, 1000, 8, pages/index.json, 1000001, 268451924&1&20_sid=268451924_rk=fbb948_sk=f457a7, false, ], com.oplus.powermanager.chargeSeedling.ChargeSeedlingCardProvider
01-10 06:19:27.131 20663 22221 I Channel.Server[1000032].ums.ClientProxyImpl(hargeSeedling.ChargeSeedlingCardProvider): request, businessTag=268451924&1&20_sid=268451924_rk=fbb948, extra = [destroy, 268451924, 2, 1000, 8, pages/index.json, 1000001, 268451924&1&20_sid=268451924_rk=fbb948_sk=4ebbc1, false, ], shouldForceFetch=false, shouldNotify=true, this=23062476
01-10 06:19:27.131 20663 22227 I CardService[500].UiDataChannelPolicy: 268451924&1&20_sid=268451924_rk=fbb948_sk=a6f684 request: cardAction = {life_circle=unsubscribed, service_id=268451924, card_create_type=2, card_size=1000, seedling_entrance=8, page_id=pages/index.json, upk_version_code=1000001, card_unique_key=268451924&1&20_sid=268451924_rk=fbb948_sk=a6f684, is_support_multi_instance=false, service_instance_id=}
01-10 06:19:27.131 20663 22227 I CardService[500].CardServiceImpl: 268451924&1&20_sid=268451924_rk=fbb948_sk=a6f684 requestCardAction, action = {life_circle=unsubscribed, service_id=268451924, card_create_type=2, card_size=1000, seedling_entrance=8, page_id=pages/index.json, upk_version_code=1000001, card_unique_key=268451924&1&20_sid=268451924_rk=fbb948_sk=a6f684, is_support_multi_instance=false, service_instance_id=}
01-10 06:19:27.133 20663 22221 I CardService[500].CardServiceImpl: 268451924&1&20_sid=268451924_rk=fbb948_sk=a6f684 requestCardAction, action = {life_circle=unsubscribed, service_id=268451924, card_create_type=2, card_size=1000, seedling_entrance=8, page_id=pages/index.json, upk_version_code=1000001, card_unique_key=268451924&1&20_sid=268451924_rk=fbb948_sk=a6f684, is_support_multi_instance=false, service_instance_id=}, card = Card(cardIdentify=CardIdentify(cardIndex=1, cardType=268451924, hostId=20, cardCreateType=2, cardEntrance=8)),hadNotScanned:false
01-10 06:19:27.133 20663 22221 I CardService[500].Card: 268451924&1&20_sid=268451924_rk=fbb948 requestAction: start tryRunAction = {life_circle=unsubscribed, service_id=268451924, card_create_type=2, card_size=1000, seedling_entrance=8, page_id=pages/index.json, upk_version_code=1000001, card_unique_key=268451924&1&20_sid=268451924_rk=fbb948_sk=a6f684, is_support_multi_instance=false, service_instance_id=}
01-10 06:19:27.134 20663 21621 I UMS.CardServiceServerProvider: call, method=pullCommand, arg=com.oplus.powermanager.chargeSeedling.ChargeSeedlingCardProvider, extras=null callingPackage=com.oplus.b***y, callingPid=24295,
01-10 06:19:27.134 20663 21621 I Channel.Server[1000032].ums.IServerImpl: getCommandList, clientName=com.oplus.powermanager.chargeSeedling.ChargeSeedlingCardProvider, clientProxy=x2.else@15fe7cc
01-10 06:19:27.134 20663 10843 I Channel.Server[1000032].ums.CallPuller: changeProviderClient, providerAuthority: com.oplus.battery.seedling.charge, providerClient: android.content.ContentProviderClient@a022568, userContext=null
01-10 06:19:27.134 20663 21621 I UMS.HostPidManager: addHostPackageNameAndPid, callingPackageName = com.oplus.battery, callingPid = 24295, callbackId = [card:268451924&1&20]
01-10 06:19:27.134 20663 20946 I UMS.HostPidManager: addHostPackageNameAndPid launch
01-10 06:19:27.134 20663 20946 I UMS.HostPidManager: cleanIfNeed result false
01-10 06:19:27.134 20663 20946 I UMS.HostPidManager: getCardTypes, resultList: [268451924]
01-10 06:19:27.134 20663 20946 I UMS.HostPidManager: addToCacheIfNeed return false,callingPid, 24295,needAddMap = {268451924=com.oplus.battery}
01-10 06:19:27.134 20663 20946 I UMS.HostPidManager: addHostPackageNameAndPid,isChangedFromClean = false,isChangedFromAdd = false
01-10 06:19:27.134 20663 22221 I CardService[500].Card: 268451924&1&20_sid=268451924_rk=fbb948 requestAction: end tryRunAction = Action(shouldForceFetch=true, shouldNotify=true, action=2, extraParams={life_circle=unsubscribed, service_id=268451924, card_create_type=2, card_size=1000, seedling_entrance=8, page_id=pages/index.json, upk_version_code=1000001, card_unique_key=268451924&1&20_sid=268451924_rk=fbb948_sk=a6f684, is_support_multi_instance=false, service_instance_id=})
01-10 06:19:27.134 20663 21621 I CardService[500].CardServiceServerProviderProxy: call: method = pullCommand, callingPackageName = *om.op*us.ba*tery, callingPid = 24295
01-10 06:19:27.135 20663 22221 I CardService[500].CardDataChannelImpl: 268451924&1&20_sid=268451924_rk=fbb948 requestCardAction, action = 2, extras = {life_circle=unsubscribed, service_id=268451924, card_create_type=2, card_size=1000, seedling_entrance=8, page_id=pages/index.json, upk_version_code=1000001, card_unique_key=268451924&1&20_sid=268451924_rk=fbb948_sk=a6f684, is_support_multi_instance=false, service_instance_id=}, protocol=2, shouldForceFetch=true, shouldNotify=true
01-10 06:19:27.135 20663 22221 I Channel.Server[1000032].ums.ClientProxyImpl(hargeSeedling.ChargeSeedlingCardProvider): request, businessTag=268451924&1&20_sid=268451924_rk=fbb948, extra = [unsubscribed, 268451924, 2, 1000, 8, pages/index.json, 1000001, 268451924&1&20_sid=268451924_rk=fbb948_sk=a6f684, false, ], shouldForceFetch=true, shouldNotify=true, this=23062476
01-10 06:19:27.135 24295 24325 I Channel.Client[1000028].battery.ChannelClientProvider: call, clientProxy=com.oplus.channel.client.ClientProxy@fef8262, clientName=com.oplus.powermanager.chargeSeedling.ChargeSeedlingCardProvider
01-10 06:19:27.135 24295 24325 I Channel.Client[1000028].battery.ClientProxy.: processObserve resUri=card:268451924&1&20.
01-10 06:19:27.135 24295 28844 D CardWidget_SEEDLING_SUPPORT_SDK(3000004): (SeedlingSupportCardExecutor-pool-2-thread-1) CardExecutor: request,data:[B@a870431
01-10 06:19:27.135 24295 28844 D CardWidget_SEEDLING_SUPPORT_SDK(3000004): (SeedlingSupportCardExecutor-pool-2-thread-1) use json to decode,size = 367
01-10 06:19:27.135 20663 10844 I Channel.Server[1000032].ums.CallPuller: callPull, businessTag=268451924&1&20_sid=268451924_rk=fbb948, extra = [unsubscribed, 268451924, 2, 1000, 8, pages/index.json, 1000001, 268451924&1&20_sid=268451924_rk=fbb948_sk=a6f684, false, ], com.oplus.powermanager.chargeSeedling.ChargeSeedlingCardProvider
01-10 06:19:27.135 24295 28844 D CardWidget_SEEDLING_SUPPORT_SDK(3000004): (SeedlingSupportCardExecutor-pool-2-thread-1) card = {"cardType":268451924,"cardId":1,"hostId":20,"action":2,"param":{"life_circle":"hide","service_id":"268451924","card_create_type":"2","card_size":"1000","seedling_entrance":"8","page_id":"pages\/index.json","upk_version_code":"1000001","card_unique_key":"268451924&1&20_sid=268451924_rk=fbb948_sk=f457a7","is_support_multi_instance":"false","service_instance_id":""}}   action = 2  decodeSeedlingCardEvent param = 2
01-10 06:19:27.135 24295 28844 D CardWidget_SEEDLING_SUPPORT_SDK(3000004): (SeedlingSupportCardExecutor-pool-2-thread-1) service_id = 268451924
01-10 06:19:27.135 24295 28844 D CardWidget_SEEDLING_SUPPORT_SDK(3000004): (SeedlingSupportCardExecutor-pool-2-thread-1) card_create_type = 2
01-10 06:19:27.135 24295 28844 D CardWidget_SEEDLING_SUPPORT_SDK(3000004): (SeedlingSupportCardExecutor-pool-2-thread-1) card_size = 1000
01-10 06:19:27.135 24295 28844 D CardWidget_SEEDLING_SUPPORT_SDK(3000004): (SeedlingSupportCardExecutor-pool-2-thread-1) seedling_entrance = 8
01-10 06:19:27.135 24295 28844 D CardWidget_SEEDLING_SUPPORT_SDK(3000004): (SeedlingSupportCardExecutor-pool-2-thread-1) page_id = pages/index.json
01-10 06:19:27.135 24295 28844 D CardWidget_SEEDLING_SUPPORT_SDK(3000004): (SeedlingSupportCardExecutor-pool-2-thread-1) upk_version_code = 1000001
01-10 06:19:27.135 24295 28844 D CardWidget_SEEDLING_SUPPORT_SDK(3000004): (SeedlingSupportCardExecutor-pool-2-thread-1) service_instance_id = 
01-10 06:19:27.135 24295 24404 I Channel.Client[1000028].battery.ClientProxy.ChargeSeedlingCardProvider: pullAndRunCommand commandList = [Command(methodType=2, callbackId=card:268451924&1&20, params=[B@6c44897), Command(methodType=0, callbackId=, params=[B@b7b1a84)]
01-10 06:19:27.135 20663 10844 I Channel.Server[1000032].ums.CallPuller: changeProviderClient, providerAuthority: com.oplus.battery.seedling.charge, providerClient: android.content.ContentProviderClient@50dfe26, userContext=null
01-10 06:19:27.135 24295 24404 I Channel.Client[1000028].battery.ClientProxy.: processObserve resUri=card:268451924&1&20.
01-10 06:19:27.135 24295 28844 D CardWidget_SEEDLING_SUPPORT_SDK(3000004): (SeedlingSupportCardExecutor-pool-2-thread-1) action :2
01-10 06:19:27.135 24295 28844 D CardWidget_SEEDLING_SUPPORT_SDK(3000004): (SeedlingSupportCardExecutor-pool-2-thread-1) dispatchLifecycle :hide,card = SeedlingCard(serviceId=268451924, cardId=268451924, cardIndex=1, hostId=20, host=StatusBar, subscribeType=Recommend, size=NXN, pageId=pages/index.json, upkVersionCode=1000001).instance=
01-10 06:19:27.135 24295 24325 I Channel.Client[1000028].battery.ChannelClientProvider: call, clientProxy=com.oplus.channel.client.ClientProxy@fef8262, clientName=com.oplus.powermanager.chargeSeedling.ChargeSeedlingCardProvider
01-10 06:19:27.135 24295 28844 D CardWidget_SEEDLING_SUPPORT_SDK(3000004)_SeedlingCardCache: (SeedlingSupportCardExecutor-pool-2-thread-1) onHide card=SeedlingCard(serviceId=268451924, cardId=268451924, cardIndex=1, hostId=20, host=StatusBar, subscribeType=Recommend, size=NXN, pageId=pages/index.json, upkVersionCode=1000001),instanceId=
01-10 06:19:27.135 24295 24325 I Channel.Client[1000028].battery.ClientProxy.: processObserve resUri=card:268451924&1&20.
01-10 06:19:27.135 24295 28844 D CardWidget_SEEDLING_SUPPORT_SDK(3000004): (SeedlingSupportCardExecutor-pool-2-thread-1) CardExecutor: request,data:[B@da9e716
01-10 06:19:27.135 24295 28844 D CardWidget_SEEDLING_SUPPORT_SDK(3000004): (SeedlingSupportCardExecutor-pool-2-thread-1) use json to decode,size = 370
01-10 06:19:27.135 24295 28844 D CardWidget_SEEDLING_SUPPORT_SDK(3000004): (SeedlingSupportCardExecutor-pool-2-thread-1) card = {"cardType":268451924,"cardId":1,"hostId":20,"action":2,"param":{"life_circle":"destroy","service_id":"268451924","card_create_type":"2","card_size":"1000","seedling_entrance":"8","page_id":"pages\/index.json","upk_version_code":"1000001","card_unique_key":"268451924&1&20_sid=268451924_rk=fbb948_sk=4ebbc1","is_support_multi_instance":"false","service_instance_id":""}}   action = 2  decodeSeedlingCardEvent param = 2
01-10 06:19:27.135 24295 28844 D CardWidget_SEEDLING_SUPPORT_SDK(3000004): (SeedlingSupportCardExecutor-pool-2-thread-1) service_id = 268451924
01-10 06:19:27.135 24295 28844 D CardWidget_SEEDLING_SUPPORT_SDK(3000004): (SeedlingSupportCardExecutor-pool-2-thread-1) card_create_type = 2
01-10 06:19:27.135 24295 28844 D CardWidget_SEEDLING_SUPPORT_SDK(3000004): (SeedlingSupportCardExecutor-pool-2-thread-1) card_size = 1000
01-10 06:19:27.135 24295 28844 D CardWidget_SEEDLING_SUPPORT_SDK(3000004): (SeedlingSupportCardExecutor-pool-2-thread-1) seedling_entrance = 8
01-10 06:19:27.135 24295 28844 D CardWidget_SEEDLING_SUPPORT_SDK(3000004): (SeedlingSupportCardExecutor-pool-2-thread-1) page_id = pages/index.json
01-10 06:19:27.135 24295 28844 D CardWidget_SEEDLING_SUPPORT_SDK(3000004): (SeedlingSupportCardExecutor-pool-2-thread-1) upk_version_code = 1000001
01-10 06:19:27.135 24295 28844 D CardWidget_SEEDLING_SUPPORT_SDK(3000004): (SeedlingSupportCardExecutor-pool-2-thread-1) service_instance_id = 
01-10 06:19:27.135 24295 28844 D CardWidget_SEEDLING_SUPPORT_SDK(3000004): (SeedlingSupportCardExecutor-pool-2-thread-1) action :2
01-10 06:19:27.135 24295 28844 D CardWidget_SEEDLING_SUPPORT_SDK(3000004): (SeedlingSupportCardExecutor-pool-2-thread-1) dispatchLifecycle :destroy,card = SeedlingCard(serviceId=268451924, cardId=268451924, cardIndex=1, hostId=20, host=StatusBar, subscribeType=Recommend, size=NXN, pageId=pages/index.json, upkVersionCode=1000001).instance=
01-10 06:19:27.135 24295 28844 D CardWidget_SEEDLING_SUPPORT_SDK(3000004)_SeedlingCardCache: (SeedlingSupportCardExecutor-pool-2-thread-1) onDestroy card=SeedlingCard(serviceId=268451924, cardId=268451924, cardIndex=1, hostId=20, host=StatusBar, subscribeType=Recommend, size=NXN, pageId=pages/index.json, upkVersionCode=1000001),instanceId=
01-10 06:19:27.135 24295 28844 D CardWidget_SEEDLING_SUPPORT_SDK(3000004)_SeedlingCardCache: (SeedlingSupportCardExecutor-pool-2-thread-1) unObserveSeedlingCard size=1,seedlingCard:SeedlingCard(serviceId=268451924, cardId=268451924, cardIndex=1, hostId=20, host=StatusBar, subscribeType=Recommend, size=NXN, pageId=pages/index.json, upkVersionCode=1000001)
01-10 06:19:27.135 24295 28844 D CardWidget_SEEDLING_SUPPORT_SDK(3000004)_SeedlingCardCache: (SeedlingSupportCardExecutor-pool-2-thread-1) unObserveSeedlingCard cardList size=0,[]
01-10 06:19:27.135 24295 28844 D CardWidget_SEEDLING_SUPPORT_SDK(3000004): (SeedlingSupportCardExecutor-pool-2-thread-1) CardExecutor: request,data:[B@b7b1a84
01-10 06:19:27.135 24295 28844 D CardWidget_SEEDLING_SUPPORT_SDK(3000004): (SeedlingSupportCardExecutor-pool-2-thread-1) use json to decode,size = 375
01-10 06:19:27.135 24295 28844 D CardWidget_SEEDLING_SUPPORT_SDK(3000004): (SeedlingSupportCardExecutor-pool-2-thread-1) card = {"cardType":268451924,"cardId":1,"hostId":20,"action":2,"param":{"life_circle":"unsubscribed","service_id":"268451924","card_create_type":"2","card_size":"1000","seedling_entrance":"8","page_id":"pages\/index.json","upk_version_code":"1000001","card_unique_key":"268451924&1&20_sid=268451924_rk=fbb948_sk=a6f684","is_support_multi_instance":"false","service_instance_id":""}}   action = 2  decodeSeedlingCardEvent param = 2
01-10 06:19:27.136 24295 28844 D CardWidget_SEEDLING_SUPPORT_SDK(3000004): (SeedlingSupportCardExecutor-pool-2-thread-1) service_id = 268451924
01-10 06:19:27.136 24295 28844 D CardWidget_SEEDLING_SUPPORT_SDK(3000004): (SeedlingSupportCardExecutor-pool-2-thread-1) card_create_type = 2
01-10 06:19:27.136 24295 28844 D CardWidget_SEEDLING_SUPPORT_SDK(3000004): (SeedlingSupportCardExecutor-pool-2-thread-1) card_size = 1000
01-10 06:19:27.136 24295 28844 D CardWidget_SEEDLING_SUPPORT_SDK(3000004): (SeedlingSupportCardExecutor-pool-2-thread-1) seedling_entrance = 8
01-10 06:19:27.136 24295 28844 D CardWidget_SEEDLING_SUPPORT_SDK(3000004): (SeedlingSupportCardExecutor-pool-2-thread-1) page_id = pages/index.json
01-10 06:19:27.136 24295 28844 D CardWidget_SEEDLING_SUPPORT_SDK(3000004): (SeedlingSupportCardExecutor-pool-2-thread-1) upk_version_code = 1000001
01-10 06:19:27.136 24295 28844 D CardWidget_SEEDLING_SUPPORT_SDK(3000004): (SeedlingSupportCardExecutor-pool-2-thread-1) service_instance_id = 
01-10 06:19:27.136 24295 28844 D CardWidget_SEEDLING_SUPPORT_SDK(3000004): (SeedlingSupportCardExecutor-pool-2-thread-1) action :2
01-10 06:19:27.136 24295 28844 D CardWidget_SEEDLING_SUPPORT_SDK(3000004): (SeedlingSupportCardExecutor-pool-2-thread-1) dispatchLifecycle :unsubscribed,card = SeedlingCard(serviceId=268451924, cardId=268451924, cardIndex=1, hostId=20, host=StatusBar, subscribeType=Recommend, size=NXN, pageId=pages/index.json, upkVersionCode=1000001).instance=
01-10 06:19:27.136 24295 28844 D CardWidget_SEEDLING_SUPPORT_SDK(3000004)_SeedlingCardCache: (SeedlingSupportCardExecutor-pool-2-thread-1) onUnSubscribed card=SeedlingCard(serviceId=268451924, cardId=268451924, cardIndex=1, hostId=20, host=StatusBar, subscribeType=Recommend, size=NXN, pageId=pages/index.json, upkVersionCode=1000001),instanceId=
01-10 06:19:27.136 24295 28844 E UTraceContext: jsonString parse to json error: org.json.JSONException: End of input at character 0 of  [Battery.apk|com.oplus.battery|1.4.7-8671218-20240809-163401]
01-10 06:19:27.136 24295 28844 E UTraceContext: org.json.JSONException: End of input at character 0 of 
01-10 06:19:27.136 24295 28844 E UTraceContext: 	at org.json.JSONTokener.syntaxError(JSONTokener.java:469)
01-10 06:19:27.136 24295 28844 E UTraceContext: 	at org.json.JSONTokener.nextValue(JSONTokener.java:101)
01-10 06:19:27.136 24295 28844 E UTraceContext: 	at org.json.JSONObject.<init>(JSONObject.java:168)
01-10 06:19:27.136 24295 28844 E UTraceContext: 	at org.json.JSONObject.<init>(JSONObject.java:185)
01-10 06:19:27.136 24295 28844 E UTraceContext: 	at com.oplus.utrace.sdk.UTraceContextV2$Companion.fromJSONString(UTraceContextV2.kt:17)
01-10 06:19:27.136 24295 28844 E UTraceContext: 	at com.oplus.utrace.sdk.UTraceCompat.readFromJsonString(UTraceCompat.kt:10)
01-10 06:19:27.136 24295 28844 E UTraceContext: 	at m7.c.d(Unknown Source:15)
01-10 06:19:27.136 24295 28844 E UTraceContext: 	at m7.a$a.b(Unknown Source:8)
01-10 06:19:27.136 24295 28844 E UTraceContext: 	at h7.a.d(Unknown Source:23)
01-10 06:19:27.136 24295 28844 E UTraceContext: 	at h7.a.onUnSubscribed(Unknown Source:50)
01-10 06:19:27.136 24295 28844 E UTraceContext: 	at k7.c$b.a(Unknown Source:121)
01-10 06:19:27.136 24295 28844 E UTraceContext: 	at k7.c$b.invoke(Unknown Source:5)
01-10 06:19:27.136 24295 28844 E UTraceContext: 	at k7.c.f(Unknown Source:133)
01-10 06:19:27.136 24295 28844 E UTraceContext: 	at k7.c.a(Unknown Source:16)
01-10 06:19:27.136 24295 28844 E UTraceContext: 	at i7.a$e.a(Unknown Source:59)
01-10 06:19:27.136 24295 28844 E UTraceContext: 	at i7.a$e.invoke(Unknown Source:3)
01-10 06:19:27.136 24295 28844 E UTraceContext: 	at com.oplus.pantanal.seedling.util.c$a.a(Unknown Source:5)
01-10 06:19:27.136 24295 28844 E UTraceContext: 	at com.oplus.pantanal.seedling.util.c$a.invoke(Unknown Source:1)
01-10 06:19:27.136 24295 28844 E UTraceContext: 	at com.oplus.pantanal.seedling.util.f.a(Unknown Source:11)
01-10 06:19:27.136 24295 28844 E UTraceContext: 	at com.oplus.pantanal.seedling.util.c.m(Unknown Source:13)
01-10 06:19:27.136 24295 28844 E UTraceContext: 	at com.oplus.pantanal.seedling.util.c.a(Unknown Source:1)
01-10 06:19:27.136 24295 28844 E UTraceContext: 	at com.oplus.pantanal.seedling.util.b.run(R8$$SyntheticClass:5)
01-10 06:19:27.136 24295 28844 E UTraceContext: 	at java.util.concurrent.Executors$RunnableAdapter.call(Executors.java:487)
01-10 06:19:27.136 24295 28844 E UTraceContext: 	at java.util.concurrent.FutureTask.run(FutureTask.java:264)
01-10 06:19:27.136 24295 28844 E UTraceContext: 	at java.util.concurrent.ThreadPoolExecutor.runWorker(ThreadPoolExecutor.java:1145)
01-10 06:19:27.136 24295 28844 E UTraceContext: 	at java.util.concurrent.ThreadPoolExecutor$Worker.run(ThreadPoolExecutor.java:644)
01-10 06:19:27.136 24295 28844 E UTraceContext: 	at java.lang.Thread.run(Thread.java:1012)
01-10 06:19:27.136 24295 28844 D CardWidget_TraceHelper: (SeedlingSupportCardExecutor-pool-2-thread-1) startTrace spanName=920008.parentTraceCtx=null
01-10 06:19:27.136 24295 28844 E CardWidget_TraceHelper: (SeedlingSupportCardExecutor-pool-2-thread-1) traceCtxStr is null or empty
01-10 06:19:27.257  3583  4123 D QmiClient: qmiServiceEventCallback recv msg id 74
01-10 06:19:27.258  3583  4123 D QmiDsdClient: enter - onQmiServiceEventCallback msgId 74
01-10 06:19:27.258  3583  4123 D QmiDsdClientEvent: qmiDsdClientNotifyLteCellInfoChangeEvent - RADIO_EVENT_LTE_CELL_INFO_CHANGE_IND
01-10 06:19:27.258  3583  3613 D DsdProxy: handleMessage msg is 2201
01-10 06:19:27.258  3583  3613 D DsdProxy: handleLteCellInfoChangeInd for instance 0
01-10 06:19:27.258 18986 19005 D SubsysRadioIndication: [PHONE0]radioLteCAInfoInd
01-10 06:19:27.258 18986 18986 D QtiCellularNetwork: handleLteCaInfoChanged 0
01-10 06:19:27.258 18986 18986 D QtiCellularNetwork: handleLteCaInfoChanged: deconfigured
01-10 06:19:27.276  3583  4140 D QmiClient: qmiServiceEventCallback recv msg id 47
01-10 06:19:27.276  3583  4140 D QmiOttClient: enter : onQmiServiceEventCallback msgId 47
01-10 06:19:27.276  3583  3614 D OttProxy: handleMessage msg is 3001
01-10 06:19:27.277 18986 19005 D SubsysRadioIndication: [PHONE0]radioLinkLatencyInfoInd
01-10 06:19:27.277 18986 19005 D SubsysRadioIndication: [PHONE0]notify enter
01-10 06:19:27.281  3583  4123 D QmiClient: qmiServiceEventCallback recv msg id 74
01-10 06:19:27.281  3583  4123 D QmiDsdClient: enter - onQmiServiceEventCallback msgId 74
01-10 06:19:27.281  3583  4123 D QmiDsdClientEvent: qmiDsdClientNotifyLteCellInfoChangeEvent - RADIO_EVENT_LTE_CELL_INFO_CHANGE_IND
01-10 06:19:27.281  3583  3613 D DsdProxy: handleMessage msg is 2201
01-10 06:19:27.281  3583  3613 D DsdProxy: handleLteCellInfoChangeInd for instance 0
01-10 06:19:27.281 18986 19005 D SubsysRadioIndication: [PHONE0]radioLteCAInfoInd
01-10 06:19:27.282 18986 18986 D QtiCellularNetwork: handleLteCaInfoChanged 0
01-10 06:19:27.282 18986 18986 D QtiCellularNetwork: handleLteCaInfoChanged: deconfigured
01-10 06:19:27.291 17922 18415 I OplusWifiSarManager: Received Data State Change: 4
01-10 06:19:27.291 18698 18876 I SystemUi--Statusbar: MobileConnectionRepositoryImpl-->subId:1 isSoftSimCard:false slotId:0
01-10 06:19:27.293 18698 19314 V OplusCustomizeCacheManager: queryCache name: sys.cache.common_customize_cache18014 param: null
01-10 06:19:27.293 18698 19314 V OplusCustomizeCacheManager: queryCache name: sys.cache.common_customize_cache18017 param: Bundle[{SETTING=BLOCK, BUSINESS=NCT-DATA}]
01-10 06:19:27.293 18698 19314 V OplusCustomizeCacheManager: start recompute
01-10 06:19:27.294 17922 18678 D OplusCustomizeSecurityManagerService: we can't find the BLOCK
01-10 06:19:27.294 18698 19314 V OplusCustomizeCacheManager: queryCache name: sys.cache.common_customize_cache18013 param: null
01-10 06:19:27.320 17922 18241 V AlarmManager: sending alarm Alarm{ff82844 type 3 origWhen 120920096 whenElapsed 120925523 com.google.android.gms} uid 10129 whenElapsed 120925523 windowLength 11250 maxWhenElapsed 120931346 repeatInterval 0 action com.google.android.gms.auth.authzen.cryptauth.DEVICE_STATE_CHECK_DELAY_COMPLETE component ComponentInfo{com.google.android.gms/com.google.android.gms.chimera.GmsIntentOperationService} flags 0x0 procName com.google.android.gms
01-10 06:19:27.333 20907 10706 I Authzen : [DeviceStateSyncManager] The server is in sync with current state. Nothing to do
01-10 06:19:27.375 18698 18698 I ULELite : [ImmediateCapsuleAnimationHelper] onAnimationEnd : logType=translateToHoleAnimationItemsPlay, animationType=2
01-10 06:19:27.375 18698 18698 I ULELite : [ImmediateCapsuleAnimationHelper] onStatusChanged callback : event=SizeChangeAnimationEnd params=Bundle[{width=0}]
01-10 06:19:27.375 18698 18698 W ULELite : [ImmediateCapsuleAnimationHelper] mEngineInstance is invalid
01-10 06:19:27.403  2104 18445 I WifiHAL : event received NL80211_CMD_VENDOR, vendor_id = 0x1374, subcmd = 0xd
01-10 06:19:27.403  3270  3270 I cnss-daemon: nl80211 response handler invoked
01-10 06:19:27.404  3270  3270 I cnss-daemon: nl80211_response_handler: cmd 103, vendorID 4980, subcmd 13  received
01-10 06:19:27.404  3314 18446 D LOWI-9.0.1.110: [LOWI-Scan] wait_event:Wait done with Cmd 103
01-10 06:19:27.404  3314 18446 D LOWI-9.0.1.110: [LOWI-Scan] do_listen_events: Rcvd valid Netlink Cmd 0 Err 0
01-10 06:19:27.462  2273  2310 D BatteryChargeControl: bcc get no support from charging protocol
01-10 06:19:27.537  2347  2347 W LOG_FLOWCTRL: ==LOGS OVER PROC QUOTA(300), rows(225) bytes(17783) vendor.oplus.hardware.wifi-aidl-service DROPPED==
01-10 06:19:27.537  2347  2347 D vendor.oplus.hardware.wifi-aidl-service: filePath is /vendor/bin/vendor_cmd_tool
01-10 06:19:27.537  2347  2347 D vendor.oplus.hardware.wifi-aidl-service: the in_command is:/vendor/bin/vendor_cmd_tool -f /vendor/etc/wifi/vendor_cmd.xml -i wlan0 --START_CMD --SET_WIFI_CONFIG --CONFIG_TX_NSS_2GHZ 1 --CONFIG_RX_NSS_2GHZ 2 --CONFIG_NUM_TX_CHAINS_2GHZ 1 --CONFIG_NUM_RX_CHAINS_2GHZ 2 --CONFIG_TX_NSS_5GHZ 1 --CONFIG_RX_NSS_5GHZ 2 --CONFIG_NUM_TX_CHAINS_5GHZ 1 --CONFIG_NUM_RX_CHAINS_5GHZ 2 --END_CMD
01-10 06:19:27.563  2347  2347 D vendor.oplus.hardware.wifi-aidl-service: the buf of executeDriverCommand is Vendor sub command: 74
01-10 06:19:27.563  2347  2347 D vendor.oplus.hardware.wifi-aidl-service: , remain_len is 4096
01-10 06:19:27.621 29669 10800 D CompatChangeReporter: Compat change id reported: 289878283; UID 10330; state: ENABLED
01-10 06:19:27.628 18698 18698 D PluginSeedling--Capsule: CapsulesRepository-->NotifyCapsuleStateRunnable hasSystemService:false
01-10 06:19:28.022 18698 18698 D PluginSeedling--Engine: ActionBase-->action 'Action-195'.status changed from RUNNING to DONE @main
01-10 06:19:28.022 18698 18698 D PluginSeedling--Engine: ActionBase-->action 'SMALL_INSTANT_CARD_DISAPPEAR_ANIMATION'.status changed from RUNNING to DONE @main
01-10 06:19:28.022 18698 18698 D PluginSeedling--Engine: ActionBase-->action 'EndPlay'.status changed from WAIT to RUNNING @main
01-10 06:19:28.022 18698 18698 I PluginSeedling--Engine: SeedlingContext-->setScene: scene=NONE oldScene=SMALL_INSTANT_CARD_DISAPPEAR
01-10 06:19:28.022 18698 18698 D PluginSeedling--Engine: ActionBase-->action 'EndPlay'.status changed from RUNNING to DONE @main
01-10 06:19:28.022 18698 18698 D PluginSeedling--Engine: ActionBase-->action 'SMALL_INSTANT_CARD_DISAPPEAR_after'.status changed from WAIT to RUNNING @main
01-10 06:19:28.022 18698 18698 I PluginSeedling--StatusBar: SimpleSceneBuilder-->afterAction SMALL_INSTANT_CARD_DISAPPEAR
01-10 06:19:28.023 18698 18698 I PluginSeedling--CapsuleCard: InstantContainerViewController-->setInstantUiState: uiState: null, instantContainer: com.oplus.systemui.plugins.seedling.card.ui.view.InstantContainer{1005952 V.E...... ......ID 0,0-1080,2334 #7f090133 app:id/instant_container alpha=1.0 viewInfo = }
01-10 06:19:28.023 18698 18698 D PluginSeedling--CapsuleCard: InstantContainer-->handleUiStateChanged: null --> null, keepCurrent: false
01-10 06:19:28.023 18698 18698 I ULELite : [TemplateViewDouble1x22] onDetachedFromWindow [SeedlingSdk|com.android.systemui|1.4.26-79c0076]
01-10 06:19:28.023 18698 18698 I ULELite : [ULEView.StatusBar2notification_sm] onDetachedFromWindow
01-10 06:19:28.025 18698 18698 D OplusScrollToTopManager: SeedlingCard,window dying
01-10 06:19:28.025 18698 18698 D OplusScrollToTopManager: SeedlingCard,unregisterGuidePopupDismissReceiverInSystemUI
01-10 06:19:28.025 18698 18698 D OplusScrollToTopManager: SeedlingCard,Receiver not registered: android.view.OplusScrollToTopManager$1@d37120f
01-10 06:19:28.025 18698 18698 W WindowOnBackDispatcher: sendCancelIfRunning: isInProgress=false callback=d4.a@2e0fe50
01-10 06:19:28.025 17922 20648 D CoreBackPreview: Window{6e3118 u0 SeedlingCard}: Setting back callback null
01-10 06:19:28.026 18698 18698 I PluginSeedling--StatusBar: StatusSeedlingInfo-->onHide-capsule 268451924||0|1736486361028, 3, true, false, false
01-10 06:19:28.026 18698 18698 I PluginSeedling--StatusBar: StatusSeedlingInfo-->onHide-capsule 268451924||0|1736486361028, 3
01-10 06:19:28.026 18698 18698 I PluginSeedling--StatusBar: StatusSeedlingInfo-->release-sb 268451924||0|1736486361028, q9.v@1fa21c2
01-10 06:19:28.027 18698 18698 D UTrace.Sdk: start, spanName: 7006 [7f0000011736486361028442624295|p_18698_5e03e6f@42|p_18698_5e03e6f@43|com.android.systemui] [SystemUIPlugin|com.android.systemui|1.4.26-79c0076]
01-10 06:19:28.027 18698 18698 I PantaCard.SysUi.SeedlingCard:  268451924&1&20_sid=268451924_rk=fbb948, begin to release: 268451924&1&20[sdk:v1.2.56-932c039,seed-plugin:v15.0.69-dc9783bb,app:v15.00.11] [7f0000011736486361028442624295|p_18698_5e03e6f@42|p_18698_5e03e6f@43|com.android.systemui]
01-10 06:19:28.027 18698 18698 I PantaCard.SysUi.SeedlingCard:  268451924&1&20_sid=268451924_rk=fbb948, notifyHostDestroyBlurView just return because host not set cardBlurHandler.[sdk:v1.2.56-932c039,seed-plugin:v15.0.69-dc9783bb,app:v15.00.11] [7f0000011736486361028442624295|p_18698_5e03e6f@42|p_18698_5e03e6f@43|com.android.systemui]
01-10 06:19:28.027 18698 18698 I PantaCard.SysUi.SeedlingCard:  268451924&1&20_sid=268451924_rk=fbb948, releaseView: 268451924&1&20[sdk:v1.2.56-932c039,seed-plugin:v15.0.69-dc9783bb,app:v15.00.11] [7f0000011736486361028442624295|p_18698_5e03e6f@42|p_18698_5e03e6f@43|com.android.systemui]
01-10 06:19:28.027 18698 18698 I PantaCard.SysUi.SeedCardEngine:  268451924&1&20_sid=268451924_rk=fbb948,releaseView: seedling = r6.l@35ee541  268451924_268451924&1&20[sdk:v1.2.56-932c039,seed-plugin:v15.0.69-dc9783bb,app:v15.00.11] [7f0000011736486361028442624295|p_18698_5e03e6f@42|p_18698_5e03e6f@43|com.android.systemui]
01-10 06:19:28.028 18698 18698 D UTrace.Sdk: start, spanName: 8000 [7f0000011736486361028442624295|p_18698_5e03e6f@42|p_18698_94b87e2@29|com.android.systemui]
01-10 06:19:28.028 18698 18698 I SDP.SysUi.BaseSeedling:  268451924&1&20_sid=268451924_rk=fbb948,destroy simpleCardInfo:[status_bar[8,20] 268451924 LITE][ssdk:v1.2.56-932c039,sdplugin:v15.0.69-dc9783bb] [7f0000011736486361028442624295|p_18698_5e03e6f@42|p_18698_94b87e2@29|com.android.systemui]
01-10 06:19:28.028 18698 18698 I ULELite : [ULEView.StatusBar2notification_sm] destroying uleview [7f0000011736486361028442624295|p_18698_5e03e6f@42|p_18698_94b87e2@29|com.android.systemui]
01-10 06:19:28.028 18698 18698 I ULELite : [JsCardParser.StatusBar2notification_sm] clearUriImageCache size: 0 [7f0000011736486361028442624295|p_18698_5e03e6f@42|p_18698_94b87e2@29|com.android.systemui]
01-10 06:19:28.028 18698 18698 I SDP.SysUi.AbnormalCenter:  unregister[ssdk:v1.2.56-932c039,sdplugin:v15.0.69-dc9783bb] [7f0000011736486361028442624295|p_18698_5e03e6f@42|p_18698_94b87e2@29|com.android.systemui]
01-10 06:19:28.028 18698 18698 D UTrace.Sdk: addSpanTags, tags: {entrance=status_bar[8,20], seedlingIntent=SeedlingIntent[serviceId:268451924;cardSizeList:[7];timestamp:1736486361028;isSubscribe:false;isAbnormal:false;initDataSize:0;policyName:;originServiceInfo_id:268451924;originServiceInfo_sizeToCardType:{7=268451924};isEntranceTriggerCardClick:true]} [7f0000011736486361028442624295|p_18698_5e03e6f@42|p_18698_94b87e2@29|com.android.systemui]
01-10 06:19:28.028 18698 18698 D UTrace.Sdk: end, completionType: GOAHEAD [7f0000011736486361028442624295|p_18698_5e03e6f@42|p_18698_94b87e2@29|com.android.systemui]
01-10 06:19:28.029 18698 18698 I PantaCard.SysUi.CardManagerProxy:  268451924&1&20_sid=268451924_rk=fbb948,destroyUIDataChannel: callbackId = card:268451924&1&20[sdk:v1.2.56-932c039,seed-plugin:v15.0.69-dc9783bb,app:v15.00.11] [7f0000011736486361028442624295|p_18698_5e03e6f@42|p_18698_5e03e6f@43|com.android.systemui]
01-10 06:19:28.029 18698 10847 V StaticSDK.AbnormalDao: (#sg_executor-pool-1-thread-4)get IUserContext,call AbnormalDao unRegister(),in version 1.1.23-beta-p3-SNAPSHOT
01-10 06:19:28.029 18698 10847 D UserContextImp: registerContentObserver UserContextImp com.android.systemui.SystemUIApplication@5545de7 userId 0
01-10 06:19:28.030 18698 18698 D UTrace.Sdk: addSpanTags, tags: {cardViewInfo=CardViewInfo[entrance:[statusbar,type=8,hostId=20]; serviceId:268451924; cardType:268451924; hostId:20; cardId:1; size:0; sizeList:[7]; initDataSize:0; policyName:; cardCategory:SEEDLING]} [7f0000011736486361028442624295|p_18698_5e03e6f@42|p_18698_5e03e6f@43|com.android.systemui]
01-10 06:19:28.030 18698 18698 D UTrace.Sdk: end, completionType: GOAHEAD [7f0000011736486361028442624295|p_18698_5e03e6f@42|p_18698_5e03e6f@43|com.android.systemui]
01-10 06:19:28.030 18698 18698 I PluginSeedling--StatusBar: StatusSeedlingInfo-->onHide-card 268451924||0|1736486361028, 3, false, false, false
01-10 06:19:28.030 18698 18698 D PluginSeedling--Track: CardsRepository-->instant onHide - 268451924||0|1736486361028
01-10 06:19:28.030 18698 18698 D PluginSeedling--Origin: HiddenStatusIconManager-->notifyHideStatusBarIcon: isNeedHiddenIcon: false, key:268451924||0|1736486361028, hiddenIcons: null
01-10 06:19:28.030 18698 18698 I SystemUi--Statusbar: CapsulePluginContainerController-->hiddenStatusBarIconView: null
01-10 06:19:28.030 18698 18698 I SystemUi--Statusbar: HiddenIconDispatcherImpl-->setHiddenStatusBarIcon, location: HOME, hiddenIconlist: null
01-10 06:19:28.030 18698 18698 I SystemUi--Statusbar: HiddenIconDispatcherImpl-->setHiddenStatusBarIcon, location: KEYGUARD, hiddenIconlist: null
01-10 06:19:28.030 18698 20966 W PluginSeedling--Track: TrackManager-->mapKey: 3268451924||0|1736486361028, showTime: 1736486361112, keepTime: 6918, screenOnOffList: [0, 6918]
01-10 06:19:28.032 18698 18698 D HWUI    : RenderProxy::destroy: this=0xb40000776a975000, mContext=0xb40000772730b740
01-10 06:19:28.032 18698 18849 D HWUI    : SkiaVulkanPipeline::setSurface: this=0xb40000772a5adf80, surface=NULL
01-10 06:19:28.032 18698 10847 V StaticSDK.AbnormalDao: (#sg_executor-pool-1-thread-4)unregisterAppKillContentObserver,in version 1.1.23-beta-p3-SNAPSHOT
01-10 06:19:28.032 17922 18678 I InputDispatcher: channel '6e3118 SeedlingCard (server)'~ abortBrokenDispatchCycleLocked - notify=false
01-10 06:19:28.033 17922 18678 W InputManager-JNI: Input channel object '6e3118 SeedlingCard (client)' was disposed without first being removed with the input manager!
01-10 06:19:28.033 18698 20966 D PluginSeedling--Track: SeedlingStatisticUtil-->collectCapsuleCardKeepTime capsule_card_keep: {keep_time=6918, show_time=01-10 06:19:21.112, businessName=com.oplus.battery, is_notification=1, isScreenOn=1, state=3, serviceId=268451924, intent_id=0, card_id=0, policy=SYSTEM_POLICY}
