01-10 06:19:21.074 18698 10741 I StaticSDK.UpkExternalManager: (ssdk_cache_dis-1-thread-5)query upkInfo from ums result: serviceId: 268451924, version: 1000001, copyUri: content://com.oplus.pantanal.ums.upk.FileProvider/repo/ff33143e3c9ad87362957d77ff259672f6daeb67a9c9a5742e815af067abfb15_1736237400968.upk, hash: 8a161bb8014f7bae3b986df42d02925cc0c9ad677cad7ede80b4c8baf0c9dcb9,in version 1.1.23-beta-p3-SNAPSHOT [7f0000011736486361028442624295|p_18698_94b87e2@22|p_18698_94b87e2@23|com.android.systemui]
01-10 06:19:21.075 18698 10741 D StaticSDK.UpkBusiness: (ssdk_cache_dis-1-thread-5)query upkInfo from ums,in version 1.1.23-beta-p3-SNAPSHOT [7f0000011736486361028442624295|p_18698_94b87e2@22|p_18698_94b87e2@23|com.android.systemui]
01-10 06:19:21.075 18698 10741 V StaticSDK.UTraceIntentUtils: (ssdk_cache_dis-1-thread-5)StaticSDK_UTrace start spanName:66040,in version 1.1.23-beta-p3-SNAPSHOT [7f0000011736486361028442624295|p_18698_94b87e2@22|p_18698_94b87e2@23|com.android.systemui]
01-10 06:19:21.075 18698 10741 I StaticSDK.OSUtils: (ssdk_cache_dis-1-thread-5)SystemProperties get: key == com.pantanal.server.utrace.switch, defValue == 1,in version 1.1.23-beta-p3-SNAPSHOT [7f0000011736486361028442624295|p_18698_94b87e2@22|p_18698_94b87e2@23|com.android.systemui]
01-10 06:19:21.075 18698 10741 D UTrace.Sdk: start, spanName: 66040 [7f0000011736486361028442624295|p_18698_94b87e2@23|p_18698_94b87e2@24|com.android.systemui]
01-10 06:19:21.075 18698 10741 I StaticSDK.OSUtils: (ssdk_cache_dis-1-thread-5)SystemProperties get: key == com.pantanal.server.utrace.switch, defValue == 1,in version 1.1.23-beta-p3-SNAPSHOT [7f0000011736486361028442624295|p_18698_94b87e2@23|p_18698_94b87e2@24|com.android.systemui]
01-10 06:19:21.075 18698 10741 V StaticSDK.SeedlingSdkDebugUtil: (ssdk_cache_dis-1-thread-5)lastHash = 8a161bb8014f7bae3b986df42d02925cc0c9ad677cad7ede80b4c8baf0c9dcb9, fileHash = 8a161bb8014f7bae3b986df42d02925cc0c9ad677cad7ede80b4c8baf0c9dcb9, isAlwaysUseUmsUpk = false,in version 1.1.23-beta-p3-SNAPSHOT [7f0000011736486361028442624295|p_18698_94b87e2@23|p_18698_94b87e2@24|com.android.systemui]
01-10 06:19:21.075 18698 10741 I StaticSDK.UpkBusiness: (ssdk_cache_dis-1-thread-5)upk is the newest filesDirectoryPath: /data/user_de/0/com.android.systemui/files/upk/a2ed9a1f8bf15c46ee15d09d1f190a821d36f819707ce170ab0c0d58cec882b1/1000001,in version 1.1.23-beta-p3-SNAPSHOT [7f0000011736486361028442624295|p_18698_94b87e2@23|p_18698_94b87e2@24|com.android.systemui]
01-10 06:19:21.075 18698 10741 I StaticSDK.OSUtils: (ssdk_cache_dis-1-thread-5)SystemProperties get: key == com.pantanal.server.utrace.switch, defValue == 1,in version 1.1.23-beta-p3-SNAPSHOT [7f0000011736486361028442624295|p_18698_94b87e2@23|p_18698_94b87e2@24|com.android.systemui]
01-10 06:19:21.075 18698 10741 D UTrace.Sdk: end, completionType: GOAHEAD [7f0000011736486361028442624295|p_18698_94b87e2@23|p_18698_94b87e2@24|com.android.systemui]
01-10 06:19:21.075 24295 24402 D CardWidget_SEEDLING_SUPPORT_SDK(3000004): (ClientChannel-1-thread-1) unObserve observeResStr= card:268451924&0&20
01-10 06:19:21.075 24295 24402 D CardWidget_SEEDLING_SUPPORT_SDK(3000004): (ClientChannel-1-thread-1) 收到unObserve指令 = card:268451924&0&20
01-10 06:19:21.075 24295 24402 D CardWidget_SEEDLING_SUPPORT_SDK(3000004)_SeedlingCardCache: (ClientChannel-1-thread-1) removeCardByWidgetCode widgetCode=card:268451924&0&20 seedlingCard=null
01-10 06:19:21.075 18698 10741 I SDP.SysUi.AppUtils:  getAppVersion pkgName:com.oplus.pantanal.ums versionCode:15000119, costTime:0[ssdk:v1.2.56-932c039,sdplugin:v15.0.69-dc9783bb]
01-10 06:19:21.075 18698 10741 I SDP.SysUi.SeedlingManager:  268451924&1&20_sid=268451924_rk=fbb948,startSeedling status_bar[8,20] 268451924, umsVersion:15000119, query from static sdk done, latest upkEntity:serviceId=268451924,packageName=null,label=null,versionCode=1000001,versionName=null,filesDirectoryPath=/data/user_de/0/com.android.systemui/files/upk/a2ed9a1f8bf15c46ee15d09d1f190a821d36f819707ce170ab0c0d58cec882b1/1000001,clickJsonString=null,hostPackageName=com.oplus.battery,hostComponentName=com.oplus.powermanager.chargeSeedling.ChargeSeedlingCardProvider,lastLaunchTime=1736484857776,installTime=1736484857728[ssdk:v1.2.56-932c039,sdplugin:v15.0.69-dc9783bb]
01-10 06:19:21.075 18698 10741 I PantaCard.SysUi.SeedlingSdkInterface:  shouldInterruptCreatingCard:false[sdk:v1.2.56-932c039,seed-plugin:v15.0.69-dc9783bb,app:v15.00.11]
01-10 06:19:21.075 18698 10741 I SDP.SysUi.SeedlingManager:  268451924&1&20_sid=268451924_rk=fbb948,not interrupt startSeedling,because shouldInterruptCreatingCard return false.[ssdk:v1.2.56-932c039,sdplugin:v15.0.69-dc9783bb]
01-10 06:19:21.075 18698 10741 D UTrace.Sdk: addSpanTags, tags: {entrance=status_bar[8,20], seedlingIntent=SeedlingIntent[serviceId:268451924;cardSizeList:[7];timestamp:1736486361028;isSubscribe:false;isAbnormal:false;initDataSize:0;policyName:;originServiceInfo_id:268451924;originServiceInfo_sizeToCardType:{7=268451924};isEntranceTriggerCardClick:true], upkEntity=x8.b@4abf1c5} [7f0000011736486361028442624295|p_18698_5e03e6f@25|p_18698_94b87e2@18|com.android.systemui]
01-10 06:19:21.075 18698 10741 D UTrace.Sdk: end, completionType: GOAHEAD [7f0000011736486361028442624295|p_18698_5e03e6f@25|p_18698_94b87e2@18|com.android.systemui]
01-10 06:19:21.076 18698 18698 I SDP.SysUi.BaseSeedling:  268451924&1&20_sid=268451924_rk=fbb948,init isUseLiveDataToNotify= true[ssdk:v1.2.56-932c039,sdplugin:v15.0.69-dc9783bb] [7f0000011736486361028442624295|p_18698_5e03e6f@25|p_18698_94b87e2@18|com.android.systemui]
01-10 06:19:21.076 18698 18698 I SDP.SysUi.SeedlingManager:  268451924&1&20_sid=268451924_rk=fbb948,startSeedling, entrance:status_bar[8,20], serviceId:268451924 upkVersionHelper is null, ignore[ssdk:v1.2.56-932c039,sdplugin:v15.0.69-dc9783bb] [7f0000011736486361028442624295|p_18698_5e03e6f@25|p_18698_94b87e2@18|com.android.systemui]
01-10 06:19:21.076 18698 18698 D UTrace.Sdk: start, spanName: 3100 [7f0000011736486361028442624295|p_18698_5e03e6f@27|p_18698_94b87e2@25|com.android.systemui]
01-10 06:19:21.076 18698 18698 I SDP.SysUi.BaseSeedling:  268451924&1&20_sid=268451924_rk=fbb948,load entrance:status_bar[8,20], serviceId:268451924, engineType:LITE load begin, versionCode:1000001, hostPackageName:com.oplus.battery[ssdk:v1.2.56-932c039,sdplugin:v15.0.69-dc9783bb] [7f0000011736486361028442624295|p_18698_5e03e6f@27|p_18698_94b87e2@25|com.android.systemui]
01-10 06:19:21.076 18698 18698 I SDP.SysUi.ParseUtil:  268451924&1&20_sid=268451924_rk=fbb948,parseClickJson enter,clickContent:null[ssdk:v1.2.56-932c039,sdplugin:v15.0.69-dc9783bb] [7f0000011736486361028442624295|p_18698_5e03e6f@27|p_18698_94b87e2@25|com.android.systemui]
01-10 06:19:21.076 18698 18698 I SDP.SysUi.BaseSeedling:  268451924&1&20_sid=268451924_rk=fbb948,load entrance:status_bar[8,20], serviceId:268451924, engineType:LITE,parse click json cost 0 ms[ssdk:v1.2.56-932c039,sdplugin:v15.0.69-dc9783bb] [7f0000011736486361028442624295|p_18698_5e03e6f@27|p_18698_94b87e2@25|com.android.systemui]
01-10 06:19:21.076 20907 10742 D AdvertisingIdClient: AdvertisingIdClient already created.
01-10 06:19:21.076 20907 10742 D AdvertisingIdClient: AdvertisingIdClient is not bounded. Starting to bind it...
01-10 06:19:21.076 18698 18698 I SDP.SysUi.EngineViewProxy:  268451924&1&20_sid=268451924_rk=fbb948,buildExtraDataToEngine extraDataToEngine = null , extraDataToEngineList.size = 1[ssdk:v1.2.56-932c039,sdplugin:v15.0.69-dc9783bb] [7f0000011736486361028442624295|p_18698_5e03e6f@27|p_18698_94b87e2@25|com.android.systemui]
01-10 06:19:21.076 18698 18698 I SDP.SysUi.BaseSeedling:  268451924&1&20_sid=268451924_rk=fbb948,createEngineViewMap, entrance:status_bar[8,20], begin create seedling:268451924, validCardSizeList:[7], engineType:LITE[ssdk:v1.2.56-932c039,sdplugin:v15.0.69-dc9783bb] [7f0000011736486361028442624295|p_18698_5e03e6f@27|p_18698_94b87e2@25|com.android.systemui]
01-10 06:19:21.077 18698 18698 I SDP.SysUi.BaseSeedling:  268451924&1&20_sid=268451924_rk=fbb948,load entrance:status_bar[8,20], serviceId:268451924, engineType:LITE,begin updateCardInfo,size= 7, info = t6.b$b@43e271a [ssdk:v1.2.56-932c039,sdplugin:v15.0.69-dc9783bb] [7f0000011736486361028442624295|p_18698_5e03e6f@27|p_18698_94b87e2@25|com.android.systemui]
01-10 06:19:21.077 18698 18698 D SDP.SysUi.EngineViewProxy:  268451924&1&20_sid=268451924_rk=fbb948_7,entranceType:8[ssdk:v1.2.56-932c039,sdplugin:v15.0.69-dc9783bb] [7f0000011736486361028442624295|p_18698_5e03e6f@27|p_18698_94b87e2@25|com.android.systemui]
01-10 06:19:21.077 18698 18698 I SDP.SysUi.EngineViewProxy:  268451924&1&20_sid=268451924_rk=fbb948_7,updateCardInfo,info = ULECardInfo{cardMode='notification_sm', topLeftRadius=0, topRightRadius=0, bottomRightRadius=0, bottomLeftRadius=0, cardWidth=0.0, cardHeight=0.0, cardEntrance=StatusBar, deviceType=DEVICE_TYPE_PHONE, category='null', isEntranceTriggerCardClick=true, extraInfo={capsuleCoverCameraHole=true, entranceDrawRadiusAndStroke=false, entranceDrawBackground=0}}[ssdk:v1.2.56-932c039,sdplugin:v15.0.69-dc9783bb] [7f0000011736486361028442624295|p_18698_5e03e6f@27|p_18698_94b87e2@25|com.android.systemui]
01-10 06:19:21.077 18698 18698 I SDP.SysUi.BaseSeedling:  268451924&1&20_sid=268451924_rk=fbb948,load entrance:status_bar[8,20], serviceId:268451924, engineType:LITE,updateCardInfo cost 1 ms[ssdk:v1.2.56-932c039,sdplugin:v15.0.69-dc9783bb] [7f0000011736486361028442624295|p_18698_5e03e6f@27|p_18698_94b87e2@25|com.android.systemui]
01-10 06:19:21.077 18698 18698 D SDP.SysUi.BaseSeedling:  268451924&1&20_sid=268451924_rk=fbb948,load entrance:status_bar[8,20], serviceId:268451924, engineType:LITE,engineViewMap:{7=[EngineViewProxy(standard=null, lite=n7.b1{67cc24b V.E...... ......I. 0,0-0,0 alpha=1.0 viewInfo = }, remote=null)]}[ssdk:v1.2.56-932c039,sdplugin:v15.0.69-dc9783bb] [7f0000011736486361028442624295|p_18698_5e03e6f@27|p_18698_94b87e2@25|com.android.systemui]
01-10 06:19:21.077 18698 18698 I SDP.SysUi.BaseSeedling:  268451924&1&20_sid=268451924_rk=fbb948,createClient:serviceId:268451924[ssdk:v1.2.56-932c039,sdplugin:v15.0.69-dc9783bb] [7f0000011736486361028442624295|p_18698_5e03e6f@27|p_18698_94b87e2@25|com.android.systemui]
01-10 06:19:21.077 18698 18698 D SDP.SysUi.BaseSeedling:  268451924&1&20_sid=268451924_rk=fbb948,createLoadResultCallback.serviceId:268451924[ssdk:v1.2.56-932c039,sdplugin:v15.0.69-dc9783bb] [7f0000011736486361028442624295|p_18698_5e03e6f@27|p_18698_94b87e2@25|com.android.systemui]
01-10 06:19:21.077 18698 18698 I SDP.SysUi.ParseUtil:  268451924&1&20_sid=268451924_rk=fbb948,parseClickJson enter,clickContent:null[ssdk:v1.2.56-932c039,sdplugin:v15.0.69-dc9783bb] [7f0000011736486361028442624295|p_18698_5e03e6f@27|p_18698_94b87e2@25|com.android.systemui]
01-10 06:19:21.077 18698 18698 I SDP.SysUi.BaseSeedling:  268451924&1&20_sid=268451924_rk=fbb948,setUleClickListener entrance:status_bar[8,20], serviceId:268451924, engineType:LITE, isEntranceTriggerCardClick = true,do not setOnClickListener to uleView.[ssdk:v1.2.56-932c039,sdplugin:v15.0.69-dc9783bb] [7f0000011736486361028442624295|p_18698_5e03e6f@27|p_18698_94b87e2@25|com.android.systemui]
01-10 06:19:21.077 18698 18698 I SDP.SysUi.BaseSeedling:  268451924&1&20_sid=268451924_rk=fbb948,getInitDataFromIntent,yyy91XM6ICZpxWY2JCLyojIlBXeU5WYwNnIsISf3IjOiwVZj5WZ1FXZzJCXsICXmZTZzATZ18FO5YDOx8FciwlOiwFRJ5WYwNnIctnI6ICduVmchBnIsISf1IjOiwVZj5WZ1FXZzJCXsICXyU2N4IGN58FO5YDOx8FciwlOiwFRJ5WYwNnIctnI6ICduVmcyV3YiwiI1kjM0IjNyQDN4IDMxYzM2gDN2MzNxEDMwADMwY2NiojIElUZjFmc0Jye9QHelRnbvNEduVGdulUZjFmcUVHIsgXZk5WavMXZnFGc9QWSldWYwBCL91nIiojInJ0dllmVldmchh2YiwiIzEDRCBDMjIiOiI3bs92Qldmchh2YiwiInZ3cuADMx8FblZXZs9VeyVGd0FmYvw1cldWYtl2LcNHdlN3chJiOiwWZ2VGT5JXZ0RXYiJCLiUCoCDDMxIiOiwWZ2VGTldmchh2YiwiIfV2ZyFGaj9VeyVGd0FmYvw1cldWYtl2LcNHdlN3chJiOiU2Zh1WSldmchh2YiwiIn5WauRGZhxkI6Iyc1RXY0NVZnJXYoNmIsIiI6Iydvh2UwVWZ3NnIsUWdyRnOic3boNFd4VGdiwSZzxWYmpjI39GaTV2Zh1WaisnOiEGdhREdp5WaisXPhRXYERXaulUblR3c5N3eg0DIhRXYEFmc0hXZxxx[ssdk:v1.2.56-932c039,sdplugin:v15.0.69-dc9783bb] [7f0000011736486361028442624295|p_18698_5e03e6f@27|p_18698_94b87e2@25|com.android.systemui]
01-10 06:19:21.077 18698 18698 I SDP.SysUi.Utils:  268451924&1&20_sid=268451924_rk=fbb948,getInitData, data=,yyy91nIiojInJ0dllmVldmchh2YiwiIzEDRCBDMjIiOiI3bs92Qldmchh2YiwiInZ3cuADMx8FblZXZs9VeyVGd0FmYvw1cldWYtl2LcNHdlN3chJiOiwWZ2VGT5JXZ0RXYiJCLiUCoCDDMxIiOiwWZ2VGTldmchh2YiwiIfV2ZyFGaj9VeyVGd0FmYvw1cldWYtl2LcNHdlN3chJiOiU2Zh1WSldmchh2YiwiIn5WauRGZhxkI6Iyc1RXY0NVZnJXYoNmIsIiI6Iydvh2UwVWZ3NnIsUWdyRnOic3boNFd4VGdiwSZzxWYmpjI39GaTV2Zh1WaisnOiEGdhR2XpVnIs0nI4VGZul2LzV2ZhBnI6ICZJV2ZhBnI7pjIz52bpRHcvJyexxx[ssdk:v1.2.56-932c039,sdplugin:v15.0.69-dc9783bb] [7f0000011736486361028442624295|p_18698_5e03e6f@27|p_18698_94b87e2@25|com.android.systemui]
01-10 06:19:21.077 18698 18698 I SDP.SysUi.BaseSeedling:  268451924&1&20_sid=268451924_rk=fbb948,load entrance:status_bar[8,20], serviceId:268451924, engineType:LITE load with init data, length:290,yyy91nIiojInJ0dllmVldmchh2YiwiIzEDRCBDMjIiOiI3bs92Qldmchh2YiwiInZ3cuADMx8FblZXZs9VeyVGd0FmYvw1cldWYtl2LcNHdlN3chJiOiwWZ2VGT5JXZ0RXYiJCLiUCoCDDMxIiOiwWZ2VGTldmchh2YiwiIfV2ZyFGaj9VeyVGd0FmYvw1cldWYtl2LcNHdlN3chJiOiU2Zh1WSldmchh2YiwiIn5WauRGZhxkI6Iyc1RXY0NVZnJXYoNmIsIiI6Iydvh2UwVWZ3NnIsUWdyRnOic3boNFd4VGdiwSZzxWYmpjI39GaTV2Zh1WaisnOiEGdhR2XpVnIs0nI4VGZul2LzV2ZhBnI6ICZJV2ZhBnI7pjIz52bpRHcvJyexxx[ssdk:v1.2.56-932c039,sdplugin:v15.0.69-dc9783bb] [7f0000011736486361028442624295|p_18698_5e03e6f@27|p_18698_94b87e2@25|com.android.systemui]
01-10 06:19:21.077 18698 18698 I ULELite : [segment][ULEView.StatusBar2notification_sm][i:0]=>b/kc9YxebbgOnrlYxZ+mq2GhKclJpBOApMFKVQCX3xujKr8ZwdQYFS6USldBgRBoKnh9v9o1AMSwnsYQiet3lWJnVJ+F+/LPIiYjLo4EvaREkvF/YbcOrz/htRjSXrrdTwa/iuXBAbiAgYxOO9zIS7OFnXt5hh17r010V0W190QuCDfjkMJTi1qrCziCFhm9MzAvQnVR4OnkQOJsI+ChZkxEwOCfzuDCWQv7khi7l+Mq8d+gQ3SLKeyJzvp7DL4tkvnmCP+Qt8oCuCa9LOt7zC8CZ4mx7Lt70UD3TJrRpzoOPt32M/1mZsxwRIS/hPJ4mheHzya7+VXS7ohc+DsIRy8N1oWAwbc8t/AFPJEyzsNTQOhmEZLD1eOPPcv3eGMF0DkiPEXPUo993+JLUd5uBJsWfG3otwXEWjiwHuWGHj6I0gEoNW8DikxrsGxwXr54RMe4YF2CKP583jgX+u7hTRF0BRpKh2TGw5tUHP0uN/QEpqrb9APUrF+rc3IfgWwedyE/qF5EwD2XGgqvoy1pt33Fxx+2YQpQxwzSaNGEgdeuDhapYQW85fLb1pq1h7/62b+xjZZFvnpG7roPkMX8zKic0mhV/H3plBQirZRbvU4= [7f0000011736486361028442624295|p_18698_5e03e6f@27|p_18698_94b87e2@25|com.android.systemui]
01-10 06:19:21.077 18698 28875 I ULELite : [ULEView.StatusBar2notification_sm] loadOnIOThread bundlePath: /data/user_de/0/com.android.systemui/files/upk/a2ed9a1f8bf15c46ee15d09d1f190a821d36f819707ce170ab0c0d58cec882b1/1000001 category: null cardEntrance: StatusBar cardMode: notification_sm
01-10 06:19:21.077 20907 20922 W OplusExSystemServiceHelper: checkOplusExSystemService intent getComponent is null
01-10 06:19:21.078 18698 18698 D UTrace.Sdk: addSpanTags, tags: {entrance=status_bar[8,20], seedlingIntent=SeedlingIntent[serviceId:268451924;cardSizeList:[7];timestamp:1736486361028;isSubscribe:false;isAbnormal:false;initDataSize:0;policyName:;originServiceInfo_id:268451924;originServiceInfo_sizeToCardType:{7=268451924};isEntranceTriggerCardClick:true], upkEntity=x8.b@4abf1c5, engineType=LITE, initDataSize=290} [7f0000011736486361028442624295|p_18698_5e03e6f@27|p_18698_94b87e2@25|com.android.systemui]
01-10 06:19:21.078 18698 18698 D UTrace.Sdk: end, completionType: GOAHEAD [7f0000011736486361028442624295|p_18698_5e03e6f@27|p_18698_94b87e2@25|com.android.systemui]
01-10 06:19:21.078 18698 10745 D StaticSDK.UpkRepository: (ssdk_io-1-thread-7)updateLaunchTime, serviceId: 268451924,in version 1.1.23-beta-p3-SNAPSHOT
01-10 06:19:21.078 20907 10742 D AdvertisingIdClient: AdvertisingIdClient is bounded
01-10 06:19:21.078 20907 10742 I AdvertisingIdClient: shouldSendLog -1
01-10 06:19:21.078 20907 10742 I AdvertisingIdClient: GetInfoInternal elapse 2ms
01-10 06:19:21.079 18698 28875 I ULELite : [ResourceParser2] resolved locale resources: sv-SE
01-10 06:19:21.079 18698 28875 I ULELite : [ResourceParser2] resolved locale resources: [en-US]
01-10 06:19:21.079 18698 28875 W ULELite : [ResourceParser2] Result is empty, get resource string failed: 
01-10 06:19:21.079 18698 28875 W ULELite : [ResourceParser2] locale is same, no need to update
01-10 06:19:21.079 18698 28875 W ULELite : [ResourceParser2] Result is empty, get resource string failed: 
01-10 06:19:21.080 18698 28875 I ULELite : [JsCardParser.StatusBar2notification_sm] preLoadUriImage begin: 9
01-10 06:19:21.080 18698 28875 I ULELite : [JsCardParser.StatusBar2notification_sm] preLoadUriImage end.
01-10 06:19:21.080 18698 28875 I ULELite : [CardFrontend.StatusBar2notification_sm] loadPage isNeedUpdateOrCreateView true
01-10 06:19:21.080 18698 21382 I StaticSDK.UpkUtils: (#entrance_database)isTooManyUpk, upkEntities size: 8,in version 1.1.23-beta-p3-SNAPSHOT
01-10 06:19:21.080 18698 18698 I ULELite : [CardFrontend.StatusBar2notification_sm] createPageOnUiThread: StatusBar#notification_smisPageChangedfalse
01-10 06:19:21.080 20907 20907 I AdvertisingIdClient: getting error as 17: API: ClientTelemetry.API is not available on this device. Connection failed with: ConnectionResult{statusCode=API_DISABLED, resolution=null, message=null}
01-10 06:19:21.082 18698 18698 E PantaCard.SysUi.InflaterFactory:  onCreateView Exception Didn't find class "FrameLayout" on path: DexPathList[[zip file "/data/user_de/0/com.android.systemui/files/seedlingsdk_plugin/SeedlingSdk.apk"],nativeLibraryDirectories=[/data/user_de/0/com.android.systemui/files/seedlingsdk_plugin/lib_so, /system/lib64, /system_ext/lib64]][sdk:v1.2.56-932c039,seed-plugin:v15.0.69-dc9783bb,app:v15.00.11]
01-10 06:19:21.082 18698 18698 E PantaCard.SysUi.InflaterFactory:  onCreateView Exception Didn't find class "LinearLayout" on path: DexPathList[[zip file "/data/user_de/0/com.android.systemui/files/seedlingsdk_plugin/SeedlingSdk.apk"],nativeLibraryDirectories=[/data/user_de/0/com.android.systemui/files/seedlingsdk_plugin/lib_so, /system/lib64, /system_ext/lib64]][sdk:v1.2.56-932c039,seed-plugin:v15.0.69-dc9783bb,app:v15.00.11]
01-10 06:19:21.082 18698 18698 E PantaCard.SysUi.InflaterFactory:  onCreateView Exception Didn't find class "LinearLayout" on path: DexPathList[[zip file "/data/user_de/0/com.android.systemui/files/seedlingsdk_plugin/SeedlingSdk.apk"],nativeLibraryDirectories=[/data/user_de/0/com.android.systemui/files/seedlingsdk_plugin/lib_so, /system/lib64, /system_ext/lib64]][sdk:v1.2.56-932c039,seed-plugin:v15.0.69-dc9783bb,app:v15.00.11]
01-10 06:19:21.082 18776 18776 E PhoneInterfaceManager: queryModemActivityInfo: invalid response
01-10 06:19:21.083 17922 19359 D TelephonyManager: requestModemActivityInfo: Sending result to app: ModemActivityInfo{ mTimestamp=120920977 mSleepTimeMs=541230 mIdleTimeMs=6446 mActivityStatsTechSpecificInfo=[{mRat=UNKNOWN,mFrequencyRange=UNKNOWN,mTxTimeMs[]=[24, 5839, 5458, 3153, 19904],mRxTimeMs=268624}]}
01-10 06:19:21.084 18698 18698 E PantaCard.SysUi.InflaterFactory:  onCreateView Exception Didn't find class "View" on path: DexPathList[[zip file "/data/user_de/0/com.android.systemui/files/seedlingsdk_plugin/SeedlingSdk.apk"],nativeLibraryDirectories=[/data/user_de/0/com.android.systemui/files/seedlingsdk_plugin/lib_so, /system/lib64, /system_ext/lib64]][sdk:v1.2.56-932c039,seed-plugin:v15.0.69-dc9783bb,app:v15.00.11]
01-10 06:19:21.084 18698 18698 E PantaCard.SysUi.InflaterFactory:  onCreateView Exception Didn't find class "FrameLayout" on path: DexPathList[[zip file "/data/user_de/0/com.android.systemui/files/seedlingsdk_plugin/SeedlingSdk.apk"],nativeLibraryDirectories=[/data/user_de/0/com.android.systemui/files/seedlingsdk_plugin/lib_so, /system/lib64, /system_ext/lib64]][sdk:v1.2.56-932c039,seed-plugin:v15.0.69-dc9783bb,app:v15.00.11]
01-10 06:19:21.084 18698 18698 E PantaCard.SysUi.InflaterFactory:  onCreateView Exception Didn't find class "LinearLayout" on path: DexPathList[[zip file "/data/user_de/0/com.android.systemui/files/seedlingsdk_plugin/SeedlingSdk.apk"],nativeLibraryDirectories=[/data/user_de/0/com.android.systemui/files/seedlingsdk_plugin/lib_so, /system/lib64, /system_ext/lib64]][sdk:v1.2.56-932c039,seed-plugin:v15.0.69-dc9783bb,app:v15.00.11]
01-10 06:19:21.084 18698 18698 E PantaCard.SysUi.InflaterFactory:  onCreateView Exception Didn't find class "LinearLayout" on path: DexPathList[[zip file "/data/user_de/0/com.android.systemui/files/seedlingsdk_plugin/SeedlingSdk.apk"],nativeLibraryDirectories=[/data/user_de/0/com.android.systemui/files/seedlingsdk_plugin/lib_so, /system/lib64, /system_ext/lib64]][sdk:v1.2.56-932c039,seed-plugin:v15.0.69-dc9783bb,app:v15.00.11]
01-10 06:19:21.085 18698 18698 I ULELite : [ULEView.StatusBar2notification_sm] TIMELINE createView customView = c8.h{67e8aca V.E...... ......I. 0,0-0,0 alpha=1.0 viewInfo = }, isPageChange:false
01-10 06:19:21.085 18698 18698 I ULELite : [ImmediateReminderView] attachEngine begin
01-10 06:19:21.085 18698 18698 I ULELite : [TemplateViewDouble1x22] setTemplateBackground entranceDrawBackground = 0
01-10 06:19:21.086 17922 17922 D EnvelopeDetectorController: isEnvelopeAssistantEnabled isCancelNotification: true currentUserId: 0 userId: 0
01-10 06:19:21.089 17922 17922 D EnvelopeDetectorController: isEnvelopeAssistantEnabled isCancelNotification: true currentUserId: 0 userId: 0
01-10 06:19:21.093 18698 18698 I ULELite : [ImmediateReminderView] updateData begin
01-10 06:19:21.093 18698 21382 I StaticSDK.UpkUtils: (#entrance_database)isTooManyUpk, dir size: 1001806,in version 1.1.23-beta-p3-SNAPSHOT
01-10 06:19:21.093 18698 18698 I ULELite : [TemplateViewDouble1x22] TemplateViewDouble1x2 updateData blockViewUpdate=false hasPendingData=false
01-10 06:19:21.093 18698 21382 I StaticSDK.UpkDaoRoomImpl: (#entrance_database)database changed, isTooManyUpk: false,in version 1.1.23-beta-p3-SNAPSHOT
01-10 06:19:21.093 18698 18698 I ULELite : [segment][TemplateViewDouble1x22][i:0]=>lWQEvbbPUsIArmf4vVyz2MIyumxs1TUlpE7n5euTuWGf8nmnH3MVrqAQEwyL+JxeZcT8MwgsI0mGu442GtICstMwmlxiwu0PcJtjg7/i6HvdNToWvypTn39yn86zMaZS8M3SLSbn3GjZYiq0KBsKNP+7Yst9mjhc7voaQX6GujW1wQyKA4vEcLz5O4+pog/70vd75+0TDri/MfeTKwmLZgGsPaLGtVOTe0yaaQL7KUhGdUZkpUcaU88L7VfzFwpzQXxMUTldWIUp/qryOGhL5BvwL9Kvm1Uidn4scWR8MbK8/+TVsEYS3pP+KVkXWJupk8Md+RhCTCoG67xIfw7A5f6NAtErH60M88iaOPPWRXWE1Ms570YIuihOksFL+lXrjVOwTmMqNsaMPUVE3SgFmVilYtOB4RRcZLKJLZXx6KV+e9VQdLtY4dipLQSsQOkewjLoQEFvM0SioWy5oF9FY+iTdKZ7J9bWw/RAgCIWEuZINtSO2BR6BDI88qqs1cYvvD5Ti6XAs3tq+EP6yRRbgWJ0yVSZq5lKLP9qra53et3x7rJcJKvjYbakg3sch5S53yxChuaz6dWCFB0WONKDghho1zY203nRkinT0yZK5FEUKkA/UsdkaBsuL0gXjp7aTXo6z3xF+4C0X9GmzQd0eH8XMxkH0eG96+ZBg8JHKTgfhpv4Xg9IynBh94DWWSShIZt6sgVx9AZIdhX37Sx1ZhOc41lEvBhbkloI8mhuHiOdP8MwALQoLqFGkwCnIAZPmehwRcD8O1kxAch3SRaT81Kvlx1mcneh2APBfTLRwbXSuJzhf3hHkC4qZDS+YWvAjca0Tj7qZzSmvW1nljKd2xVaFUyEsKdDkUi0FhmrAnHGdnqOcQ6vhcaBLTrQq1ZKhE7vXn9lToPA08eKHPwCgnKR6NDsy0v8tvhs8oFt/7x5WTku1eVgHtp8n3j+DVqp5nSWhCTw9Voib6gJvfAM0N+k1o+5H2QGotWwhUUMwsxKplAV3N3r58zwFGPYLPPoqfidjViUUBAC1v0i1WAwHvczQdxbh18nbRy5tSIY82OX5JtolLBccu8vsci7lrW/0NdNnbQmtWhCZrkSThKHxq5/vO7cfaLUhRzPss+Ll3RE/NVlohmlT68dWCNGu0O8cSPn0EeH5D2EbddjtOz/EmkulY5EAYSCb9dlZiBCjSkF6pwR3+qwkacXwOuAoAvCjMd0s7yHJF4nSuAqv78iF5CnImk97F9X7mg3GfUKZzVy7r/n/S6Z+0QNzM+rrzM1MV2B6uYZdG4n67OlITp4z3VE6G0tc8Jg4C62ODLsIPys2awRokL3fNebZ96nlQOSKMYNnrzgDLLE2m1RPT8RCszE0/8s4hnK8OWSgadILMRqmtLwVh8VNUot8++driSJxMCLkkA333Q+F72XaLDaLgkN2sX1JujfbaSOSHNBzh9bg0bRvQDTewej3nyMl1V7suNxbNRE9r9ge8SeSZtf0UkOaZNbJRiakjv9YVadzuml/AObwKrc/KgtbSwiiPor1BRVuLzxO/1PkbiMmg4mr4mVMme5hJysI/pL4qIpNeERdqgcKSKrOF/l39WCMJkrToMw6OCYXgrm4Angdiaat37yU3RX67VINkujW2jGVPG9Fs4N7ng9qYQ3Ax8TxkdgPirYkOKkC0uytiQzgF9bnMLx/TfqwiGwIbLZKSvup9dCLCEXfrUhJsnOXq30bTH9AydDpSnH/dLcEfs9FE5WVu2MlebPOZrVDj/oncVXWuTVHlOUFrPUss+RT6wI4N2WveElK4xKqvU78Hu2yNDwOyjcuiagnmHwqvkwNEjlUArTKFNBGsfoPUQDRSQw9gWP4G5hZSOP7E1dURPj/fncoCpEn8aHSlXRyavU+crRHe9DYn79LJ6BhykBED0MGH9ACfpBoYwkLcKl16VFxVXfxY2EEBCjSY+yd9Z+SglsCx8nIJInYFzSaqCvEdE5IjkhYKNhaWuBXTJ/QXZZJsrBiMCONtV+VI60KtYuGZKcK2n0P6t/r5W1TzP59uoxeLkby9ZXjql+rqVxuxnoT4W8mT3vr7k2WTP4022euZx0mH5fYO8K9HdbBgudeLLYbB26dKoWx1+WP4sYSMqP4YUVwJ0f3cCPqh4DH75CS+qKQtZWeWpnPdIvzS8smkZMOp5J005J94fSX73hZ5KslqfXBbpSHw2qjyh7BMMeG2YiwCW2thuK8qGCma5xXwYZCvTNwNUoIdZxRFnVPdc4xni4EKvtOALBvtVKIa8LvKkSR2/urLBZECf0ZGD8SVhdZwkL9CBJlpPIccManY//7sEmzQ==
01-10 06:19:21.093 18698 18698 I ULELite : [TemplateViewDouble1x22] childNodes: [Text{textColor=-16728813, textDarkColor=0, charSequence=null, spanString=null, transformEffect=fade, nodeId=4, level='B', type='text', value='Laddning', textWidth='0', shown='true', voiceLabel='null', isMilestone='false', isFirstLoad='false', maxLines='1', play='update', privacyMode='false', privacyData='null', classList='[]', fontWeight='null', marqueeRepeatLimit='1', preCountDownTime: ', countDownTime: '}] childNodesRight: [Text{textColor=-16728813, textDarkColor=0, charSequence=null, spanString=null, transformEffect=fade, nodeId=6, level='B0', type='text', value='100 %', textWidth='0', shown='true', voiceLabel='null', isMilestone='false', isFirstLoad='false', maxLines='1', play='update', privacyMode='false', privacyData='null', classList='[]', fontWeight='null', marqueeRepeatLimit='1', preCountDownTime: ', countDownTime: '}, Image{imageAlt='null', nodeId=7, level='A0', type='image', value='assets/images/battery_level_100.svg', shown=true, expandedSize='', rotat
01-10 06:19:21.093 18698 18698 I ULELite : [TemplateViewDouble1x22] left change: leftContentType: B lastLeftType: null rightContentType: BA lastRightType: null
01-10 06:19:21.093 18698 18698 I ULELite : [TemplateViewDouble1x22] right change: leftContentType: B lastLeftType: B rightContentType: BA lastRightType: null
01-10 06:19:21.093 18698 18698 I ULELite : [TemplateViewSwitcher] setTextSize size=12.0
01-10 06:19:21.093 18698 18698 I ULELite : [TemplateViewSwitcher] setTextSize size=12.0
01-10 06:19:21.093 18698 18698 I ULELite : [TemplateViewDouble1x22] size: left_A_Width=0
01-10 06:19:21.093 18698 18698 I ULELite : [NumberFlipView] setNumberFixedWidth: true
01-10 06:19:21.094 18698 18698 I ULELite : [NumberFlipView] getCalculatedWidth content= Laddning, contentMeasuredWidth131.0, adjustedContent=Laddning
01-10 06:19:21.094 18698 18698 I ULELite : [TemplateViewDouble1x22] size: right_A_Width=59
01-10 06:19:21.094 18698 18698 I ULELite : [NumberFlipView] setNumberFixedWidth: true
01-10 06:19:21.095 18698 18698 I ULELite : [NumberFlipView] getCalculatedWidth content= 100 %, contentMeasuredWidth86.0, adjustedContent=100 %
01-10 06:19:21.095 18698 18698 I ULELite : [TemplateViewDouble1x22] setRootLayoutParams capsuleWidth=429, capsuleHeight=79
01-10 06:19:21.095 18698 18698 I ULELite : [TemplateViewDouble1x22] rootPaddingChanged
01-10 06:19:21.095 18698 18698 I ULELite : [TemplateViewDouble1x22] setPictureData pictureData= nullisLeft: true views: nullnullnull
01-10 06:19:21.095 18698 18698 I ULELite : [TemplateViewDouble1x22] setPictureData pictureData= PictureData{bitmap=Image{imageAlt='null', nodeId=7, level='A0', type='image', value='assets/images/battery_level_100.svg', shown=true, expandedSize='', rotate='null', voiceLabel=null', displayAnimation=null', sweepLightEffect='}, lottieData=null, widgetData=null, spectrumComponet=null, isShown=true}isLeft: false views: nullnullnull
01-10 06:19:21.095 18698 18698 I ULELite : [TemplateViewDouble1x22] setPictureData lastSize: 0 curSize: 53
01-10 06:19:21.095 18698 18698 E ULELite : [CompareHelper] UNEXPECTED: Component is old empty
01-10 06:19:21.095 18698 18698 E ULELite : [CompareHelper] UNEXPECTED: Component is old empty
01-10 06:19:21.095 18698 18698 I ULELite : [TemplateViewSwitcher] isNeedMark: false, notifyCanStartAnimation=true, size=12.0, transformEffect=fade, isShown=false
01-10 06:19:21.095 18698 18698 I ULELite : [NumberFlipView] getCalculatedWidth content= Laddning, contentMeasuredWidth131.0, adjustedContent=Laddning
01-10 06:19:21.095 18698 18698 I ULELite : [NumberFlipView] setText value=Laddning, width=131, contentMeasuredWidth131.0, adjustedContent=Laddning
01-10 06:19:21.095 18698 18698 E ULELite : [CompareHelper] UNEXPECTED: Component is old empty
01-10 06:19:21.095 18698 18698 I ULELite : [TemplateViewSwitcher] isNeedMark: false, notifyCanStartAnimation=true, size=12.0, transformEffect=fade, isShown=false
01-10 06:19:21.095 18698 18698 I ULELite : [NumberFlipView] getCalculatedWidth content= 100 %, contentMeasuredWidth86.0, adjustedContent=100 %
01-10 06:19:21.095 18698 18698 I ULELite : [NumberFlipView] setText value=100 %, width=86, contentMeasuredWidth86.0, adjustedContent=100 %
01-10 06:19:21.095 18698 18698 I ULELite : [TemplateViewDouble1x22] init : entranceDrawRadiusAndStroke=false strokeColor=null
01-10 06:19:21.095 18698 18698 I ULELite : [TemplateViewDouble1x22] TemplateViewDouble1x2 updateData finish
01-10 06:19:21.095 18698 18698 I ULELite : [NumberFlipView] getCalculatedWidth content= 100 %, contentMeasuredWidth86.0, adjustedContent=100 %
01-10 06:19:21.095 18698 18698 I ULELite : [NumberFlipView] setText value=100 %, width=86, contentMeasuredWidth86.0, adjustedContent=100 %
01-10 06:19:21.095 18698 18698 I ULELite : [TemplateViewDouble1x22] size: left_A_Width=0
01-10 06:19:21.095 18698 18698 I ULELite : [NumberFlipView] setNumberFixedWidth: true
01-10 06:19:21.095 18698 18698 I ULELite : [NumberFlipView] getCalculatedWidth content= Laddning, contentMeasuredWidth131.0, adjustedContent=Laddning
01-10 06:19:21.096 18698 18698 I ULELite : [TemplateViewDouble1x22] size: right_A_Width=59
01-10 06:19:21.096 18698 18698 I ULELite : [NumberFlipView] setNumberFixedWidth: true
01-10 06:19:21.096 18698 18698 I ULELite : [NumberFlipView] getCalculatedWidth content= 100 %, contentMeasuredWidth86.0, adjustedContent=100 %
01-10 06:19:21.096 18698 18698 E ThemeUtils: View class androidx.constraintlayout.utils.widget.ImageFilterView is an AppCompat widget that can only be used with a Theme.AppCompat theme (or descendant).
01-10 06:19:21.096 18698 18698 E ULELite : [CompareHelper] UNEXPECTED: Component is old empty
01-10 06:19:21.096 18698 18698 I ULELite : [ImageUtils] setImageViewByData show the bitmap: androidx.constraintlayout.utils.widget.ImageFilterView{5a0e970 V.ED..... ......I. 0,0-0,0 alpha=1.0 viewInfo = } : 94431600 : android.graphics.Bitmap@d2d8fb3, res:assets/images/symmetry_logo.png
01-10 06:19:21.100  2153  2418 I SDM     : DisplayBase::CommitThread: Received idle timeout, panel: cmd, timeout: 70000 us
01-10 06:19:21.103  3497  3497 D aidl_vibrator: Vibrator off
01-10 06:19:21.103 18698 18698 I ULELite : [ULEView.StatusBar2notification_sm] handleLoadPageResult OKctx:null
01-10 06:19:21.103 18698 18698 I ULELite : [ULEView.StatusBar2notification_sm] notifyEntranceUpdateDataFinish no listener. type: firstLoadPageresult: 0
01-10 06:19:21.103 18698 18698 I SDP.SysUi.LiteClient:  268451924&1&20_sid=268451924_rk=fbb948,onReadyToDrawFirstFrame invoked from engine, viewTag:ViewTagInfo(entrance=status_bar[8,20], serviceId=268451924, cardSizeInEngine=notification_sm, index=0, realEngineTypeName=LITE, hashCode=122930216), view:n7.b1{67cc24b V.E...... ......I. 0,0-0,0 alpha=1.0 viewInfo = }[ssdk:v1.2.56-932c039,sdplugin:v15.0.69-dc9783bb]
01-10 06:19:21.103 18698 18698 D UTrace.Sdk: start, spanName: 3205 [7f0000011736486361028442624295|p_18698_94b87e2@25|p_18698_94b87e2@26|com.android.systemui]
01-10 06:19:21.104 18698 18698 W SDP.SysUi.BaseSeedling:  268451924&1&20_sid=268451924_rk=fbb948,report startSeedling result:success!, entrance:status_bar[8,20], serviceId:268451924, versionCode:1000001, viewTag:ViewTagInfo(entrance=status_bar[8,20], serviceId=268451924, cardSizeInEngine=notification_sm, index=0, realEngineTypeName=LITE, hashCode=122930216), allValidSize:[7][ssdk:v1.2.56-932c039,sdplugin:v15.0.69-dc9783bb] [7f0000011736486361028442624295|p_18698_94b87e2@25|p_18698_94b87e2@26|com.android.systemui]
01-10 06:19:21.104 18698 18698 I SDP.SysUi.AbnormalCenter:  register[ssdk:v1.2.56-932c039,sdplugin:v15.0.69-dc9783bb] [7f0000011736486361028442624295|p_18698_94b87e2@25|p_18698_94b87e2@26|com.android.systemui]
01-10 06:19:21.105 18585 18608 I [0]DCS-StrategyManager: isNeedUpload: cache, type: 2006, appID: 118102, logTag: event_tag, eventID: seedling_card_load
01-10 06:19:21.106 18585 18608 I [0]DCS-StrategyManager: isNeedUpload: cache, type: 2006, appID: 118102, logTag: event_tag, eventID: seedling_card_load
01-10 06:19:21.111 17922 20648 D OplusWindowManagerServiceEnhance: getScreenshot
01-10 06:19:21.111 17922 20648 V OplusWindowManagerService: getScreenshot options is :OplusScreenShotOptions { mLayer = null, mExcludeLayers = [Landroid.view.SurfaceControl;@f8b0f5, mExcludeWindows = null, mTasks = null, mSourceCrop = Rect(0, 0 - 1080, 158), mFullDisplay = true, mDisplayId = 0, mScaleIndex = -1.0}
01-10 06:19:21.113  2431  2687 D SurfaceFlinger: captureLayers from pid 17922 uid -1
01-10 06:19:21.113  2431  2715 I SurfaceFlinger: [SF client] NEW(0xb400007b34535400) for (18698:com.android.systemui)
01-10 06:19:21.114  2150  2232 I SnapAlloc: Using graphics libs for alignment calculations
01-10 06:19:21.114 17922 17940 D PhoneWindowManagerExtImpl: checkAddPermission: com.oplus.permission.safe.WINDOW OKAY packageName = com.android.systemui
01-10 06:19:21.116 17922 17940 I WindowManager: addWindow: New client android.os.BinderProxy@24c2e8a : window=Window{6e3118 u0 SeedlingCard}
01-10 06:19:21.118 20663 20678 I Channel.Client[1000032].ums.ChannelClientProvider: call, clientProxy=com.oplus.channel.client.ClientProxy@da7e9d2, clientName=seedling_client_statusbar
01-10 06:19:21.119 20663 20678 I Channel.Client[1000032].ums.ChannelClientProvider: call, clientProxy=com.oplus.channel.client.ClientProxy@da7e9d2, clientName=seedling_client_statusbar
01-10 06:19:21.121 20907 10757 D TrafficStats: tagSocket(164) with statsTag=0x20009500, statsUid=10166
01-10 06:19:21.121 20663 22227 I CardService[500].UiDataChannelPolicy: 268451924&1&20_sid=268451924_rk=fbb948_sk=34c6b7 request: cardAction = {life_circle=subscribed, service_id=268451924, card_create_type=2, card_size=1000, seedling_entrance=8, page_id=pages/index.json, upk_version_code=1000001, card_unique_key=268451924&1&20_sid=268451924_rk=fbb948_sk=34c6b7, is_support_multi_instance=false, service_instance_id=}
01-10 06:19:21.121 20663 22227 I CardService[500].CardServiceImpl: 268451924&1&20_sid=268451924_rk=fbb948_sk=34c6b7 requestCardAction, action = {life_circle=subscribed, service_id=268451924, card_create_type=2, card_size=1000, seedling_entrance=8, page_id=pages/index.json, upk_version_code=1000001, card_unique_key=268451924&1&20_sid=268451924_rk=fbb948_sk=34c6b7, is_support_multi_instance=false, service_instance_id=}
01-10 06:19:21.121 20663 22221 I CardService[500].CardServiceImpl: 268451924&1&20_sid=268451924_rk=fbb948_sk=34c6b7 requestCardAction, action = {life_circle=subscribed, service_id=268451924, card_create_type=2, card_size=1000, seedling_entrance=8, page_id=pages/index.json, upk_version_code=1000001, card_unique_key=268451924&1&20_sid=268451924_rk=fbb948_sk=34c6b7, is_support_multi_instance=false, service_instance_id=}, card = Card(cardIdentify=CardIdentify(cardIndex=1, cardType=268451924, hostId=20, cardCreateType=2, cardEntrance=8)),hadNotScanned:false
01-10 06:19:21.121 20663 22227 I CardService[500].UiDataChannelPolicy: 268451924&1&20_sid=268451924_rk=fbb948_sk=ed7ebf request: cardAction = {life_circle=create, service_id=268451924, card_create_type=2, card_size=1000, seedling_entrance=8, page_id=pages/index.json, upk_version_code=1000001, card_unique_key=268451924&1&20_sid=268451924_rk=fbb948_sk=ed7ebf, is_support_multi_instance=false, service_instance_id=}
01-10 06:19:21.121 20663 22221 I CardService[500].Card: 268451924&1&20_sid=268451924_rk=fbb948 requestAction: start tryRunAction = {life_circle=subscribed, service_id=268451924, card_create_type=2, card_size=1000, seedling_entrance=8, page_id=pages/index.json, upk_version_code=1000001, card_unique_key=268451924&1&20_sid=268451924_rk=fbb948_sk=34c6b7, is_support_multi_instance=false, service_instance_id=}
01-10 06:19:21.121 20663 22221 I CardService[500].Card: 268451924&1&20_sid=268451924_rk=fbb948 requestAction: end tryRunAction = Action(shouldForceFetch=false, shouldNotify=false, action=2, extraParams={life_circle=subscribed, service_id=268451924, card_create_type=2, card_size=1000, seedling_entrance=8, page_id=pages/index.json, upk_version_code=1000001, card_unique_key=268451924&1&20_sid=268451924_rk=fbb948_sk=34c6b7, is_support_multi_instance=false, service_instance_id=})
01-10 06:19:21.121 20907 10759 D TrafficStats: tagSocket(165) with statsTag=0x9602, statsUid=10166
01-10 06:19:21.121 20663 22221 I CardService[500].CardDataChannelImpl: 268451924&1&20_sid=268451924_rk=fbb948 requestCardAction, action = 2, extras = {life_circle=subscribed, service_id=268451924, card_create_type=2, card_size=1000, seedling_entrance=8, page_id=pages/index.json, upk_version_code=1000001, card_unique_key=268451924&1&20_sid=268451924_rk=fbb948_sk=34c6b7, is_support_multi_instance=false, service_instance_id=}, protocol=2, shouldForceFetch=false, shouldNotify=false
01-10 06:19:21.121 20663 22221 I Channel.Server[1000032].ums.ClientProxyImpl(hargeSeedling.ChargeSeedlingCardProvider): request, businessTag=268451924&1&20_sid=268451924_rk=fbb948, extra = [subscribed, 268451924, 2, 1000, 8, pages/index.json, 1000001, 268451924&1&20_sid=268451924_rk=fbb948_sk=34c6b7, false, ], shouldForceFetch=false, shouldNotify=false, this=23062476
01-10 06:19:21.121 20663 22227 I CardService[500].CardServiceImpl: 268451924&1&20_sid=268451924_rk=fbb948_sk=ed7ebf requestCardAction, action = {life_circle=create, service_id=268451924, card_create_type=2, card_size=1000, seedling_entrance=8, page_id=pages/index.json, upk_version_code=1000001, card_unique_key=268451924&1&20_sid=268451924_rk=fbb948_sk=ed7ebf, is_support_multi_instance=false, service_instance_id=}
01-10 06:19:21.122 20663 22221 I CardService[500].CardServiceImpl: 268451924&1&20_sid=268451924_rk=fbb948_sk=ed7ebf requestCardAction, action = {life_circle=create, service_id=268451924, card_create_type=2, card_size=1000, seedling_entrance=8, page_id=pages/index.json, upk_version_code=1000001, card_unique_key=268451924&1&20_sid=268451924_rk=fbb948_sk=ed7ebf, is_support_multi_instance=false, service_instance_id=}, card = Card(cardIdentify=CardIdentify(cardIndex=1, cardType=268451924, hostId=20, cardCreateType=2, cardEntrance=8)),hadNotScanned:false
01-10 06:19:21.122 20663 22221 I CardService[500].Card: 268451924&1&20_sid=268451924_rk=fbb948 requestAction: start tryRunAction = {life_circle=create, service_id=268451924, card_create_type=2, card_size=1000, seedling_entrance=8, page_id=pages/index.json, upk_version_code=1000001, card_unique_key=268451924&1&20_sid=268451924_rk=fbb948_sk=ed7ebf, is_support_multi_instance=false, service_instance_id=}
01-10 06:19:21.122 20663 22221 I CardService[500].Card: 268451924&1&20_sid=268451924_rk=fbb948 requestAction: end tryRunAction = Action(shouldForceFetch=false, shouldNotify=false, action=2, extraParams={life_circle=create, service_id=268451924, card_create_type=2, card_size=1000, seedling_entrance=8, page_id=pages/index.json, upk_version_code=1000001, card_unique_key=268451924&1&20_sid=268451924_rk=fbb948_sk=ed7ebf, is_support_multi_instance=false, service_instance_id=})
01-10 06:19:21.122 20663 22221 I CardService[500].CardDataChannelImpl: 268451924&1&20_sid=268451924_rk=fbb948 requestCardAction, action = 2, extras = {life_circle=create, service_id=268451924, card_create_type=2, card_size=1000, seedling_entrance=8, page_id=pages/index.json, upk_version_code=1000001, card_unique_key=268451924&1&20_sid=268451924_rk=fbb948_sk=ed7ebf, is_support_multi_instance=false, service_instance_id=}, protocol=2, shouldForceFetch=false, shouldNotify=false
01-10 06:19:21.122 20663 22221 I Channel.Server[1000032].ums.ClientProxyImpl(hargeSeedling.ChargeSeedlingCardProvider): request, businessTag=268451924&1&20_sid=268451924_rk=fbb948, extra = [create, 268451924, 2, 1000, 8, pages/index.json, 1000001, 268451924&1&20_sid=268451924_rk=fbb948_sk=ed7ebf, false, ], shouldForceFetch=false, shouldNotify=false, this=23062476
01-10 06:19:21.122 20663 22227 E ActivityThread: Failed to find provider info for com.coloros.assistantscreen.setting.permissionOperate
01-10 06:19:21.122 17922 20648 E OplusHansFreezeManagerService: updateAppCardProvider is called, but com.oplus.pantanal.ums is not allowed.
01-10 06:19:21.122 20663 22227 I CardService[500].UiDataChannelPolicy: 268451924&1&20_sid=268451924_rk=fbb948_sk=ed7ebf request: cardAction = {life_circle=update_data, service_id=268451924, card_create_type=2, card_size=1000, seedling_entrance=8, page_id=pages/index.json, upk_version_code=1000001, business_data=, card_unique_key=268451924&1&20_sid=268451924_rk=fbb948_sk=ed7ebf, is_support_multi_instance=false, service_instance_id=}
01-10 06:19:21.122 20663 22227 I CardService[500].CardServiceImpl: 268451924&1&20_sid=268451924_rk=fbb948_sk=ed7ebf requestCardAction, action = {life_circle=update_data, service_id=268451924, card_create_type=2, card_size=1000, seedling_entrance=8, page_id=pages/index.json, upk_version_code=1000001, business_data=, card_unique_key=268451924&1&20_sid=268451924_rk=fbb948_sk=ed7ebf, is_support_multi_instance=false, service_instance_id=}
01-10 06:19:21.122 20663 22221 I CardService[500].CardServiceImpl: 268451924&1&20_sid=268451924_rk=fbb948_sk=ed7ebf requestCardAction, action = {life_circle=update_data, service_id=268451924, card_create_type=2, card_size=1000, seedling_entrance=8, page_id=pages/index.json, upk_version_code=1000001, business_data=, card_unique_key=268451924&1&20_sid=268451924_rk=fbb948_sk=ed7ebf, is_support_multi_instance=false, service_instance_id=}, card = Card(cardIdentify=CardIdentify(cardIndex=1, cardType=268451924, hostId=20, cardCreateType=2, cardEntrance=8)),hadNotScanned:false
01-10 06:19:21.123 20663 22227 I CardService[500].UiDataChannelPolicy: 268451924&1&20_sid=268451924_rk=fbb948_sk=936248 request: cardAction = {life_circle=show, service_id=268451924, card_create_type=2, card_size=1000, seedling_entrance=8, page_id=pages/index.json, upk_version_code=1000001, card_unique_key=268451924&1&20_sid=268451924_rk=fbb948_sk=936248, is_support_multi_instance=false, service_instance_id=}
01-10 06:19:21.123 20663 22221 I CardService[500].Card: 268451924&1&20_sid=268451924_rk=fbb948 requestAction: start tryRunAction = {life_circle=update_data, service_id=268451924, card_create_type=2, card_size=1000, seedling_entrance=8, page_id=pages/index.json, upk_version_code=1000001, business_data=, card_unique_key=268451924&1&20_sid=268451924_rk=fbb948_sk=ed7ebf, is_support_multi_instance=false, service_instance_id=}
01-10 06:19:21.123 20663 22227 I CardService[500].CardServiceImpl: 268451924&1&20_sid=268451924_rk=fbb948_sk=936248 requestCardAction, action = {life_circle=show, service_id=268451924, card_create_type=2, card_size=1000, seedling_entrance=8, page_id=pages/index.json, upk_version_code=1000001, card_unique_key=268451924&1&20_sid=268451924_rk=fbb948_sk=936248, is_support_multi_instance=false, service_instance_id=}
01-10 06:19:21.123 20663 22221 I CardService[500].Card: 268451924&1&20_sid=268451924_rk=fbb948 requestAction: end tryRunAction = Action(shouldForceFetch=true, shouldNotify=true, action=2, extraParams={life_circle=update_data, service_id=268451924, card_create_type=2, card_size=1000, seedling_entrance=8, page_id=pages/index.json, upk_version_code=1000001, business_data=, card_unique_key=268451924&1&20_sid=268451924_rk=fbb948_sk=ed7ebf, is_support_multi_instance=false, service_instance_id=})
01-10 06:19:21.123 20663 22221 I CardService[500].CardDataChannelImpl: 268451924&1&20_sid=268451924_rk=fbb948 requestCardAction, action = 2, extras = {life_circle=update_data, service_id=268451924, card_create_type=2, card_size=1000, seedling_entrance=8, page_id=pages/index.json, upk_version_code=1000001, business_data=, card_unique_key=268451924&1&20_sid=268451924_rk=fbb948_sk=ed7ebf, is_support_multi_instance=false, service_instance_id=}, protocol=2, shouldForceFetch=true, shouldNotify=true
01-10 06:19:21.123 20663 22221 I Channel.Server[1000032].ums.ClientProxyImpl(hargeSeedling.ChargeSeedlingCardProvider): request, businessTag=268451924&1&20_sid=268451924_rk=fbb948, extra = [update_data, 268451924, 2, 1000, 8, pages/index.json, 1000001, , 268451924&1&20_sid=268451924_rk=fbb948_sk=ed7ebf, false, ], shouldForceFetch=true, shouldNotify=true, this=23062476
01-10 06:19:21.123 20663 22221 I CardService[500].CardServiceImpl: 268451924&1&20_sid=268451924_rk=fbb948_sk=936248 requestCardAction, action = {life_circle=show, service_id=268451924, card_create_type=2, card_size=1000, seedling_entrance=8, page_id=pages/index.json, upk_version_code=1000001, card_unique_key=268451924&1&20_sid=268451924_rk=fbb948_sk=936248, is_support_multi_instance=false, service_instance_id=}, card = Card(cardIdentify=CardIdentify(cardIndex=1, cardType=268451924, hostId=20, cardCreateType=2, cardEntrance=8)),hadNotScanned:false
01-10 06:19:21.123 20663 22221 I CardService[500].Card: 268451924&1&20_sid=268451924_rk=fbb948 requestAction: start tryRunAction = {life_circle=show, service_id=268451924, card_create_type=2, card_size=1000, seedling_entrance=8, page_id=pages/index.json, upk_version_code=1000001, card_unique_key=268451924&1&20_sid=268451924_rk=fbb948_sk=936248, is_support_multi_instance=false, service_instance_id=}
01-10 06:19:21.123 20663 22221 I CardService[500].Card: 268451924&1&20_sid=268451924_rk=fbb948 requestAction: end tryRunAction = Action(shouldForceFetch=true, shouldNotify=true, action=2, extraParams={life_circle=show, service_id=268451924, card_create_type=2, card_size=1000, seedling_entrance=8, page_id=pages/index.json, upk_version_code=1000001, card_unique_key=268451924&1&20_sid=268451924_rk=fbb948_sk=936248, is_support_multi_instance=false, service_instance_id=})
01-10 06:19:21.123 17922 20648 D CoreBackPreview: Window{6e3118 u0 SeedlingCard}: Setting back callback OnBackInvokedCallbackInfo{mCallback=android.window.IOnBackInvokedCallback$Stub$Proxy@cb72073, mPriority=0, mIsAnimationCallback=false}
01-10 06:19:21.124 20663 22221 I CardService[500].CardDataChannelImpl: 268451924&1&20_sid=268451924_rk=fbb948 requestCardAction, action = 2, extras = {life_circle=show, service_id=268451924, card_create_type=2, card_size=1000, seedling_entrance=8, page_id=pages/index.json, upk_version_code=1000001, card_unique_key=268451924&1&20_sid=268451924_rk=fbb948_sk=936248, is_support_multi_instance=false, service_instance_id=}, protocol=2, shouldForceFetch=true, shouldNotify=true
01-10 06:19:21.124 20663 10761 I Channel.Server[1000032].ums.CallPuller: callPull, businessTag=268451924&1&20_sid=268451924_rk=fbb948, extra = [update_data, 268451924, 2, 1000, 8, pages/index.json, 1000001, , 268451924&1&20_sid=268451924_rk=fbb948_sk=ed7ebf, false, ], com.oplus.powermanager.chargeSeedling.ChargeSeedlingCardProvider
01-10 06:19:21.124 20663 10761 I Channel.Server[1000032].ums.CallPuller: changeProviderClient, providerAuthority: com.oplus.battery.seedling.charge, providerClient: android.content.ContentProviderClient@c643e11, userContext=null
01-10 06:19:21.124 24295 24325 I Channel.Client[1000028].battery.ChannelClientProvider: call, clientProxy=com.oplus.channel.client.ClientProxy@fef8262, clientName=com.oplus.powermanager.chargeSeedling.ChargeSeedlingCardProvider
01-10 06:19:21.124 20663 22221 I Channel.Server[1000032].ums.ClientProxyImpl(hargeSeedling.ChargeSeedlingCardProvider): request, businessTag=268451924&1&20_sid=268451924_rk=fbb948, extra = [show, 268451924, 2, 1000, 8, pages/index.json, 1000001, 268451924&1&20_sid=268451924_rk=fbb948_sk=936248, false, ], shouldForceFetch=true, shouldNotify=true, this=23062476
01-10 06:19:21.124 24295 24325 I Channel.Client[1000028].battery.ClientProxy.: processObserve resUri=card:268451924&1&20.
01-10 06:19:21.124 20663 10766 I Channel.Server[1000032].ums.CallPuller: callPull, businessTag=268451924&1&20_sid=268451924_rk=fbb948, extra = [show, 268451924, 2, 1000, 8, pages/index.json, 1000001, 268451924&1&20_sid=268451924_rk=fbb948_sk=936248, false, ], com.oplus.powermanager.chargeSeedling.ChargeSeedlingCardProvider
01-10 06:19:21.124 20663 10766 I Channel.Server[1000032].ums.CallPuller: changeProviderClient, providerAuthority: com.oplus.battery.seedling.charge, providerClient: android.content.ContentProviderClient@f11c577, userContext=null
01-10 06:19:21.124 24295 24325 I Channel.Client[1000028].battery.ChannelClientProvider: call, clientProxy=com.oplus.channel.client.ClientProxy@fef8262, clientName=com.oplus.powermanager.chargeSeedling.ChargeSeedlingCardProvider
01-10 06:19:21.125 24295 24325 I Channel.Client[1000028].battery.ClientProxy.: processObserve resUri=card:268451924&1&20.
01-10 06:19:21.125 24295 28844 D CardWidget_SEEDLING_SUPPORT_SDK(3000004): (SeedlingSupportCardExecutor-pool-2-thread-1) CardExecutor: request,data:[B@5d49866
01-10 06:19:21.125 24295 28844 D CardWidget_SEEDLING_SUPPORT_SDK(3000004): (SeedlingSupportCardExecutor-pool-2-thread-1) use json to decode,size = 373
01-10 06:19:21.125 24295 28844 D CardWidget_SEEDLING_SUPPORT_SDK(3000004): (SeedlingSupportCardExecutor-pool-2-thread-1) card = {"cardType":268451924,"cardId":1,"hostId":20,"action":2,"param":{"life_circle":"subscribed","service_id":"268451924","card_create_type":"2","card_size":"1000","seedling_entrance":"8","page_id":"pages\/index.json","upk_version_code":"1000001","card_unique_key":"268451924&1&20_sid=268451924_rk=fbb948_sk=34c6b7","is_support_multi_instance":"false","service_instance_id":""}}   action = 2  decodeSeedlingCardEvent param = 2
01-10 06:19:21.125 24295 28844 D CardWidget_SEEDLING_SUPPORT_SDK(3000004): (SeedlingSupportCardExecutor-pool-2-thread-1) service_id = 268451924
01-10 06:19:21.125 24295 28844 D CardWidget_SEEDLING_SUPPORT_SDK(3000004): (SeedlingSupportCardExecutor-pool-2-thread-1) card_create_type = 2
01-10 06:19:21.125 24295 28844 D CardWidget_SEEDLING_SUPPORT_SDK(3000004): (SeedlingSupportCardExecutor-pool-2-thread-1) card_size = 1000
