01-10 06:19:28.035 17922 18678 D WindowManager: NFW_findFocusedWindowIfNeeded:Window{88342aa u0 NotificationShade} mCurrentFocus:Window{88342aa u0 NotificationShade}
01-10 06:19:28.036 18698 18698 W PluginSeedling--CapsuleCard: SmallInstantCardDisappear-->onAfterAnimation, remove view.
01-10 06:19:28.036 18698 18698 I PluginSeedling--Capsule: InstantContainer-->blockUpdateView false: null
01-10 06:19:28.036 18698 18698 I PluginSeedling--Capsule: InstantContainer-->blockAnimation false:null
01-10 06:19:28.036 18698 18698 D PluginSeedling--Engine: ActionBase-->action 'SMALL_INSTANT_CARD_DISAPPEAR_after'.status changed from RUNNING to DONE @main
01-10 06:19:28.036 18698 18698 D PluginSeedling--Engine: ActionBase-->action 'SMALL_INSTANT_CARD_DISAPPEAR'.status changed from RUNNING to DONE @main
01-10 06:19:28.036 18698 18698 D PluginSeedling--Engine: ActionBase-->action 'INSTANT_TO_START_SEQUENCE_TASK'.status changed from RUNNING to DONE @main
01-10 06:19:28.036 18698 18698 D PluginSeedling--Engine: ActionBase-->action 'setCurState:START_STATE'.status changed from WAIT to RUNNING @main
01-10 06:19:28.036 18698 18698 D PluginSeedling--CapsuleCard: CardContainerViewModel-->onStateChangeAfter:target=f5.a@10d36a7,event=EVENT_DATA_INSTANT
01-10 06:19:28.036 18698 18698 I PluginSeedling--CapsuleCard: CardRootViewModel-->not card state: false
01-10 06:19:28.036 18698 18698 W PluginSeedling--CapsuleCard: CardsRepository-->stroke--view null
01-10 06:19:28.036 18698 18698 D PluginSeedling--Capsule: CapsulesRepository-->notifySizeChange 0
01-10 06:19:28.036 18698 18698 I PluginSeedling--Capsule: CapsuleVisEx-->onStateChanged: sourceStateINSTANT_CARD_STATE, targetState:START_STATE, contentState:NORMAL
01-10 06:19:28.036 18698 18698 D PluginSeedling--Engine: ActionBase-->action 'setCurState:START_STATE'.status changed from RUNNING to DONE @main
01-10 06:19:28.036 18698 18698 D PluginSeedling--Engine: ActionBase-->action 'START_STATE_ENTRY'.status changed from DONE to RUNNING @main
01-10 06:19:28.036 18698 18698 D PluginSeedling--StateMachine: FluidAction-->run action START_STATE_ENTRY
01-10 06:19:28.036 18698 18698 D PluginSeedling--Engine: ActionBase-->action 'START_STATE_ENTRY'.status changed from RUNNING to DONE @main
01-10 06:19:28.036 18698 18698 D PluginSeedling--Engine: ActionBase-->action 'INSTANT_CARD_STATE->START_STATE!cross-level'.status changed from RUNNING to DONE @main
01-10 06:19:28.036 18698 18698 D PluginSeedling--StateMachine: SeedlingStateMachine-->AfterEvent:EVENT_DATA_INSTANT, Result ACCEPTED, AfterTransfer:START_STATE
01-10 06:19:28.036 18698 18698 D PluginSeedling--Engine: StateMachineHandler-->emptyEvent: emptyListeners:ListenerContainer(repeatStrategy=MOVE_TO_TAIL, retentionStrategy=ALWAYS, isolationInvoke=true, size=1, runningFlag=false) @main
01-10 06:19:28.036 18698 18698 D PluginSeedling--Engine: StateMachineHandler-->emptyEvent: emptyListener:s3.a@fabcd6e @main
01-10 06:19:28.036 18698 18698 D PluginSeedling--Capsule: BaseCapsuleContainerViewModel-->onStabled:[]
01-10 06:19:28.036 18698 18698 D PluginSeedling--Capsule: BaseCapsuleContainerViewModel-->cancelPostApply
01-10 06:19:28.036 18698 18698 D PluginSeedling--Engine: StateMachineHandler-->removeEmptyListener:s3.a@fabcd6e @main
01-10 06:19:28.036 18698 18698 D PluginSeedling--Capsule: BaseCapsuleContainerViewModel-->applyListInternal
01-10 06:19:28.036 18698 18698 D PluginSeedling--Capsule: BaseCapsuleContainerViewModel-->cancelPostApply
01-10 06:19:28.036 18698 18698 I PluginSeedling--StatusBar: SimpleSceneBuilder-->afterAction end animatorSceneType SMALL_INSTANT_CARD_DISAPPEAR
01-10 06:19:28.037 18585 18608 I [0]DCS-StrategyManager: isNeedUpload: cache, type: 2006, appID: 20082, logTag: 20082, eventID: capsule_card_keep
01-10 06:19:28.037 18698 18698 E PluginSeedling--Origin: ReflectionUtil-->AodViewModel, false
01-10 06:19:28.037 18698 18698 E PluginSeedling--Origin: java.lang.NoSuchMethodException: dalvik.system.VMRuntime.DesupressionGC [int]
01-10 06:19:28.037 18698 18698 E PluginSeedling--Origin: 	at java.lang.Class.getMethod(Class.java:2950)
01-10 06:19:28.037 18698 18698 E PluginSeedling--Origin: 	at java.lang.Class.getDeclaredMethod(Class.java:2929)
01-10 06:19:28.037 18698 18698 E PluginSeedling--Origin: 	at s8.e0.Z2(Unknown Source:15)
01-10 06:19:28.037 18698 18698 E PluginSeedling--Origin: 	at i3.e2.accept(Unknown Source:152)
01-10 06:19:28.037 18698 18698 E PluginSeedling--Origin: 	at t4.n.j(Unknown Source:41)
01-10 06:19:28.037 18698 18698 E PluginSeedling--Origin: 	at t4.a.a(Unknown Source:42)
01-10 06:19:28.037 18698 18698 E PluginSeedling--Origin: 	at t4.y.q(Unknown Source:60)
01-10 06:19:28.037 18698 18698 E PluginSeedling--Origin: 	at t4.w.c(Unknown Source:102)
01-10 06:19:28.037 18698 18698 E PluginSeedling--Origin: 	at t4.w.b(Unknown Source:42)
01-10 06:19:28.037 18698 18698 E PluginSeedling--Origin: 	at t4.b.accept(Unknown Source:54)
01-10 06:19:28.037 18698 18698 E PluginSeedling--Origin: 	at u4.g.c(Unknown Source:50)
01-10 06:19:28.037 18698 18698 E PluginSeedling--Origin: 	at t4.f.f(Unknown Source:59)
01-10 06:19:28.037 18698 18698 E PluginSeedling--Origin: 	at t4.a.f(Unknown Source:13)
01-10 06:19:28.037 18698 18698 E PluginSeedling--Origin: 	at t4.n.j(Unknown Source:30)
01-10 06:19:28.037 18698 18698 E PluginSeedling--Origin: 	at t4.a.a(Unknown Source:42)
01-10 06:19:28.037 18698 18698 E PluginSeedling--Origin: 	at t4.y.q(Unknown Source:60)
01-10 06:19:28.037 18698 18698 E PluginSeedling--Origin: 	at t4.w.c(Unknown Source:102)
01-10 06:19:28.037 18698 18698 E PluginSeedling--Origin: 	at t4.w.b(Unknown Source:42)
01-10 06:19:28.037 18698 18698 E PluginSeedling--Origin: 	at t4.b.accept(Unknown Source:54)
01-10 06:19:28.037 18698 18698 E PluginSeedling--Origin: 	at u4.g.c(Unknown Source:50)
01-10 06:19:28.037 18698 18698 E PluginSeedling--Origin: 	at t4.f.f(Unknown Source:59)
01-10 06:19:28.037 18698 18698 E PluginSeedling--Origin: 	at t4.s.f(Unknown Source:18)
01-10 06:19:28.037 18698 18698 E PluginSeedling--Origin: 	at z4.a.b(Unknown Source:37)
01-10 06:19:28.037 18698 18698 E PluginSeedling--Origin: 	at t4.b.accept(Unknown Source:54)
01-10 06:19:28.037 18698 18698 E PluginSeedling--Origin: 	at u4.g.c(Unknown Source:50)
01-10 06:19:28.037 18698 18698 E PluginSeedling--Origin: 	at t4.f.f(Unknown Source:59)
01-10 06:19:28.037 18698 18698 E PluginSeedling--Origin: 	at t4.s.f(Unknown Source:18)
01-10 06:19:28.037 18698 18698 E PluginSeedling--Origin: 	at q4.g.onAnimationEnd(Unknown Source:27)
01-10 06:19:28.037 18698 18698 E PluginSeedling--Origin: 	at android.animation.Animator$AnimatorListener.onAnimationEnd(Animator.java:729)
01-10 06:19:28.037 18698 18698 E PluginSeedling--Origin: 	at android.animation.Animator$AnimatorCaller$$ExternalSyntheticLambda1.call(D8$$SyntheticClass:0)
01-10 06:19:28.037 18698 18698 E PluginSeedling--Origin: 	at android.animation.Animator.callOnList(Animator.java:687)
01-10 06:19:28.037 18698 18698 E PluginSeedling--Origin: 	at android.animation.Animator.notifyListeners(Animator.java:630)
01-10 06:19:28.037 18698 18698 E PluginSeedling--Origin: 	at android.animation.Animator.notifyEndListeners(Animator.java:655)
01-10 06:19:28.037 18698 18698 E PluginSeedling--Origin: 	at android.animation.AnimatorSet.endAnimation(AnimatorSet.java:1475)
01-10 06:19:28.037 18698 18698 E PluginSeedling--Origin: 	at android.animation.AnimatorSet.doAnimationFrame(AnimatorSet.java:1261)
01-10 06:19:28.037 18698 18698 E PluginSeedling--Origin: 	at android.animation.AnimationHandler.doAnimationFrame(AnimationHandler.java:344)
01-10 06:19:28.037 18698 18698 E PluginSeedling--Origin: 	at android.animation.AnimationHandler.-$$Nest$mdoAnimationFrame(Unknown Source:0)
01-10 06:19:28.037 18698 18698 E PluginSeedling--Origin: 	at android.animation.AnimationHandler$1.doFrame(AnimationHandler.java:87)
01-10 06:19:28.037 18698 18698 E PluginSeedling--Origin: 	at android.view.Choreographer$CallbackRecord.run(Choreographer.java:1619)
01-10 06:19:28.037 18698 18698 E PluginSeedling--Origin: 	at android.view.Choreographer$CallbackRecord.run(Choreographer.java:1630)
01-10 06:19:28.037 18698 18698 E PluginSeedling--Origin: 	at android.view.Choreographer.doCallbacks(Choreographer.java:1154)
01-10 06:19:28.037 18698 18698 E PluginSeedling--Origin: 	at android.view.Choreographer.doFrame(Choreographer.java:1039)
01-10 06:19:28.037 18698 18698 E PluginSeedling--Origin: 	at android.view.Choreographer$FrameDisplayEventReceiver.run(Choreographer.java:1604)
01-10 06:19:28.037 18698 18698 E PluginSeedling--Origin: 	at android.os.Handler.handleCallback(Handler.java:959)
01-10 06:19:28.037 18698 18698 E PluginSeedling--Origin: 	at android.os.Handler.dispatchMessage(Handler.java:100)
01-10 06:19:28.037 18698 18698 E PluginSeedling--Origin: 	at android.os.Looper.loopOnce(Looper.java:282)
01-10 06:19:28.037 18698 18698 E PluginSeedling--Origin: 	at android.os.Looper.loop(Looper.java:387)
01-10 06:19:28.037 18698 18698 E PluginSeedling--Origin: 	at android.app.ActivityThread.main(ActivityThread.java:9505)
01-10 06:19:28.037 18698 18698 E PluginSeedling--Origin: 	at java.lang.reflect.Method.invoke(Native Method)
01-10 06:19:28.037 18698 18698 E PluginSeedling--Origin: 	at com.android.internal.os.RuntimeInit$MethodAndArgsCaller.run(RuntimeInit.java:600)
01-10 06:19:28.037 18698 18698 E PluginSeedling--Origin: 	at com.android.internal.os.ZygoteInit.main(ZygoteInit.java:1005)
01-10 06:19:28.038 20663 21621 I Channel.Client[1000032].ums.ChannelClientProvider: call, clientProxy=com.oplus.channel.client.ClientProxy@da7e9d2, clientName=seedling_client_statusbar
01-10 06:19:28.126  2153  2418 I SDM     : DisplayBase::CommitThread: Received idle timeout, panel: cmd, timeout: 69999 us
01-10 06:19:28.136 18698 18698 W LOG_FLOWCTRL: ==LOGS OVER PROC QUOTA(300), rows(9) bytes(1877) com.android.systemui DROPPED==
01-10 06:19:28.136 18698 18698 D PluginSeedling--CapsuleCard: CardContainerViewModel-->postPlaceHolderResetRunnable
01-10 06:19:28.137 18698 18698 I SystemUi--Statusbar: CapsulePluginContainerController-->location： 1, screenWidth: 1080, capsuleWith: 0, statusBarHeight: 120, rect: Rect(540, 0 - 540, 120)
01-10 06:19:28.137 18698 18698 I SystemUi--Statusbar: CapsulePluginContainerController-->location： 0, screenWidth: 1080, capsuleWith: 0, statusBarHeight: 120, rect: Rect(540, 0 - 540, 120)
01-10 06:19:28.137 18698 18698 I SystemUi--Statusbar: DynamicIconAnimationController-->onHiddenChanged: shouldHide: false, hide: false
01-10 06:19:28.353 17922 18415 D OplusL2Monitor: correct ccaLevel by channelLoad -> 30
01-10 06:19:28.355 17922 18415 D OplusWifiPower_TriggerCenter: mComponentCallback: wifistat
01-10 06:19:28.355 18986 18986 D VendorWifiService: onEvent event:9,action:1
01-10 06:19:28.356 18698 18794 D WifiStatusTracker: mNetworkCallback onCapabilitiesChanged network:102 mPrimaryNetworkId:102
01-10 06:19:28.357 18986 19429 D SubsysEventListenerManager: onCapabilitiesChanged
01-10 06:19:28.357 18986 19429 D DataStateTracker: getCurDataChannel, channel:1
01-10 06:19:28.357 18698 18902 D WifiPickerTracker: handleNetworkCapabilitiesChanged network:102
01-10 06:19:28.358 18698 18794 D WifiStatusTracker: mNetworkCallback onCapabilitiesChanged network:102 mPrimaryNetworkId:102
01-10 06:19:28.359 18698 18902 I WifiPickerTracker: wifi connected status realConnectedWifiEntry not null: true
01-10 06:19:28.359 17922 18415 D SystemNetworkObserver: wifi network 102 nc changed, primary=true
01-10 06:19:28.359 17922 18415 D SystemNetworkObserver: default network nc changed 102
01-10 06:19:28.359 17922 18441 D OplusSlaNetworkManager: isPrimaryWifi:true network:102
01-10 06:19:28.360 18937 20983 D cneJni  : sendWifiStatus start
01-10 06:19:28.360 18873 20975 D txpwrJni: sendNetworkInfo start
01-10 06:19:28.360 18873 20975 D txpwrJni: sendNetworkInfo RatType 0
01-10 06:19:28.360 17922 18314 W IPCThreadState: Sending oneway calls to frozen process.
01-10 06:19:28.360 20413 22045 I BugleRcsEngine: handleMessage processing message:[NOTIFY_UPTIME_IGNORE_STATE_CHANGED] with [non-null]:RcsEngineImpl reference [CONTEXT log_prefix="RcsEngineImpl[DUAL_REG]:[254f5748-f7ae]>Handler" thread_id=75 ]
01-10 06:19:28.360 17922 18314 W IPCThreadState: Sending oneway calls to frozen process.
01-10 06:19:28.360 20413 21646 I BugleRcsEngine: Connected state: [1], networkType: [WIFI] [CONTEXT thread_id=69 ]
01-10 06:19:28.361 17922 18314 W IPCThreadState: Sending oneway calls to frozen process.
01-10 06:19:28.361 18937 20983 D QCNEJ/NativeAidlConnector: -> SND notifyDefaultNetworkChanged(1)
01-10 06:19:28.361 18937 20983 D cneJni  : sendDefaultNwMsg start
01-10 06:19:28.361 17922 18314 W IPCThreadState: Sending oneway calls to frozen process.
01-10 06:19:28.361 17922 18314 W IPCThreadState: Sending oneway calls to frozen process.
01-10 06:19:28.361 17922 18314 W IPCThreadState: Sending oneway calls to frozen process.
01-10 06:19:28.362 17922 18314 W IPCThreadState: Sending oneway calls to frozen process.
01-10 06:19:28.362 17922 18314 W IPCThreadState: Sending oneway calls to frozen process.
01-10 06:19:28.362 17922 18314 W IPCThreadState: Sending oneway calls to frozen process.
01-10 06:19:28.362 17922 18314 W IPCThreadState: Sending oneway calls to frozen process.
01-10 06:19:28.362 17922 18314 W IPCThreadState: Sending oneway calls to frozen process.
01-10 06:19:28.362 17922 18314 W IPCThreadState: Sending oneway calls to frozen process.
01-10 06:19:28.362 17922 18314 W IPCThreadState: Sending oneway calls to frozen process.
01-10 06:19:28.362 17922 18314 W IPCThreadState: Sending oneway calls to frozen process.
01-10 06:19:28.362 17922 18314 W IPCThreadState: Sending oneway calls to frozen process.
01-10 06:19:28.362 17922 18314 W IPCThreadState: Sending oneway calls to frozen process.
01-10 06:19:28.362 17922 18314 W IPCThreadState: Sending oneway calls to frozen process.
01-10 06:19:28.362 17922 18314 W IPCThreadState: Sending oneway calls to frozen process.
01-10 06:19:28.362 17922 18314 W IPCThreadState: Sending oneway calls to frozen process.
01-10 06:19:28.362 17922 18314 W IPCThreadState: Sending oneway calls to frozen process.
01-10 06:19:28.362 17922 18314 W IPCThreadState: Sending oneway calls to frozen process.
01-10 06:19:28.362 17922 18314 W IPCThreadState: Sending oneway calls to frozen process.
01-10 06:19:28.362 17922 18314 W IPCThreadState: Sending oneway calls to frozen process.
01-10 06:19:28.362 17922 18314 W IPCThreadState: Sending oneway calls to frozen process.
01-10 06:19:28.362 20413 22045 I BugleRcsEngine: Rcs is enabled from user settings: true [CONTEXT log_prefix="ProvisioningEngineDataRetriever" thread_id=75 ]
01-10 06:19:28.362 17922 18314 W IPCThreadState: Sending oneway calls to frozen process.
01-10 06:19:28.363 17922 18314 W IPCThreadState: Sending oneway calls to frozen process.
01-10 06:19:28.363 17922 18314 W IPCThreadState: Sending oneway calls to frozen process.
01-10 06:19:28.363 17922 18314 W IPCThreadState: Sending oneway calls to frozen process.
01-10 06:19:28.363 17922 18314 W IPCThreadState: Sending oneway calls to frozen process.
01-10 06:19:28.363 17922 18314 W IPCThreadState: Sending oneway calls to frozen process.
01-10 06:19:28.363 17922 18314 W IPCThreadState: Sending oneway calls to frozen process.
01-10 06:19:28.363 17922 18314 W IPCThreadState: Sending oneway calls to frozen process.
01-10 06:19:28.363 17922 18314 W IPCThreadState: Sending oneway calls to frozen process.
01-10 06:19:28.363 17922 18314 W IPCThreadState: Sending oneway calls to frozen process.
01-10 06:19:28.363 17922 18314 W IPCThreadState: Sending oneway calls to frozen process.
01-10 06:19:28.363 17922 18314 W IPCThreadState: Sending oneway calls to frozen process.
01-10 06:19:28.363 19361 19373 I ChimeraSrvcProxy: NullBinder for android.net.action.RECOMMEND_NETWORKS triggering remote TransactionTooLargeException due to Service without Chimera impl
01-10 06:19:28.363 18698 18794 I SystemUi--Statusbar: NetworkController.WifiSignalController-->handleStatusUpdated state=3 enabled=true connected=true isDefaultNetwork=true rssi=-65 level=4 statusLabel=null isDirty=false
01-10 06:19:28.363 19361 19373 W .gms.persistent: Large reply transaction of 2113536 bytes, interface descriptor , code 1
01-10 06:19:28.363 18698 18794 I SystemUi--Statusbar: NetworkController.WifiSignalController-->handleStatusUpdated state=3 enabled=true connected=true isDefaultNetwork=true rssi=-65 level=4 statusLabel=null isDirty=false
01-10 06:19:28.363 18698 18794 I SystemUi--Statusbar: NetworkController.WifiSignalController-->handleStatusUpdated state=3 enabled=true connected=true isDefaultNetwork=true rssi=-65 level=4 statusLabel=null isDirty=false
01-10 06:19:28.363 17922 18314 W IPCThreadState: Sending oneway calls to frozen process.
01-10 06:19:28.364 17922 18314 W IPCThreadState: Sending oneway calls to frozen process.
01-10 06:19:28.364 17922 18314 W IPCThreadState: Sending oneway calls to frozen process.
01-10 06:19:28.364 17922 18314 W IPCThreadState: Sending oneway calls to frozen process.
01-10 06:19:28.364 17922 18314 W IPCThreadState: Sending oneway calls to frozen process.
01-10 06:19:28.364 17922 18314 W IPCThreadState: Sending oneway calls to frozen process.
01-10 06:19:28.364 17922 18314 W IPCThreadState: Sending oneway calls to frozen process.
01-10 06:19:28.364 17922 18314 W IPCThreadState: Sending oneway calls to frozen process.
01-10 06:19:28.364 17922 18314 W IPCThreadState: Sending oneway calls to frozen process.
01-10 06:19:28.364 17922 18314 W IPCThreadState: Sending oneway calls to frozen process.
01-10 06:19:28.364 17922 18314 W IPCThreadState: Sending oneway calls to frozen process.
01-10 06:19:28.364 17922 18314 W IPCThreadState: Sending oneway calls to frozen process.
01-10 06:19:28.364 17922 18314 W IPCThreadState: Sending oneway calls to frozen process.
01-10 06:19:28.364 17922 18314 W IPCThreadState: Sending oneway calls to frozen process.
01-10 06:19:28.364 17922 18314 W IPCThreadState: Sending oneway calls to frozen process.
01-10 06:19:28.364 17922 18314 W IPCThreadState: Sending oneway calls to frozen process.
01-10 06:19:28.364 17922 18314 W IPCThreadState: Sending oneway calls to frozen process.
01-10 06:19:28.364 17922 18314 W IPCThreadState: Sending oneway calls to frozen process.
01-10 06:19:28.365 19361 19373 I ChimeraSrvcProxy: NullBinder for android.net.action.RECOMMEND_NETWORKS triggering remote TransactionTooLargeException due to Service without Chimera impl
01-10 06:19:28.365 19361 19373 W .gms.persistent: Large reply transaction of 2113536 bytes, interface descriptor , code 1
01-10 06:19:28.368 19361 19373 I ChimeraSrvcProxy: NullBinder for android.net.action.RECOMMEND_NETWORKS triggering remote TransactionTooLargeException due to Service without Chimera impl
01-10 06:19:28.368 19361 19373 W .gms.persistent: Large reply transaction of 2113536 bytes, interface descriptor , code 1
01-10 06:19:28.369 19361 19373 I ChimeraSrvcProxy: NullBinder for android.net.action.RECOMMEND_NETWORKS triggering remote TransactionTooLargeException due to Service without Chimera impl
01-10 06:19:28.369 19361 19373 W .gms.persistent: Large reply transaction of 2113536 bytes, interface descriptor , code 1
01-10 06:19:28.448  2153  2418 I SDM     : DisplayBase::CommitThread: Received idle timeout, panel: cmd, timeout: 69999 us
01-10 06:19:28.463  2273  2310 D BatteryChargeControl: bcc get no support from charging protocol
01-10 06:19:28.866  2183  2262 E PERFHAL-PERFCTRL: PERFHAL-PERFCTRL: chk_core_online_poll_loop() 700: poll() has timed out for /sys/kernel/msm_performance/events/cpu_hotplug
01-10 06:19:28.866  2183  2262 E PERFHAL-PERFCTRL: PERFHAL-PERFCTRL: chk_core_online_poll_loop() 695: Block on poll()
01-10 06:19:29.320 17922 18377 W Binder  : Outgoing transactions from this process must be FLAG_ONEWAY
01-10 06:19:29.320 17922 18377 W Binder  : java.lang.Throwable
01-10 06:19:29.320 17922 18377 W Binder  : 	at android.os.BinderProxy.transact(BinderProxy.java:633)
01-10 06:19:29.320 17922 18377 W Binder  : 	at android.content.ContentProviderProxy.insert(ContentProviderNative.java:587)
01-10 06:19:29.320 17922 18377 W Binder  : 	at android.content.ContentProviderClient.insert(ContentProviderClient.java:347)
01-10 06:19:29.320 17922 18377 W Binder  : 	at android.content.ContentProviderClient.insert(ContentProviderClient.java:336)
01-10 06:19:29.320 17922 18377 W Binder  : 	at com.oplus.util.OplusStatisticsImpl.insert(OplusStatisticsImpl.java:307)
01-10 06:19:29.320 17922 18377 W Binder  : 	at com.oplus.util.OplusStatisticsImpl.sendDataToDCS(OplusStatisticsImpl.java:287)
01-10 06:19:29.320 17922 18377 W Binder  : 	at com.oplus.util.OplusStatisticsImpl.flushInternal(OplusStatisticsImpl.java:264)
01-10 06:19:29.320 17922 18377 W Binder  : 	at com.oplus.util.OplusStatisticsImpl.lambda$setDelayFlushJobIfNeed$4(OplusStatisticsImpl.java:211)
01-10 06:19:29.320 17922 18377 W Binder  : 	at com.oplus.util.OplusStatisticsImpl.$r8$lambda$4UYTp2NCu6Rml69JNqEuK7o54SI(Unknown Source:0)
01-10 06:19:29.320 17922 18377 W Binder  : 	at com.oplus.util.OplusStatisticsImpl$$ExternalSyntheticLambda5.run(D8$$SyntheticClass:0)
01-10 06:19:29.320 17922 18377 W Binder  : 	at java.util.concurrent.Executors$RunnableAdapter.call(Executors.java:487)
01-10 06:19:29.320 17922 18377 W Binder  : 	at java.util.concurrent.FutureTask.run(FutureTask.java:264)
01-10 06:19:29.320 17922 18377 W Binder  : 	at java.util.concurrent.ScheduledThreadPoolExecutor$ScheduledFutureTask.run(ScheduledThreadPoolExecutor.java:307)
01-10 06:19:29.320 17922 18377 W Binder  : 	at java.util.concurrent.ThreadPoolExecutor.runWorker(ThreadPoolExecutor.java:1145)
01-10 06:19:29.320 17922 18377 W Binder  : 	at java.util.concurrent.ThreadPoolExecutor$Worker.run(ThreadPoolExecutor.java:644)
01-10 06:19:29.320 17922 18377 W Binder  : 	at java.lang.Thread.run(Thread.java:1012)
01-10 06:19:29.321 18585 18608 I [0]DCS-StrategyManager: isNeedUpload: cache, type: 2006, appID: 20120, logTag: wifi_fool_proof, eventID: wifi_assistant
01-10 06:19:29.364 17922 18235 D ActivityManager: freezing 6931 com.google.android.cellbroadcastreceiver
01-10 06:19:29.365 17922 18235 D ActivityManager: reportOneUidFrozenStateChanged uid 10302 frozen = true
01-10 06:19:29.366 17922 18314 D InetDiagMessage: Destroyed 0 sockets, proto=IPPROTO_TCP, family=AF_INET, states=14
01-10 06:19:29.367 17922 18314 D InetDiagMessage: Destroyed 0 sockets, proto=IPPROTO_TCP, family=AF_INET6, states=14
01-10 06:19:29.367 17922 18314 D InetDiagMessage: Destroyed live tcp sockets for uids={10302} in 2ms
01-10 06:19:29.428  2104 18445 I WifiHAL : event received NL80211_CMD_VENDOR, vendor_id = 0x1374, subcmd = 0xd
01-10 06:19:29.428  3314 18446 D LOWI-9.0.1.110: [LOWI-Scan] wait_event:Wait done with Cmd 103
01-10 06:19:29.428  3314 18446 D LOWI-9.0.1.110: [LOWI-Scan] do_listen_events: Rcvd valid Netlink Cmd 0 Err 0
01-10 06:19:29.428  3270  3270 I cnss-daemon: nl80211 response handler invoked
01-10 06:19:29.428  3270  3270 I cnss-daemon: nl80211_response_handler: cmd 103, vendorID 4980, subcmd 13  received
01-10 06:19:29.467  2273  2310 D BatteryChargeControl: bcc get no support from charging protocol
01-10 06:19:29.481  2092  2092 D healthd : system healthd: battery l=100 v=4447 t=30.0 h=2 st=2 c=-126 fc=5920000 cc=25 chg=u
01-10 06:19:29.520 17922 20648 D OplusBatteryServiceFeature: getChgConfig: flag = 0, extra = , callerName = 1
01-10 06:19:29.520  2273  2273 D vendor.oplus.hardware.charger-V6-service: oplus_chg_get_state_retention 0
01-10 06:19:29.520  2273  2273 D vendor.oplus.hardware.charger-V6-service: get_ui_charge_icon_type 0 0 0 0 0
01-10 06:19:29.521 17922 20648 D OplusBatteryServiceFeature: getChgConfig: flag = 1, extra = , callerName = 1
01-10 06:19:29.521  2273  2273 D vendor.oplus.hardware.charger-V6-service: oplus_chg_get_state_retention 0
01-10 06:19:29.521  2273  2273 D vendor.oplus.hardware.charger-V6-service: oplus_chg_get_ui_power 0 0
01-10 06:19:29.521 17922 20648 D OplusBatteryServiceFeature: getChgConfig: flag = 4, extra = , callerName = 1
01-10 06:19:29.521  2273  2273 D vendor.oplus.hardware.charger-V6-service: oplus_chg_get_state_retention 0
01-10 06:19:29.521  2273  2273 D vendor.oplus.hardware.charger-V6-service: oplus_chg_get_cpa_power 2500
01-10 06:19:29.521 17922 20648 D OplusBatteryServiceFeature: getChgConfig: flag = 6, extra = , callerName = 1
01-10 06:19:29.522  2273  2273 D vendor.oplus.hardware.charger-V6-service: oplus_chg_get_state_retention 0
01-10 06:19:29.522  2273  2273 D vendor.oplus.hardware.charger-V6-service: oplus_chg_get_cpa_power 2500
01-10 06:19:29.522  2273  2273 D vendor.oplus.hardware.charger-V6-service: getIsSingleHyperSupport=2, cpa_power=2
01-10 06:19:29.522 17922 20648 D OplusBatteryServiceFeature: getChgConfig: flag = 24, extra = , callerName = 1
01-10 06:19:29.624 17922 18127 D ActivityManager: Async freezing 26883 org.telegram.messenger
01-10 06:19:29.624 17922 18127 D ActivityManager: Async freezing 21922 com.android.vending
01-10 06:19:29.625 21922 21922 I Finsky  : [2] ybw.onTrimMemory(11): Memory trim requested to level 40
01-10 06:19:29.625 21922 21922 I Finsky  : [2] aclo.accept(139): Flushing in-memory image cache
01-10 06:19:29.630 17922 18314 D InetDiagMessage: Destroyed 1 sockets, proto=IPPROTO_TCP, family=AF_INET, states=14
01-10 06:19:29.633 17922 18314 D InetDiagMessage: Destroyed 0 sockets, proto=IPPROTO_TCP, family=AF_INET6, states=14
01-10 06:19:29.633 17922 18314 D InetDiagMessage: Destroyed live tcp sockets for uids={10334} in 6ms
01-10 06:19:29.635 17922 18314 D InetDiagMessage: Destroyed 0 sockets, proto=IPPROTO_TCP, family=AF_INET, states=14
01-10 06:19:29.636 17922 18314 D InetDiagMessage: Destroyed 0 sockets, proto=IPPROTO_TCP, family=AF_INET6, states=14
01-10 06:19:29.636 17922 18314 D InetDiagMessage: Destroyed live tcp sockets for uids={20334} in 3ms
01-10 06:19:29.734  3592  4073 D QmiClient: qmiServiceEventCallback recv msg id 276
01-10 06:19:29.735  3583  4072 D QmiClient: qmiServiceEventCallback recv msg id 276
01-10 06:19:29.735  3583  4072 D QmiNasClient: enter : onQmiServiceEventCallback msgId 276
01-10 06:19:29.735  3592  4073 D QmiNasClient: enter : onQmiServiceEventCallback msgId 276
01-10 06:19:29.735  3592  4073 D QmiNasClientEvent: qmiNasClientAccessBarringStatusEvent - RADIO_EVENT_NAS_ACCESS_BARRING_STATUS_IND
01-10 06:19:29.735  3583  4072 D QmiNasClientEvent: qmiNasClientAccessBarringStatusEvent - RADIO_EVENT_NAS_ACCESS_BARRING_STATUS_IND
01-10 06:19:29.735  3592  3639 D NasProxy: handleMessage msg is 2104
01-10 06:19:29.735  3583  3626 D NasProxy: handleMessage msg is 2104
01-10 06:19:29.736 18986 19575 D SubsysRadioIndication: [PHONE1]radioNasAccessBarringStatusInd, NasAccessBarringStatusType: radioIf:8, dataBarringStatus:0, dataBarringTime:0, voiceBarringStatus:0, voiceBarringTime:0, videoBarringStatus:0, videoBarringTime:0
01-10 06:19:29.736 18986 19005 D SubsysRadioIndication: [PHONE0]radioNasAccessBarringStatusInd, NasAccessBarringStatusType: radioIf:8, dataBarringStatus:0, dataBarringTime:0, voiceBarringStatus:0, voiceBarringTime:0, videoBarringStatus:0, videoBarringTime:0
01-10 06:19:29.736 18986 19005 D SubsysRadioIndication: [PHONE0]notify enter
01-10 06:19:29.736 18986 19575 D SubsysRadioIndication: [PHONE1]notify enter
01-10 06:19:29.874 17922 18415 I OplusWifiSarManager: Received Data State Change: 0
01-10 06:19:29.875 18698 18876 I SystemUi--Statusbar: MobileConnectionRepositoryImpl-->subId:1 isSoftSimCard:false slotId:0
01-10 06:19:29.877 18698 19314 V OplusCustomizeCacheManager: queryCache name: sys.cache.common_customize_cache18014 param: null
01-10 06:19:29.877 18698 19314 V OplusCustomizeCacheManager: queryCache name: sys.cache.common_customize_cache18017 param: Bundle[{SETTING=BLOCK, BUSINESS=NCT-DATA}]
01-10 06:19:29.877 18698 19314 V OplusCustomizeCacheManager: start recompute
01-10 06:19:29.877 17922 18678 D OplusCustomizeSecurityManagerService: we can't find the BLOCK
01-10 06:19:29.877 18698 19314 V OplusCustomizeCacheManager: queryCache name: sys.cache.common_customize_cache18013 param: null
01-10 06:19:29.881 21110 22474 E TraceManagerImpl: Trace StartupHandlerImpl App Interactive Delay Timer Fired timed out after 1542280 ms. Complete trace: # dwfj@b3d37cd6
01-10 06:19:29.881 21110 22474 E TraceManagerImpl: dwfq: 
01-10 06:19:29.881 21110 22474 E TraceManagerImpl: 	at tk_trace.GenericWorkerQueueAction(Started After:6)
01-10 06:19:29.881 21110 22474 E TraceManagerImpl: 	at tk_trace.BackgroundResponseRunnable#processBackgroundWorkResponse(Started After:6)
01-10 06:19:29.881 21110 22474 E TraceManagerImpl: 	at tk_trace.BackgroundWorkerRunnable#runImpl(Started After:6)
01-10 06:19:29.881 21110 22474 E TraceManagerImpl: 	at tk_trace.ExecuteActionRunnable#runImpl(Started After:6)
01-10 06:19:29.881 21110 22474 E TraceManagerImpl: 	at tk_trace.CmsBackupStartupTask(Started After:0)
01-10 06:19:29.881 21110 22474 E TraceManagerImpl: 	at tk_trace.StartupHandlerImpl#onAppInteractiveInternal(Started After:0)
01-10 06:19:29.881 21110 22474 E TraceManagerImpl: 	at tk_trace.StartupHandlerImpl App Interactive Delay Timer Fired(Started After:0)
01-10 06:19:29.881 21110 21815 E TraceManagerImpl: Trace WorkManager:TikTokListenableWorker startWork timed out after 1554798 ms. Complete trace: # dwfj@e3853c3e
01-10 06:19:29.881 21110 21815 E TraceManagerImpl: dwfq: 
01-10 06:19:29.881 21110 21815 E TraceManagerImpl: 	at tk_trace.DatabaseWrapperImpl.inTransactionDeferredRunnableList(Started After:0)
01-10 06:19:29.881 21110 21815 E TraceManagerImpl: 	at tk_trace.NoAccountWorkerFactory startWork()(Started After:0)
01-10 06:19:29.881 21110 21815 E TraceManagerImpl: 	at tk_trace.com.google.android.apps.messaging.shared.receiver.bootcomplete.BootCompleteWorker startWork()(Started After:0)
01-10 06:19:29.881 21110 21815 E TraceManagerImpl: 	at tk_trace.com.google.android.apps.messaging.shared.receiver.bootcomplete.BootCompleteWorker startWork()(Started After:0)
01-10 06:19:29.881 21110 21815 E TraceManagerImpl: 	at tk_trace.WorkManager:TikTokListenableWorker startWork(Started After:0)
01-10 06:19:29.881 21110 22455 E TraceManagerImpl: Trace BuglePhoneApplicationBase#attatchBaseContext timed out after 1557305 ms. Complete trace: # dwfj@274a21bb
01-10 06:19:29.881 21110 22455 E TraceManagerImpl: dwfq: 
01-10 06:19:29.881 21110 22455 E TraceManagerImpl: 	at tk_trace.WorkQueueBatchingImpl#schedulingDeferred(Started After:1)
01-10 06:19:29.881 21110 22455 E TraceManagerImpl: 	at tk_trace.WorkQueueBatchingImpl#queueWorkItems(Started After:1)
01-10 06:19:29.881 21110 22455 E TraceManagerImpl: 	at tk_trace.WorkQueueBatchingImpl#queueWorkItem(Started After:1)
01-10 06:19:29.881 21110 22455 E TraceManagerImpl: 	at tk_trace.PhenotypeHelper#onBuglePhenotypeChanged(Started After:0)
01-10 06:19:29.881 21110 22455 E TraceManagerImpl: 	at tk_trace.PhenotypeHelper#registerPhenotype(Started After:0)
01-10 06:19:29.881 21110 22455 E TraceManagerImpl: 	at tk_trace.PhoneAsyncAppCreateStartupTask(Started After:0)
01-10 06:19:29.881 21110 22455 E TraceManagerImpl: 	at tk_trace.StartupHandlerImpl#onApplicationCreatedInternal(Started After:0)
01-10 06:19:29.881 21110 22455 E TraceManagerImpl: 	at tk_trace.StartupHandlerImpl#onApplicationCreated(Started After:0)
01-10 06:19:29.881 21110 22455 E TraceManagerImpl: 	at tk_trace.Application.onCreate(Started After:0)
01-10 06:19:29.881 21110 22455 E TraceManagerImpl: 	at tk_trace.Application creation(Started After:0)
01-10 06:19:29.881 21110 22455 E TraceManagerImpl: 	at tk_trace.BuglePhoneApplicationBase#attatchBaseContext(Started After:0)
01-10 06:19:29.881 21110 22476 E TraceManagerImpl: Trace WorkQueueWorkerShim#startWork timed out after 1556561 ms. Complete trace: # dwfj@9dab7b3a
01-10 06:19:29.881 21110 22476 E TraceManagerImpl: dwfq: 
01-10 06:19:29.881 21110 22476 E TraceManagerImpl: 	at tk_trace.DatabaseWrapperImpl.inTransactionDeferredRunnableList(Started After:0)
01-10 06:19:29.881 21110 22476 E TraceManagerImpl: 	at tk_trace.WorkQueueWorkerImpl.startWork(Started After:0)
01-10 06:19:29.881 21110 22476 E TraceManagerImpl: 	at tk_trace.WorkQueueWorkerShim#startWork(Started After:0)
01-10 06:19:30.132  2077  2211 E minksocket: MinkIPC ERROR: ( 2077:2211 ) MinkIPC_preProcess:272 Client down, but cannot find corresponding minksession
01-10 06:19:30.133  2077  2217 E minksocket: MinkIPC ERROR: ( 2077:2217 ) MinkIPC_preProcess:272 Client down, but cannot find corresponding minksession
01-10 06:19:30.133  2077  2217 E minksocket: MinkIPC ERROR: ( 2077:2217 ) MinkIPC_preProcess:272 Client down, but cannot find corresponding minksession
01-10 06:19:30.133  2077  2211 E minksocket: MinkIPC ERROR: ( 2077:2211 ) MinkIPC_preProcess:272 Client down, but cannot find corresponding minksession
01-10 06:19:30.134  2077  2217 E minksocket: MinkIPC ERROR: ( 2077:2217 ) MinkIPC_preProcess:272 Client down, but cannot find corresponding minksession
01-10 06:19:30.134  2077  2211 E minksocket: MinkIPC ERROR: ( 2077:2211 ) MinkIPC_preProcess:272 Client down, but cannot find corresponding minksession
01-10 06:19:30.135  2077  2211 E minksocket: MinkIPC ERROR: ( 2077:2211 ) MinkIPC_preProcess:272 Client down, but cannot find corresponding minksession
01-10 06:19:30.135  2077  2217 E minksocket: MinkIPC ERROR: ( 2077:2217 ) MinkIPC_preProcess:272 Client down, but cannot find corresponding minksession
01-10 06:19:30.371 17922 18235 D ActivityManager: Freezer deadlock watchdog
01-10 06:19:30.468  2273  2310 D BatteryChargeControl: bcc get no support from charging protocol
01-10 06:19:30.860  3583  4140 D QmiClient: qmiServiceEventCallback recv msg id 47
01-10 06:19:30.860  3583  4140 D QmiOttClient: enter : onQmiServiceEventCallback msgId 47
01-10 06:19:30.860  3583  3614 D OttProxy: handleMessage msg is 3001
01-10 06:19:30.861 18986 19005 D SubsysRadioIndication: [PHONE0]radioLinkLatencyInfoInd
01-10 06:19:30.861 18986 19005 D SubsysRadioIndication: [PHONE0]notify enter
01-10 06:19:30.983  6813  6836 E horae   : 0: back:30000,frame:30000,front:30000, 2, +(0), 1 ,30000, target_temp:30000, algo:0
01-10 06:19:31.005 17922 18235 D ActivityManager: freezing 28766 com.google.android.dialer
01-10 06:19:31.006 17922 18235 D ActivityManager: reportOneUidFrozenStateChanged uid 10278 frozen = true
01-10 06:19:31.007 17922 18235 D ActivityManager: freezing 29669 com.zhiliaoapp.musically
01-10 06:19:31.008 17922 18314 D InetDiagMessage: Destroyed 0 sockets, proto=IPPROTO_TCP, family=AF_INET, states=14
01-10 06:19:31.009 17922 18314 D InetDiagMessage: Destroyed 0 sockets, proto=IPPROTO_TCP, family=AF_INET6, states=14
01-10 06:19:31.009 17922 18314 D InetDiagMessage: Destroyed live tcp sockets for uids={10278} in 3ms
01-10 06:19:31.012 17922 18235 D ActivityManager: freezing 9661 com.zhiliaoapp.musically:push
01-10 06:19:31.013 17922 18235 D ActivityManager: reportOneUidFrozenStateChanged uid 10330 frozen = true
01-10 06:19:31.014 17922 18314 D InetDiagMessage: Destroyed 2 sockets, proto=IPPROTO_TCP, family=AF_INET, states=14
01-10 06:19:31.014 17922 18314 D InetDiagMessage: Destroyed 0 sockets, proto=IPPROTO_TCP, family=AF_INET6, states=14
01-10 06:19:31.014 17922 18314 D InetDiagMessage: Destroyed live tcp sockets for uids={10330} in 1ms
01-10 06:19:31.021 17922 18235 D ActivityManager: freezing 9608 com.oplus.lfeh
01-10 06:19:31.024 17922 18235 D ActivityManager: freezing 9644 com.apcoaflow.consumer
01-10 06:19:31.025 17922 18235 D ActivityManager: reportOneUidFrozenStateChanged uid 10360 frozen = true
01-10 06:19:31.025 17922 18314 D InetDiagMessage: Destroyed 0 sockets, proto=IPPROTO_TCP, family=AF_INET, states=14
01-10 06:19:31.026 17922 18314 D InetDiagMessage: Destroyed 0 sockets, proto=IPPROTO_TCP, family=AF_INET6, states=14
01-10 06:19:31.026 17922 18314 D InetDiagMessage: Destroyed live tcp sockets for uids={10360} in 1ms
01-10 06:19:31.027 17922 20648 W ActivityManager: Background start not allowed: service Intent { cmp=com.facebook.katana/com.facebook.mqtt.service.MqttServiceV2 (has extras) mCallingUid=10311 } to com.facebook.katana/com.facebook.mqtt.service.MqttServiceV2 from pid=23018 uid=10311 pkg=com.facebook.katana startFg?=false
01-10 06:19:31.034 17922 18235 D ActivityManager: freezing 9553 com.google.android.projection.gearhead:shared
01-10 06:19:31.125 20663 28896 I CardService[500].CardChannelTrackUtil: 268451924&1&20_sid=268451924_rk=fbb948 uploadCardChannelTrack traceData = {serviceId=268451924, cardIndex=1, cardType=268451924, hostId=20, traceType=2, versionCode=500, action=[2025-01-10 06:19:21.069]100-101-110-111-113-120-130[2025-01-10 06:19:21.121]200-201-210-211-220-230[2025-01-10 06:19:21.122]300-301[2025-01-10 06:19:21.123]400-310-311-320-330-401-410-411-420-430[2025-01-10 06:19:21.130]1000-1001-1002[2025-01-10 06:19:27.130]600-601-610[2025-01-10 06:19:27.131]800-611-620-630-801-810-811-820-830} [CardService-master|com.oplus.pantanal.ums|1.4.25-69f924a]
01-10 06:19:31.235  3453  3453 E OplusTouchDaemon: ts_run_service: shellback temperature updated 30 (30000)
01-10 06:19:31.384 17922 18415 D OplusWifiPower_TriggerCenter: mComponentCallback: wifistat
01-10 06:19:31.384 18986 18986 D VendorWifiService: onEvent event:9,action:1
01-10 06:19:31.407  2431  2431 D SurfaceFlinger: VRR [SurfaceFlinger] setDesiredActiveMode: 60, event: 1 ,displayid = 4630946756802996883
01-10 06:19:31.408  2431  2431 D DisplayModeController: setDesiredMode 4630946756802996883 {mode={fps=60.00 Hz, modePtr={id=5, vsyncRate=60.00 Hz, peakRefreshRate=60.00 Hz}}, emitEvent=true, force=false}
01-10 06:19:31.409  2153  4760 W SDM     : HWDeviceDRM::GetSupportedBitClkRate: Requested rate not supported: 1363200000
01-10 06:19:31.410  2153  4760 I SDM     : HWDeviceDRM::UpdateMixerAttributes: Mixer WxH 1440x3168-1 for Peripheral
01-10 06:19:31.410  2153  4760 I CwbService: CwbService::notifyConfigChange: display:0, config:5 size:4, sec.size():0
01-10 06:19:31.410  2153  4760 I CwbService: CwbService::notifyConfigChange: display: 0, config = 1
01-10 06:19:31.410  2153  3844 I CasManager: Fps changed from 120 to 60
01-10 06:19:31.410  2153  3844 I CasManager: Fps changed, not change bin, so trigger gain
01-10 06:19:31.414  2153  3844 I SDM     : CasQcPlugIn::ProcessPerCompGainOppo: input params, mode:PWM, fps:60, dbv:1403
01-10 06:19:31.414  2153  3844 I SDM     : CasQcPlugIn::ProcessPerCompGainOppo: normalized bright_adj:1024, dbv:1403, bin_dbv:19, 
01-10 06:19:31.414  2153  3844 I SDM     : CasQcPlugIn::ProcessPerCompGainOppo: gains print start =====================
01-10 06:19:31.414  2153  3844 I SDM     : CasQcPlugIn::ProcessPerCompGainOppo: gain --------------------------------
01-10 06:19:31.414  2153  3844 I SDM     : CasQcPlugIn::ProcessPerCompGainOppo: old: 0 0 0 194 377 670 1175 3072
01-10 06:19:31.414  2153  3844 I SDM     : CasQcPlugIn::ProcessPerCompGainOppo: new: 0 0 0 121 318 565 991 3072
01-10 06:19:31.414  2153  3844 I SDM     : CasQcPlugIn::ProcessPerCompGainOppo: gain --------------------------------
01-10 06:19:31.414  2153  3844 I SDM     : CasQcPlugIn::ProcessPerCompGainOppo: old: 0 0 0 99 297 530 1323 3072
01-10 06:19:31.414  2153  3844 I SDM     : CasQcPlugIn::ProcessPerCompGainOppo: new: 0 0 0 61 227 530 1323 3072
01-10 06:19:31.414  2153  3844 I SDM     : CasQcPlugIn::ProcessPerCompGainOppo: gain --------------------------------
01-10 06:19:31.414  2153  3844 I SDM     : CasQcPlugIn::ProcessPerCompGainOppo: old: 0 0 0 214 453 754 1964 3072
01-10 06:19:31.414  2153  3844 I SDM     : CasQcPlugIn::ProcessPerCompGainOppo: new: 0 0 0 133 453 754 1964 3072
01-10 06:19:31.414  2153  3844 I SDM     : CasQcPlugIn::ProcessPerCompGainOppo: gains print end =======================
01-10 06:19:31.417  2153  3844 I SDM     : DemuraIntfImpl::StageAllData: Staged all data to Demura Driver!
01-10 06:19:31.417  2153  3844 I SDM     : HWPeripheralDRM::SetPanelFeature: Set Panel feature property 19
01-10 06:19:31.417  2153  3844 I SDM     : HWPeripheralDRM::SetPanelFeature: Set Panel feature property 7
01-10 06:19:31.418  2153  3844 I SDM     : DisplayBuiltIn::TriggerDemuraOemPlugIn: Trigger demura oem plugin success
01-10 06:19:31.419  2153  2418 I SDM     : DRMPanelFeatureMgr::ApplyDirtyFeature: Commited panel feature [enabled]: 20-272
01-10 06:19:31.419  2153  2418 I SDM     : DRMPanelFeatureMgr::ApplyDirtyFeature: Commited panel feature [enabled]: 8-271
01-10 06:19:31.426 17922 18235 D ActivityManager: freezing 24763 com.google.android.projection.gearhead:car
01-10 06:19:31.426  2431  2431 D VRR-[OPlusRefreshRateSelector]: setCurrentModeId 5 type SM
01-10 06:19:31.426 17922 18235 D ActivityManager: reportOneUidFrozenStateChanged uid 10114 frozen = true
01-10 06:19:31.427 17922 17947 I DisplayDeviceRepository: Display device changed render timings: "Inbyggd skärm", renderFrameRate=60.000004, presentationDeadlineNanos=16666666, appVsyncOffsetNanos=1000000
01-10 06:19:31.427 17922 17947 D LogicalDisplayExt: set displayInfo flag FLAG_ROTATES_WITH_CONTENT
01-10 06:19:31.427 17922 17947 D DisplayManagerServiceExtImpl: scheduleTraversalLocked intraversal=false
01-10 06:19:31.427 17922 17947 I DisplayManagerServiceExtImpl: handle logical display changed logicalDisplay=id=0,stack=0,content=true,displayInfo{stack=0,type=1,id=0,uId=local:4630946756802996883,state=ON,pkg=null}
01-10 06:19:31.427 17922 17993 D BrightnessThermalClamper: Thermal status observer already started
01-10 06:19:31.427 17922 17947 D DisplayManagerService: Delivering display event: displayId=0, event=CHANGED
01-10 06:19:31.428 17922 17993 D BrightnessPowerClamper: Power throttling data is missing for configuration data.
01-10 06:19:31.428 17922 18314 D InetDiagMessage: Destroyed 0 sockets, proto=IPPROTO_TCP, family=AF_INET, states=14
01-10 06:19:31.428 17922 17947 W IPCThreadState: Sending oneway calls to frozen process.
01-10 06:19:31.428 17922 17922 E OplusGestureAnimationManagerPolicy: mScreenHeight:2376 mScreenWidth:1080 mRotation:0
01-10 06:19:31.428 17922 18314 D InetDiagMessage: Destroyed 0 sockets, proto=IPPROTO_TCP, family=AF_INET6, states=14
01-10 06:19:31.429 17922 18314 D InetDiagMessage: Destroyed live tcp sockets for uids={10114} in 2ms
01-10 06:19:31.429 17922 17945 D OplusVFXScreenEffectFeature: notifySFCompatWindowStateChange entered false
01-10 06:19:31.429 17922 17945 D FSS_FoldScreenBlackCoverController: displayChangeToOn, dc:Display{#0 state=ON size=1080x2376 ROTATION_0}
01-10 06:19:31.429  2431  2686 D [PREVIEW]: SF obtain preview_adapter: 0
01-10 06:19:31.429  2431  2686 D [PREVIEW]: TabletPreviewAdapter::parallel world 0
01-10 06:19:31.429 17922 17947 D DisplayManagerService: MSG_REQUEST_TRAVERSAL pendingCompleted=false
01-10 06:19:31.430 17922 18235 D ActivityManager: freezing 28909 com.android.DeviceAsWebcam
01-10 06:19:31.430 17922 17945 D DisplayManagerService: performTraversalInternal pendingTraversal
01-10 06:19:31.430 17922 17945 D DisplayDevice: setLayerStackLocked id=local:4630946756802996883 token=android.os.BinderProxy@ed7b62f stack=0->0
01-10 06:19:31.430  6826  6857 E oiface  : sched_setaffinity failed
01-10 06:19:31.430 17529 24074 D AudioFlingerExtImpl: AudioFlingerExtImpl oplusSetParameters: keyvalue screen_state=on
01-10 06:19:31.430 17529 24074 D DeviceHalAidl: 0xb40000769ac8d600 DeviceHalAidl::setParameters
01-10 06:19:31.430 17529 24074 D DeviceHalAidl: setParameters: parameters: "screen_state=on"
01-10 06:19:31.430  2278  2329 I gameoptHal: targetfps updated 6 -- 60
01-10 06:19:31.430 17537 17542 I PAL: ResourceManager: setParameter: 11458: Screen State:1
01-10 06:19:31.431 17529 24074 D DeviceHalAidl: 0xb40000769ac8e200 DeviceHalAidl::setParameters
01-10 06:19:31.431 17529 24074 D DeviceHalAidl: setParameters: parameters: "screen_state=on"
01-10 06:19:31.431 17537 17542 D AHAL_Module: updateScreenState: usb: 1
01-10 06:19:31.431 17529 24074 D DeviceHalAidl: 0xb40000769ac8e800 DeviceHalAidl::setParameters
01-10 06:19:31.431 17529 24074 D DeviceHalAidl: setParameters: parameters: "screen_state=on"
01-10 06:19:31.431 17537 17542 D AHAL_Module: updateScreenState: r_submix: 1
01-10 06:19:31.431 17529 24074 D DeviceHalAidl: 0xb40000769ac8ee00 DeviceHalAidl::setParameters
01-10 06:19:31.431 17529 24074 D DeviceHalAidl: setParameters: parameters: "screen_state=on"
01-10 06:19:31.431 17537 17542 D AHAL_Module: updateScreenState: bluetooth: 1
01-10 06:19:31.431 17529 24074 D DeviceHalAidl: 0xb40000769ac8f400 DeviceHalAidl::setParameters
01-10 06:19:31.431 17529 24074 D DeviceHalAidl: setParameters: parameters: "screen_state=on"
01-10 06:19:31.431 17537 17537 D AHAL_Module: updateScreenState: bluetooth: 1
01-10 06:19:31.431 17529 24074 D DeviceHalAidl: 0xb40000769ac8fa00 DeviceHalAidl::setParameters
01-10 06:19:31.431 17529 24074 D DeviceHalAidl: setParameters: parameters: "screen_state=on"
01-10 06:19:31.431 17537 17542 D AHAL_Module: updateScreenState: stub: 1
01-10 06:19:31.432 17922 18235 D ActivityManager: freezing 24122 android.process.media
01-10 06:19:31.432 18473 18473 D CastManagerService: onDisplayChanged.
01-10 06:19:31.432 17922 18235 D ActivityManager: reportOneUidFrozenStateChanged uid 10076 frozen = true
01-10 06:19:31.433 18698 18698 I SystemUi--Statusbar: DisplayRepository-->combining enabled=[0], connectedExternalDisplayIds=[], ignored=[]
01-10 06:19:31.433 17922 18314 D InetDiagMessage: Destroyed 0 sockets, proto=IPPROTO_TCP, family=AF_INET, states=14
01-10 06:19:31.434 17922 18314 D InetDiagMessage: Destroyed 0 sockets, proto=IPPROTO_TCP, family=AF_INET6, states=14
01-10 06:19:31.434 17922 18314 D InetDiagMessage: Destroyed live tcp sockets for uids={10076} in 2ms
01-10 06:19:31.454  2104 18445 I WifiHAL : event received NL80211_CMD_VENDOR, vendor_id = 0x1374, subcmd = 0xd
01-10 06:19:31.454  3314 18446 D LOWI-9.0.1.110: [LOWI-Scan] wait_event:Wait done with Cmd 103
01-10 06:19:31.454  3314 18446 D LOWI-9.0.1.110: [LOWI-Scan] do_listen_events: Rcvd valid Netlink Cmd 0 Err 0
01-10 06:19:31.455  3270  3270 I cnss-daemon: nl80211 response handler invoked
01-10 06:19:31.455  3270  3270 I cnss-daemon: nl80211_response_handler: cmd 103, vendorID 4980, subcmd 13  received
01-10 06:19:31.469  2273  2310 D BatteryChargeControl: bcc get no support from charging protocol
01-10 06:19:31.477 17922 17998 D VRR [OPlusRefreshRateService]: handleConfigIdChange physicalDisplayId: 4630946756802996883 configId: 5 renderPeriod: 16666666
01-10 06:19:31.477 17922 17998 D VRR [OPlusSAManager]: updateModeChange old modeId [ 4 ] -> new modeId [ 5 ] mCurPolicy: 0
01-10 06:19:31.477 17922 17998 D VRR [OPlusSAManager]: updateSAScene active modeId: 5
01-10 06:19:31.478 17922 17998 D VRR [OPlusSAManager]: updateSAScene current policy: 0 active modeId: 5 scene: FIXED_60
01-10 06:19:31.478 17922 17998 D VRR [OPlusOAManager]: Not OA business! new modeId: [5] active modeId: [4]
01-10 06:19:31.478 17922 17998 D VRR [OPlusGameStatusManager]: updateGameState mOSyncFeatureSwitch: false mIsGamePolicy: false
01-10 06:19:31.478 17922 17998 D VRR [OPlusGameStatusManager]: setLTMStatus false curPkgName: com.android.launcher curr status: false HeartStop: false HeartStopFromTGPA: false ActiveFPS: 60.000004
01-10 06:19:31.478 17922 17998 D VRR [OPlusGameStatusManager]: updateGameAccelerationStatus pkgName: com.android.launcher mOSyncFeatureSwitch: false mIsGamePolicy: false mHeartStop: false mHasFlickerRisk: false mForceAcceleration: false mToastReady: false enable: false
01-10 06:19:31.478 17922 17998 D VRR [OPlusGameStatusManager]: updateToastStatus enableAcceleration: false toastReady: false isGamePolicy: false desiredModeId: 5
01-10 06:19:31.478 17922 17998 D VRR [OPlusGameStatusManager]: updateToastStatus enableAcceleration: false toastReady: false isGamePolicy: false desiredModeId: 5
01-10 06:19:31.493 17922 18235 D ActivityManager: freezing 24140 com.google.android.adservices.api
01-10 06:19:31.494 17922 18235 D ActivityManager: freezing 21148 com.google.android.googlequicksearchbox:search
01-10 06:19:31.495 17922 18235 D ActivityManager: reportOneUidFrozenStateChanged uid 10288 frozen = true
01-10 06:19:31.496 17922 18314 D InetDiagMessage: Destroyed 0 sockets, proto=IPPROTO_TCP, family=AF_INET, states=14
01-10 06:19:31.497 17922 18314 D InetDiagMessage: Destroyed 0 sockets, proto=IPPROTO_TCP, family=AF_INET6, states=14
01-10 06:19:31.497 17922 18314 D InetDiagMessage: Destroyed live tcp sockets for uids={10288} in 2ms
01-10 06:19:31.502  2153  2418 I SDM     : DisplayBase::CommitThread: Received idle timeout, panel: cmd, timeout: 70000 us
01-10 06:19:31.528 17922 17998 D VRR [OPlusSAManager]: setSAConfig scene: FIXED_60 modeId: 5 auto: false fakeFrame: false
01-10 06:19:31.528 17922 17998 D VRR [OPlusSAManager]: updateAutoMinfps with nits: 106.03511, mHistOK true, mAmbientOK true, mCctOK true, mIrOK true, mBrightnessOK true, isPkgOK true, SA min fps: 1
01-10 06:19:31.528 17922 17998 D VRR [OPlusSurfaceFlingerController]: setAutoMode enable: false fakeFrame: false fps: 1
01-10 06:19:31.528  2431  2752 I VRR-[OPlusAdfrUtil]: ADFR try set Auto mode with mode 0 fakeframe 0 min fps 1
01-10 06:19:31.528  2431  2752 D VRR-[OPlusRefreshRateSelector]: OSyncModes add size is 1.
01-10 06:19:31.528  2431  2752 I VRR-[OPlusRefreshRateSelector]: updateAutoMode success, display 0, mode 0, fakeframe 0, min fps: 60
01-10 06:19:31.529  2431  3872 D VRR-[OPlusRefreshRateSelector]: handleSetHWCOSync
01-10 06:19:31.529  2431  3872 D VRR-[OPlusRefreshRateSelector]: OSyncModes remaining size is 0.
01-10 06:19:31.529  2431  3872 D VRR-[OPlusRefreshRateSelector]: SetHWCOSync with 5CC080BC
01-10 06:19:31.529  2153  4760 I SDM     : DisplayBuiltIn::SetQSyncMode: VRR + update qsync mode 0 minfps 00C080BC
01-10 06:19:31.547  2153  2418 E SDM     : DRMConnector::Perform: Connector 67: Setting Qsync min fps 12615868
01-10 06:19:31.567 17922 18235 D ActivityManager: freezing 10774 com.google.android.as.oss
01-10 06:19:31.568 17922 18235 D ActivityManager: reportOneUidFrozenStateChanged uid 10277 frozen = true
