01-10 06:19:31.569 17922 18314 D InetDiagMessage: Destroyed 0 sockets, proto=IPPROTO_TCP, family=AF_INET, states=14
01-10 06:19:31.569 17922 18314 D InetDiagMessage: Destroyed 0 sockets, proto=IPPROTO_TCP, family=AF_INET6, states=14
01-10 06:19:31.569 17922 18314 D InetDiagMessage: Destroyed live tcp sockets for uids={10277} in 1ms
01-10 06:19:31.619  2153  2418 I SDM     : DisplayBase::CommitThread: Received idle timeout, panel: cmd, timeout: 70000 us
01-10 06:19:31.859 20213 21053 I bbfs    : (REDACTED) getHotwordActive::active query: %s, watch: %s, devices connected: %s
01-10 06:19:31.859  3583  4140 D QmiClient: qmiServiceEventCallback recv msg id 47
01-10 06:19:31.859  3583  4140 D QmiOttClient: enter : onQmiServiceEventCallback msgId 47
01-10 06:19:31.860  3583  3614 D OttProxy: handleMessage msg is 3001
01-10 06:19:31.860 18986 19005 D SubsysRadioIndication: [PHONE0]radioLinkLatencyInfoInd
01-10 06:19:31.860 18986 19005 D SubsysRadioIndication: [PHONE0]notify enter
01-10 06:19:31.869  2183  2262 E PERFHAL-PERFCTRL: PERFHAL-PERFCTRL: chk_core_online_poll_loop() 700: poll() has timed out for /sys/kernel/msm_performance/events/cpu_hotplug
01-10 06:19:31.869  2183  2262 E PERFHAL-PERFCTRL: PERFHAL-PERFCTRL: chk_core_online_poll_loop() 695: Block on poll()
01-10 06:19:32.031 17922 17998 D VRR [OPlusSAManager]: updateAutoMinfps with nits: 106.03511, mHistOK true, mAmbientOK true, mCctOK true, mIrOK true, mBrightnessOK true, isPkgOK true, SA min fps: 1
01-10 06:19:32.031 17922 17998 D VRR [OPlusSurfaceFlingerController]: setAutoMode enable: false fakeFrame: false fps: 1
01-10 06:19:32.031  2431  2686 I VRR-[OPlusAdfrUtil]: ADFR try set Auto mode with mode 0 fakeframe 0 min fps 1
01-10 06:19:32.031  2431  2686 D VRR-[OPlusRefreshRateSelector]: OSyncModes add size is 1.
01-10 06:19:32.031  2431  2686 I VRR-[OPlusRefreshRateSelector]: updateAutoMode success, display 0, mode 0, fakeframe 0, min fps: 60
01-10 06:19:32.031  2431  3872 D VRR-[OPlusRefreshRateSelector]: handleSetHWCOSync
01-10 06:19:32.031  2431  3872 D VRR-[OPlusRefreshRateSelector]: OSyncModes remaining size is 0.
01-10 06:19:32.031  2431  3872 D VRR-[OPlusRefreshRateSelector]: SetHWCOSync with 5CC080BC
01-10 06:19:32.032  2153  4760 I SDM     : DisplayBuiltIn::SetQSyncMode: VRR + update qsync mode 0 minfps 00C080BC
01-10 06:19:32.048  2153  2418 E SDM     : DRMConnector::Perform: Connector 67: Setting Qsync min fps 12615868
01-10 06:19:32.120  2153  2418 I SDM     : DisplayBase::CommitThread: Received idle timeout, panel: cmd, timeout: 70000 us
01-10 06:19:32.469  2273  2310 D BatteryChargeControl: bcc get no support from charging protocol
01-10 06:19:32.573 17922 18235 D ActivityManager: Freezer deadlock watchdog
01-10 06:19:33.070  3583  4140 D QmiClient: qmiServiceEventCallback recv msg id 47
01-10 06:19:33.070  3583  4140 D QmiOttClient: enter : onQmiServiceEventCallback msgId 47
01-10 06:19:33.071  3583  3614 D OttProxy: handleMessage msg is 3001
01-10 06:19:33.071 18986 19005 D SubsysRadioIndication: [PHONE0]radioLinkLatencyInfoInd
01-10 06:19:33.071 18986 19005 D SubsysRadioIndication: [PHONE0]notify enter
01-10 06:19:33.148 17535 17582 E TetherController: property_get sys.radio.data.modem_share_flag return 0, 1!
01-10 06:19:33.183 17922 18111 D CompressAction: set affinity failed.
01-10 06:19:33.444  3314 18446 D LOWI-9.0.1.110: [LOWI-Scan] wait_event:Wait done with Cmd 103
01-10 06:19:33.444  2104 18445 I WifiHAL : event received NL80211_CMD_VENDOR, vendor_id = 0x1374, subcmd = 0xd
01-10 06:19:33.444  3314 18446 D LOWI-9.0.1.110: [LOWI-Scan] do_listen_events: Rcvd valid Netlink Cmd 0 Err 0
01-10 06:19:33.444  3270  3270 I cnss-daemon: nl80211 response handler invoked
01-10 06:19:33.444  3270  3270 I cnss-daemon: nl80211_response_handler: cmd 103, vendorID 4980, subcmd 13  received
01-10 06:19:33.470  2273  2310 D BatteryChargeControl: bcc get no support from charging protocol
01-10 06:19:33.982  3417  4602 I oplus_theia: Waiting for OCenterService
01-10 06:19:34.033  3583  4140 D QmiClient: qmiServiceEventCallback recv msg id 47
01-10 06:19:34.033  3583  4140 D QmiOttClient: enter : onQmiServiceEventCallback msgId 47
01-10 06:19:34.033  3583  3614 D OttProxy: handleMessage msg is 3001
01-10 06:19:34.034 18986 19005 D SubsysRadioIndication: [PHONE0]radioLinkLatencyInfoInd
01-10 06:19:34.035 18986 19005 D SubsysRadioIndication: [PHONE0]notify enter
01-10 06:19:34.420 18986 18986 D VendorWifiService: onEvent event:9,action:1
01-10 06:19:34.420 17922 18415 D OplusWifiPower_TriggerCenter: mComponentCallback: wifistat
01-10 06:19:34.421 18698 18794 D WifiStatusTracker: mNetworkCallback onCapabilitiesChanged network:102 mPrimaryNetworkId:102
01-10 06:19:34.422 18986 19429 D SubsysEventListenerManager: onCapabilitiesChanged
01-10 06:19:34.423 18698 18794 D WifiStatusTracker: mNetworkCallback onCapabilitiesChanged network:102 mPrimaryNetworkId:102
01-10 06:19:34.423 18986 19429 D DataStateTracker: getCurDataChannel, channel:1
01-10 06:19:34.423 18698 18902 D WifiPickerTracker: handleNetworkCapabilitiesChanged network:102
01-10 06:19:34.424 17922 18441 D OplusSlaNetworkManager: isPrimaryWifi:true network:102
01-10 06:19:34.424 18698 18902 I WifiPickerTracker: wifi connected status realConnectedWifiEntry not null: true
01-10 06:19:34.425 17922 18415 D SystemNetworkObserver: wifi network 102 nc changed, primary=true
01-10 06:19:34.425 17922 18415 D SystemNetworkObserver: default network nc changed 102
01-10 06:19:34.425 17922 18314 W IPCThreadState: Sending oneway calls to frozen process.
01-10 06:19:34.425 18937 20983 D QCNEJ/NativeAidlConnector: -> SND notifyDefaultNetworkChanged(1)
01-10 06:19:34.425 18937 20983 D cneJni  : sendDefaultNwMsg start
01-10 06:19:34.425 17922 18314 W IPCThreadState: Sending oneway calls to frozen process.
01-10 06:19:34.425 20413 21646 I BugleRcsEngine: Connected state: [1], networkType: [WIFI] [CONTEXT thread_id=69 ]
01-10 06:19:34.426 20413 22045 I BugleRcsEngine: handleMessage processing message:[NOTIFY_UPTIME_IGNORE_STATE_CHANGED] with [non-null]:RcsEngineImpl reference [CONTEXT log_prefix="RcsEngineImpl[DUAL_REG]:[254f5748-f7ae]>Handler" thread_id=75 ]
01-10 06:19:34.426 18937 20983 D cneJni  : sendWifiStatus start
01-10 06:19:34.426 17922 18314 W IPCThreadState: Sending oneway calls to frozen process.
01-10 06:19:34.426 17922 18314 W IPCThreadState: Sending oneway calls to frozen process.
01-10 06:19:34.426 17922 18314 W IPCThreadState: Sending oneway calls to frozen process.
01-10 06:19:34.426 17922 18314 W IPCThreadState: Sending oneway calls to frozen process.
01-10 06:19:34.426 17922 18314 W IPCThreadState: Sending oneway calls to frozen process.
01-10 06:19:34.426 18698 18794 I SystemUi--Statusbar: NetworkController.WifiSignalController-->handleStatusUpdated state=3 enabled=true connected=true isDefaultNetwork=true rssi=-62 level=4 statusLabel=null isDirty=false
01-10 06:19:34.427 18873 20975 D txpwrJni: sendNetworkInfo start
01-10 06:19:34.427 18698 18794 I SystemUi--Statusbar: NetworkController.WifiSignalController-->handleStatusUpdated state=3 enabled=true connected=true isDefaultNetwork=true rssi=-62 level=4 statusLabel=null isDirty=false
01-10 06:19:34.427 18698 18794 I SystemUi--Statusbar: NetworkController.WifiSignalController-->handleStatusUpdated state=3 enabled=true connected=true isDefaultNetwork=true rssi=-62 level=4 statusLabel=null isDirty=false
01-10 06:19:34.427 18873 20975 D txpwrJni: sendNetworkInfo RatType 0
01-10 06:19:34.427 17922 17995 D OplusFeatureHDREnhanceBrightness: checkIsPlayingHDR isPlayingHDR=0 rotation=0 whiteApp=false battery=100
01-10 06:19:34.427 17922 18314 W IPCThreadState: Sending oneway calls to frozen process.
01-10 06:19:34.427 17922 18314 W IPCThreadState: Sending oneway calls to frozen process.
01-10 06:19:34.427 17922 18314 W IPCThreadState: Sending oneway calls to frozen process.
01-10 06:19:34.427 17922 18314 W IPCThreadState: Sending oneway calls to frozen process.
01-10 06:19:34.427 19361 19373 I ChimeraSrvcProxy: NullBinder for android.net.action.RECOMMEND_NETWORKS triggering remote TransactionTooLargeException due to Service without Chimera impl
01-10 06:19:34.427 19361 19373 W .gms.persistent: Large reply transaction of 2113536 bytes, interface descriptor , code 1
01-10 06:19:34.428 17922 18314 W IPCThreadState: Sending oneway calls to frozen process.
01-10 06:19:34.428 17922 18314 W IPCThreadState: Sending oneway calls to frozen process.
01-10 06:19:34.428 17922 18314 W IPCThreadState: Sending oneway calls to frozen process.
01-10 06:19:34.428 17922 18314 W IPCThreadState: Sending oneway calls to frozen process.
01-10 06:19:34.428 17922 18314 W IPCThreadState: Sending oneway calls to frozen process.
01-10 06:19:34.428 17922 18314 W IPCThreadState: Sending oneway calls to frozen process.
01-10 06:19:34.428 17922 18314 W IPCThreadState: Sending oneway calls to frozen process.
01-10 06:19:34.428 17922 18314 W IPCThreadState: Sending oneway calls to frozen process.
01-10 06:19:34.428 17922 18314 W IPCThreadState: Sending oneway calls to frozen process.
01-10 06:19:34.428 17922 18314 W IPCThreadState: Sending oneway calls to frozen process.
01-10 06:19:34.428 17922 18314 W IPCThreadState: Sending oneway calls to frozen process.
01-10 06:19:34.428 17922 18314 W IPCThreadState: Sending oneway calls to frozen process.
01-10 06:19:34.428 17922 18314 W IPCThreadState: Sending oneway calls to frozen process.
01-10 06:19:34.428 17922 18314 W IPCThreadState: Sending oneway calls to frozen process.
01-10 06:19:34.429 17922 18314 W IPCThreadState: Sending oneway calls to frozen process.
01-10 06:19:34.429 17922 18314 W IPCThreadState: Sending oneway calls to frozen process.
01-10 06:19:34.429 17922 18314 W IPCThreadState: Sending oneway calls to frozen process.
01-10 06:19:34.429 17922 18314 W IPCThreadState: Sending oneway calls to frozen process.
01-10 06:19:34.429 17922 18314 W IPCThreadState: Sending oneway calls to frozen process.
01-10 06:19:34.429 17922 18314 W IPCThreadState: Sending oneway calls to frozen process.
01-10 06:19:34.429 17922 18314 W IPCThreadState: Sending oneway calls to frozen process.
01-10 06:19:34.429 17922 18314 W IPCThreadState: Sending oneway calls to frozen process.
01-10 06:19:34.429 17922 18314 W IPCThreadState: Sending oneway calls to frozen process.
01-10 06:19:34.429 19361 19373 I ChimeraSrvcProxy: NullBinder for android.net.action.RECOMMEND_NETWORKS triggering remote TransactionTooLargeException due to Service without Chimera impl
01-10 06:19:34.429 19361 19373 W .gms.persistent: Large reply transaction of 2113536 bytes, interface descriptor , code 1
01-10 06:19:34.429 17922 18314 W IPCThreadState: Sending oneway calls to frozen process.
01-10 06:19:34.429 17922 18314 W IPCThreadState: Sending oneway calls to frozen process.
01-10 06:19:34.429 17922 18314 W IPCThreadState: Sending oneway calls to frozen process.
01-10 06:19:34.429 17922 18314 W IPCThreadState: Sending oneway calls to frozen process.
01-10 06:19:34.429 17922 18314 W IPCThreadState: Sending oneway calls to frozen process.
01-10 06:19:34.429 17922 18314 W IPCThreadState: Sending oneway calls to frozen process.
01-10 06:19:34.429 17922 18314 W IPCThreadState: Sending oneway calls to frozen process.
01-10 06:19:34.429 17922 18314 W IPCThreadState: Sending oneway calls to frozen process.
01-10 06:19:34.429 17922 18314 W IPCThreadState: Sending oneway calls to frozen process.
01-10 06:19:34.429 17922 18314 W IPCThreadState: Sending oneway calls to frozen process.
01-10 06:19:34.429 17922 18314 W IPCThreadState: Sending oneway calls to frozen process.
01-10 06:19:34.429 17922 18314 W IPCThreadState: Sending oneway calls to frozen process.
01-10 06:19:34.429 17922 18314 W IPCThreadState: Sending oneway calls to frozen process.
01-10 06:19:34.429 17922 18314 W IPCThreadState: Sending oneway calls to frozen process.
01-10 06:19:34.429 17922 18314 W IPCThreadState: Sending oneway calls to frozen process.
01-10 06:19:34.429 17922 18314 W IPCThreadState: Sending oneway calls to frozen process.
01-10 06:19:34.430 17922 18314 W IPCThreadState: Sending oneway calls to frozen process.
01-10 06:19:34.430 17922 18314 W IPCThreadState: Sending oneway calls to frozen process.
01-10 06:19:34.430 17922 18314 W IPCThreadState: Sending oneway calls to frozen process.
01-10 06:19:34.430 17922 18314 W IPCThreadState: Sending oneway calls to frozen process.
01-10 06:19:34.430 17922 18314 W IPCThreadState: Sending oneway calls to frozen process.
01-10 06:19:34.430 17922 18314 W IPCThreadState: Sending oneway calls to frozen process.
01-10 06:19:34.430 17922 18314 W IPCThreadState: Sending oneway calls to frozen process.
01-10 06:19:34.430 17922 18314 W IPCThreadState: Sending oneway calls to frozen process.
01-10 06:19:34.430 17922 18314 W IPCThreadState: Sending oneway calls to frozen process.
01-10 06:19:34.430 17922 18314 W IPCThreadState: Sending oneway calls to frozen process.
01-10 06:19:34.430 17922 18314 W IPCThreadState: Sending oneway calls to frozen process.
01-10 06:19:34.430 17922 18314 W IPCThreadState: Sending oneway calls to frozen process.
01-10 06:19:34.430 17922 18314 W IPCThreadState: Sending oneway calls to frozen process.
01-10 06:19:34.430 17922 18314 W IPCThreadState: Sending oneway calls to frozen process.
01-10 06:19:34.430 17922 18314 W IPCThreadState: Sending oneway calls to frozen process.
01-10 06:19:34.430 17922 18314 W IPCThreadState: Sending oneway calls to frozen process.
01-10 06:19:34.430 17922 18314 W IPCThreadState: Sending oneway calls to frozen process.
01-10 06:19:34.430 19361 19373 I ChimeraSrvcProxy: NullBinder for android.net.action.RECOMMEND_NETWORKS triggering remote TransactionTooLargeException due to Service without Chimera impl
01-10 06:19:34.430 19361 19373 W .gms.persistent: Large reply transaction of 2113536 bytes, interface descriptor , code 1
01-10 06:19:34.432 19361 19373 I ChimeraSrvcProxy: NullBinder for android.net.action.RECOMMEND_NETWORKS triggering remote TransactionTooLargeException due to Service without Chimera impl
01-10 06:19:34.432 19361 19373 W .gms.persistent: Large reply transaction of 2113536 bytes, interface descriptor , code 1
01-10 06:19:34.432 20413 22045 I BugleRcsEngine: Rcs is enabled from user settings: true [CONTEXT log_prefix="ProvisioningEngineDataRetriever" thread_id=75 ]
01-10 06:19:34.471  2273  2310 D BatteryChargeControl: bcc get no support from charging protocol
01-10 06:19:34.518  2153  2418 I SDM     : DisplayBase::CommitThread: Received idle timeout, panel: cmd, timeout: 70000 us
01-10 06:19:34.599  2092  2092 D healthd : system healthd: battery l=100 v=4449 t=29.9 h=2 st=2 c=-156 fc=5920000 cc=25 chg=u
01-10 06:19:34.606 17922 18987 D OplusBatteryServiceFeature: getChgConfig: flag = 0, extra = , callerName = 1
01-10 06:19:34.606  2273  2273 D vendor.oplus.hardware.charger-V6-service: oplus_chg_get_state_retention 0
01-10 06:19:34.606  2273  2273 D vendor.oplus.hardware.charger-V6-service: get_ui_charge_icon_type 0 0 0 0 0
01-10 06:19:34.606 17922 18987 D OplusBatteryServiceFeature: getChgConfig: flag = 1, extra = , callerName = 1
01-10 06:19:34.606  2273  2273 D vendor.oplus.hardware.charger-V6-service: oplus_chg_get_state_retention 0
01-10 06:19:34.606  2273  2273 D vendor.oplus.hardware.charger-V6-service: oplus_chg_get_ui_power 0 0
01-10 06:19:34.606 17922 18987 D OplusBatteryServiceFeature: getChgConfig: flag = 4, extra = , callerName = 1
01-10 06:19:34.606  2273  2273 D vendor.oplus.hardware.charger-V6-service: oplus_chg_get_state_retention 0
01-10 06:19:34.606  2273  2273 D vendor.oplus.hardware.charger-V6-service: oplus_chg_get_cpa_power 2500
01-10 06:19:34.606 17922 18987 D OplusBatteryServiceFeature: getChgConfig: flag = 6, extra = , callerName = 1
01-10 06:19:34.606  2273  2273 D vendor.oplus.hardware.charger-V6-service: oplus_chg_get_state_retention 0
01-10 06:19:34.606  2273  2273 D vendor.oplus.hardware.charger-V6-service: oplus_chg_get_cpa_power 2500
01-10 06:19:34.606  2273  2273 D vendor.oplus.hardware.charger-V6-service: getIsSingleHyperSupport=2, cpa_power=2
01-10 06:19:34.606 17922 18987 D OplusBatteryServiceFeature: getChgConfig: flag = 24, extra = , callerName = 1
01-10 06:19:34.608 17922 17995 I OplusFeatureLowVoltageLimitBrightness: handleMessage MSG_BATTER_TEMPERATURE_CHAGNE changed = false temperature = 299 , battery = 100
01-10 06:19:34.609 18986 18986 D SubsysBroadcastManager: onReceive action:android.intent.action.BATTERY_CHANGED
01-10 06:19:34.609 18986 18986 D RFPowerBoostManager: current battery level is 100
01-10 06:19:34.609 18698 18698 I SystemUi--Common: Oplus_PowerUI-->isAllowShowAutoSuperSavePowerDialog: enterDialogFlag:false ,mIsAutoExitPowerSaveMode: false
01-10 06:19:34.609 18698 18698 I SystemUi--Common: Oplus_PowerUI-->enterExitDialog plugged or level: 
01-10 06:19:34.609 18698 18698 I SystemUi--Statusbar: BatteryControllerExt-->updateBatteryChangeIntent():broadcast=android.intent.action.BATTERY_CHANGED,level=100,scale=100
01-10 06:19:34.609 18698 18698 I SystemUi--Statusbar: BatteryRepository-->level: 100 -- isSavingMode: false
01-10 06:19:34.610 24295 24510 I DeepThinkerSDK: [APP] ClientConnection: getDeepThinkerBridge start
01-10 06:19:34.610 24295 24510 I DeepThinkerSDK: [APP] ClientConnection: getDeepThinkerBridge end
01-10 06:19:34.610 24295 24510 I DeepThinkerSDK: [APP] UserDomainManager: businessId : 401 threshold : 0.6 learnPeriod:30
01-10 06:19:34.610 17922 18987 D OplusBatteryServiceFeature: getChgConfig: flag = 8, extra = , callerName = 2
01-10 06:19:34.611 24295 24510 I DeepThinkerSDK: [APP] UserDomainManager: PerformanceOfLongCharging{probabilityOfLocation=0.0, probabilityOfApps=0.0, probabilityOfTime=0.0, probabilityOfTotal=0.0, duration=0}
01-10 06:19:34.611 18812 18812 D DeviceStatisticsService: onReceive: action= android.intent.action.BATTERY_CHANGED
01-10 06:19:34.612 18585 18608 I [0]DCS-StrategyManager: isNeedUpload: cache, type: 2006, appID: 20089, logTag: 20089, eventID: smart_long_charge_protect_mode
01-10 06:19:34.640 24295 24516 E Battery : ChargeProtectionUtils: First Alarm is Fri Jan 10 06:30:00 GMT+01:00 2025, nowRtc  = Fri Jan 10 06:19:34 GMT+01:00 2025, too close , ignore it.
01-10 06:19:34.640 24295 24516 E Battery : ChargeProtectionUtils: mCanlendarTmp.isEmpty()!
01-10 06:19:34.641 17922 17922 D EnvelopeDetectorController: isEnvelopeAssistantEnabled isCancelNotification: true currentUserId: 0 userId: 0
01-10 06:19:34.641 17922 17922 D EnvelopeDetectorController: isEnvelopeAssistantEnabled isCancelNotification: true currentUserId: 0 userId: 0
01-10 06:19:34.699  2097 23569 I sensors-hal: qsh_conn_event_cb:756, event[0] msg_id=1025, ts=2322106260704, sensor_type = pedometer_minute  Wakeup
01-10 06:19:34.699  2097 23569 E sensors-hal: handle_sns_client_event:98, pedometer_minute: report_ts=1994,counter=94.000000 move_status =[SNS_CMC_STATIONARY] time_gap = 0 run_counter=19.000000 walk_counter=14.000000
01-10 06:19:34.705 18473 18473 I StepApp_StepDataPreHandler: (main)onSensorChanged raw data: step=94.0 state=3.0 minuteDelta=0.0 timestamp=120938721221145 steprun=19.0 stepwalk=14.0 formatted data: step=94 state=3 timestamp=120938721221145 time=1736486374695 steprun=19 stepwalk=14
01-10 06:19:34.706 18473 23562 I StepApp_StepDataSaver: (StepDataDispatcher)getNewFixedOffsetStep type is STEP
01-10 06:19:34.706 18473 23562 I StepApp_StepDataSaver: (StepDataDispatcher)isRebootCountStep:false	 lastRealTimeStamp = 1736486280000	 bootTimestamp = 1736365435974	 mLastModifiedMinuteTime = 2025-01-10-06-18
01-10 06:19:34.706 18473 23562 I StepApp_StepDataSaver: (StepDataDispatcher)calOffSet:sensorStep = 94	 lastModifiedStep = 94	 offSet = 0
01-10 06:19:34.706 18473 23562 I StepApp_StepDataSaver: (StepDataDispatcher)getNewFixedOffsetStep type is RUN
01-10 06:19:34.706 18473 23562 I StepApp_StepDataSaver: (StepDataDispatcher)isRebootCountStep:false	 lastRealTimeStamp = 1736486280000	 bootTimestamp = 1736365435974	 mLastModifiedMinuteTime = 2025-01-10-06-18
01-10 06:19:34.706 18473 23562 I StepApp_StepDataSaver: (StepDataDispatcher)calOffSet:sensorStep = 19	 lastModifiedStep = 19	 offSet = 0
01-10 06:19:34.706 18473 23562 I StepApp_StepDataSaver: (StepDataDispatcher)getNewFixedOffsetStep type is WALK
01-10 06:19:34.707 18473 23562 I StepApp_StepDataSaver: (StepDataDispatcher)isRebootCountStep:false	 lastRealTimeStamp = 1736486280000	 bootTimestamp = 1736365435975	 mLastModifiedMinuteTime = 2025-01-10-06-18
01-10 06:19:34.707 18473 23562 I StepApp_StepDataSaver: (StepDataDispatcher)calOffSet:sensorStep = 14	 lastModifiedStep = 14	 offSet = 0
01-10 06:19:34.871  2183  2262 E PERFHAL-PERFCTRL: PERFHAL-PERFCTRL: chk_core_online_poll_loop() 700: poll() has timed out for /sys/kernel/msm_performance/events/cpu_hotplug
01-10 06:19:34.872  2183  2262 E PERFHAL-PERFCTRL: PERFHAL-PERFCTRL: chk_core_online_poll_loop() 695: Block on poll()
01-10 06:19:34.991  3583  4140 D QmiClient: qmiServiceEventCallback recv msg id 47
01-10 06:19:34.991  3583  4140 D QmiOttClient: enter : onQmiServiceEventCallback msgId 47
01-10 06:19:34.991  3583  3614 D OttProxy: handleMessage msg is 3001
01-10 06:19:34.992 18986 19005 D SubsysRadioIndication: [PHONE0]radioLinkLatencyInfoInd
01-10 06:19:34.992 18986 19005 D SubsysRadioIndication: [PHONE0]notify enter
01-10 06:19:35.262 17535 17573 E NetlinkEvent: NetlinkEvent::FindParam(): Parameter 'INTERFACE' not found
01-10 06:19:35.262 17535 17573 E NetlinkEvent: NetlinkEvent::FindParam(): Parameter 'STATE' not found
01-10 06:19:35.262 17535 17573 E NetlinkEvent: NetlinkEvent::FindParam(): Parameter 'TIME_NS' not found
01-10 06:19:35.262 17535 17573 E NetlinkEvent: NetlinkEvent::FindParam(): Parameter 'UID' not found
01-10 06:19:35.471  2273  2310 D BatteryChargeControl: bcc get no support from charging protocol
01-10 06:19:35.480  2104 18445 I WifiHAL : event received NL80211_CMD_VENDOR, vendor_id = 0x1374, subcmd = 0xd
01-10 06:19:35.480  3314 18446 D LOWI-9.0.1.110: [LOWI-Scan] wait_event:Wait done with Cmd 103
01-10 06:19:35.480  3270  3270 I cnss-daemon: nl80211 response handler invoked
01-10 06:19:35.480  3270  3270 I cnss-daemon: nl80211_response_handler: cmd 103, vendorID 4980, subcmd 13  received
01-10 06:19:35.480  3314 18446 D LOWI-9.0.1.110: [LOWI-Scan] do_listen_events: Rcvd valid Netlink Cmd 0 Err 0
01-10 06:19:35.709 18473 23562 I StepApp_StepProvider: (StepDataDispatcher)query:uri=content://com.oplus.healthservice.stepprovider/step_data	projection=[Ljava.lang.String;@8631083	selection=minute_time = '2025-01-10-06-19'	selectionArgs=null	sortOrder=null
01-10 06:19:35.715 18473 23562 I StepApp_StepProvider: (StepDataDispatcher)query:uri=content://com.oplus.healthservice.stepprovider/step_data	projection=[Ljava.lang.String;@9882200	selection=minute_time = '2025-01-10-06-19'	selectionArgs=null	sortOrder=null
01-10 06:19:35.716 18473 23562 I StepApp_StepProvider: (StepDataDispatcher)query:uri=content://com.oplus.healthservice.stepprovider/step_data	projection=[Ljava.lang.String;@552aa39	selection=minute_time = '2025-01-10-06-19'	selectionArgs=null	sortOrder=null
01-10 06:19:35.717 18473 23562 I StepApp_StepProvider: (StepDataDispatcher)query:uri=content://com.oplus.healthservice.stepprovider/day_statistic	projection=[Ljava.lang.String;@526087e	selection=day_date = '2025-01-10'	selectionArgs=null	sortOrder=null
01-10 06:19:35.717 18473 23562 I StepApp_StepProvider: (StepDataDispatcher)query:uri=content://com.oplus.healthservice.stepprovider/day_statistic	projection=[Ljava.lang.String;@73c31df	selection=day_date = '2025-01-10'	selectionArgs=null	sortOrder=null
01-10 06:19:35.717 18473 23562 I StepApp_StepProvider: (StepDataDispatcher)query:uri=content://com.oplus.healthservice.stepprovider/day_statistic	projection=[Ljava.lang.String;@d4d5e2c	selection=day_date = '2025-01-10'	selectionArgs=null	sortOrder=null
01-10 06:19:35.862  3583  4140 D QmiClient: qmiServiceEventCallback recv msg id 47
01-10 06:19:35.863  3583  4140 D QmiOttClient: enter : onQmiServiceEventCallback msgId 47
01-10 06:19:35.863  3583  3614 D OttProxy: handleMessage msg is 3001
01-10 06:19:35.864 18986 19005 D SubsysRadioIndication: [PHONE0]radioLinkLatencyInfoInd
01-10 06:19:35.864 18986 19005 D SubsysRadioIndication: [PHONE0]notify enter
01-10 06:19:35.961  3583  4123 D QmiClient: qmiServiceEventCallback recv msg id 74
01-10 06:19:35.961  3583  4123 D QmiDsdClient: enter - onQmiServiceEventCallback msgId 74
01-10 06:19:35.961  3583  4123 D QmiDsdClientEvent: qmiDsdClientNotifyLteCellInfoChangeEvent - RADIO_EVENT_LTE_CELL_INFO_CHANGE_IND
01-10 06:19:35.961  3583  3613 D DsdProxy: handleMessage msg is 2201
01-10 06:19:35.962  3583  3613 D DsdProxy: handleLteCellInfoChangeInd for instance 0
01-10 06:19:35.963 18986 19005 D SubsysRadioIndication: [PHONE0]radioLteCAInfoInd
01-10 06:19:35.963 18986 18986 D QtiCellularNetwork: handleLteCaInfoChanged 0
01-10 06:19:35.963 18986 18986 D QtiCellularNetwork: handleLteCaInfoChanged: deconfigured
01-10 06:19:35.974  3583  4140 D QmiClient: qmiServiceEventCallback recv msg id 47
01-10 06:19:35.974  3583  4140 D QmiOttClient: enter : onQmiServiceEventCallback msgId 47
01-10 06:19:35.974  3583  3614 D OttProxy: handleMessage msg is 3001
01-10 06:19:35.975 18986 19005 D SubsysRadioIndication: [PHONE0]radioLinkLatencyInfoInd
01-10 06:19:35.975 18986 19005 D SubsysRadioIndication: [PHONE0]notify enter
01-10 06:19:35.980  3583  4123 D QmiClient: qmiServiceEventCallback recv msg id 74
01-10 06:19:35.980  3583  4123 D QmiDsdClient: enter - onQmiServiceEventCallback msgId 74
01-10 06:19:35.980  3583  4123 D QmiDsdClientEvent: qmiDsdClientNotifyLteCellInfoChangeEvent - RADIO_EVENT_LTE_CELL_INFO_CHANGE_IND
01-10 06:19:35.980  3583  3613 D DsdProxy: handleMessage msg is 2201
01-10 06:19:35.980  3583  3613 D DsdProxy: handleLteCellInfoChangeInd for instance 0
01-10 06:19:35.981 18986 19005 D SubsysRadioIndication: [PHONE0]radioLteCAInfoInd
01-10 06:19:35.982 18986 18986 D QtiCellularNetwork: handleLteCaInfoChanged 0
01-10 06:19:35.982 18986 18986 D QtiCellularNetwork: handleLteCaInfoChanged: deconfigured
01-10 06:19:35.986 18843 19457 D Acc-OplusLinkBoostCommon: notifyThermalBroadCast level = 2 temp = 299,lastTemp: 308
01-10 06:19:35.986 18986 18986 D RFPowerBoostManager: my thermal listener proxy invoke method:notifyThermalBroadCast args len:2
01-10 06:19:35.986 18986 18986 D RFPowerBoostManager: current temp is 29, mInCalling is false, current threshold is 41
01-10 06:19:35.989 17922 18415 I OplusWifiSarManager: Received Data State Change: 4
01-10 06:19:35.989 18698 18876 I SystemUi--Statusbar: MobileConnectionRepositoryImpl-->subId:1 isSoftSimCard:false slotId:0
01-10 06:19:35.991 18698 19314 V OplusCustomizeCacheManager: queryCache name: sys.cache.common_customize_cache18014 param: null
01-10 06:19:35.991 18698 19314 V OplusCustomizeCacheManager: queryCache name: sys.cache.common_customize_cache18017 param: Bundle[{SETTING=BLOCK, BUSINESS=NCT-DATA}]
01-10 06:19:35.991 18698 19314 V OplusCustomizeCacheManager: start recompute
01-10 06:19:35.991 17922 20647 D OplusCustomizeSecurityManagerService: we can't find the BLOCK
01-10 06:19:35.991 18698 19314 V OplusCustomizeCacheManager: queryCache name: sys.cache.common_customize_cache18013 param: null
01-10 06:19:36.472  2273  2310 D BatteryChargeControl: bcc get no support from charging protocol
01-10 06:19:36.557 17922 18987 D ConnectivityService: requestNetwork for uid/pid:10311/23018 activeRequest: null callbackRequest: 611 [NetworkRequest [ REQUEST id=612, [ Capabilities: INTERNET&NOT_RESTRICTED&TRUSTED&NOT_VCN_MANAGED&NOT_BANDWIDTH_CONSTRAINED Uid: 10311 RequestorUid: 10311 RequestorPkg: com.facebook.katana UnderlyingNetworks: Null] ]] callback flags: 0 order: 2147483647 isUidTracked: false declaredMethods: ALL
01-10 06:19:36.558 17922 18306 D WifiNetworkFactory: got request NetworkRequest [ REQUEST id=612, [ Capabilities: INTERNET&NOT_RESTRICTED&TRUSTED&NOT_VCN_MANAGED&NOT_BANDWIDTH_CONSTRAINED Uid: 10311 RequestorUid: 10311 RequestorPkg: com.facebook.katana UnderlyingNetworks: Null] ]
01-10 06:19:36.558 17922 18306 D UntrustedWifiNetworkFactory: got request NetworkRequest [ REQUEST id=612, [ Capabilities: INTERNET&NOT_RESTRICTED&TRUSTED&NOT_VCN_MANAGED&NOT_BANDWIDTH_CONSTRAINED Uid: 10311 RequestorUid: 10311 RequestorPkg: com.facebook.katana UnderlyingNetworks: Null] ]
01-10 06:19:36.558 17922 18306 D OemPaidWifiNetworkFactory: got request NetworkRequest [ REQUEST id=612, [ Capabilities: INTERNET&NOT_RESTRICTED&TRUSTED&NOT_VCN_MANAGED&NOT_BANDWIDTH_CONSTRAINED Uid: 10311 RequestorUid: 10311 RequestorPkg: com.facebook.katana UnderlyingNetworks: Null] ]
01-10 06:19:36.558 17922 18306 D MultiInternetWifiNetworkFactory: got request NetworkRequest [ REQUEST id=612, [ Capabilities: INTERNET&NOT_RESTRICTED&TRUSTED&NOT_VCN_MANAGED&NOT_BANDWIDTH_CONSTRAINED Uid: 10311 RequestorUid: 10311 RequestorPkg: com.facebook.katana UnderlyingNetworks: Null] ]
01-10 06:19:36.559 17922 18314 D ConnectivityService: NetReassign [612 : null → 102] [c 0] [a 1] [i 1]
01-10 06:19:36.563 17922 18235 D ActivityManager: reportOneUidFrozenStateChanged uid 10288 frozen = false
01-10 06:19:36.564 17922 18127 D ActivityManager: sync unfroze 24140 com.google.android.adservices.api for 6
01-10 06:19:36.565 17535 17582 E TetherController: property_get sys.radio.data.modem_share_flag return 0, 1!
01-10 06:19:36.571 24140 10872 E adservices.measurement: DebugReportingJobService.runWithLock(DEBUG_REPORTING) failed to acquire lock
01-10 06:19:36.572 24140 24271 E adservices.measurement: ReportingJobService is disabled, skip scheduling
01-10 06:19:36.581 17922 19359 D ActivityManager: Async freezing 24140 com.google.android.adservices.api
01-10 06:19:36.693  2097 18278 I sensors-hal: qsh_conn_event_cb:756, event[0] msg_id=1025, ts=2322144607996, sensor_type = shaking  Wakeup
01-10 06:19:36.694  2097 18278 E sensors-hal: handle_sns_client_event:59, oplus_shaking: report_ts=2147483647, state=0.000000, ts=120940718475937
01-10 06:19:36.697 17821 18085 I [CAM-OEMLAYER] : [ INFO][ProviderExt] camerasdsmgr.cpp:417 sensorCalback() [CAM-OEMLAYER] sensorCalback, idx: 0, type: 33171068
01-10 06:19:36.697 17821 18085 I [CAM-OEMLAYER] : [ INFO][ProviderExt] camerasdsmgr.cpp:422 sensorCalback() [CAM-OEMLAYER] shake_detect Calback sensorEvent: state: 0.000000, timestamp: 120940718475937
01-10 06:19:36.697 17821 18085 I [CAM-OEMLAYER] : [ INFO][ProviderExt] camerasdsmgr.cpp:642 PopulateShakingData() [CAM-OEMLAYER] ALOOPER_POLL_CALLBACK
01-10 06:19:36.697 17821 18085 I [CAM-OEMLAYER] : [CORE_CFG][ProviderExt] camerasdsmgr.cpp:1179 CameraSDSPollThread() [CAM-OEMLAYER] m_TargetRunningMask: 0x0, shakingState: 0
01-10 06:19:36.697 17821 18085 I [CAM-OEMLAYER] : [ INFO][ProviderExt] camerasdsmgr.cpp:593 PopulateShakingData() [CAM-OEMLAYER] Looper::pollOnce start
01-10 06:19:36.780 18776 18776 D OplusTelephonyController: onSignalStrengthChanged: SignalStrength=SignalStrength:{mCdma=CellSignalStrengthCdma: cdmaDbm=2147483647 cdmaEcio=2147483647 evdoDbm=2147483647 evdoEcio=2147483647 evdoSnr=2147483647 level=0,mGsm=CellSignalStrengthGsm: rssi=2147483647 ber=2147483647 mTa=2147483647 mLevel=0,mWcdma=CellSignalStrengthWcdma: ss=2147483647 ber=2147483647 rscp=2147483647 ecno=2147483647 level=0,mTdscdma=CellSignalStrengthTdscdma: rssi=2147483647 ber=2147483647 rscp=2147483647 level=0,mLte=CellSignalStrengthLte: rssi=-73 rsrp=-104 rsrq=-14 rssnr=13 cqiTableIndex=2147483647 cqi=2147483647 ta=2147483647 level=3 parametersUseForLevel=0,mNr=CellSignalStrengthNr:{ csiRsrp = 2147483647 csiRsrq = 2147483647 csiCqiTableIndex = 2147483647 csiCqiReport = [] ssRsrp = 2147483647 ssRsrq = 2147483647 ssSinr = 2147483647 level = 0 parametersUseForLevel = 0 timingAdvance = 2147483647 },primary=CellSignalStrengthLte}
01-10 06:19:36.781 18986 18986 D SubsysEventListenerManager-SubsysTelephonyCallback[0]: onSignalStrengthsChanged
01-10 06:19:36.781 17922 19359 W IPCThreadState: Sending oneway calls to frozen process.
01-10 06:19:36.782 18698 18876 I SystemUi--Statusbar: MobileConnectionRepositoryImpl-->subId:1 isSoftSimCard:false slotId:0
01-10 06:19:36.783 17922 19359 W IPCThreadState: Sending oneway calls to frozen process.
01-10 06:19:36.783 17922 19359 W IPCThreadState: Sending oneway calls to frozen process.
01-10 06:19:36.785 18698 19314 V OplusCustomizeCacheManager: queryCache name: sys.cache.common_customize_cache18014 param: null
01-10 06:19:36.785 18698 19314 V OplusCustomizeCacheManager: queryCache name: sys.cache.common_customize_cache18017 param: Bundle[{SETTING=BLOCK, BUSINESS=NCT-DATA}]
01-10 06:19:36.785 18698 19314 V OplusCustomizeCacheManager: start recompute
01-10 06:19:36.785 17922 18987 D OplusCustomizeSecurityManagerService: we can't find the BLOCK
01-10 06:19:36.785 18698 19314 V OplusCustomizeCacheManager: queryCache name: sys.cache.common_customize_cache18013 param: null
01-10 06:19:37.101 18843 19462 D TelephonyImpl: isRequestingMms
01-10 06:19:37.101 18843 19462 D TelephonyImpl: getReleaseMmsNetworkTime
01-10 06:19:37.106 18843 19462 D OplusDdsSwitchStrategy: Md,OplusCheckFeature,RETURN_TO_CUR_ACTION_DDS
01-10 06:19:37.139 20663 28896 I CardService[500].CardChannelTrackUtil: 268451924&1&20_sid=268451924_rk=fbb948_sk=4ebbc1 uploadCardChannelTrack traceData = {serviceId=268451924, cardIndex=1, cardType=268451924, hostId=20, traceType=1, versionCode=500, action=[2025-01-10 06:19:21.069]100-101-110-111-113-120-130[2025-01-10 06:19:21.121]200-201-210-211-220-230[2025-01-10 06:19:21.122]300-301[2025-01-10 06:19:21.123]400-310-311-320-330-401-410-411-420-430[2025-01-10 06:19:21.130]1000-1001-1002[2025-01-10 06:19:27.130]600-601-610[2025-01-10 06:19:27.131]800-611-620-630-801-810-811-820-830} [CardService-master|com.oplus.pantanal.ums|1.4.25-69f924a]
01-10 06:19:37.448 17922 18415 D OplusWifiPower_TriggerCenter: mComponentCallback: wifistat
01-10 06:19:37.448 18986 18986 D VendorWifiService: onEvent event:9,action:1
01-10 06:19:37.470  2431  2431 D SurfaceFlinger: VRR [SurfaceFlinger] setDesiredActiveMode: 120, event: 1 ,displayid = 4630946756802996883
01-10 06:19:37.471  2431  2431 D DisplayModeController: setDesiredMode 4630946756802996883 {mode={fps=120.00 Hz, modePtr={id=4, vsyncRate=120.00 Hz, peakRefreshRate=120.00 Hz}}, emitEvent=true, force=false}
01-10 06:19:37.473  2273  2310 D BatteryChargeControl: bcc get no support from charging protocol
01-10 06:19:37.492  2431  2431 D SurfaceFlinger: VRR [SurfaceFlinger] setDesiredActiveMode: 60, event: 1 ,displayid = 4630946756802996883
01-10 06:19:37.492  2431  2431 D DisplayModeController: setDesiredMode 4630946756802996883 {mode={fps=60.00 Hz, modePtr={id=5, vsyncRate=60.00 Hz, peakRefreshRate=60.00 Hz}}, emitEvent=true, force=false}
01-10 06:19:37.493 17922 17947 I DisplayDeviceRepository: Display device changed render timings: "Inbyggd skärm", renderFrameRate=120.00001, presentationDeadlineNanos=11333333, appVsyncOffsetNanos=1000000
01-10 06:19:37.493 17922 17947 D LogicalDisplayExt: set displayInfo flag FLAG_ROTATES_WITH_CONTENT
01-10 06:19:37.494  2153  4760 W SDM     : HWDeviceDRM::GetSupportedBitClkRate: Requested rate not supported: 1363200000
01-10 06:19:37.494  2153  4760 I SDM     : HWDeviceDRM::UpdateMixerAttributes: Mixer WxH 1440x3168-1 for Peripheral
01-10 06:19:37.494  2153  4760 I CwbService: CwbService::notifyConfigChange: display:0, config:4 size:4, sec.size():0
01-10 06:19:37.494  2153  4760 I CwbService: CwbService::notifyConfigChange: display: 0, config = 0
01-10 06:19:37.495  2153  3844 I CasManager: Fps changed from 60 to 120
01-10 06:19:37.495 17922 17947 D DisplayManagerServiceExtImpl: scheduleTraversalLocked intraversal=false
01-10 06:19:37.495 17922 17947 I DisplayManagerServiceExtImpl: handle logical display changed logicalDisplay=id=0,stack=0,content=true,displayInfo{stack=0,type=1,id=0,uId=local:4630946756802996883,state=ON,pkg=null}
01-10 06:19:37.495  2153  3844 I CasManager: Fps changed, not change bin, so trigger gain
01-10 06:19:37.495 17922 17947 D DisplayManagerService: Delivering display event: displayId=0, event=CHANGED
01-10 06:19:37.495 17922 17993 D BrightnessThermalClamper: Thermal status observer already started
01-10 06:19:37.495 17922 17993 D BrightnessPowerClamper: Power throttling data is missing for configuration data.
01-10 06:19:37.495 17922 17947 W IPCThreadState: Sending oneway calls to frozen process.
01-10 06:19:37.496 17922 17947 W IPCThreadState: Sending oneway calls to frozen process.
01-10 06:19:37.496 17922 17922 E OplusGestureAnimationManagerPolicy: mScreenHeight:2376 mScreenWidth:1080 mRotation:0
01-10 06:19:37.496 17922 17945 D OplusVFXScreenEffectFeature: notifySFCompatWindowStateChange entered false
01-10 06:19:37.496 17922 17947 D DisplayManagerService: MSG_REQUEST_TRAVERSAL pendingCompleted=false
01-10 06:19:37.496 18473 18473 D CastManagerService: onDisplayChanged.
01-10 06:19:37.496 17922 17945 D FSS_FoldScreenBlackCoverController: displayChangeToOn, dc:Display{#0 state=ON size=1080x2376 ROTATION_0}
01-10 06:19:37.496  2431  2752 D [PREVIEW]: SF obtain preview_adapter: 0
01-10 06:19:37.496  2431  2752 D [PREVIEW]: TabletPreviewAdapter::parallel world 0
01-10 06:19:37.497 17529 24074 D AudioFlingerExtImpl: AudioFlingerExtImpl oplusSetParameters: keyvalue screen_state=on
01-10 06:19:37.497 17529 24074 D DeviceHalAidl: 0xb40000769ac8d600 DeviceHalAidl::setParameters
01-10 06:19:37.497 17529 24074 D DeviceHalAidl: setParameters: parameters: "screen_state=on"
01-10 06:19:37.497 17537 17542 I PAL: ResourceManager: setParameter: 11458: Screen State:1
01-10 06:19:37.498 17922 17945 D DisplayManagerService: performTraversalInternal pendingTraversal
01-10 06:19:37.498 17922 17945 D DisplayDevice: setLayerStackLocked id=local:4630946756802996883 token=android.os.BinderProxy@ed7b62f stack=0->0
01-10 06:19:37.498  2153  3844 I SDM     : CasQcPlugIn::ProcessPerCompGainOppo: input params, mode:PWM, fps:120, dbv:1403
01-10 06:19:37.498  2153  3844 I SDM     : CasQcPlugIn::ProcessPerCompGainOppo: normalized bright_adj:1024, dbv:1403, bin_dbv:19, 
01-10 06:19:37.498  2153  3844 I SDM     : CasQcPlugIn::ProcessPerCompGainOppo: gains print start =====================
01-10 06:19:37.498 17922 17947 I DisplayDeviceRepository: Display device changed render timings: "Inbyggd skärm", renderFrameRate=60.000004, presentationDeadlineNanos=16666666, appVsyncOffsetNanos=1000000
01-10 06:19:37.498  2153  3844 I SDM     : CasQcPlugIn::ProcessPerCompGainOppo: gain --------------------------------
01-10 06:19:37.498  2153  3844 I SDM     : CasQcPlugIn::ProcessPerCompGainOppo: old: 0 0 0 194 377 670 1175 3072
01-10 06:19:37.498  2153  3844 I SDM     : CasQcPlugIn::ProcessPerCompGainOppo: new: 0 0 0 172 318 565 991 3072
01-10 06:19:37.498  2153  3844 I SDM     : CasQcPlugIn::ProcessPerCompGainOppo: gain --------------------------------
01-10 06:19:37.498  2153  3844 I SDM     : CasQcPlugIn::ProcessPerCompGainOppo: old: 0 0 0 99 297 530 1323 3072
01-10 06:19:37.498  2153  3844 I SDM     : CasQcPlugIn::ProcessPerCompGainOppo: new: 0 0 0 88 227 530 1323 3072
01-10 06:19:37.498 17922 17947 D LogicalDisplayExt: set displayInfo flag FLAG_ROTATES_WITH_CONTENT
01-10 06:19:37.498  2153  3844 I SDM     : CasQcPlugIn::ProcessPerCompGainOppo: gain --------------------------------
01-10 06:19:37.498  2153  3844 I SDM     : CasQcPlugIn::ProcessPerCompGainOppo: old: 0 0 0 214 453 754 1964 3072
01-10 06:19:37.498  2153  3844 I SDM     : CasQcPlugIn::ProcessPerCompGainOppo: new: 0 0 0 190 453 754 1964 3072
01-10 06:19:37.498  2153  3844 I SDM     : CasQcPlugIn::ProcessPerCompGainOppo: gains print end =======================
01-10 06:19:37.498 17529 24074 D DeviceHalAidl: 0xb40000769ac8e200 DeviceHalAidl::setParameters
01-10 06:19:37.498 17529 24074 D DeviceHalAidl: setParameters: parameters: "screen_state=on"
01-10 06:19:37.499 17537 17542 D AHAL_Module: updateScreenState: usb: 1
01-10 06:19:37.499 17529 24074 D DeviceHalAidl: 0xb40000769ac8e800 DeviceHalAidl::setParameters
01-10 06:19:37.499 17922 17947 D DisplayManagerServiceExtImpl: scheduleTraversalLocked intraversal=false
01-10 06:19:37.499 17529 24074 D DeviceHalAidl: setParameters: parameters: "screen_state=on"
01-10 06:19:37.499 17922 17947 I DisplayManagerServiceExtImpl: handle logical display changed logicalDisplay=id=0,stack=0,content=true,displayInfo{stack=0,type=1,id=0,uId=local:4630946756802996883,state=ON,pkg=null}
01-10 06:19:37.499 17537 17542 D AHAL_Module: updateScreenState: r_submix: 1
01-10 06:19:37.499 17529 24074 D DeviceHalAidl: 0xb40000769ac8ee00 DeviceHalAidl::setParameters
01-10 06:19:37.500 17529 24074 D DeviceHalAidl: setParameters: parameters: "screen_state=on"
01-10 06:19:37.500 17922 17993 D BrightnessThermalClamper: Thermal status observer already started
01-10 06:19:37.500 17922 17993 D BrightnessPowerClamper: Power throttling data is missing for configuration data.
01-10 06:19:37.500 17537 17542 D AHAL_Module: updateScreenState: bluetooth: 1
01-10 06:19:37.500 17922 17948 D DisplayManagerService: performTraversalInternal pendingTraversal
01-10 06:19:37.500 17922 17948 D DisplayDevice: setLayerStackLocked id=local:4630946756802996883 token=android.os.BinderProxy@ed7b62f stack=0->0
01-10 06:19:37.500 17529 24074 D DeviceHalAidl: 0xb40000769ac8f400 DeviceHalAidl::setParameters
01-10 06:19:37.500 17529 24074 D DeviceHalAidl: setParameters: parameters: "screen_state=on"
01-10 06:19:37.500 17537 17542 D AHAL_Module: updateScreenState: bluetooth: 1
01-10 06:19:37.500 17529 24074 D DeviceHalAidl: 0xb40000769ac8fa00 DeviceHalAidl::setParameters
01-10 06:19:37.500 17529 24074 D DeviceHalAidl: setParameters: parameters: "screen_state=on"
01-10 06:19:37.500 17537 17542 D AHAL_Module: updateScreenState: stub: 1
01-10 06:19:37.501 18698 18698 I SystemUi--Statusbar: DisplayRepository-->combining enabled=[0], connectedExternalDisplayIds=[], ignored=[]
01-10 06:19:37.501 17922 17947 D DisplayManagerService: Delivering display event: displayId=0, event=CHANGED
01-10 06:19:37.501 17922 17947 W IPCThreadState: Sending oneway calls to frozen process.
01-10 06:19:37.501  2104 18445 I WifiHAL : event received NL80211_CMD_VENDOR, vendor_id = 0x1374, subcmd = 0xd
01-10 06:19:37.502  3314 18446 D LOWI-9.0.1.110: [LOWI-Scan] wait_event:Wait done with Cmd 103
01-10 06:19:37.502  3314 18446 D LOWI-9.0.1.110: [LOWI-Scan] do_listen_events: Rcvd valid Netlink Cmd 0 Err 0
01-10 06:19:37.502 17922 17945 D OplusVFXScreenEffectFeature: notifySFCompatWindowStateChange entered false
01-10 06:19:37.502 17922 17945 D FSS_FoldScreenBlackCoverController: displayChangeToOn, dc:Display{#0 state=ON size=1080x2376 ROTATION_0}
01-10 06:19:37.502  2431  2752 D [PREVIEW]: SF obtain preview_adapter: 0
01-10 06:19:37.502  2431  2752 D [PREVIEW]: TabletPreviewAdapter::parallel world 0
01-10 06:19:37.502 17922 17947 W IPCThreadState: Sending oneway calls to frozen process.
01-10 06:19:37.502  3270  3270 I cnss-daemon: nl80211 response handler invoked
01-10 06:19:37.502 17922 17945 D DisplayManagerService: performTraversalInternal pendingTraversal
01-10 06:19:37.502 17922 17945 D DisplayDevice: setLayerStackLocked id=local:4630946756802996883 token=android.os.BinderProxy@ed7b62f stack=0->0
01-10 06:19:37.502 17922 17947 D DisplayManagerService: MSG_REQUEST_TRAVERSAL pendingCompleted=false
01-10 06:19:37.502 17529 24074 D AudioFlingerExtImpl: AudioFlingerExtImpl oplusSetParameters: keyvalue screen_state=on
01-10 06:19:37.502 17529 24074 D DeviceHalAidl: 0xb40000769ac8d600 DeviceHalAidl::setParameters
01-10 06:19:37.502 17529 24074 D DeviceHalAidl: setParameters: parameters: "screen_state=on"
01-10 06:19:37.502 17537 17542 I PAL: ResourceManager: setParameter: 11458: Screen State:1
01-10 06:19:37.503 17529 24074 D DeviceHalAidl: 0xb40000769ac8e200 DeviceHalAidl::setParameters
01-10 06:19:37.503 17529 24074 D DeviceHalAidl: setParameters: parameters: "screen_state=on"
01-10 06:19:37.503 18473 18473 D CastManagerService: onDisplayChanged.
01-10 06:19:37.503 17537 17542 D AHAL_Module: updateScreenState: usb: 1
01-10 06:19:37.503  3270  3270 I cnss-daemon: nl80211_response_handler: cmd 103, vendorID 4980, subcmd 13  received
01-10 06:19:37.504 17529 24074 D DeviceHalAidl: 0xb40000769ac8e800 DeviceHalAidl::setParameters
01-10 06:19:37.504 17529 24074 D DeviceHalAidl: setParameters: parameters: "screen_state=on"
01-10 06:19:37.504 17922 17922 E OplusGestureAnimationManagerPolicy: mScreenHeight:2376 mScreenWidth:1080 mRotation:0
01-10 06:19:37.504 17537 17542 D AHAL_Module: updateScreenState: r_submix: 1
01-10 06:19:37.504 17529 24074 D DeviceHalAidl: 0xb40000769ac8ee00 DeviceHalAidl::setParameters
01-10 06:19:37.504 17529 24074 D DeviceHalAidl: setParameters: parameters: "screen_state=on"
01-10 06:19:37.504 17537 17542 D AHAL_Module: updateScreenState: bluetooth: 1
01-10 06:19:37.504 17529 24074 D DeviceHalAidl: 0xb40000769ac8f400 DeviceHalAidl::setParameters
01-10 06:19:37.504 17529 24074 D DeviceHalAidl: setParameters: parameters: "screen_state=on"
01-10 06:19:37.504 17537 17542 D AHAL_Module: updateScreenState: bluetooth: 1
01-10 06:19:37.504 17529 24074 D DeviceHalAidl: 0xb40000769ac8fa00 DeviceHalAidl::setParameters
01-10 06:19:37.504 17529 24074 D DeviceHalAidl: setParameters: parameters: "screen_state=on"
01-10 06:19:37.504 17537 17542 D AHAL_Module: updateScreenState: stub: 1
01-10 06:19:37.504 18698 18698 I SystemUi--Statusbar: DisplayRepository-->combining enabled=[0], connectedExternalDisplayIds=[], ignored=[]
01-10 06:19:37.504  2153  3844 I SDM     : DemuraIntfImpl::StageAllData: Staged all data to Demura Driver!
01-10 06:19:37.504  2153  3844 I SDM     : HWPeripheralDRM::SetPanelFeature: Set Panel feature property 19
01-10 06:19:37.504  2153  3844 I SDM     : HWPeripheralDRM::SetPanelFeature: Set Panel feature property 7
01-10 06:19:37.504  2153  3844 I SDM     : DisplayBuiltIn::TriggerDemuraOemPlugIn: Trigger demura oem plugin success
01-10 06:19:37.505  2153  2418 I SDM     : DRMPanelFeatureMgr::ApplyDirtyFeature: Commited panel feature [enabled]: 20-272
01-10 06:19:37.505  2153  2418 I SDM     : DRMPanelFeatureMgr::ApplyDirtyFeature: Commited panel feature [enabled]: 8-271
01-10 06:19:37.543 17922 17998 D VRR [OPlusRefreshRateService]: handleConfigIdChange physicalDisplayId: 4630946756802996883 configId: 5 renderPeriod: 16666666
01-10 06:19:37.544 17922 17998 D VRR [OPlusSAManager]: updateModeChange old modeId [ 5 ] -> new modeId [ 5 ] mCurPolicy: 0
01-10 06:19:37.544 17922 17998 D VRR [OPlusSAManager]: updateSAScene active modeId: 5
01-10 06:19:37.544 17922 17998 D VRR [OPlusSAManager]: updateSAScene current policy: 0 active modeId: 5 scene: FIXED_60
01-10 06:19:37.544 17922 17998 D VRR [OPlusOAManager]: Not OA business! new modeId: [5] active modeId: [5]
01-10 06:19:37.544 17922 17998 D VRR [OPlusGameStatusManager]: updateGameState mOSyncFeatureSwitch: false mIsGamePolicy: false
01-10 06:19:37.544 17922 17998 D VRR [OPlusGameStatusManager]: setLTMStatus false curPkgName: com.android.launcher curr status: false HeartStop: false HeartStopFromTGPA: false ActiveFPS: 60.000004
01-10 06:19:37.544 17922 17998 D VRR [OPlusGameStatusManager]: updateGameAccelerationStatus pkgName: com.android.launcher mOSyncFeatureSwitch: false mIsGamePolicy: false mHeartStop: false mHasFlickerRisk: false mForceAcceleration: false mToastReady: false enable: false
01-10 06:19:37.544 17922 17998 D VRR [OPlusGameStatusManager]: updateToastStatus enableAcceleration: false toastReady: false isGamePolicy: false desiredModeId: 5
01-10 06:19:37.544 17922 17998 D VRR [OPlusGameStatusManager]: updateToastStatus enableAcceleration: false toastReady: false isGamePolicy: false desiredModeId: 5
01-10 06:19:37.591  2153  2418 I SDM     : DisplayBase::CommitThread: Received idle timeout, panel: cmd, timeout: 70000 us
01-10 06:19:37.594 17922 17998 D VRR [OPlusSAManager]: setSAConfig scene: FIXED_60 modeId: 5 auto: false fakeFrame: false
01-10 06:19:37.594 17922 17998 D VRR [OPlusSAManager]: updateAutoMinfps with nits: 106.03511, mHistOK true, mAmbientOK true, mCctOK true, mIrOK true, mBrightnessOK true, isPkgOK true, SA min fps: 1
01-10 06:19:37.594 17922 17998 D VRR [OPlusSurfaceFlingerController]: setAutoMode enable: false fakeFrame: false fps: 1
01-10 06:19:37.594  2431  2686 I VRR-[OPlusAdfrUtil]: ADFR try set Auto mode with mode 0 fakeframe 0 min fps 1
01-10 06:19:37.594  2431  2686 D VRR-[OPlusRefreshRateSelector]: OSyncModes add size is 1.
01-10 06:19:37.594  2431  2686 I VRR-[OPlusRefreshRateSelector]: updateAutoMode success, display 0, mode 0, fakeframe 0, min fps: 60
01-10 06:19:37.594  2431  3872 D VRR-[OPlusRefreshRateSelector]: handleSetHWCOSync
01-10 06:19:37.594  2431  3872 D VRR-[OPlusRefreshRateSelector]: OSyncModes remaining size is 0.
01-10 06:19:37.594  2431  3872 D VRR-[OPlusRefreshRateSelector]: SetHWCOSync with 5CC080BC
01-10 06:19:37.594  2153  4760 I SDM     : DisplayBuiltIn::SetQSyncMode: VRR + update qsync mode 0 minfps 00C080BC
01-10 06:19:37.608  2153  2418 E SDM     : DRMConnector::Perform: Connector 67: Setting Qsync min fps 12615868
01-10 06:19:37.680  2153  2418 I SDM     : DisplayBase::CommitThread: Received idle timeout, panel: cmd, timeout: 69999 us
01-10 06:19:37.875  2183  2262 E PERFHAL-PERFCTRL: PERFHAL-PERFCTRL: chk_core_online_poll_loop() 700: poll() has timed out for /sys/kernel/msm_performance/events/cpu_hotplug
01-10 06:19:37.875  2183  2262 E PERFHAL-PERFCTRL: PERFHAL-PERFCTRL: chk_core_online_poll_loop() 695: Block on poll()
01-10 06:19:38.095 17922 17998 D VRR [OPlusSAManager]: updateAutoMinfps with nits: 106.03511, mHistOK true, mAmbientOK true, mCctOK true, mIrOK true, mBrightnessOK true, isPkgOK true, SA min fps: 1
01-10 06:19:38.095 17922 17998 D VRR [OPlusSurfaceFlingerController]: setAutoMode enable: false fakeFrame: false fps: 1
01-10 06:19:38.095  2431  2752 I VRR-[OPlusAdfrUtil]: ADFR try set Auto mode with mode 0 fakeframe 0 min fps 1
01-10 06:19:38.095  2431  2752 D VRR-[OPlusRefreshRateSelector]: OSyncModes add size is 1.
