01-10 06:19:08.397 17922 18415 D OplusWifiSarManager: set wifi_dbs_enable to false
01-10 06:19:08.397 17922 18415 D OplusWifiSarManager: wifiBand mWifi2gState:false mWifi5gState: true mWifi5gBand:WIFI_5G_BAND1 mWifi6gBand:WIFI_5G_DISABLE
01-10 06:19:08.397 17922 18415 I OplusWifiSarManager: sar sensor state:
01-10 06:19:08.397 17922 18415 I OplusWifiSarManager: sensor index: 0, state: null
01-10 06:19:08.397 17922 18415 I OplusWifiSarManager: sensor index: 1, state: null
01-10 06:19:08.397 17922 18415 I OplusWifiSarManager: sensor index: 2, state: null
01-10 06:19:08.397 17922 18415 I OplusWifiSarManager: sensor index: 3, state: null
01-10 06:19:08.397 17922 18415 I OplusWifiSarManager: sensor index: 4, state: null
01-10 06:19:08.397 17922 18415 I OplusWifiSarManager: sensor index: 5, state: null
01-10 06:19:08.397 17922 18415 I OplusWifiSarManager: sensor index: 6, state: null
01-10 06:19:08.397 17922 18415 I OplusWifiSarManager: sensor index: 7, state: null
01-10 06:19:08.397 17922 18415 I OplusWifiSarManager: sensor index: 8, state: null
01-10 06:19:08.397 17922 18415 I OplusWifiSarManager: sensor index: 9, state: null
01-10 06:19:08.397 17922 18415 I OplusWifiSarManager: sensor index: 10, state: null
01-10 06:19:08.397 17922 18415 I OplusWifiSarManager: sensor index: 11, state: null
01-10 06:19:08.397 17922 18415 I OplusWifiSarManager: sensor index: 12, state: null
01-10 06:19:08.397 17922 18415 I OplusWifiSarManager: sensor index: 13, state: null
01-10 06:19:08.397 17922 18415 I OplusWifiSarManager: sensor index: 14, state: null
01-10 06:19:08.397 17922 18415 I OplusWifiSarManager: sensor index: 15, state: null
01-10 06:19:08.397 17922 18415 I OplusWifiSarManager: project: 23893, country: SE
01-10 06:19:08.397 17922 18415 I OplusWifiSarManager: sensor state: earpiece: 0, sensor: null, isScreenOn: true
01-10 06:19:08.397 17922 18415 I OplusWifiSarManager: modem state: mCellOn: false mDataOn: true mData5gOn: true
01-10 06:19:08.397 17922 18415 I OplusWifiSarManager: wifi state: mWifiConnected: true mWifiSapEnabled: false mWifiP2pConnected: false mWifi2gState: false mWifi5gState: true mWifi5gBand: WIFI_5G_BAND1 mWifi6gBand: WIFI_5G_DISABLE mIsBluetoothTxOn: false
01-10 06:19:08.398 17922 18415 I OplusWifiSarManager: mSta5gBand: WIFI_5G_BAND1 , mP2p5gBand: WIFI_5G_DISABLE , mSap5gBand: WIFI_5G_DISABLE , mSta6gBand: WIFI_5G_DISABLE , mP2p6gBand: WIFI_5G_DISABLE , mSap6gBand: WIFI_5G_DISABLE , wifiBand5g: WIFI_5G_BAND1 , wifiBand6g: WIFI_5G_DISABLE
01-10 06:19:08.398 17922 18415 I OplusWifiSarManager: wifisar engineerMode state: enable: false, Regdomain: , modemWorkType(2:4G, 3:5G): -1, sensorWorkType: -1, wifiChannel2.4G: -1, wifiChannel5G: -1, wifiChannel6G: -1 mWifiSarTestFoldWorkType((1=unfold,0=fold)):-1, bt work type: -1, hotspot work type: -1
01-10 06:19:08.398 17922 18415 I OplusWifiSarManager: not support wsa
01-10 06:19:08.398 17922 18415 I OplusWifiSarManager: sensor index: 13, max: 16
01-10 06:19:08.398 17922 18415 D OplusWifiSarManager: is countrylist Country SE
01-10 06:19:08.398 17922 18415 D OplusWifiSarManager:  state: 11110000001110010 country: SE
01-10 06:19:08.398 18698 18876 I SystemUi--Statusbar: MobileConnectionRepositoryImpl-->subId:1 isSoftSimCard:false slotId:0
01-10 06:19:08.402 18698 18698 I SystemUi--Keyguard: ScrimControllerExImp-->blur State to UNLOCK, bouncer=false goingAway=false hasHandle=true isOccludeAnimationPlaying=false
01-10 06:19:08.402 18698 18698 I QuickSettingsController: calculateNotificationsTopPadding: overScrollHeight:14.688631
01-10 06:19:08.402  2150  2232 I SnapAlloc: Using graphics libs for alignment calculations
01-10 06:19:08.403 18698 18698 I QuickSettingsController: calculateNotificationsTopPadding: overScrollHeight:14.688631
01-10 06:19:08.403 18698 18698 I SystemUi--Common: OplusShadeExpansionStat-->go state: OPEN -> OPEN
01-10 06:19:08.403 18698 18698 I SystemUi--Common: OplusShadeExpansionStat-->go state: OPEN -> OPEN
01-10 06:19:08.403 18698 18698 I SystemUi--Keyguard: ScrimControllerExImp-->blur State to UNLOCK, bouncer=false goingAway=false hasHandle=true isOccludeAnimationPlaying=false
01-10 06:19:08.405 18698 19314 V OplusCustomizeCacheManager: queryCache name: sys.cache.common_customize_cache18014 param: null
01-10 06:19:08.405 18698 19314 V OplusCustomizeCacheManager: queryCache name: sys.cache.common_customize_cache18017 param: Bundle[{SETTING=BLOCK, BUSINESS=NCT-DATA}]
01-10 06:19:08.405 18698 19314 V OplusCustomizeCacheManager: start recompute
01-10 06:19:08.405 17922 19359 D OplusCustomizeSecurityManagerService: we can't find the BLOCK
01-10 06:19:08.405 18698 19314 V OplusCustomizeCacheManager: queryCache name: sys.cache.common_customize_cache18013 param: null
01-10 06:19:08.408  3453  3453 I synaLib : tcm: STATUS: Enter DOZE mode
01-10 06:19:08.408  3453  3579 E OplusTouchDaemon: [OplusTouchDaemon][touchMonitorRoutine][79]: touchMonitor stop, isEnable:1, currentState:1
01-10 06:19:08.410 18698 18698 I SystemUi--Keyguard: ScrimControllerExImp-->blur State to UNLOCK, bouncer=false goingAway=false hasHandle=true isOccludeAnimationPlaying=false
01-10 06:19:08.411 18698 18698 I QuickSettingsController: calculateNotificationsTopPadding: overScrollHeight:13.512703
01-10 06:19:08.411 18698 18698 I QuickSettingsController: calculateNotificationsTopPadding: overScrollHeight:13.512703
01-10 06:19:08.411 18698 18698 I SystemUi--Common: OplusShadeExpansionStat-->go state: OPEN -> OPEN
01-10 06:19:08.411 18698 18698 I SystemUi--Common: OplusShadeExpansionStat-->go state: OPEN -> OPEN
01-10 06:19:08.411 18698 18698 I SystemUi--Keyguard: ScrimControllerExImp-->blur State to UNLOCK, bouncer=false goingAway=false hasHandle=true isOccludeAnimationPlaying=false
01-10 06:19:08.419 18698 18698 I SystemUi--Keyguard: ScrimControllerExImp-->blur State to UNLOCK, bouncer=false goingAway=false hasHandle=true isOccludeAnimationPlaying=false
01-10 06:19:08.419 18698 18698 I QuickSettingsController: calculateNotificationsTopPadding: overScrollHeight:12.424967
01-10 06:19:08.419  2150  2232 I SnapAlloc: Using graphics libs for alignment calculations
01-10 06:19:08.419 18698 18698 I QuickSettingsController: calculateNotificationsTopPadding: overScrollHeight:12.424967
01-10 06:19:08.420 18698 18698 I SystemUi--Common: OplusShadeExpansionStat-->go state: OPEN -> OPEN
01-10 06:19:08.420 18698 18698 I SystemUi--Common: OplusShadeExpansionStat-->go state: OPEN -> OPEN
01-10 06:19:08.420 18698 18698 I SystemUi--Keyguard: ScrimControllerExImp-->blur State to UNLOCK, bouncer=false goingAway=false hasHandle=true isOccludeAnimationPlaying=false
01-10 06:19:08.427 18698 18698 I SystemUi--Keyguard: ScrimControllerExImp-->blur State to UNLOCK, bouncer=false goingAway=false hasHandle=true isOccludeAnimationPlaying=false
01-10 06:19:08.428 18698 18698 I QuickSettingsController: calculateNotificationsTopPadding: overScrollHeight:11.299323
01-10 06:19:08.428 18698 18698 I QuickSettingsController: calculateNotificationsTopPadding: overScrollHeight:11.299323
01-10 06:19:08.428 18698 18698 I SystemUi--Common: OplusShadeExpansionStat-->go state: OPEN -> OPEN
01-10 06:19:08.428 18698 18698 I SystemUi--Common: OplusShadeExpansionStat-->go state: OPEN -> OPEN
01-10 06:19:08.428 18698 18698 I SystemUi--Keyguard: ScrimControllerExImp-->blur State to UNLOCK, bouncer=false goingAway=false hasHandle=true isOccludeAnimationPlaying=false
01-10 06:19:08.435 18698 18698 I SystemUi--Keyguard: ScrimControllerExImp-->blur State to UNLOCK, bouncer=false goingAway=false hasHandle=true isOccludeAnimationPlaying=false
01-10 06:19:08.436  2150  2232 I SnapAlloc: Using graphics libs for alignment calculations
01-10 06:19:08.436 18698 18698 I QuickSettingsController: calculateNotificationsTopPadding: overScrollHeight:10.379731
01-10 06:19:08.436 18698 18698 I QuickSettingsController: calculateNotificationsTopPadding: overScrollHeight:10.379731
01-10 06:19:08.436 18698 18698 I SystemUi--Common: OplusShadeExpansionStat-->go state: OPEN -> OPEN
01-10 06:19:08.436 18698 18698 I SystemUi--Common: OplusShadeExpansionStat-->go state: OPEN -> OPEN
01-10 06:19:08.436 18698 18698 I SystemUi--Keyguard: ScrimControllerExImp-->blur State to UNLOCK, bouncer=false goingAway=false hasHandle=true isOccludeAnimationPlaying=false
01-10 06:19:08.444 18698 18698 I SystemUi--Keyguard: ScrimControllerExImp-->blur State to UNLOCK, bouncer=false goingAway=false hasHandle=true isOccludeAnimationPlaying=false
01-10 06:19:08.444 18698 18698 I QuickSettingsController: calculateNotificationsTopPadding: overScrollHeight:9.530865
01-10 06:19:08.444 18698 18698 I QuickSettingsController: calculateNotificationsTopPadding: overScrollHeight:9.530865
01-10 06:19:08.444 18698 18698 I SystemUi--Common: OplusShadeExpansionStat-->go state: OPEN -> OPEN
01-10 06:19:08.445 18698 18698 I SystemUi--Common: OplusShadeExpansionStat-->go state: OPEN -> OPEN
01-10 06:19:08.445 18698 18698 I SystemUi--Keyguard: ScrimControllerExImp-->blur State to UNLOCK, bouncer=false goingAway=false hasHandle=true isOccludeAnimationPlaying=false
01-10 06:19:08.452 18698 18698 I SystemUi--Keyguard: ScrimControllerExImp-->blur State to UNLOCK, bouncer=false goingAway=false hasHandle=true isOccludeAnimationPlaying=false
01-10 06:19:08.452 18698 18698 I QuickSettingsController: calculateNotificationsTopPadding: overScrollHeight:8.747727
01-10 06:19:08.452  2150  2232 I SnapAlloc: Using graphics libs for alignment calculations
01-10 06:19:08.453 18698 18698 I QuickSettingsController: calculateNotificationsTopPadding: overScrollHeight:8.747727
01-10 06:19:08.453 18698 18698 I SystemUi--Common: OplusShadeExpansionStat-->go state: OPEN -> OPEN
01-10 06:19:08.453 18698 18698 I SystemUi--Common: OplusShadeExpansionStat-->go state: OPEN -> OPEN
01-10 06:19:08.453 18698 18698 I SystemUi--Keyguard: ScrimControllerExImp-->blur State to UNLOCK, bouncer=false goingAway=false hasHandle=true isOccludeAnimationPlaying=false
01-10 06:19:08.460 18698 18698 I SystemUi--Keyguard: ScrimControllerExImp-->blur State to UNLOCK, bouncer=false goingAway=false hasHandle=true isOccludeAnimationPlaying=false
01-10 06:19:08.460 18698 18698 I SystemUi--Common: PlatformBlurManagerImpl-->setPlatformBlurMode: blurMode=AUTO(blurFrequency=4)
01-10 06:19:08.460 18698 18698 I SystemUi--Common: PlatformBlurManagerImpl-->updateMotionFrequency: isExpanding=false
01-10 06:19:08.461 18698 18698 I SystemUi--QuickSettings: TemporarilyInfoManager-->[setStarted] true
01-10 06:19:08.461 18698 18698 I SystemUi--Notification: PanelAnimationEx-->fractionAnimation onAnimationEnd, value=1.0
01-10 06:19:08.461 18698 18698 I QuickSettingsController: calculateNotificationsTopPadding: overScrollHeight:7.9394865
01-10 06:19:08.461 18698 18698 I SystemUi--Common: OplusShadeExpansionStat-->go state: OPEN -> OPEN
01-10 06:19:08.461 18698 18698 I SystemUi--Common: OplusShadeExpansionStat-->go state: OPEN -> OPEN
01-10 06:19:08.461 18698 18698 I SystemUi--Keyguard: ScrimControllerExImp-->blur State to UNLOCK, bouncer=false goingAway=false hasHandle=true isOccludeAnimationPlaying=false
01-10 06:19:08.469 18698 18698 I QuickSettingsController: calculateNotificationsTopPadding: overScrollHeight:7.280892
01-10 06:19:08.469  2150  2232 I SnapAlloc: Using graphics libs for alignment calculations
01-10 06:19:08.469 18698 18698 I SystemUi--Common: OplusShadeExpansionStat-->go state: OPEN -> OPEN
01-10 06:19:08.469 18698 18698 I SystemUi--Common: OplusShadeExpansionStat-->go state: OPEN -> OPEN
01-10 06:19:08.469 18698 18698 I SystemUi--Keyguard: ScrimControllerExImp-->blur State to UNLOCK, bouncer=false goingAway=false hasHandle=true isOccludeAnimationPlaying=false
01-10 06:19:08.477 18698 18698 I QuickSettingsController: calculateNotificationsTopPadding: overScrollHeight:6.674308
01-10 06:19:08.477 18698 18698 I SystemUi--Common: OplusShadeExpansionStat-->go state: OPEN -> OPEN
01-10 06:19:08.477 18698 18698 I SystemUi--Common: OplusShadeExpansionStat-->go state: OPEN -> OPEN
01-10 06:19:08.477 18698 18698 I SystemUi--Keyguard: ScrimControllerExImp-->blur State to UNLOCK, bouncer=false goingAway=false hasHandle=true isOccludeAnimationPlaying=false
01-10 06:19:08.485 18698 18698 I QuickSettingsController: calculateNotificationsTopPadding: overScrollHeight:6.0493574
01-10 06:19:08.486 18698 18698 I SystemUi--Common: OplusShadeExpansionStat-->go state: OPEN -> OPEN
01-10 06:19:08.486 18698 18698 I SystemUi--Common: OplusShadeExpansionStat-->go state: OPEN -> OPEN
01-10 06:19:08.486 18698 18698 I SystemUi--Keyguard: ScrimControllerExImp-->blur State to UNLOCK, bouncer=false goingAway=false hasHandle=true isOccludeAnimationPlaying=false
01-10 06:19:08.494 18698 18698 I QuickSettingsController: calculateNotificationsTopPadding: overScrollHeight:5.5409374
01-10 06:19:08.494 18698 18698 I SystemUi--Common: OplusShadeExpansionStat-->go state: OPEN -> OPEN
01-10 06:19:08.494 18698 18698 I SystemUi--Common: OplusShadeExpansionStat-->go state: OPEN -> OPEN
01-10 06:19:08.494 18698 18698 I SystemUi--Keyguard: ScrimControllerExImp-->blur State to UNLOCK, bouncer=false goingAway=false hasHandle=true isOccludeAnimationPlaying=false
01-10 06:19:08.502 18698 18698 I QuickSettingsController: calculateNotificationsTopPadding: overScrollHeight:5.0733604
01-10 06:19:08.502 18698 18698 I SystemUi--Common: OplusShadeExpansionStat-->go state: OPEN -> OPEN
01-10 06:19:08.502 18698 18698 I SystemUi--Common: OplusShadeExpansionStat-->go state: OPEN -> OPEN
01-10 06:19:08.502 18698 18698 I SystemUi--Keyguard: ScrimControllerExImp-->blur State to UNLOCK, bouncer=false goingAway=false hasHandle=true isOccludeAnimationPlaying=false
01-10 06:19:08.510 18698 18698 I QuickSettingsController: calculateNotificationsTopPadding: overScrollHeight:4.5923243
01-10 06:19:08.511 18698 18698 I SystemUi--Common: OplusShadeExpansionStat-->go state: OPEN -> OPEN
01-10 06:19:08.511 18698 18698 I SystemUi--Common: OplusShadeExpansionStat-->go state: OPEN -> OPEN
01-10 06:19:08.511 18698 18698 I SystemUi--Keyguard: ScrimControllerExImp-->blur State to UNLOCK, bouncer=false goingAway=false hasHandle=true isOccludeAnimationPlaying=false
01-10 06:19:08.519 18698 18698 I QuickSettingsController: calculateNotificationsTopPadding: overScrollHeight:4.201567
01-10 06:19:08.519 18698 18698 I SystemUi--Common: OplusShadeExpansionStat-->go state: OPEN -> OPEN
01-10 06:19:08.519 18698 18698 I SystemUi--Common: OplusShadeExpansionStat-->go state: OPEN -> OPEN
01-10 06:19:08.519 18698 18698 I SystemUi--Keyguard: ScrimControllerExImp-->blur State to UNLOCK, bouncer=false goingAway=false hasHandle=true isOccludeAnimationPlaying=false
01-10 06:19:08.527 18698 18698 I QuickSettingsController: calculateNotificationsTopPadding: overScrollHeight:3.842651
01-10 06:19:08.527 18698 18698 I SystemUi--Common: OplusShadeExpansionStat-->go state: OPEN -> OPEN
01-10 06:19:08.527 18698 18698 I SystemUi--Common: OplusShadeExpansionStat-->go state: OPEN -> OPEN
01-10 06:19:08.527 18698 18698 I SystemUi--Keyguard: ScrimControllerExImp-->blur State to UNLOCK, bouncer=false goingAway=false hasHandle=true isOccludeAnimationPlaying=false
01-10 06:19:08.535 18698 18698 I QuickSettingsController: calculateNotificationsTopPadding: overScrollHeight:3.5131414
01-10 06:19:08.535 18698 18698 I SystemUi--Common: OplusShadeExpansionStat-->go state: OPEN -> OPEN
01-10 06:19:08.535 18698 18698 I SystemUi--Common: OplusShadeExpansionStat-->go state: OPEN -> OPEN
01-10 06:19:08.535 18698 18698 I SystemUi--Keyguard: ScrimControllerExImp-->blur State to UNLOCK, bouncer=false goingAway=false hasHandle=true isOccludeAnimationPlaying=false
01-10 06:19:08.543 18698 18698 I QuickSettingsController: calculateNotificationsTopPadding: overScrollHeight:3.174705
01-10 06:19:08.544 18698 18698 I SystemUi--Common: OplusShadeExpansionStat-->go state: OPEN -> OPEN
01-10 06:19:08.544 18698 18698 I SystemUi--Common: OplusShadeExpansionStat-->go state: OPEN -> OPEN
01-10 06:19:08.544 18698 18698 I SystemUi--Keyguard: ScrimControllerExImp-->blur State to UNLOCK, bouncer=false goingAway=false hasHandle=true isOccludeAnimationPlaying=false
01-10 06:19:08.552 18698 18698 I QuickSettingsController: calculateNotificationsTopPadding: overScrollHeight:2.9002337
01-10 06:19:08.552 18698 18698 I SystemUi--Common: OplusShadeExpansionStat-->go state: OPEN -> OPEN
01-10 06:19:08.552 18698 18698 I SystemUi--Common: OplusShadeExpansionStat-->go state: OPEN -> OPEN
01-10 06:19:08.552 18698 18698 I SystemUi--Keyguard: ScrimControllerExImp-->blur State to UNLOCK, bouncer=false goingAway=false hasHandle=true isOccludeAnimationPlaying=false
01-10 06:19:08.560 18698 18698 I QuickSettingsController: calculateNotificationsTopPadding: overScrollHeight:2.6485093
01-10 06:19:08.560 18698 18698 I SystemUi--Common: OplusShadeExpansionStat-->go state: OPEN -> OPEN
01-10 06:19:08.560 18698 18698 I SystemUi--Common: OplusShadeExpansionStat-->go state: OPEN -> OPEN
01-10 06:19:08.560 18698 18698 I SystemUi--Keyguard: ScrimControllerExImp-->blur State to UNLOCK, bouncer=false goingAway=false hasHandle=true isOccludeAnimationPlaying=false
01-10 06:19:08.568 18698 18698 I QuickSettingsController: calculateNotificationsTopPadding: overScrollHeight:2.3902674
01-10 06:19:08.568 18698 18698 I SystemUi--Common: OplusShadeExpansionStat-->go state: OPEN -> OPEN
01-10 06:19:08.568 18698 18698 I SystemUi--Common: OplusShadeExpansionStat-->go state: OPEN -> OPEN
01-10 06:19:08.569 18698 18698 I SystemUi--Keyguard: ScrimControllerExImp-->blur State to UNLOCK, bouncer=false goingAway=false hasHandle=true isOccludeAnimationPlaying=false
01-10 06:19:08.577 18698 18698 I QuickSettingsController: calculateNotificationsTopPadding: overScrollHeight:2.1810489
01-10 06:19:08.577 18698 18698 I SystemUi--Common: OplusShadeExpansionStat-->go state: OPEN -> OPEN
01-10 06:19:08.577 18698 18698 I SystemUi--Common: OplusShadeExpansionStat-->go state: OPEN -> OPEN
01-10 06:19:08.577 18698 18698 I SystemUi--Keyguard: ScrimControllerExImp-->blur State to UNLOCK, bouncer=false goingAway=false hasHandle=true isOccludeAnimationPlaying=false
01-10 06:19:08.583  2077  2211 E minksocket: MinkIPC ERROR: ( 2077:2211 ) MinkIPC_preProcess:272 Client down, but cannot find corresponding minksession
01-10 06:19:08.583  2077  2217 E minksocket: MinkIPC ERROR: ( 2077:2217 ) MinkIPC_preProcess:272 Client down, but cannot find corresponding minksession
01-10 06:19:08.584  2077  2211 E minksocket: MinkIPC ERROR: ( 2077:2211 ) MinkIPC_preProcess:272 Client down, but cannot find corresponding minksession
01-10 06:19:08.585  2077  2217 E minksocket: MinkIPC ERROR: ( 2077:2217 ) MinkIPC_preProcess:272 Client down, but cannot find corresponding minksession
01-10 06:19:08.585  2077  2211 E minksocket: MinkIPC ERROR: ( 2077:2211 ) MinkIPC_preProcess:272 Client down, but cannot find corresponding minksession
01-10 06:19:08.585  2077  2217 E minksocket: MinkIPC ERROR: ( 2077:2217 ) MinkIPC_preProcess:272 Client down, but cannot find corresponding minksession
01-10 06:19:08.587  2077  2217 E minksocket: MinkIPC ERROR: ( 2077:2217 ) MinkIPC_preProcess:272 Client down, but cannot find corresponding minksession
01-10 06:19:08.587  2077  2211 E minksocket: MinkIPC ERROR: ( 2077:2211 ) MinkIPC_preProcess:272 Client down, but cannot find corresponding minksession
01-10 06:19:08.595 18585 18608 I [0]DCS-StrategyManager: isNeedUpload: cache, type: 2006, appID: 20082, logTag: 20082, eventID: notification_slide_action
01-10 06:19:08.596 17922 20644 E OplusInputManagerService_jni: updateInvalidRegion start!!!
01-10 06:19:08.596 17922 20644 E InputDispatcherExtImpl: rectF left: 0.000000, top: 2318.000000, right: 1080.000000, bottom: 2376.000000 offset_left: 0.000000, offset_top: 0.000000, offset_right: 0.000000, offset_bottom: 0.000000
01-10 06:19:08.596 17922 20644 W InputDispatcherExtImpl: invalidRegions and dispatchRegions map setted, key: homegesture_displayid_0
01-10 06:19:08.900  2273  2310 D BatteryChargeControl: bcc get no support from charging protocol
01-10 06:19:08.982 18990 19362 D OplusScrollToTopManager: com.android.launcher/com.android.launcher.Launcher,This com.android.internal.policy.DecorView{b77f130 V.E...... R....... 0,0-1080,2376 aid=0 alpha=1.0 viewInfo = }[Launcher] change focus to false
01-10 06:19:08.995  2153  2418 I SDM     : DisplayBase::CommitThread: Received idle timeout, panel: cmd, timeout: 70000 us
01-10 06:19:08.997  2092  2092 D healthd : system healthd: battery l=100 v=4439 t=30.3 h=2 st=2 c=42 fc=5920000 cc=25 chg=u
01-10 06:19:09.013 17534 18726 D AidlBufferPool: bufferpool2 0xb4000073256a3c68 : 0(0 size) total buffers - 0(0 size) used buffers - 161/173 (recycle/alloc) - 22/173 (fetch/transfer)
01-10 06:19:09.014 17534 18726 D AidlBufferPoolAcc: evictor expired: 1, evicted: 1
01-10 06:19:09.017 17538 18093 D AidlBufferPoolAcc: evictor expired: 1, evicted: 0
01-10 06:19:09.034 17922 20644 D OplusBatteryServiceFeature: getChgConfig: flag = 0, extra = , callerName = 1
01-10 06:19:09.034  2273  2273 D vendor.oplus.hardware.charger-V6-service: oplus_chg_get_state_retention 0
01-10 06:19:09.034  2273  2273 D vendor.oplus.hardware.charger-V6-service: get_ui_charge_icon_type 0 0 0 0 0
01-10 06:19:09.034 17922 20644 D OplusBatteryServiceFeature: getChgConfig: flag = 1, extra = , callerName = 1
01-10 06:19:09.035  2273  2273 D vendor.oplus.hardware.charger-V6-service: oplus_chg_get_state_retention 0
01-10 06:19:09.035  2273  2273 D vendor.oplus.hardware.charger-V6-service: oplus_chg_get_ui_power 0 0
01-10 06:19:09.035 17922 20644 D OplusBatteryServiceFeature: getChgConfig: flag = 4, extra = , callerName = 1
01-10 06:19:09.035  2273  2273 D vendor.oplus.hardware.charger-V6-service: oplus_chg_get_state_retention 0
01-10 06:19:09.035  2273  2273 D vendor.oplus.hardware.charger-V6-service: oplus_chg_get_cpa_power 2500
01-10 06:19:09.035 17922 20644 D OplusBatteryServiceFeature: getChgConfig: flag = 6, extra = , callerName = 1
01-10 06:19:09.035  2273  2273 D vendor.oplus.hardware.charger-V6-service: oplus_chg_get_state_retention 0
01-10 06:19:09.035  2273  2273 D vendor.oplus.hardware.charger-V6-service: oplus_chg_get_cpa_power 2500
01-10 06:19:09.035  2273  2273 D vendor.oplus.hardware.charger-V6-service: getIsSingleHyperSupport=2, cpa_power=2
01-10 06:19:09.035 17922 20644 D OplusBatteryServiceFeature: getChgConfig: flag = 24, extra = , callerName = 1
01-10 06:19:09.039 18698 18698 W LOG_FLOWCTRL: ==LOGS OVER PROC QUOTA(300), rows(66) bytes(4469) com.android.systemui DROPPED==
01-10 06:19:09.039 18698 18698 I SystemUi--Common: Oplus_PowerUI-->isAllowShowAutoSuperSavePowerDialog: enterDialogFlag:false ,mIsAutoExitPowerSaveMode: false
01-10 06:19:09.039 18698 18698 I SystemUi--Common: Oplus_PowerUI-->enterExitDialog plugged or level: 
01-10 06:19:09.039 18698 18698 I SystemUi--Statusbar: BatteryControllerExt-->updateBatteryChangeIntent():broadcast=android.intent.action.BATTERY_CHANGED,level=100,scale=100
01-10 06:19:09.039 18698 18698 I SystemUi--Statusbar: BatteryRepository-->level: 100 -- isSavingMode: false
01-10 06:19:09.039 17922 17995 I OplusFeatureLowVoltageLimitBrightness: handleMessage MSG_BATTER_TEMPERATURE_CHAGNE changed = false temperature = 303 , battery = 100
01-10 06:19:09.040 18986 18986 D SubsysBroadcastManager: onReceive action:android.intent.action.BATTERY_CHANGED
01-10 06:19:09.040 18986 18986 D RFPowerBoostManager: current battery level is 100
01-10 06:19:09.041 18812 18812 D DeviceStatisticsService: onReceive: action= android.intent.action.BATTERY_CHANGED
01-10 06:19:09.043 24295 24510 I DeepThinkerSDK: [APP] ClientConnection: getDeepThinkerBridge start
01-10 06:19:09.043 24295 24510 I DeepThinkerSDK: [APP] ClientConnection: getDeepThinkerBridge end
01-10 06:19:09.043 24295 24510 I DeepThinkerSDK: [APP] UserDomainManager: businessId : 401 threshold : 0.6 learnPeriod:30
01-10 06:19:09.043 17922 20644 D OplusBatteryServiceFeature: getChgConfig: flag = 8, extra = , callerName = 2
01-10 06:19:09.044 24295 24510 I DeepThinkerSDK: [APP] UserDomainManager: PerformanceOfLongCharging{probabilityOfLocation=0.0, probabilityOfApps=0.0, probabilityOfTime=0.0, probabilityOfTotal=0.0, duration=0}
01-10 06:19:09.044 24295 24516 E Battery : ChargeProtectionUtils: First Alarm is Fri Jan 10 06:30:00 GMT+01:00 2025, nowRtc  = Fri Jan 10 06:19:09 GMT+01:00 2025, too close , ignore it.
01-10 06:19:09.044 24295 24516 E Battery : ChargeProtectionUtils: mCanlendarTmp.isEmpty()!
01-10 06:19:09.044 17922 17922 D EnvelopeDetectorController: isEnvelopeAssistantEnabled isCancelNotification: true currentUserId: 0 userId: 0
01-10 06:19:09.044 17922 17922 D EnvelopeDetectorController: isEnvelopeAssistantEnabled isCancelNotification: true currentUserId: 0 userId: 0
01-10 06:19:09.046 18585 18608 I [0]DCS-StrategyManager: isNeedUpload: cache, type: 2006, appID: 20089, logTag: 20089, eventID: smart_long_charge_protect_mode
01-10 06:19:09.053  2183  7222 E ANDR-PERF-LM: SilkyScrolls: emptyContentDetection() 710: empty Content found
01-10 06:19:09.054  2183  2235 I [UAH_CLIENT]: UahRelease, handle:74413
01-10 06:19:09.263  3583  4140 D QmiClient: qmiServiceEventCallback recv msg id 47
01-10 06:19:09.263  3583  4140 D QmiOttClient: enter : onQmiServiceEventCallback msgId 47
01-10 06:19:09.263  3583  3614 D OttProxy: handleMessage msg is 3001
01-10 06:19:09.264 18986 19005 D SubsysRadioIndication: [PHONE0]radioLinkLatencyInfoInd
01-10 06:19:09.264 18986 19005 D SubsysRadioIndication: [PHONE0]notify enter
01-10 06:19:09.298 17535 18479 E TetherController: property_get sys.radio.data.modem_share_flag return 0, 1!
01-10 06:19:09.305 17922 17964 D ActivityManager: Async freezing 9718 com.oplus.romupdate
01-10 06:19:09.609 18698 18698 I QuickSettingsController: calculateNotificationsTopPadding: overScrollHeight:0.0
01-10 06:19:09.609 18698 18698 I QuickSettingsController: calculateNotificationsTopPadding: overScrollHeight:0.0
01-10 06:19:09.609 19361  9591 I AlarmManager: setExactAndAllowWhileIdle [name: GCM_HB_ALARM type: 2 triggerAtMillis: 122593635]
01-10 06:19:09.618 19361  9170 I AlarmManager: setExactAndAllowWhileIdle [name: FcmRetry type: 2 triggerAtMillis: 121033643]
01-10 06:19:09.619 19361  9591 I AlarmManager: setExactAndAllowWhileIdle [name: GCM_HB_ALARM type: 2 triggerAtMillis: 122593645]
01-10 06:19:09.624 19361 22700 W OplusExSystemServiceHelper: checkOplusExSystemService intent getComponent is null
01-10 06:19:09.626 17922 18943 W JobInfo : Job 'org.telegram.messenger/.KeepAliveJob#1000' has a deadline with functional constraints and an extremely short time window of 0 ms (delay=0, deadline=0). The functional constraints are not likely to be satisfied when the job runs.
01-10 06:19:09.627 17922 18943 W JobInfo : Job 'org.telegram.messenger/.KeepAliveJob#1000' has a deadline with functional constraints and an extremely short time window of 0 ms (delay=0, deadline=0). The functional constraints are not likely to be satisfied when the job runs.
01-10 06:19:09.683  2077  2211 E minksocket: MinkIPC ERROR: ( 2077:2211 ) MinkIPC_preProcess:272 Client down, but cannot find corresponding minksession
01-10 06:19:09.684  2077  2217 E minksocket: MinkIPC ERROR: ( 2077:2217 ) MinkIPC_preProcess:272 Client down, but cannot find corresponding minksession
01-10 06:19:09.684  2077  2217 E minksocket: MinkIPC ERROR: ( 2077:2217 ) MinkIPC_preProcess:272 Client down, but cannot find corresponding minksession
01-10 06:19:09.684  2077  2211 E minksocket: MinkIPC ERROR: ( 2077:2211 ) MinkIPC_preProcess:272 Client down, but cannot find corresponding minksession
01-10 06:19:09.685  2077  2217 E minksocket: MinkIPC ERROR: ( 2077:2217 ) MinkIPC_preProcess:272 Client down, but cannot find corresponding minksession
01-10 06:19:09.685  2077  2211 E minksocket: MinkIPC ERROR: ( 2077:2211 ) MinkIPC_preProcess:272 Client down, but cannot find corresponding minksession
01-10 06:19:09.686  2077  2217 E minksocket: MinkIPC ERROR: ( 2077:2217 ) MinkIPC_preProcess:272 Client down, but cannot find corresponding minksession
01-10 06:19:09.686  2077  2211 E minksocket: MinkIPC ERROR: ( 2077:2211 ) MinkIPC_preProcess:272 Client down, but cannot find corresponding minksession
01-10 06:19:09.693  2153  2418 I SDM     : DisplayBase::CommitThread: Received idle timeout, panel: cmd, timeout: 70000 us
01-10 06:19:09.784  2077  2211 E minksocket: MinkIPC ERROR: ( 2077:2211 ) MinkIPC_preProcess:272 Client down, but cannot find corresponding minksession
01-10 06:19:09.784  2077  2217 E minksocket: MinkIPC ERROR: ( 2077:2217 ) MinkIPC_preProcess:272 Client down, but cannot find corresponding minksession
01-10 06:19:09.785  2077  2211 E minksocket: MinkIPC ERROR: ( 2077:2211 ) MinkIPC_preProcess:272 Client down, but cannot find corresponding minksession
01-10 06:19:09.785  2077  2217 E minksocket: MinkIPC ERROR: ( 2077:2217 ) MinkIPC_preProcess:272 Client down, but cannot find corresponding minksession
01-10 06:19:09.786  2077  2211 E minksocket: MinkIPC ERROR: ( 2077:2211 ) MinkIPC_preProcess:272 Client down, but cannot find corresponding minksession
01-10 06:19:09.786  2077  2217 E minksocket: MinkIPC ERROR: ( 2077:2217 ) MinkIPC_preProcess:272 Client down, but cannot find corresponding minksession
01-10 06:19:09.787  2077  2211 E minksocket: MinkIPC ERROR: ( 2077:2211 ) MinkIPC_preProcess:272 Client down, but cannot find corresponding minksession
01-10 06:19:09.787  2077  2217 E minksocket: MinkIPC ERROR: ( 2077:2217 ) MinkIPC_preProcess:272 Client down, but cannot find corresponding minksession
01-10 06:19:09.788  2077  2211 E minksocket: MinkIPC ERROR: ( 2077:2211 ) MinkIPC_preProcess:272 Client down, but cannot find corresponding minksession
01-10 06:19:09.788  2077  2217 E minksocket: MinkIPC ERROR: ( 2077:2217 ) MinkIPC_preProcess:272 Client down, but cannot find corresponding minksession
01-10 06:19:09.789  2077  2211 E minksocket: MinkIPC ERROR: ( 2077:2211 ) MinkIPC_preProcess:272 Client down, but cannot find corresponding minksession
01-10 06:19:09.789  2077  2217 E minksocket: MinkIPC ERROR: ( 2077:2217 ) MinkIPC_preProcess:272 Client down, but cannot find corresponding minksession
01-10 06:19:09.901  2273  2310 D BatteryChargeControl: bcc get no support from charging protocol
01-10 06:19:09.988  3583  4140 D QmiClient: qmiServiceEventCallback recv msg id 47
01-10 06:19:09.988  3583  4140 D QmiOttClient: enter : onQmiServiceEventCallback msgId 47
01-10 06:19:09.989  3583  3614 D OttProxy: handleMessage msg is 3001
01-10 06:19:09.989 18986 19005 D SubsysRadioIndication: [PHONE0]radioLinkLatencyInfoInd
01-10 06:19:09.989 18986 19005 D SubsysRadioIndication: [PHONE0]notify enter
01-10 06:19:10.024 18843 19839 D TelephonyImpl: getRealNrState start:0
01-10 06:19:10.025 18843 19839 D TelephonyImpl: getRealNrState start:0
01-10 06:19:10.029 18843 19839 D TelephonyImpl: getRealNrState start:0
01-10 06:19:10.129  3453  3579 E OplusTouchDaemon: [OplusTouchDaemon][touchMonitorRoutine][79]: touchMonitor stop, isEnable:1, currentState:1
01-10 06:19:10.194 18986 18986 D VendorWifiService: onEvent event:9,action:1
01-10 06:19:10.196 17922 18415 D OplusWifiPower_TriggerCenter: mComponentCallback: wifistat
01-10 06:19:10.197 17922 18415 D OplusNetKit: triggerNetworkDetection: detectType:lan_probe, forceReevaluate:false, source:oplusScorer
01-10 06:19:10.197 17922 18415 D OplusWifiThreadManager: submit task lanRtt java.util.concurrent.FutureTask@f3b8364[Not completed]
01-10 06:19:10.197 17922 24309 D OplusNetKit: in getLpByInterface name from LP: [wlan0]
01-10 06:19:10.198 17922 24309 D TrafficStats: tagSocket(903) with statsTag=0xffffffff, statsUid=-1
01-10 06:19:10.212 17922 24309 D TrafficStats: tagSocket(903) with statsTag=0xffffffff, statsUid=-1
01-10 06:19:10.215 17922 24309 D TrafficStats: tagSocket(903) with statsTag=0xffffffff, statsUid=-1
01-10 06:19:10.218 17922 24309 D OplusNetRttKit: getIcmpEchoRtt addr:192.168.1.*** avgRtt: 6
01-10 06:19:10.218 17922 24309 E OplusWifiThreadManager: java.util.concurrent.FutureTask@f3b8364[Completed normally] success executed
01-10 06:19:10.398 17922 18415 D OplusWifiSarManager: wifisarprop msg=11110000001110010:0:1 sar_idx=11110000001100010:0:1
01-10 06:19:10.784  2077  2211 E minksocket: MinkIPC ERROR: ( 2077:2211 ) MinkIPC_preProcess:272 Client down, but cannot find corresponding minksession
01-10 06:19:10.784  2077  2217 E minksocket: MinkIPC ERROR: ( 2077:2217 ) MinkIPC_preProcess:272 Client down, but cannot find corresponding minksession
01-10 06:19:10.785  2077  2211 E minksocket: MinkIPC ERROR: ( 2077:2211 ) MinkIPC_preProcess:272 Client down, but cannot find corresponding minksession
01-10 06:19:10.785  2077  2217 E minksocket: MinkIPC ERROR: ( 2077:2217 ) MinkIPC_preProcess:272 Client down, but cannot find corresponding minksession
01-10 06:19:10.786  2077  2217 E minksocket: MinkIPC ERROR: ( 2077:2217 ) MinkIPC_preProcess:272 Client down, but cannot find corresponding minksession
01-10 06:19:10.786  2077  2211 E minksocket: MinkIPC ERROR: ( 2077:2211 ) MinkIPC_preProcess:272 Client down, but cannot find corresponding minksession
01-10 06:19:10.788  2077  2211 E minksocket: MinkIPC ERROR: ( 2077:2211 ) MinkIPC_preProcess:272 Client down, but cannot find corresponding minksession
01-10 06:19:10.788  2077  2217 E minksocket: MinkIPC ERROR: ( 2077:2217 ) MinkIPC_preProcess:272 Client down, but cannot find corresponding minksession
01-10 06:19:10.850  2183  2262 E PERFHAL-PERFCTRL: PERFHAL-PERFCTRL: chk_core_online_poll_loop() 700: poll() has timed out for /sys/kernel/msm_performance/events/cpu_hotplug
01-10 06:19:10.850  2183  2262 E PERFHAL-PERFCTRL: PERFHAL-PERFCTRL: chk_core_online_poll_loop() 695: Block on poll()
01-10 06:19:10.888  2077  2211 E minksocket: MinkIPC ERROR: ( 2077:2211 ) MinkIPC_preProcess:272 Client down, but cannot find corresponding minksession
01-10 06:19:10.888  2077  2217 E minksocket: MinkIPC ERROR: ( 2077:2217 ) MinkIPC_preProcess:272 Client down, but cannot find corresponding minksession
01-10 06:19:10.889  2077  2217 E minksocket: MinkIPC ERROR: ( 2077:2217 ) MinkIPC_preProcess:272 Client down, but cannot find corresponding minksession
01-10 06:19:10.890  2077  2211 E minksocket: MinkIPC ERROR: ( 2077:2211 ) MinkIPC_preProcess:272 Client down, but cannot find corresponding minksession
01-10 06:19:10.901  2273  2310 D BatteryChargeControl: bcc get no support from charging protocol
01-10 06:19:10.969 17922 18377 W Binder  : Outgoing transactions from this process must be FLAG_ONEWAY
01-10 06:19:10.969 17922 18377 W Binder  : java.lang.Throwable
01-10 06:19:10.969 17922 18377 W Binder  : 	at android.os.BinderProxy.transact(BinderProxy.java:633)
01-10 06:19:10.969 17922 18377 W Binder  : 	at android.content.ContentProviderProxy.insert(ContentProviderNative.java:587)
01-10 06:19:10.969 17922 18377 W Binder  : 	at android.content.ContentProviderClient.insert(ContentProviderClient.java:347)
01-10 06:19:10.969 17922 18377 W Binder  : 	at android.content.ContentProviderClient.insert(ContentProviderClient.java:336)
01-10 06:19:10.969 17922 18377 W Binder  : 	at com.oplus.util.OplusStatisticsImpl.insert(OplusStatisticsImpl.java:307)
01-10 06:19:10.969 17922 18377 W Binder  : 	at com.oplus.util.OplusStatisticsImpl.sendDataToDCS(OplusStatisticsImpl.java:287)
01-10 06:19:10.969 17922 18377 W Binder  : 	at com.oplus.util.OplusStatisticsImpl.flushInternal(OplusStatisticsImpl.java:264)
01-10 06:19:10.969 17922 18377 W Binder  : 	at com.oplus.util.OplusStatisticsImpl.lambda$setDelayFlushJobIfNeed$4(OplusStatisticsImpl.java:211)
01-10 06:19:10.969 17922 18377 W Binder  : 	at com.oplus.util.OplusStatisticsImpl.$r8$lambda$4UYTp2NCu6Rml69JNqEuK7o54SI(Unknown Source:0)
01-10 06:19:10.969 17922 18377 W Binder  : 	at com.oplus.util.OplusStatisticsImpl$$ExternalSyntheticLambda5.run(D8$$SyntheticClass:0)
01-10 06:19:10.969 17922 18377 W Binder  : 	at java.util.concurrent.Executors$RunnableAdapter.call(Executors.java:487)
01-10 06:19:10.969 17922 18377 W Binder  : 	at java.util.concurrent.FutureTask.run(FutureTask.java:264)
01-10 06:19:10.969 17922 18377 W Binder  : 	at java.util.concurrent.ScheduledThreadPoolExecutor$ScheduledFutureTask.run(ScheduledThreadPoolExecutor.java:307)
01-10 06:19:10.969 17922 18377 W Binder  : 	at java.util.concurrent.ThreadPoolExecutor.runWorker(ThreadPoolExecutor.java:1145)
01-10 06:19:10.969 17922 18377 W Binder  : 	at java.util.concurrent.ThreadPoolExecutor$Worker.run(ThreadPoolExecutor.java:644)
01-10 06:19:10.969 17922 18377 W Binder  : 	at java.lang.Thread.run(Thread.java:1012)
01-10 06:19:10.971 18585 18608 I [0]DCS-StrategyManager: isNeedUpload: cache, type: 2006, appID: 20120, logTag: 20120, eventID: fingerprint_identify_sucess
01-10 06:19:10.972 18585 18608 I [0]DCS-StrategyManager: isNeedUpload: cache, type: 2006, appID: 20120, logTag: 20120, eventID: fingerprint_auth_dcsmsg
01-10 06:19:10.973 18585 18608 I [0]DCS-StrategyManager: isNeedUpload: cache, type: 2006, appID: 20120, logTag: 20120, eventID: fingerprint_special_event
01-10 06:19:11.033 19361 19620 I NearbyPresence: (REDACTED) %s verified [==] new request %s equals to the old request
01-10 06:19:11.041 17922 18235 D ActivityManager: freezing 19492 com.oneplus.deskclock:clockWidget
01-10 06:19:11.042 17922 18235 D ActivityManager: reportOneUidFrozenStateChanged uid 10189 frozen = true
01-10 06:19:11.044 17922 18314 D InetDiagMessage: Destroyed 0 sockets, proto=IPPROTO_TCP, family=AF_INET, states=14
01-10 06:19:11.046 17922 18314 D InetDiagMessage: Destroyed 0 sockets, proto=IPPROTO_TCP, family=AF_INET6, states=14
01-10 06:19:11.046 17922 18314 D InetDiagMessage: Destroyed live tcp sockets for uids={10189} in 4ms
01-10 06:19:11.085 17922 18438 D OplusNetKit: interface name from LP: [wlan0]
01-10 06:19:11.085 17922 18438 D OplusNetKit: in getLpByInterface name from LP: [wlan0]
01-10 06:19:11.085 17922 18438 D OplusNetKit: in getLpByInterface name from LP: [wlan0]
01-10 06:19:11.088  3583  4140 D QmiClient: qmiServiceEventCallback recv msg id 47
01-10 06:19:11.088  3583  4140 D QmiOttClient: enter : onQmiServiceEventCallback msgId 47
01-10 06:19:11.088  3583  3614 D OttProxy: handleMessage msg is 3001
01-10 06:19:11.089 18986 19005 D SubsysRadioIndication: [PHONE0]radioLinkLatencyInfoInd
01-10 06:19:11.089 18986 19005 D SubsysRadioIndication: [PHONE0]notify enter
01-10 06:19:11.098 17922 18235 D ActivityManager: freezing 24140 com.google.android.adservices.api
01-10 06:19:11.100 17922 18235 D ActivityManager: freezing 21148 com.google.android.googlequicksearchbox:search
01-10 06:19:11.103 17922 18235 D ActivityManager: reportOneUidFrozenStateChanged uid 10288 frozen = true
01-10 06:19:11.104 17922 18314 D InetDiagMessage: Destroyed 0 sockets, proto=IPPROTO_TCP, family=AF_INET, states=14
01-10 06:19:11.105 17922 18438 D OplusArpKit: sendGatewayMacAddress ifaceName=wlan0 gatewayMac=20:**:**:**:9f:fe gatewayIp=192.168.1.***
01-10 06:19:11.105 17922 18314 D InetDiagMessage: Destroyed 0 sockets, proto=IPPROTO_TCP, family=AF_INET6, states=14
01-10 06:19:11.106 17922 18314 D InetDiagMessage: Destroyed live tcp sockets for uids={10288} in 3ms
01-10 06:19:11.106 17922 18436 D OplusNetKit: in getLpByInterface name from LP: [wlan0]
01-10 06:19:11.152 17922 18438 D OplusArpPeer_euclid_psw: arp from self , ignore it
01-10 06:19:11.252  3453  3453 I synaLib : tcm: STATUS: Exit DOZE mode
01-10 06:19:11.252  3453  3453 E OplusTouchDaemon: [OplusTouchDaemon][touchMonitorControl][141]: touchMonitor start, isEnable:2, currentState:1
01-10 06:19:11.407 17922 18415 I OplusWifiSarManager: Received Data State Change: 0
01-10 06:19:11.407 17922 18415 I OplusWifiSarManager: mWifiConnected: true mWifiState: true
01-10 06:19:11.408 17922 18415 D OplusWifiSarManager: set wifi_dbs_enable to false
01-10 06:19:11.408 17922 18415 D OplusWifiSarManager: wifiBand mWifi2gState:false mWifi5gState: true mWifi5gBand:WIFI_5G_BAND1 mWifi6gBand:WIFI_5G_DISABLE
01-10 06:19:11.408 17922 18415 I OplusWifiSarManager: sar sensor state:
01-10 06:19:11.408 17922 18415 I OplusWifiSarManager: sensor index: 0, state: null
01-10 06:19:11.408 17922 18415 I OplusWifiSarManager: sensor index: 1, state: null
01-10 06:19:11.408 17922 18415 I OplusWifiSarManager: sensor index: 2, state: null
01-10 06:19:11.408 17922 18415 I OplusWifiSarManager: sensor index: 3, state: null
01-10 06:19:11.408 17922 18415 I OplusWifiSarManager: sensor index: 4, state: null
01-10 06:19:11.408 17922 18415 I OplusWifiSarManager: sensor index: 5, state: null
01-10 06:19:11.408 17922 18415 I OplusWifiSarManager: sensor index: 6, state: null
01-10 06:19:11.408 17922 18415 I OplusWifiSarManager: sensor index: 7, state: null
01-10 06:19:11.408 17922 18415 I OplusWifiSarManager: sensor index: 8, state: null
01-10 06:19:11.408 17922 18415 I OplusWifiSarManager: sensor index: 9, state: null
01-10 06:19:11.408 17922 18415 I OplusWifiSarManager: sensor index: 10, state: null
01-10 06:19:11.408 17922 18415 I OplusWifiSarManager: sensor index: 11, state: null
01-10 06:19:11.408 17922 18415 I OplusWifiSarManager: sensor index: 12, state: null
01-10 06:19:11.408 17922 18415 I OplusWifiSarManager: sensor index: 13, state: null
01-10 06:19:11.408 17922 18415 I OplusWifiSarManager: sensor index: 14, state: null
01-10 06:19:11.408 17922 18415 I OplusWifiSarManager: sensor index: 15, state: null
01-10 06:19:11.408 17922 18415 I OplusWifiSarManager: project: 23893, country: SE
01-10 06:19:11.408 17922 18415 I OplusWifiSarManager: sensor state: earpiece: 0, sensor: null, isScreenOn: true
01-10 06:19:11.408 17922 18415 I OplusWifiSarManager: modem state: mCellOn: false mDataOn: false mData5gOn: true
01-10 06:19:11.408 17922 18415 I OplusWifiSarManager: wifi state: mWifiConnected: true mWifiSapEnabled: false mWifiP2pConnected: false mWifi2gState: false mWifi5gState: true mWifi5gBand: WIFI_5G_BAND1 mWifi6gBand: WIFI_5G_DISABLE mIsBluetoothTxOn: false
01-10 06:19:11.408 17922 18415 I OplusWifiSarManager: mSta5gBand: WIFI_5G_BAND1 , mP2p5gBand: WIFI_5G_DISABLE , mSap5gBand: WIFI_5G_DISABLE , mSta6gBand: WIFI_5G_DISABLE , mP2p6gBand: WIFI_5G_DISABLE , mSap6gBand: WIFI_5G_DISABLE , wifiBand5g: WIFI_5G_BAND1 , wifiBand6g: WIFI_5G_DISABLE
01-10 06:19:11.408 17922 18415 I OplusWifiSarManager: wifisar engineerMode state: enable: false, Regdomain: , modemWorkType(2:4G, 3:5G): -1, sensorWorkType: -1, wifiChannel2.4G: -1, wifiChannel5G: -1, wifiChannel6G: -1 mWifiSarTestFoldWorkType((1=unfold,0=fold)):-1, bt work type: -1, hotspot work type: -1
01-10 06:19:11.408 17922 18415 I OplusWifiSarManager: not support wsa
01-10 06:19:11.408 17922 18415 I OplusWifiSarManager: sensor index: 13, max: 16
01-10 06:19:11.408 17922 18415 D OplusWifiSarManager: is countrylist Country SE
01-10 06:19:11.408 17922 18415 D OplusWifiSarManager:  state: 11110000001100010 country: SE
01-10 06:19:11.409 18698 18876 I SystemUi--Statusbar: MobileConnectionRepositoryImpl-->subId:1 isSoftSimCard:false slotId:0
01-10 06:19:11.410 18698 19314 V OplusCustomizeCacheManager: queryCache name: sys.cache.common_customize_cache18014 param: null
01-10 06:19:11.410 18698 19314 V OplusCustomizeCacheManager: queryCache name: sys.cache.common_customize_cache18017 param: Bundle[{SETTING=BLOCK, BUSINESS=NCT-DATA}]
01-10 06:19:11.410 18698 19314 V OplusCustomizeCacheManager: start recompute
01-10 06:19:11.410 17922 19256 D OplusCustomizeSecurityManagerService: we can't find the BLOCK
01-10 06:19:11.410 18698 19314 V OplusCustomizeCacheManager: queryCache name: sys.cache.common_customize_cache18013 param: null
01-10 06:19:11.481  1144 10465 I keystore2: system/security/keystore2/watchdog/src/lib.rs:319 - Watchdog thread idle -> terminating. Have a great day.
01-10 06:19:11.503  2153  2418 I SDM     : DisplayBase::CommitThread: Received idle timeout, panel: cmd, timeout: 70000 us
01-10 06:19:11.569  3453  3453 I synaLib : tcm: STATUS: Enter DOZE mode
01-10 06:19:11.569  3453  3579 E OplusTouchDaemon: [OplusTouchDaemon][touchMonitorRoutine][79]: touchMonitor stop, isEnable:1, currentState:1
01-10 06:19:11.901 18776 18776 D OplusTelephonyController: onSignalStrengthChanged: SignalStrength=SignalStrength:{mCdma=CellSignalStrengthCdma: cdmaDbm=2147483647 cdmaEcio=2147483647 evdoDbm=2147483647 evdoEcio=2147483647 evdoSnr=2147483647 level=0,mGsm=CellSignalStrengthGsm: rssi=2147483647 ber=2147483647 mTa=2147483647 mLevel=0,mWcdma=CellSignalStrengthWcdma: ss=2147483647 ber=2147483647 rscp=2147483647 ecno=2147483647 level=0,mTdscdma=CellSignalStrengthTdscdma: rssi=2147483647 ber=2147483647 rscp=2147483647 level=0,mLte=CellSignalStrengthLte: rssi=-79 rsrp=-105 rsrq=-9 rssnr=12 cqiTableIndex=2147483647 cqi=2147483647 ta=2147483647 level=3 parametersUseForLevel=0,mNr=CellSignalStrengthNr:{ csiRsrp = 2147483647 csiRsrq = 2147483647 csiCqiTableIndex = 2147483647 csiCqiReport = [] ssRsrp = 2147483647 ssRsrq = 2147483647 ssSinr = 2147483647 level = 0 parametersUseForLevel = 0 timingAdvance = 2147483647 },primary=CellSignalStrengthLte}
01-10 06:19:11.902  2273  2310 D BatteryChargeControl: bcc get no support from charging protocol
01-10 06:19:11.903 18698 18876 I SystemUi--Statusbar: MobileConnectionRepositoryImpl-->subId:1 isSoftSimCard:false slotId:0
01-10 06:19:11.903 17922 18943 W IPCThreadState: Sending oneway calls to frozen process.
01-10 06:19:11.904 17922 18943 W IPCThreadState: Sending oneway calls to frozen process.
01-10 06:19:11.904 18986 18986 D SubsysEventListenerManager-SubsysTelephonyCallback[0]: onSignalStrengthsChanged
01-10 06:19:11.904 17922 18943 W IPCThreadState: Sending oneway calls to frozen process.
01-10 06:19:11.904 17922 18943 W IPCThreadState: Sending oneway calls to frozen process.
01-10 06:19:11.906 18698 19314 V OplusCustomizeCacheManager: queryCache name: sys.cache.common_customize_cache18014 param: null
01-10 06:19:11.906 18698 19314 V OplusCustomizeCacheManager: queryCache name: sys.cache.common_customize_cache18017 param: Bundle[{SETTING=BLOCK, BUSINESS=NCT-DATA}]
01-10 06:19:11.906 18698 19314 V OplusCustomizeCacheManager: start recompute
01-10 06:19:11.906 17922 19359 D OplusCustomizeSecurityManagerService: we can't find the BLOCK
01-10 06:19:11.906 18698 19314 V OplusCustomizeCacheManager: queryCache name: sys.cache.common_customize_cache18013 param: null
01-10 06:19:11.992  3583  4140 D QmiClient: qmiServiceEventCallback recv msg id 47
01-10 06:19:11.992  3583  4140 D QmiOttClient: enter : onQmiServiceEventCallback msgId 47
01-10 06:19:11.992  3583  3614 D OttProxy: handleMessage msg is 3001
01-10 06:19:11.993 18986 19005 D SubsysRadioIndication: [PHONE0]radioLinkLatencyInfoInd
01-10 06:19:11.993 18986 19005 D SubsysRadioIndication: [PHONE0]notify enter
01-10 06:19:12.077  2097 10461 I sensors-hal: qsh_conn_event_cb:720, SCHED_FIFO(10) for qmi_cbk
01-10 06:19:12.078  2097 10461 I sensors-hal: handle_sns_client_event:103, device_orient_event: ts=120916100098281, type=4,count = 619
01-10 06:19:12.081 17922 17945 V WindowOrientationListener: onSensorChanged mDesiredRotation = 4
01-10 06:19:12.099 17922 18438 E OplusArpPeer_euclid_psw: ARP read failure: android.system.ErrnoException: read failed: EAGAIN (Try again)
01-10 06:19:12.102 17922 18438 E OplusArpPeer_euclid_psw:  OplusArpPeer close
01-10 06:19:12.103 17922 18235 D ActivityManager: Freezer deadlock watchdog
01-10 06:19:12.904  2273  2310 D BatteryChargeControl: bcc get no support from charging protocol
01-10 06:19:13.008  2273  2308 D vendor.oplus.hardware.charger-V6-service: ret_value:114, read content:,303,303,4439,4438,42,99,100,1,1,0,500,5035,100,1,4500,300,500,0,0,9500,0,0,1,0,2,0,0,0,1,5912,91,0,0,0,0,0,0,106
01-10 06:19:13.008  2273  2308 D vendor.oplus.hardware.charger-V6-service: gmtime: 2025-01-10-06-19-13
01-10 06:19:13.009  2273  2308 D vendor.oplus.hardware.charger-V6-service: usb_online:1, ac_online:-2147483648, wireless_online:0
01-10 06:19:13.037 18843 19839 D TelephonyImpl: getRealNrState start:0
01-10 06:19:13.039 18843 19839 D TelephonyImpl: getRealNrState start:0
01-10 06:19:13.046 18843 19839 D TelephonyImpl: getRealNrState start:0
01-10 06:19:13.102 18843 19462 D TelephonyImpl: isRequestingMms
01-10 06:19:13.102 18843 19462 D TelephonyImpl: getReleaseMmsNetworkTime
01-10 06:19:13.103  3583  4140 D QmiClient: qmiServiceEventCallback recv msg id 47
01-10 06:19:13.103  3583  4140 D QmiOttClient: enter : onQmiServiceEventCallback msgId 47
01-10 06:19:13.103  3583  3614 D OttProxy: handleMessage msg is 3001
01-10 06:19:13.103 18986 19005 D SubsysRadioIndication: [PHONE0]radioLinkLatencyInfoInd
01-10 06:19:13.104 18986 19005 D SubsysRadioIndication: [PHONE0]notify enter
01-10 06:19:13.107 18843 19462 D OplusDdsSwitchStrategy: Md,OplusCheckFeature,RETURN_TO_CUR_ACTION_DDS
01-10 06:19:13.229 18698 18902 D WifiPickerTracker: handleNetworkCapabilitiesChanged network:102
01-10 06:19:13.229 18698 18794 D WifiStatusTracker: mNetworkCallback onCapabilitiesChanged network:102 mPrimaryNetworkId:102
01-10 06:19:13.229 18986 18986 D VendorWifiService: onEvent event:9,action:1
01-10 06:19:13.231 18698 18902 I WifiPickerTracker: wifi connected status realConnectedWifiEntry not null: true
01-10 06:19:13.231 18937 20983 D cneJni  : sendWifiStatus start
01-10 06:19:13.232 17922 18415 D OplusWifiPower_TriggerCenter: mComponentCallback: wifistat
01-10 06:19:13.232 17922 18314 W IPCThreadState: Sending oneway calls to frozen process.
01-10 06:19:13.232 17922 18314 W IPCThreadState: Sending oneway calls to frozen process.
01-10 06:19:13.232 17922 18314 W IPCThreadState: Sending oneway calls to frozen process.
01-10 06:19:13.232 17922 18314 W IPCThreadState: Sending oneway calls to frozen process.
01-10 06:19:13.232 17922 18415 D OplusNetKit: triggerNetworkDetection: detectType:lan_probe, forceReevaluate:false, source:oplusScorer
01-10 06:19:13.232 17922 18415 D OplusNetKit: ignore lan probe in 3035
01-10 06:19:13.233 17922 18314 W IPCThreadState: Sending oneway calls to frozen process.
01-10 06:19:13.233 17922 18314 W IPCThreadState: Sending oneway calls to frozen process.
01-10 06:19:13.233 17922 18314 W IPCThreadState: Sending oneway calls to frozen process.
