01-10 06:19:21.035 20907 20907 D BoundBrokerSvc: onBind: Intent { act=com.google.android.gms.semanticlocationhistory.deidentifieddata.uploads.BatchDeidentifiedDataUploadService.ACTION_TASK_READY dat=chimera-action:/... cmp=com.google.android.gms/.chimera.GmsInternalBoundBrokerService mCallingUid=10129 }
01-10 06:19:21.035 20907 20907 D BoundBrokerSvc: Loading bound service for intent: Intent { act=com.google.android.gms.semanticlocationhistory.deidentifieddata.uploads.BatchDeidentifiedDataUploadService.ACTION_TASK_READY dat=chimera-action:/... cmp=com.google.android.gms/.chimera.GmsInternalBoundBrokerService mCallingUid=10129 }
01-10 06:19:21.035 20663 20678 I UMS.IntentProvider: panta-sugg(15000119-release): start call method:start_intents, callingPackage=com.oplus.b***y
01-10 06:19:21.035 20663 20678 I UTrace.Sdk: start, spanName: 910000 [7f0000011736486361030442724295|p_24295_d6c09e2@19|p_20663_e047181@35|com.oplus.pantanal.ums]
01-10 06:19:21.035 20663 20678 I UTrace.Sdk: start() parentCtx=p_24295_d6c09e2@19 myCtx=UTraceContext(traceID=7f0000011736486361030442724295, current=p_20663_e047181@35, parent=p_24295_d6c09e2@19, spanType=1, valid=1, tag=null) UTraceApp.mEnabled=false switchOn=false SdkConfig.isEnabled=false SdkConfig.coreAvailable=false
01-10 06:19:21.035 20663 20678 I UMS.IntentProviderManager: panta-sugg(15000119-release): checkPackageIsLegal,pkgName:com.oplus.battery,pkgNotExistsInWhiteList:true,pkgNotExistsInStaticManagerLocal:false [7f0000011736486361030442724295|p_24295_d6c09e2@19|p_20663_e047181@35|com.oplus.pantanal.ums]
01-10 06:19:21.035 23018 23018 W fb4a.AppComponentFactory: Instantiating Service
01-10 06:19:21.036 20663 20678 I UMS.IntentProviderManager: panta-sugg(15000119-release): getValidIntent, jsonArray:[{"timestamp":1736486361028,"action":"pantanal.intent.business.app.system.CHARGE","flag":1,"instance_id":1736486361028,"serviceInstanceId":"","isSupportMultiInstance":false,"card_options":{"pageId":"pages\/index","isMilestone":true,"requestShowPanel":false,"requestHideStatusBar":false,"importance":4,"lockScreenShowHostMap":{"8":false},"remind_type":0,"should_focus":false,"focus_timestamp":1736486361028,"extensibleAction":{"hiddenIconList":"battery"}},"intent_trace_context":"{\"traceID\":\"7f0000011736486361028442624295\",\"current\":\"{\\\"spanID\\\":\\\"p_24295_d6c09e2\\\",\\\"sequence\\\":22}\",\"parent\":\"{\\\"spanID\\\":\\\"p_24295_d6c09e2\\\",\\\"sequence\\\":21}\",\"spanType\":2,\"valid\":1}"}] [7f0000011736486361030442724295|p_24295_d6c09e2@19|p_20663_e047181@35|com.oplus.pantanal.ums]
01-10 06:19:21.036 20663 20678 I UMS.IntentProviderManager: panta-sugg(15000119-release): getValidIntent, intentKey:pantanal.intent.business.app.system.CHARGE, timestamp:1736486361028 [7f0000011736486361030442724295|p_24295_d6c09e2@19|p_20663_e047181@35|com.oplus.pantanal.ums]
01-10 06:19:21.036 24295 28385 D CardWidget_TraceHelper: (ChargeNotify) endNodeTrace traceCtxStr={"traceID":"7f0000011736486361028442624295","current":"{\"spanID\":\"p_24295_d6c09e2\",\"sequence\":22}","parent":"{\"spanID\":\"p_24295_d6c09e2\",\"sequence\":21}","spanType":2,"valid":1}
01-10 06:19:21.036 24295 28385 I UTrace.Sdk: end, completionType: GOAHEAD [7f0000011736486361028442624295|p_24295_d6c09e2@21|p_24295_d6c09e2@22|com.oplus.battery] [Battery.apk|com.oplus.battery|1.4.7-8671218-20240809-163401]
01-10 06:19:21.036 24295 28385 D CardWidget_TraceHelper: (ChargeNotify) endNodeTrace traceCtxStr={"traceID":"7f0000011736486361028442624295","current":"{\"spanID\":\"p_24295_d6c09e2\",\"sequence\":18}","spanType":2,"valid":1}
01-10 06:19:21.036 24295 28385 I UTrace.Sdk: end, completionType: GOAHEAD [Battery.apk|com.oplus.battery|1.4.7-8671218-20240809-163401]
01-10 06:19:21.036 24295 28385 D CardWidget_TraceHelper: (ChargeNotify) endNodeTrace traceCtxStr={"traceID":"7f0000011736486361030442724295","current":"{\"spanID\":\"p_24295_d6c09e2\",\"sequence\":19}","spanType":1,"valid":1}
01-10 06:19:21.036 24295 28385 I UTrace.Sdk: end, completionType: GOAHEAD [Battery.apk|com.oplus.battery|1.4.7-8671218-20240809-163401]
01-10 06:19:21.036 20663 28790 I UMS.IntentProviderManager: panta-sugg(15000119-release): asyncSendIntent start.
01-10 06:19:21.036 20663 28790 I SG::StaticAndDecisionSdk: sendIntents... parentCtx:UTraceContext(traceID=7f0000011736486361030442724295, current=p_20663_e047181@35, parent=p_24295_d6c09e2@19, spanType=1, valid=1, tag=null)
01-10 06:19:21.036 20663 28790 I UTrace.Sdk: end, completionType: GOAHEAD [7f0000011736486361030442724295|p_24295_d6c09e2@19|p_20663_e047181@35|com.oplus.pantanal.ums]
01-10 06:19:21.036 19361  9170 I NetworkScheduler.Stats: (REDACTED) Task %s/%s started execution. cause:%s exec_start_elapsed_seconds: %s
01-10 06:19:21.036 20663 28807 I UTrace.Sdk: start, spanName: 930000 [7f0000011736486361030442724295|p_20663_e047181@35|p_20663_e047181@36|com.oplus.pantanal.ums]
01-10 06:19:21.036 19361  9170 I NetworkScheduler.Stats: (REDACTED) Task %s/%s started execution. cause:%s exec_start_elapsed_seconds: %s
01-10 06:19:21.037 20663 28807 I UTrace.Sdk: addTraceTags, tags: {static_mgr_ver=2.0.35-beta-p3-SNAPSHOT} [7f0000011736486361030442724295|p_20663_e047181@35|p_20663_e047181@36|com.oplus.pantanal.ums]
01-10 06:19:21.037 20663 28807 I SG::IntentProviderHelper: intent intentValue=[{"timestamp":1736486361028,"action":"pantanal.intent.business.app.system.CHARGE","flag":1,"instance_id":1736486361028,"serviceInstanceId":"","isSupportMultiInstance":false,"card_options":{"pageId":"pages\/index","isMilestone":true,"requestShowPanel":false,"requestHideStatusBar":false,"importance":4,"lockScreenShowHostMap":{"8":false},"remind_type":0,"should_focus":false,"focus_timestamp":1736486361028,"extensibleAction":{"hiddenIconList":"battery"}},"intent_trace_context":"{\"traceID\":\"7f0000011736486361028442624295\",\"current\":\"{\\\"spanID\\\":\\\"p_24295_d6c09e2\\\",\\\"sequence\\\":22}\",\"parent\":\"{\\\"spanID\\\":\\\"p_24295_d6c09e2\\\",\\\"sequence\\\":21}\",\"spanType\":2,\"valid\":1}"}] [7f0000011736486361030442724295|p_20663_e047181@35|p_20663_e047181@36|com.oplus.pantanal.ums]
01-10 06:19:21.037 20663 28807 I SG::IntentProviderHelper: [saveCacheIntent] Save seedlingIntent to sharedPreferences, the item is : pantanal.intent.business.app.system.CHARGE [7f0000011736486361030442724295|p_20663_e047181@35|p_20663_e047181@36|com.oplus.pantanal.ums]
01-10 06:19:21.037 20663 28807 I SG::IntentProviderHelper: [filterCacheIntent] filter intent pantanal.intent.business.app.system.CHARGE [7f0000011736486361030442724295|p_20663_e047181@35|p_20663_e047181@36|com.oplus.pantanal.ums]
01-10 06:19:21.037 20663 28807 I SG::IntentProviderHelper: [saveCacheIntent] save data [7f0000011736486361030442724295|p_20663_e047181@35|p_20663_e047181@36|com.oplus.pantanal.ums]
01-10 06:19:21.037 20663 28807 I SG::IntentProviderHelper: [intent_trace] systemIntent stm_get_intent_trace_context_from_ums  action:pantanal.intent.business.app.system.CHARGE, contextString: {"traceID":"7f0000011736486361028442624295","current":"{\"spanID\":\"p_24295_d6c09e2\",\"sequence\":22}","parent":"{\"spanID\":\"p_24295_d6c09e2\",\"sequence\":21}","spanType":2,"valid":1} [7f0000011736486361030442724295|p_20663_e047181@35|p_20663_e047181@36|com.oplus.pantanal.ums]
01-10 06:19:21.037 20663 28807 I SG::IntentProviderHelper: [intent_trace] systemIntent uTraceContext parse result UTraceContext(traceID=7f0000011736486361028442624295, current=p_24295_d6c09e2@22, parent=p_24295_d6c09e2@21, spanType=2, valid=1, tag=null)  [7f0000011736486361030442724295|p_20663_e047181@35|p_20663_e047181@36|com.oplus.pantanal.ums]
01-10 06:19:21.037 20663 28807 E SG::IntentProviderHelper: getPendingIntentFromIntentData succeed: null [7f0000011736486361030442724295|p_20663_e047181@35|p_20663_e047181@36|com.oplus.pantanal.ums]
01-10 06:19:21.037 20663 28807 I SG::IntentProviderHelper: pendingIntent is null [7f0000011736486361030442724295|p_20663_e047181@35|p_20663_e047181@36|com.oplus.pantanal.ums]
01-10 06:19:21.037 20663 28807 I SG::IntentProviderHelper: [sendIntents] send seedlingIntents from sendIntents function. [7f0000011736486361030442724295|p_20663_e047181@35|p_20663_e047181@36|com.oplus.pantanal.ums]
01-10 06:19:21.037 20663 28807 D UTrace.Sdk: start, spanName: 3000 [7f0000011736486361028442624295|p_24295_d6c09e2@22|p_20663_e047181@37|com.oplus.pantanal.ums]
01-10 06:19:21.037 20663 28807 I SG::IntentProviderHelper: start system decision. [7f0000011736486361028442624295|p_24295_d6c09e2@22|p_20663_e047181@37|com.oplus.pantanal.ums]
01-10 06:19:21.037 20663 28807 D UTrace.Sdk: start, spanName: 3020 [7f0000011736486361028442624295|p_20663_e047181@37|p_20663_e047181@38|com.oplus.pantanal.ums]
01-10 06:19:21.037 20663 28807 I SG::DecisionStoreHelper: get mapping, services: [pantanal.intent.business.app.system.CHARGE] [7f0000011736486361028442624295|p_20663_e047181@37|p_20663_e047181@38|com.oplus.pantanal.ums]
01-10 06:19:21.037 20663 28807 I SG::DecisionStoreHelper: findServiceInDecision actions[]  [7f0000011736486361028442624295|p_20663_e047181@37|p_20663_e047181@38|com.oplus.pantanal.ums]
01-10 06:19:21.037 20663 28807 I SG::DecisionStoreHelper: findServiceInDecision intents[] seedlingCacheInfoMap={} [7f0000011736486361028442624295|p_20663_e047181@37|p_20663_e047181@38|com.oplus.pantanal.ums]
01-10 06:19:21.037 20663 28807 I SG::DecisionStoreHelper: infoMap: []  notFindIntentList = [SeedlingIntent(timestamp=1736486361028, action=pantanal.intent.business.app.system.CHARGE, flag=1, data=null, options={"initData":{"imageShow":false,"textShow":true,"sweepShow":"","chargeStatus":"Laddning","chargeImage":"assets\/images\/battery_charge_","chargeLevel":"100 %","batteryLevel":"assets\/images\/battery_level_100.svg","chargeColor":"#00BD13","chargeViewBg":""}}, seedlingCardOptions={"pageId":"pages\/index","isMilestone":true,"requestShowPanel":false,"requestHideStatusBar":false,"importance":4,"lockScreenShowHostMap":{"8":false},"remind_type":0,"should_focus":false,"focus_timestamp":1736486361028,"extensibleAction":{"hiddenIconList":"battery"}}, instanceId=1736486361028, uTraceContext=UTraceContext(traceID=7f0000011736486361028442624295, current=p_24295_d6c09e2@22, parent=p_24295_d6c09e2@21, spanType=2, valid=1, tag=null), serviceInstanceId=, isSupportMultiInstance=false)] [7f0000011736486361028442624295|p_20663_e047181@37|p_20663_e047181@38|com.oplus.pantanal.ums]
01-10 06:19:21.037 20663 28807 I SG::SeedlingDiscover: start find seedling for: [pantanal.intent.business.app.system.CHARGE] [7f0000011736486361028442624295|p_20663_e047181@37|p_20663_e047181@38|com.oplus.pantanal.ums]
01-10 06:19:21.037 20663 28807 I SG::SeedlingDiscover: local repo found: [pantanal.intent.business.app.system.CHARGE],mix data result size: 1 [7f0000011736486361028442624295|p_20663_e047181@37|p_20663_e047181@38|com.oplus.pantanal.ums]
01-10 06:19:21.037 20663 28807 I SG::ContextState: skip filter,isSystem:true [7f0000011736486361028442624295|p_20663_e047181@37|p_20663_e047181@38|com.oplus.pantanal.ums]
01-10 06:19:21.037 20663 28807 I SG::SeedlingDiscover: final results --> [SeedlingCacheInfo(serviceId=268451924, versionCode=1000001, url=com.oplus.battery, name=ChargeSeedling, subDomain=common, action=pantanal.intent.business.app.system.CHARGE, supportEntry=72, supportSize=7, type=100, platformVersion=3000000, hostName=com.oplus.battery, hostComponentName=com.oplus.powermanager.chargeSeedling.ChargeSeedlingCardProvider, minHostVersion=1, cardIds=-1, singleAction=pantanal.intent.business.app.system.CHARGE, seedlingType=immediate, useTemplate=, remindControl=1, brandName=null, brandCode=null)] [7f0000011736486361028442624295|p_20663_e047181@37|p_20663_e047181@38|com.oplus.pantanal.ums]
01-10 06:19:21.037 20663 28807 I UTrace.Sdk: start, spanName: 930001 [7f0000011736486361030442724295|p_20663_e047181@36|p_20663_e047181@39|com.oplus.pantanal.ums]
01-10 06:19:21.037 20663 28807 I SG::DecisionStoreHelper: intent: [pantanal.intent.business.app.system.CHARGE] [7f0000011736486361030442724295|p_20663_e047181@36|p_20663_e047181@39|com.oplus.pantanal.ums]
01-10 06:19:21.037 20663 28807 I SG::DecisionStoreHelper: start combine system decision. [7f0000011736486361030442724295|p_20663_e047181@36|p_20663_e047181@39|com.oplus.pantanal.ums]
01-10 06:19:21.037 20663 28807 D UTrace.Sdk: addTraceTags, tags: {service_id=268451924} [7f0000011736486361030442724295|p_20663_e047181@36|p_20663_e047181@39|com.oplus.pantanal.ums]
01-10 06:19:21.038 23018 23018 E fb4a.SlowAppComponent: 20ms: ConditionalWorkerService instantiating…
01-10 06:19:21.038 23018 23018 E fb4a.SlowAppComponent: 21ms: ContinuousBatteryMonitorService instantiating…
01-10 06:19:21.039 20663 28807 I SG::DecisionStoreHelper: combine system result: [268451924] [7f0000011736486361030442724295|p_20663_e047181@36|p_20663_e047181@39|com.oplus.pantanal.ums]
01-10 06:19:21.039 20663 28807 I SG::DecisionStoreHelper: store system result list: [268451924] [7f0000011736486361030442724295|p_20663_e047181@36|p_20663_e047181@39|com.oplus.pantanal.ums]
01-10 06:19:21.041 20663 28807 I SG::DecisionStoreHelper: [filterRepeatedService] start [7f0000011736486361030442724295|p_20663_e047181@36|p_20663_e047181@39|com.oplus.pantanal.ums]
01-10 06:19:21.041 20663 28807 I SG::DecisionStoreHelper: filterRepeatedService result item(single):268451924&1736486361028& [7f0000011736486361030442724295|p_20663_e047181@36|p_20663_e047181@39|com.oplus.pantanal.ums]
01-10 06:19:21.041 20663 28807 I SG::DecisionStoreHelper: storeSystemResult, [] send with too short interval need to be discarded [7f0000011736486361030442724295|p_20663_e047181@36|p_20663_e047181@39|com.oplus.pantanal.ums]
01-10 06:19:21.041 20663 28807 I SG::DecisionStoreHelper: [filterRepeatedService] end [7f0000011736486361030442724295|p_20663_e047181@36|p_20663_e047181@39|com.oplus.pantanal.ums]
01-10 06:19:21.041 20663 28807 W SG::DecisionStoreHelper: check unsupported multi instance serviceId:268451924 [7f0000011736486361030442724295|p_20663_e047181@36|p_20663_e047181@39|com.oplus.pantanal.ums]
01-10 06:19:21.041 23018 23018 E fb4a.SlowAppComponent: 22ms: NotificationsClientSignalStaticBroadcastReceiver instantiating…
01-10 06:19:21.041 23018 23018 E fb4a.SlowAppComponent: 29ms: SystemJobService instantiating…
01-10 06:19:21.041 23018 23018 E fb4a.SlowAppComponent: Main thread was blocked for 35ms in the background starting with ContinuousBatteryMonitorService$BroadcastReceiver
01-10 06:19:21.041 23018 23018 W fb4a.AppComponentFactory: Instantiating Service
01-10 06:19:21.041 20663 28807 I SG::DecisionStoreHelper: [insertNewService] deleteServiceList:[], deleteResult:0; 
01-10 06:19:21.041 20663 28807 I SG::DecisionStoreHelper: newServiceList:[268451924&] [7f0000011736486361030442724295|p_20663_e047181@36|p_20663_e047181@39|com.oplus.pantanal.ums]
01-10 06:19:21.041 20663 28807 I SG::DecisionStoreHelper: storeSystemResult start... [7f0000011736486361030442724295|p_20663_e047181@36|p_20663_e047181@39|com.oplus.pantanal.ums]
01-10 06:19:21.041 20663 28807 I SG::DecisionStoreHelper: insert new decision result list:[268451924&], storeResult: true [7f0000011736486361030442724295|p_20663_e047181@36|p_20663_e047181@39|com.oplus.pantanal.ums]
01-10 06:19:21.041 20663 28807 I SG::DecisionStoreHelper: storeSystemResult, update decision result, changed: false [7f0000011736486361030442724295|p_20663_e047181@36|p_20663_e047181@39|com.oplus.pantanal.ums]
01-10 06:19:21.041 20663 28807 I SG::DecisionStoreHelper: deleteExpiredResult: 0 [7f0000011736486361030442724295|p_20663_e047181@36|p_20663_e047181@39|com.oplus.pantanal.ums]
01-10 06:19:21.042 20663 28807 I SG::DecisionStoreHelper: storeSystemResult : no bootTime condition meet [7f0000011736486361030442724295|p_20663_e047181@36|p_20663_e047181@39|com.oplus.pantanal.ums]
01-10 06:19:21.042 19361 21552 I FusedLocation: (REDACTED) stationary throttling engaged @%s
01-10 06:19:21.042 20663 21661 I SG::UserDataManager: deleteSystemMap: remove system key: businessData_268451924__1736484857600
01-10 06:19:21.042 20663 21661 I SG::UserDataManager: deleteSystemMap: remove system key: intentSrc_268451924__1736484857600
01-10 06:19:21.043 20663 28807 I SG::DecisionStoreHelper: storeSystemResult,execute update, changed: true [7f0000011736486361030442724295|p_20663_e047181@36|p_20663_e047181@39|com.oplus.pantanal.ums]
01-10 06:19:21.043 20663 28807 D UTrace.Sdk: start, spanName: 3034 [7f0000011736486361028442624295|p_20663_e047181@38|p_20663_e047181@40|com.oplus.pantanal.ums]
01-10 06:19:21.043 20663 28807 I UTrace.Sdk: addSpanTags, tags: {service_id=["268451924"]} [7f0000011736486361028442624295|p_20663_e047181@38|p_20663_e047181@40|com.oplus.pantanal.ums]
01-10 06:19:21.043 20663 28807 I SG::DecisionStoreHelper: [UMS.Seedling] notifyResultChanged [7f0000011736486361028442624295|p_20663_e047181@38|p_20663_e047181@40|com.oplus.pantanal.ums]
01-10 06:19:21.043 20663 28807 I SG::DecisionChecker: move state: 1 to new state: 1 [7f0000011736486361028442624295|p_20663_e047181@38|p_20663_e047181@40|com.oplus.pantanal.ums]
01-10 06:19:21.043 20663 28807 I SG::DecisionResultProvider: [UMS.Seedling] notifyDecisionResultChange from : SEND_INTENTS. [7f0000011736486361028442624295|p_20663_e047181@38|p_20663_e047181@40|com.oplus.pantanal.ums]
01-10 06:19:21.044 19361 10716 I FusedLocation: (REDACTED) stationary throttling engaged @%s
01-10 06:19:21.044 20663 28807 I SG::DecisionResultProvider: notifyDecisionResultChange finished [7f0000011736486361028442624295|p_20663_e047181@38|p_20663_e047181@40|com.oplus.pantanal.ums]
01-10 06:19:21.044 18698 18716 D StaticSDK.UTraceUtils: (binder:18698_3)[startFromUri] [traceNode]:931000, uri:content://com.oplus.pantanal.ums.decision/services?UTranceCtx=HgAAADcAZgAwADAAMAAwADAAMQAxADcAMwA2ADQAOAA2ADMANgAxADAAMwAwADQANAAyADcAMgA0%0AADIAOQA1AAAAAAAbAAAAYwBvAG0ALgBvAHAAbAB1AHMALgB1AHQAcgBhAGMAZQAuAGwAaQBiAC4A%0ATgBvAGQAZQBJAEQAAAAPAAAAcABfADIAMAA2ADYAMwBfAGUAMAA0ADcAMQA4ADEAAAAnAAAAGwAA%0AAGMAbwBtAC4AbwBwAGwAdQBzAC4AdQB0AHIAYQBjAGUALgBsAGkAYgAuAE4AbwBkAGUASQBEAAAA%0ADwAAAHAAXwAyADAANgA2ADMAXwBlADAANAA3ADEAOAAxAAAAJAAAAA%3D%3D%0A&utrace2=%7B%22traceID%22%3A%227f0000011736486361030442724295%22%2C%22current%22%3A%22%7B%5C%22spanID%5C%22%3A%5C%22p_20663_e047181%5C%22%2C%5C%22sequence%5C%22%3A39%7D%22%2C%22parent%22%3A%22%7B%5C%22spanID%5C%22%3A%5C%22p_20663_e047181%5C%22%2C%5C%22sequence%5C%22%3A36%7D%22%2C%22spanType%22%3A1%2C%22valid%22%3A1%7D,in version 1.1.24-beta-p1-SNAPSHOT [SystemUIPlugin|com.android.systemui|1.4.26-79c0076]
01-10 06:19:21.044 20663 28807 I UTrace.Sdk: end, completionType: RETURN [7f0000011736486361028442624295|p_20663_e047181@38|p_20663_e047181@40|com.oplus.pantanal.ums]
01-10 06:19:21.044 20663 28807 I SG::IntentProviderHelper: [removeCacheIntent] Remove intent cache from SharedPreferences, the list is : [pantanal.intent.business.app.system.CHARGE]
01-10 06:19:21.044 18698 18716 D StaticSDK.UTraceUtils: (binder:18698_3)[startFromUri] ctx:UTraceContext(traceID=7f0000011736486361030442724295, current=p_20663_e047181@39, parent=p_20663_e047181@36, spanType=1, valid=1, tag=null),in version 1.1.24-beta-p1-SNAPSHOT
01-10 06:19:21.044 18698 18716 I StaticSDK.OSUtils: (binder:18698_3)SystemProperties get: key == com.pantanal.server.utrace.switch, defValue == 1,in version 1.1.24-beta-p1-SNAPSHOT
01-10 06:19:21.044 18698 18716 I UTrace.Sdk: start, spanName: 931000 [7f0000011736486361030442724295|p_20663_e047181@39|p_18698_5e03e6f@23|com.android.systemui]
01-10 06:19:21.044 18698 18716 I UTrace.Sdk: start() parentCtx=p_20663_e047181@39 myCtx=UTraceContext(traceID=7f0000011736486361030442724295, current=p_18698_5e03e6f@23, parent=p_20663_e047181@39, spanType=1, valid=1, tag=null) UTraceApp.mEnabled=true switchOn=false SdkConfig.isEnabled=false SdkConfig.coreAvailable=false
01-10 06:19:21.044 18698 18716 I StaticSDK.OSUtils: (binder:18698_3)SystemProperties get: key == com.pantanal.server.utrace.switch, defValue == 1,in version 1.1.24-beta-p1-SNAPSHOT [7f0000011736486361030442724295|p_20663_e047181@39|p_18698_5e03e6f@23|com.android.systemui]
01-10 06:19:21.044 18698 18716 D StaticSDK.UTraceUtils: (binder:18698_3)[startFromUri] traceNode:931000, ctx:UTraceContext(traceID=7f0000011736486361030442724295, current=p_20663_e047181@39, parent=p_20663_e047181@36, spanType=1, valid=1, tag=null), innerCtx:UTraceContext(traceID=7f0000011736486361030442724295, current=p_18698_5e03e6f@23, parent=p_20663_e047181@39, spanType=1, valid=1, tag=null),in version 1.1.24-beta-p1-SNAPSHOT [7f0000011736486361030442724295|p_20663_e047181@39|p_18698_5e03e6f@23|com.android.systemui]
01-10 06:19:21.044 18698 18716 I StaticSDK.OSUtils: (binder:18698_3)SystemProperties get: key == com.pantanal.server.utrace.switch, defValue == 1,in version 1.1.24-beta-p1-SNAPSHOT [7f0000011736486361030442724295|p_20663_e047181@39|p_18698_5e03e6f@23|com.android.systemui]
01-10 06:19:21.044 20663 28807 I SG::IntentProviderHelper: [removeCacheIntent] remove end...
01-10 06:19:21.044 20663 28807 I SG::DecisionStoreHelper: endIntent is empty.
01-10 06:19:21.044 20663 28807 D UTrace.Sdk: start, spanName: 3032 [7f0000011736486361028442624295|p_20663_e047181@40|p_20663_e047181@41|com.oplus.pantanal.ums]
01-10 06:19:21.044 18698 18716 I UTrace.Sdk: addTraceTags, tags: {static_sdk_ver=1.1.24-beta-p1-SNAPSHOT} [7f0000011736486361030442724295|p_20663_e047181@39|p_18698_5e03e6f@23|com.android.systemui]
01-10 06:19:21.044 18698 18716 I StaticSDK.UTraceUtils: (binder:18698_3)[addTraceTags] traceNode:931000, tags:{static_sdk_ver=1.1.24-beta-p1-SNAPSHOT}, innerCtx:UTraceContext(traceID=7f0000011736486361030442724295, current=p_18698_5e03e6f@23, parent=p_20663_e047181@39, spanType=1, valid=1, tag=null),in version 1.1.24-beta-p1-SNAPSHOT [7f0000011736486361030442724295|p_20663_e047181@39|p_18698_5e03e6f@23|com.android.systemui]
01-10 06:19:21.044 18698 18716 I StaticSDK.DecisionCenter: (binder:18698_3)receive onChange event from ums,call DecisionCenter onChange(),in version 1.1.24-beta-p1-SNAPSHOT [7f0000011736486361030442724295|p_20663_e047181@39|p_18698_5e03e6f@23|com.android.systemui]
01-10 06:19:21.044 18698 21493 I StaticSDK.OSUtils: (#query_data)SystemProperties get: key == com.pantanal.server.utrace.switch, defValue == 1,in version 1.1.24-beta-p1-SNAPSHOT
01-10 06:19:21.044 18698 21493 I StaticSDK.OSUtils: (#query_data)SystemProperties get: key == com.pantanal.server.utrace.switch, defValue == 1,in version 1.1.24-beta-p1-SNAPSHOT
01-10 06:19:21.044 20663 28807 I SG::IntentProviderHelper: storeResult is 0, seedlingIntents size:1 [7f0000011736486361028442624295|p_20663_e047181@40|p_20663_e047181@41|com.oplus.pantanal.ums]
01-10 06:19:21.045 18698 21493 D UserContextImp: getUserId userId 0
01-10 06:19:21.045 18698 21493 I StaticSDK.DecisionDao: (#query_data)get IUserContext,call DecisionDao query() ,userId 0,in version 1.1.24-beta-p1-SNAPSHOT
01-10 06:19:21.045 18698 21493 D UserContextImp: getUserId userId 0
01-10 06:19:21.045 18698 21493 I StaticSDK.OSUtils: (#query_data)SystemProperties get: key == com.pantanal.server.utrace.switch, defValue == 1,in version 1.1.24-beta-p1-SNAPSHOT
01-10 06:19:21.045 18698 21493 I StaticSDK.UTraceUtils: (#query_data)[appendTraceContextToUri] key:931000, uri:content://0@com.oplus.pantanal.ums.decision/services, resultUri:content://0@com.oplus.pantanal.ums.decision/services?UTranceCtx=HgAAADcAZgAwADAAMAAwADAAMQAxADcAMwA2ADQAOAA2ADMANgAxADAAMwAwADQANAAyADcAMgA0%0AADIAOQA1AAAAAAAbAAAAYwBvAG0ALgBvAHAAbAB1AHMALgB1AHQAcgBhAGMAZQAuAGwAaQBiAC4A%0ATgBvAGQAZQBJAEQAAAAPAAAAcABfADEAOAA2ADkAOABfADUAZQAwADMAZQA2AGYAAAAXAAAAGwAA%0AAGMAbwBtAC4AbwBwAGwAdQBzAC4AdQB0AHIAYQBjAGUALgBsAGkAYgAuAE4AbwBkAGUASQBEAAAA%0ADwAAAHAAXwAyADAANgA2ADMAXwBlADAANAA3ADEAOAAxAAAAJwAAAA%3D%3D%0A&utrace2=%7B%22traceID%22%3A%227f0000011736486361030442724295%22%2C%22current%22%3A%22%7B%5C%22spanID%5C%22%3A%5C%22p_18698_5e03e6f%5C%22%2C%5C%22sequence%5C%22%3A23%7D%22%2C%22parent%22%3A%22%7B%5C%22spanID%5C%22%3A%5C%22p_20663_e047181%5C%22%2C%5C%22sequence%5C%22%3A39%7D%22%2C%22spanType%22%3A1%2C%22valid%22%3A1%7D,in version 1.1.24-beta-p1-SNAPSHOT
01-10 06:19:21.045 18698 21493 D UserContextImp: acquireUnstableContentProviderClient uri content://0@com.oplus.pantanal.ums.decision/services?UTranceCtx=HgAAADcAZgAwADAAMAAwADAAMQAxADcAMwA2ADQAOAA2ADMANgAxADAAMwAwADQANAAyADcAMgA0%0AADIAOQA1AAAAAAAbAAAAYwBvAG0ALgBvAHAAbAB1AHMALgB1AHQAcgBhAGMAZQAuAGwAaQBiAC4A%0ATgBvAGQAZQBJAEQAAAAPAAAAcABfADEAOAA2ADkAOABfADUAZQAwADMAZQA2AGYAAAAXAAAAGwAA%0AAGMAbwBtAC4AbwBwAGwAdQBzAC4AdQB0AHIAYQBjAGUALgBsAGkAYgAuAE4AbwBkAGUASQBEAAAA%0ADwAAAHAAXwAyADAANgA2ADMAXwBlADAANAA3ADEAOAAxAAAAJwAAAA%3D%3D%0A&utrace2=%7B%22traceID%22%3A%227f0000011736486361030442724295%22%2C%22current%22%3A%22%7B%5C%22spanID%5C%22%3A%5C%22p_18698_5e03e6f%5C%22%2C%5C%22sequence%5C%22%3A23%7D%22%2C%22parent%22%3A%22%7B%5C%22spanID%5C%22%3A%5C%22p_20663_e047181%5C%22%2C%5C%22sequence%5C%22%3A39%7D%22%2C%22spanType%22%3A1%2C%22valid%22%3A1%7D userUri content://0@com.oplus.pantanal.ums.decision/services?UTranceCtx=HgAAADcAZgAwADAAMAAwADAAMQAxADcAMwA2ADQAOAA2ADMANgAxADAAMwAwADQANAAyADcAMgA0%0AADIAOQA1AAAAAAAbAAAAYwBvAG0ALgBvAHAAbAB1AHMALgB1AHQAcgBhAGMAZQAuAGwAaQBiAC4A%0ATgBvAGQAZQBJAEQAAAAPAAAAcABfADEAOAA2ADkAOABfADUAZQAwADMAZQA2AGYAAAAXAAAAGwAA%0AAGMAbwBtAC4AbwBwAGwAdQBzAC4AdQB0AHIAYQBjAGUALgBsAGkAYgAuAE4AbwBkAGUASQBEAAAA%0ADwAAAHAAXwAyADAANgA2ADMAXwBlADAANAA3ADEAOAAxAAAAJwAAAA%3D%3D%0A&utrace2=%7B%22traceID%22%3A%227f0000011736486361030442724295%22%2C%22current%22%3A%22%7B%5C%22spanID%5C%22%3A%5C%22p_18698_5e03e6f%5C%22%2C%5C%22sequence%5C%22%3A23%7D%22%2C%22parent%22%3A%22%7B%5C%22spanID%5C%22%3A%5C%22p_20663_e047181%5C%22%2C%5C%22sequence%5C%22%3A39%7D%22%2C%22spanType%22%3A1%2C%22valid%22%3A1%7D UserContextImp com.android.systemui.SystemUIApplication@5545de7 userId 0
01-10 06:19:21.045 23018 10719 D TrafficStats: tagSocket(317) with statsTag=0xffffffff, statsUid=-1
01-10 06:19:21.045 18585 18608 I [0]DCS-StrategyManager: isNeedUpload: cache, type: 2006, appID: 118102, logTag: event_tag, eventID: system_intent_to_decision
01-10 06:19:21.045 20663 28807 I SG::IntentProviderHelper: pendingIntent：null, storeResult:0，action：pantanal.intent.business.app.system.CHARGE,timestamp:1736486361028 [7f0000011736486361028442624295|p_20663_e047181@40|p_20663_e047181@41|com.oplus.pantanal.ums]
01-10 06:19:21.045 24295 24295 D CardWidget_TraceHelper: (main) startTrace spanName=106.parentTraceCtx=UTraceContext(traceID='7f0000011736486361028442624295', current=p_20663_e047181@41, parent=p_20663_e047181@40, spanType=2, valid=1, tag=null)
01-10 06:19:21.045 20663 28807 D UTrace.Sdk: start, spanName: 3010 [7f0000011736486361028442624295|p_20663_e047181@41|p_20663_e047181@42|com.oplus.pantanal.ums]
01-10 06:19:21.045 20663 28807 D UTrace.Sdk: end, completionType: GOAHEAD [7f0000011736486361028442624295|p_20663_e047181@41|p_20663_e047181@42|com.oplus.pantanal.ums]
01-10 06:19:21.045 20663 21660 I SG::DecisionStoreHelper: storeSystemResult: insertAll = 1
01-10 06:19:21.045 24295 24295 I UTrace.Sdk: start, spanName: 106 [7f0000011736486361028442624295|p_20663_e047181@41|p_24295_d6c09e2@23|com.oplus.battery] [Battery.apk|com.oplus.battery|1.4.7-8671218-20240809-163401]
01-10 06:19:21.045 24295 24295 D CardWidget_TraceHelper: (main) saveTraceContext to bundle=UTraceContext(traceID='7f0000011736486361028442624295', current=p_24295_d6c09e2@23, parent=p_20663_e047181@41, spanType=2, valid=1, tag=null)
01-10 06:19:21.046 20907 20907 D BoundBrokerSvc: onUnbind: Intent { act=com.google.android.gms.semanticlocationhistory.deidentifieddata.uploads.BatchDeidentifiedDataUploadService.ACTION_TASK_READY dat=chimera-action:/... cmp=com.google.android.gms/.chimera.GmsInternalBoundBrokerService mCallingUid=10129 }
01-10 06:19:21.046 24295 24295 I UTrace.Sdk: addTraceTags, tags: {seedling_support_ver=3.0.4} [7f0000011736486361028442624295|p_20663_e047181@41|p_24295_d6c09e2@23|com.oplus.battery] [Battery.apk|com.oplus.battery|1.4.7-8671218-20240809-163401]
01-10 06:19:21.046 24295 24295 D CardWidget_SEEDLING_SUPPORT_SDK(3000004): (main) createResultCallBackMessenger,call back to user.action=pantanal.intent.business.app.system.CHARGE,flag=1
01-10 06:19:21.046 24295 24295 D CardWidget_SEEDLING_SUPPORT_SDK(3000004): (main) createCallBack: resultCode = 0
01-10 06:19:21.046 24295 24295 D CardWidget_SEEDLING_SUPPORT_SDK(3000004): (main) createCallBack: key = pantanal.intent.business.app.system.CHARGE_1736486361028,callBackMap = {pantanal.intent.business.app.system.CHARGE_1736486361028=d8.a$a@2173d45}
01-10 06:19:21.046 24295 24295 I Channel.Client[1000028].battery.SEEDLING_SUPPORT_SDK(3000004): createCallBack,action = pantanal.intent.business.app.system.CHARGE,flag=1,resultCode=0
01-10 06:19:21.046 24295 24295 D CardWidget_TraceHelper: (main) endCompleteNodeTrace end spanName=106
01-10 06:19:21.046 24295 24295 I UTrace.Sdk: end, completionType: GOAHEAD [7f0000011736486361028442624295|p_20663_e047181@41|p_24295_d6c09e2@23|com.oplus.battery] [Battery.apk|com.oplus.battery|1.4.7-8671218-20240809-163401]
01-10 06:19:21.046 24295 24295 D CardWidget_TraceHelper: (main) endIntentTrace traceCtx={"traceID":"7f0000011736486361028442624295","current":"{\"spanID\":\"p_24295_d6c09e2\",\"sequence\":23}","parent":"{\"spanID\":\"p_20663_e047181\",\"sequence\":41}","spanType":2,"valid":1},resultCode=0
01-10 06:19:21.046 19361  7015 I NetworkScheduler.Stats: (REDACTED) Task %s/%s finished executing. cause:%s result: %s elapsed_millis: %s uptime_millis: %s exec_start_elapsed_seconds: %s
01-10 06:19:21.048 18698 21493 D StaticSDK.DecisionDao: (#query_data)engineVersion : -1,in version 1.1.24-beta-p1-SNAPSHOT
01-10 06:19:21.048 18698 21493 D UserContextImp: getUserId userId 0
01-10 06:19:21.048 18698 21493 I StaticSDK.OSUtils: (#query_data)SystemProperties get: key == com.pantanal.server.utrace.switch, defValue == 1,in version 1.1.24-beta-p1-SNAPSHOT
01-10 06:19:21.048 18698 21493 D StaticSDK.UTraceUtils: (#query_data)[appendTraceContextToUri] key:931000, uri:content://0@com.oplus.pantanal.ums.decision/services, resultUri:content://0@com.oplus.pantanal.ums.decision/services?platformVersion=-1&UTranceCtx=HgAAADcAZgAwADAAMAAwADAAMQAxADcAMwA2ADQAOAA2ADMANgAxADAAMwAwADQANAAyADcAMgA0%0AADIAOQA1AAAAAAAbAAAAYwBvAG0ALgBvAHAAbAB1AHMALgB1AHQAcgBhAGMAZQAuAGwAaQBiAC4A%0ATgBvAGQAZQBJAEQAAAAPAAAAcABfADEAOAA2ADkAOABfADUAZQAwADMAZQA2AGYAAAAXAAAAGwAA%0AAGMAbwBtAC4AbwBwAGwAdQBzAC4AdQB0AHIAYQBjAGUALgBsAGkAYgAuAE4AbwBkAGUASQBEAAAA%0ADwAAAHAAXwAyADAANgA2ADMAXwBlADAANAA3ADEAOAAxAAAAJwAAAA%3D%3D%0A&utrace2=%7B%22traceID%22%3A%227f0000011736486361030442724295%22%2C%22current%22%3A%22%7B%5C%22spanID%5C%22%3A%5C%22p_18698_5e03e6f%5C%22%2C%5C%22sequence%5C%22%3A23%7D%22%2C%22parent%22%3A%22%7B%5C%22spanID%5C%22%3A%5C%22p_20663_e047181%5C%22%2C%5C%22sequence%5C%22%3A39%7D%22%2C%22spanType%22%3A1%2C%22valid%22%3A1%7D,in version 1.1.24-beta-p1-SNAPSHOT
01-10 06:19:21.048 20663 20678 I SG::DecisionResultProvider: query call: content://com.oplus.pantanal.ums.decision/services?platformVersion=-1&UTranceCtx=HgAAADcAZgAwADAAMAAwADAAMQAxADcAMwA2ADQAOAA2ADMANgAxADAAMwAwADQANAAyADcAMgA0%0AADIAOQA1AAAAAAAbAAAAYwBvAG0ALgBvAHAAbAB1AHMALgB1AHQAcgBhAGMAZQAuAGwAaQBiAC4A%0ATgBvAGQAZQBJAEQAAAAPAAAAcABfADEAOAA2ADkAOABfADUAZQAwADMAZQA2AGYAAAAXAAAAGwAA%0AAGMAbwBtAC4AbwBwAGwAdQBzAC4AdQB0AHIAYQBjAGUALgBsAGkAYgAuAE4AbwBkAGUASQBEAAAA%0ADwAAAHAAXwAyADAANgA2ADMAXwBlADAANAA3ADEAOAAxAAAAJwAAAA%3D%3D%0A&utrace2=%7B%22traceID%22%3A%227f0000011736486361030442724295%22%2C%22current%22%3A%22%7B%5C%22spanID%5C%22%3A%5C%22p_18698_5e03e6f%5C%22%2C%5C%22sequence%5C%22%3A23%7D%22%2C%22parent%22%3A%22%7B%5C%22spanID%5C%22%3A%5C%22p_20663_e047181%5C%22%2C%5C%22sequence%5C%22%3A39%7D%22%2C%22spanType%22%3A1%2C%22valid%22%3A1%7D [7f0000011736486361030442724295|p_24295_d6c09e2@19|p_20663_e047181@35|com.oplus.pantanal.ums]
01-10 06:19:21.049 20663 20678 I SG::UTraceUtils: [startFromUri] [traceNode]:930005, uri:content://com.oplus.pantanal.ums.decision/services?platformVersion=-1&UTranceCtx=HgAAADcAZgAwADAAMAAwADAAMQAxADcAMwA2ADQAOAA2ADMANgAxADAAMwAwADQANAAyADcAMgA0%0AADIAOQA1AAAAAAAbAAAAYwBvAG0ALgBvAHAAbAB1AHMALgB1AHQAcgBhAGMAZQAuAGwAaQBiAC4A%0ATgBvAGQAZQBJAEQAAAAPAAAAcABfADEAOAA2ADkAOABfADUAZQAwADMAZQA2AGYAAAAXAAAAGwAA%0AAGMAbwBtAC4AbwBwAGwAdQBzAC4AdQB0AHIAYQBjAGUALgBsAGkAYgAuAE4AbwBkAGUASQBEAAAA%0ADwAAAHAAXwAyADAANgA2ADMAXwBlADAANAA3ADEAOAAxAAAAJwAAAA%3D%3D%0A&utrace2=%7B%22traceID%22%3A%227f0000011736486361030442724295%22%2C%22current%22%3A%22%7B%5C%22spanID%5C%22%3A%5C%22p_18698_5e03e6f%5C%22%2C%5C%22sequence%5C%22%3A23%7D%22%2C%22parent%22%3A%22%7B%5C%22spanID%5C%22%3A%5C%22p_20663_e047181%5C%22%2C%5C%22sequence%5C%22%3A39%7D%22%2C%22spanType%22%3A1%2C%22valid%22%3A1%7D [7f0000011736486361030442724295|p_24295_d6c09e2@19|p_20663_e047181@35|com.oplus.pantanal.ums]
01-10 06:19:21.049 20663 20678 I UTrace.Sdk: start, spanName: 930005 [7f0000011736486361030442724295|p_18698_5e03e6f@23|p_20663_e047181@43|com.oplus.pantanal.ums]
01-10 06:19:21.049 20663 20678 I SG::DecisionResultProvider: entrance info:[16, 8] [7f0000011736486361030442724295|p_18698_5e03e6f@23|p_20663_e047181@43|com.oplus.pantanal.ums]
01-10 06:19:21.049 20663 20678 I SG::DecisionResultProvider: callingPackage:com.android.systemui selection:support_entry & ? = 16 or support_entry & ? = 8 or support_entry = 0 [7f0000011736486361030442724295|p_18698_5e03e6f@23|p_20663_e047181@43|com.oplus.pantanal.ums]
01-10 06:19:21.049 20663 20678 I SG::DecisionResultProvider: Disabled filter [7f0000011736486361030442724295|p_18698_5e03e6f@23|p_20663_e047181@43|com.oplus.pantanal.ums]
01-10 06:19:21.049 20663 20678 I SG::DecisionResultProvider: [UMS.Seedling] query decision result, sql: SELECT * FROM system_decision_result WHERE ((support_entry & ? = 16 or support_entry & ? = 8 or support_entry = 0) and available = 1) and expireTime*60*1000+createTime>=1736486361049 ORDER BY score desc [7f0000011736486361030442724295|p_18698_5e03e6f@23|p_20663_e047181@43|com.oplus.pantanal.ums]
01-10 06:19:21.050 20663 20678 I UTrace.Sdk: end, completionType: RETURN [7f0000011736486361030442724295|p_18698_5e03e6f@23|p_20663_e047181@43|com.oplus.pantanal.ums]
01-10 06:19:21.050 20663 20678 I SG::DecisionResultProvider: close entrance:0
01-10 06:19:21.050 20663 20678 I SG::DecisionResultProvider: [UMS.Seedling] query decision result, sql: SELECT * FROM decision_result WHERE ((support_entry & ? = 16 or support_entry & ? = 8 or support_entry = 0) and available = 1) and expireTime*60*1000+timestamp>=1736486361049
01-10 06:19:21.051 20663 20678 I SG::DecisionResultProvider: merge start, list size:0 systlist size:1
01-10 06:19:21.052 20663 20678 W SG::SpecialEntryDecision: filterCloseEntrance close entry: 0
01-10 06:19:21.052  1143  1150 W LOG_FLOWCTRL: ==LOGS OVER PROC QUOTA(300), rows(59) bytes(3518) android.system.suspend-service DROPPED==
01-10 06:19:21.052 20663 20678 I SG::DecisionResultProvider: merge sortableList size:0 nosortableList size:0 systemResult size:1
01-10 06:19:21.052  1143  1150 E android.system.suspend-service: Error opening event_count for wakeup46: Permission denied
01-10 06:19:21.052  1143  1150 E android.system.suspend-service: Error opening max_time_ms for wakeup46: Permission denied
01-10 06:19:21.052  1143  1150 E android.system.suspend-service: Error opening wakeup_count for wakeup46: Permission denied
01-10 06:19:21.052  1143  1150 E android.system.suspend-service: Error opening total_time_ms for wakeup46: Permission denied
01-10 06:19:21.052  1143  1150 E android.system.suspend-service: Error opening expire_count for wakeup46: Permission denied
01-10 06:19:21.052  1143  1150 E android.system.suspend-service: Error opening active_count for wakeup46: Permission denied
01-10 06:19:21.052  1143  1150 E android.system.suspend-service: Error opening last_change_ms for wakeup46: Permission denied
01-10 06:19:21.052  1143  1150 E android.system.suspend-service: Error opening prevent_suspend_time_ms for wakeup46: Permission denied
01-10 06:19:21.052  1143  1150 E android.system.suspend-service: Error opening name for wakeup46: Permission denied
01-10 06:19:21.052  1143  1150 E android.system.suspend-service: Error opening active_time_ms for wakeup46: Permission denied
01-10 06:19:21.052  1143  1150 E android.system.suspend-service: Error opening event_count for wakeup36: Permission denied
01-10 06:19:21.052  1143  1150 E android.system.suspend-service: Error opening max_time_ms for wakeup36: Permission denied
01-10 06:19:21.052  1143  1150 E android.system.suspend-service: Error opening wakeup_count for wakeup36: Permission denied
01-10 06:19:21.052  1143  1150 E android.system.suspend-service: Error opening total_time_ms for wakeup36: Permission denied
01-10 06:19:21.052  1143  1150 E android.system.suspend-service: Error opening expire_count for wakeup36: Permission denied
01-10 06:19:21.052  1143  1150 E android.system.suspend-service: Error opening active_count for wakeup36: Permission denied
01-10 06:19:21.052  1143  1150 E android.system.suspend-service: Error opening last_change_ms for wakeup36: Permission denied
01-10 06:19:21.052  1143  1150 E android.system.suspend-service: Error opening prevent_suspend_time_ms for wakeup36: Permission denied
01-10 06:19:21.052  1143  1150 E android.system.suspend-service: Error opening name for wakeup36: Permission denied
01-10 06:19:21.052  1143  1150 E android.system.suspend-service: Error opening active_time_ms for wakeup36: Permission denied
01-10 06:19:21.052  1143  1150 E android.system.suspend-service: Error opening event_count for wakeup64: Permission denied
01-10 06:19:21.052  1143  1150 E android.system.suspend-service: Error opening max_time_ms for wakeup64: Permission denied
01-10 06:19:21.052  1143  1150 E android.system.suspend-service: Error opening wakeup_count for wakeup64: Permission denied
01-10 06:19:21.052  1143  1150 E android.system.suspend-service: Error opening total_time_ms for wakeup64: Permission denied
01-10 06:19:21.052  1143  1150 E android.system.suspend-service: Error opening expire_count for wakeup64: Permission denied
01-10 06:19:21.052  1143  1150 E android.system.suspend-service: Error opening active_count for wakeup64: Permission denied
01-10 06:19:21.052  1143  1150 E android.system.suspend-service: Error opening last_change_ms for wakeup64: Permission denied
01-10 06:19:21.052  1143  1150 E android.system.suspend-service: Error opening prevent_suspend_time_ms for wakeup64: Permission denied
01-10 06:19:21.052  1143  1150 E android.system.suspend-service: Error opening name for wakeup64: Permission denied
01-10 06:19:21.052  1143  1150 E android.system.suspend-service: Error opening active_time_ms for wakeup64: Permission denied
01-10 06:19:21.052 20663 20678 I SG::DecisionResultProvider: set result not support preload, pkgName: com.android.systemui
01-10 06:19:21.053  1143  1150 E android.system.suspend-service: Error opening event_count for wakeup72: Permission denied
01-10 06:19:21.053  1143  1150 E android.system.suspend-service: Error opening max_time_ms for wakeup72: Permission denied
01-10 06:19:21.053  1143  1150 E android.system.suspend-service: Error opening wakeup_count for wakeup72: Permission denied
01-10 06:19:21.053  1143  1150 E android.system.suspend-service: Error opening total_time_ms for wakeup72: Permission denied
01-10 06:19:21.053  1143  1150 E android.system.suspend-service: Error opening expire_count for wakeup72: Permission denied
01-10 06:19:21.053  1143  1150 E android.system.suspend-service: Error opening active_count for wakeup72: Permission denied
01-10 06:19:21.053  1143  1150 E android.system.suspend-service: Error opening last_change_ms for wakeup72: Permission denied
01-10 06:19:21.053  1143  1150 E android.system.suspend-service: Error opening prevent_suspend_time_ms for wakeup72: Permission denied
01-10 06:19:21.053  1143  1150 E android.system.suspend-service: Error opening name for wakeup72: Permission denied
01-10 06:19:21.053  1143  1150 E android.system.suspend-service: Error opening active_time_ms for wakeup72: Permission denied
01-10 06:19:21.053  1143  1150 E android.system.suspend-service: Error opening event_count for wakeup34: Permission denied
01-10 06:19:21.053  1143  1150 E android.system.suspend-service: Error opening max_time_ms for wakeup34: Permission denied
01-10 06:19:21.053  1143  1150 E android.system.suspend-service: Error opening wakeup_count for wakeup34: Permission denied
01-10 06:19:21.053  1143  1150 E android.system.suspend-service: Error opening total_time_ms for wakeup34: Permission denied
01-10 06:19:21.053  1143  1150 E android.system.suspend-service: Error opening expire_count for wakeup34: Permission denied
01-10 06:19:21.053  1143  1150 E android.system.suspend-service: Error opening active_count for wakeup34: Permission denied
01-10 06:19:21.053  1143  1150 E android.system.suspend-service: Error opening last_change_ms for wakeup34: Permission denied
01-10 06:19:21.053  1143  1150 E android.system.suspend-service: Error opening prevent_suspend_time_ms for wakeup34: Permission denied
01-10 06:19:21.053  1143  1150 E android.system.suspend-service: Error opening name for wakeup34: Permission denied
01-10 06:19:21.053  1143  1150 E android.system.suspend-service: Error opening active_time_ms for wakeup34: Permission denied
01-10 06:19:21.053  1143  1150 E android.system.suspend-service: Error opening event_count for wakeup62: Permission denied
01-10 06:19:21.053  1143  1150 E android.system.suspend-service: Error opening max_time_ms for wakeup62: Permission denied
01-10 06:19:21.053  1143  1150 E android.system.suspend-service: Error opening wakeup_count for wakeup62: Permission denied
01-10 06:19:21.053  1143  1150 E android.system.suspend-service: Error opening total_time_ms for wakeup62: Permission denied
01-10 06:19:21.053  1143  1150 E android.system.suspend-service: Error opening expire_count for wakeup62: Permission denied
01-10 06:19:21.053  1143  1150 E android.system.suspend-service: Error opening active_count for wakeup62: Permission denied
01-10 06:19:21.053  1143  1150 E android.system.suspend-service: Error opening last_change_ms for wakeup62: Permission denied
01-10 06:19:21.053  1143  1150 E android.system.suspend-service: Error opening prevent_suspend_time_ms for wakeup62: Permission denied
01-10 06:19:21.053  1143  1150 E android.system.suspend-service: Error opening name for wakeup62: Permission denied
01-10 06:19:21.053  1143  1150 E android.system.suspend-service: Error opening active_time_ms for wakeup62: Permission denied
01-10 06:19:21.053  1143  1150 E android.system.suspend-service: Error opening event_count for wakeup52: Permission denied
01-10 06:19:21.053 20663 20678 W SG::EntryDecision: filterSystemCloseEntrance serviceId:268451924,start entry:8, filter entry 8
01-10 06:19:21.053  1143  1150 E android.system.suspend-service: Error opening max_time_ms for wakeup52: Permission denied
01-10 06:19:21.053  1143  1150 E android.system.suspend-service: Error opening wakeup_count for wakeup52: Permission denied
01-10 06:19:21.053  1143  1150 E android.system.suspend-service: Error opening total_time_ms for wakeup52: Permission denied
01-10 06:19:21.053  1143  1150 E android.system.suspend-service: Error opening expire_count for wakeup52: Permission denied
01-10 06:19:21.053  1143  1150 E android.system.suspend-service: Error opening active_count for wakeup52: Permission denied
01-10 06:19:21.053  1143  1150 E android.system.suspend-service: Error opening last_change_ms for wakeup52: Permission denied
01-10 06:19:21.053  1143  1150 E android.system.suspend-service: Error opening prevent_suspend_time_ms for wakeup52: Permission denied
01-10 06:19:21.053  1143  1150 E android.system.suspend-service: Error opening name for wakeup52: Permission denied
01-10 06:19:21.053  1143  1150 E android.system.suspend-service: Error opening active_time_ms for wakeup52: Permission denied
01-10 06:19:21.053 20663 20678 I SG::DecisionResultProvider: setLocation: newList= [268451924]
01-10 06:19:21.053 20663 20678 I SG::DecisionResultProvider: start size:1, filter result:1
01-10 06:19:21.053 20663 20678 I SG::DecisionResultProvider: platformVersionReFind entity id:268451924 is systemResult
01-10 06:19:21.053 20663 20678 I SG::DecisionResultProvider: merge result, list size:1 cursor size:1
01-10 06:19:21.053 20663 21831 I SG::SpUtils: put: query_decision_result_sp_name: [last_query_decision_result_com.android.systemui, queryPackage:com.android.systemui, queryTime:1736486361053, results.size:1, results:[[serviceId:268451924, supportSize:7]]]
01-10 06:19:21.053  1143  1150 E android.system.suspend-service: Error opening event_count for wakeup70: Permission denied
01-10 06:19:21.053  1143  1150 E android.system.suspend-service: Error opening max_time_ms for wakeup70: Permission denied
01-10 06:19:21.053  1143  1150 E android.system.suspend-service: Error opening wakeup_count for wakeup70: Permission denied
01-10 06:19:21.053  1143  1150 E android.system.suspend-service: Error opening total_time_ms for wakeup70: Permission denied
01-10 06:19:21.053  1143  1150 E android.system.suspend-service: Error opening expire_count for wakeup70: Permission denied
01-10 06:19:21.053  1143  1150 E android.system.suspend-service: Error opening active_count for wakeup70: Permission denied
01-10 06:19:21.053  1143  1150 E android.system.suspend-service: Error opening last_change_ms for wakeup70: Permission denied
01-10 06:19:21.053  1143  1150 E android.system.suspend-service: Error opening prevent_suspend_time_ms for wakeup70: Permission denied
01-10 06:19:21.053  1143  1150 E android.system.suspend-service: Error opening name for wakeup70: Permission denied
01-10 06:19:21.054  1143  1150 E android.system.suspend-service: Error opening active_time_ms for wakeup70: Permission denied
01-10 06:19:21.054 18698 21493 I StaticSDK.DecisionDao: (#query_data)query , cursor count: 1,in version 1.1.24-beta-p1-SNAPSHOT
01-10 06:19:21.054  1143  1150 E android.system.suspend-service: Error opening event_count for wakeup40: Permission denied
01-10 06:19:21.054  1143  1150 E android.system.suspend-service: Error opening max_time_ms for wakeup40: Permission denied
01-10 06:19:21.054  1143  1150 E android.system.suspend-service: Error opening wakeup_count for wakeup40: Permission denied
01-10 06:19:21.054  1143  1150 E android.system.suspend-service: Error opening total_time_ms for wakeup40: Permission denied
01-10 06:19:21.054  1143  1150 E android.system.suspend-service: Error opening expire_count for wakeup40: Permission denied
01-10 06:19:21.054  1143  1150 E android.system.suspend-service: Error opening active_count for wakeup40: Permission denied
01-10 06:19:21.054  1143  1150 E android.system.suspend-service: Error opening last_change_ms for wakeup40: Permission denied
01-10 06:19:21.054  1143  1150 E android.system.suspend-service: Error opening prevent_suspend_time_ms for wakeup40: Permission denied
01-10 06:19:21.054  1143  1150 E android.system.suspend-service: Error opening name for wakeup40: Permission denied
01-10 06:19:21.054  1143  1150 E android.system.suspend-service: Error opening active_time_ms for wakeup40: Permission denied
01-10 06:19:21.054 18698 21493 D StaticSDK.DecisionDao: (#query_data)fromCursor start,in version 1.1.24-beta-p1-SNAPSHOT
01-10 06:19:21.054  1143  1150 E android.system.suspend-service: Error opening event_count for wakeup69: Permission denied
01-10 06:19:21.054  1143  1150 E android.system.suspend-service: Error opening max_time_ms for wakeup69: Permission denied
01-10 06:19:21.054  1143  1150 E android.system.suspend-service: Error opening wakeup_count for wakeup69: Permission denied
01-10 06:19:21.054  1143  1150 E android.system.suspend-service: Error opening total_time_ms for wakeup69: Permission denied
01-10 06:19:21.054  1143  1150 E android.system.suspend-service: Error opening expire_count for wakeup69: Permission denied
01-10 06:19:21.054  1143  1150 E android.system.suspend-service: Error opening active_count for wakeup69: Permission denied
01-10 06:19:21.054  1143  1150 E android.system.suspend-service: Error opening last_change_ms for wakeup69: Permission denied
01-10 06:19:21.054  1143  1150 E android.system.suspend-service: Error opening prevent_suspend_time_ms for wakeup69: Permission denied
01-10 06:19:21.054  1143  1150 E android.system.suspend-service: Error opening name for wakeup69: Permission denied
01-10 06:19:21.054  1143  1150 E android.system.suspend-service: Error opening active_time_ms for wakeup69: Permission denied
01-10 06:19:21.054 18698 21493 V StaticSDK.ServiceInfoUtil: (#query_data)get businessData success!,in version 1.1.24-beta-p1-SNAPSHOT
01-10 06:19:21.055  1143  1150 E android.system.suspend-service: Error opening event_count for wakeup67: Permission denied
01-10 06:19:21.055  1143  1150 E android.system.suspend-service: Error opening max_time_ms for wakeup67: Permission denied
01-10 06:19:21.055  1143  1150 E android.system.suspend-service: Error opening wakeup_count for wakeup67: Permission denied
01-10 06:19:21.055  1143  1150 E android.system.suspend-service: Error opening total_time_ms for wakeup67: Permission denied
01-10 06:19:21.055  1143  1150 E android.system.suspend-service: Error opening expire_count for wakeup67: Permission denied
01-10 06:19:21.055  1143  1150 E android.system.suspend-service: Error opening active_count for wakeup67: Permission denied
01-10 06:19:21.055  1143  1150 E android.system.suspend-service: Error opening last_change_ms for wakeup67: Permission denied
01-10 06:19:21.055  1143  1150 E android.system.suspend-service: Error opening prevent_suspend_time_ms for wakeup67: Permission denied
01-10 06:19:21.055  1143  1150 E android.system.suspend-service: Error opening name for wakeup67: Permission denied
01-10 06:19:21.055  1143  1150 E android.system.suspend-service: Error opening active_time_ms for wakeup67: Permission denied
