01-10 06:19:27.103 18698 18698 E SDP.SysUi.BaseSeedling:  268451924&1&20_sid=268451924_rk=fbb948,268451924&1&20_sid=268451924_rk=fbb948,getViewListBySize error, entrance:status_bar[8,20], cardSize:9, allValidSize:[7][ssdk:v1.2.56-932c039,sdplugin:v15.0.69-dc9783bb]
01-10 06:19:27.103 18698 18698 E PluginSeedling--StatusBar: StatusSeedlingInfo-->get no lg CardView, 268451924
01-10 06:19:27.103 18698 18698 I SDP.SysUi.BaseSeedling:  268451924&1&20_sid=268451924_rk=fbb948,268451924&1&20_sid=268451924_rk=fbb948,getViewListBySize success, entrance:status_bar[8,20], cardSize:7, allValidSize:[7][ssdk:v1.2.56-932c039,sdplugin:v15.0.69-dc9783bb]
01-10 06:19:27.103 18698 18698 D PluginSeedling--CapsuleCard: SeedlingInfo-->getHiddenStatusIconList: [battery]
01-10 06:19:27.104 18698 18698 D PluginSeedling--CapsuleCard: CardsRepository-->onDataChanged, size:1:[StatusBarSeedlingInfo: [key: 268451924||0|1736486361028, entranceType: 8, serviceType: 100, score: 6.05, groupPripority: 1 seedlingType: 2, serviceCategory: 2, shouldShow: true, lockscreenShouldShow: false, seedlingState: SeedlingState(8), state: 2, pkg: com.oplus.battery, hostPackage=com.oplus.battery front: false, forceReminder: false, remindLevel: 0, liveDuration: 0, InstantDuration: 5000, requestPanel: false, capsuleTimeOut: 300000 SeedlingCardOptions: true, seedlingUIData: true, isSupportMultiInstance: false, serviceInstanceId:  subdomain: common, rusBaseData: RusBaseData(id='268451924', updateStateEnable=0, canDelete=1, remindAlways=0, longClick='', cardImportance=-1, clickCustomAction=0, timeOutDuration=5,enableInSuperpower=1)]isOverrideTransition:false, state: SeedlingState(8),L-level: 1, T-level: 1, showSize: 7, capsuleShowing: true, capsuleShowingOfLock: false, cardShowing: false, cardView: null, capsuleView: n7.b1{67cc24b V.E...... ......ID 322,21-758,100 alpha=1.0 viewInfo = },hiddenIconList: [battery] 
01-10 06:19:27.104 18698 18698 D PluginSeedling--CapsuleCard: ]
01-10 06:19:27.104 18698 18698 D PluginSeedling--CapsuleCard: CardsRepository-->cardList not change!
01-10 06:19:27.104 18698 18698 D PluginSeedling--CapsuleCard: CardsRepository-->old: [
01-10 06:19:27.104 18698 18698 D PluginSeedling--CapsuleCard: key: 268451924||0|1736486361028, modelState:SeedlingState(0),level: 1, score: 6.05, forceReminder: false, alwaysReminder: false, duration: 5000] 
01-10 06:19:27.104 18698 18698 D PluginSeedling--CapsuleCard:  new: []
01-10 06:19:27.104 18698 18698 I PluginSeedling--CapsuleCard: CardRootViewModel-->onInstantListChanged: StateEventManager.getCurrentState(): INSTANT_CARD_STATE, size: 0, list: []
01-10 06:19:27.104 18698 18698 D PluginSeedling--CapsuleCard: CardRootViewModel-->applyInstantListInternal, size: 0, list: []
01-10 06:19:27.104 18698 18698 I PluginSeedling--CapsuleCard: CardRootViewModel-->autoSetCardRootVisible: isQsExpandtrue 
01-10 06:19:27.104 18698 18698 D PluginSeedling--CapsuleCard: InstantViewModel-->update list, instant size:0
01-10 06:19:27.104 18698 18698 D PluginSeedling--CapsuleCard: InstantViewModel-->list is null
01-10 06:19:27.104 18698 18698 I PluginSeedling--StateMachine: StateEventManager-->stable: true, event: null
01-10 06:19:27.104 18698 18698 D PluginSeedling--StateMachine: SeedlingStateMachine-->BeforeEvent:EVENT_DATA_INSTANT PreState:START_STATE CurState:INSTANT_CARD_STATE
01-10 06:19:27.104 18698 18698 D PluginSeedling--Engine: StateMachine-->try transfer INSTANT_TO_START_BY_DATA @main
01-10 06:19:27.106 18698 18698 I [UAH_CLIENT]: UahEventAcquire, cmdid:407, pkg:com.android.systemui, identity:CallHandler
01-10 06:19:27.108 18698 18698 W PluginSeedling--Origin: CallHandler-->eventAcquire failed handle = -1
01-10 06:19:27.108 18698 18698 E PluginSeedling--Origin: ReflectionUtil-->AodViewModel, false
01-10 06:19:27.108 18698 18698 E PluginSeedling--Origin: java.lang.NoSuchMethodException: dalvik.system.VMRuntime.SupressionGC [int, int]
01-10 06:19:27.108 18698 18698 E PluginSeedling--Origin: 	at java.lang.Class.getMethod(Class.java:2950)
01-10 06:19:27.108 18698 18698 E PluginSeedling--Origin: 	at java.lang.Class.getDeclaredMethod(Class.java:2929)
01-10 06:19:27.108 18698 18698 E PluginSeedling--Origin: 	at s8.e0.Z2(Unknown Source:15)
01-10 06:19:27.108 18698 18698 E PluginSeedling--Origin: 	at i3.i2.b(Unknown Source:62)
01-10 06:19:27.108 18698 18698 E PluginSeedling--Origin: 	at i3.j2.a(Unknown Source:45)
01-10 06:19:27.108 18698 18698 E PluginSeedling--Origin: 	at z4.d.a(Unknown Source:26)
01-10 06:19:27.108 18698 18698 E PluginSeedling--Origin: 	at z4.e.f(Unknown Source:45)
01-10 06:19:27.108 18698 18698 E PluginSeedling--Origin: 	at s4.u.m(Unknown Source:456)
01-10 06:19:27.108 18698 18698 E PluginSeedling--Origin: 	at s4.b0.run(Unknown Source:122)
01-10 06:19:27.108 18698 18698 E PluginSeedling--Origin: 	at s4.h0.d(Unknown Source:16)
01-10 06:19:27.108 18698 18698 E PluginSeedling--Origin: 	at s4.x.accept(Unknown Source:46)
01-10 06:19:27.108 18698 18698 E PluginSeedling--Origin: 	at r4.e.accept(Unknown Source:36)
01-10 06:19:27.108 18698 18698 E PluginSeedling--Origin: 	at u4.g.c(Unknown Source:50)
01-10 06:19:27.108 18698 18698 E PluginSeedling--Origin: 	at r4.g.c(Unknown Source:32)
01-10 06:19:27.108 18698 18698 E PluginSeedling--Origin: 	at s4.h0.c(Unknown Source:122)
01-10 06:19:27.108 18698 18698 E PluginSeedling--Origin: 	at l6.l0.D0(Unknown Source:1443)
01-10 06:19:27.108 18698 18698 E PluginSeedling--Origin: 	at c4.w.m(Unknown Source:71)
01-10 06:19:27.108 18698 18698 E PluginSeedling--Origin: 	at c4.s.f(Unknown Source:444)
01-10 06:19:27.108 18698 18698 E PluginSeedling--Origin: 	at c4.m.accept(Unknown Source:44)
01-10 06:19:27.108 18698 18698 E PluginSeedling--Origin: 	at y4.h.k(Unknown Source:11)
01-10 06:19:27.108 18698 18698 E PluginSeedling--Origin: 	at c4.s.e(Unknown Source:15)
01-10 06:19:27.108 18698 18698 E PluginSeedling--Origin: 	at j3.b.a(Unknown Source:1048)
01-10 06:19:27.108 18698 18698 E PluginSeedling--Origin: 	at n4.k.i(Unknown Source:225)
01-10 06:19:27.108 18698 18698 E PluginSeedling--Origin: 	at g4.b.b(Unknown Source:71)
01-10 06:19:27.108 18698 18698 E PluginSeedling--Origin: 	at n4.w.b(Unknown Source:10)
01-10 06:19:27.108 18698 18698 E PluginSeedling--Origin: 	at i3.m0.invoke(Unknown Source:881)
01-10 06:19:27.108 18698 18698 E PluginSeedling--Origin: 	at g5.p.run(Unknown Source:20)
01-10 06:19:27.108 18698 18698 E PluginSeedling--Origin: 	at android.os.Handler.handleCallback(Handler.java:959)
01-10 06:19:27.108 18698 18698 E PluginSeedling--Origin: 	at android.os.Handler.dispatchMessage(Handler.java:100)
01-10 06:19:27.108 18698 18698 E PluginSeedling--Origin: 	at android.os.Looper.loopOnce(Looper.java:282)
01-10 06:19:27.108 18698 18698 E PluginSeedling--Origin: 	at android.os.Looper.loop(Looper.java:387)
01-10 06:19:27.108 18698 18698 E PluginSeedling--Origin: 	at android.app.ActivityThread.main(ActivityThread.java:9505)
01-10 06:19:27.108 18698 18698 E PluginSeedling--Origin: 	at java.lang.reflect.Method.invoke(Native Method)
01-10 06:19:27.108 18698 18698 E PluginSeedling--Origin: 	at com.android.internal.os.RuntimeInit$MethodAndArgsCaller.run(RuntimeInit.java:600)
01-10 06:19:27.108 18698 18698 E PluginSeedling--Origin: 	at com.android.internal.os.ZygoteInit.main(ZygoteInit.java:1005)
01-10 06:19:27.108 18698 18698 D PluginSeedling--CapsuleCard: SimpleSceneBuilder-->buildScene event = InsCardDataEvent(data=c4.u@96d465a) animatorSceneType = SMALL_INSTANT_CARD_DISAPPEAR
01-10 06:19:27.108 18698 18698 I PluginSeedling--Capsule: InstantContainer-->blockUpdateView true: InstantUiState(key=268451924||0|1736486361028, expanded=true, smallCard=n7.b1{67cc24b V.E...... ......ID 322,21-758,100 alpha=1.0 viewInfo = }, expandCard=null, viewController=v3.d@619b6a5, viewLifecycle=v3.e@7373a7a)
01-10 06:19:27.108 18698 18698 I PluginSeedling--Capsule: CardsRepository-->blockViewUpdate true serviceId: 268451924
01-10 06:19:27.109 18698 18698 I PantaCard.SysUi.SeedlingCard:  268451924&1&20_sid=268451924_rk=fbb948,setDynamicConfiguration,view = n7.b1{67cc24b V.E...... ......ID 322,21-758,100 alpha=1.0 viewInfo = },bundle=Configuration(entrance=[statusbar,type=8,hostId=20], supportEntranceList=[[statusbar,type=8,hostId=20], [aod,type=4,hostId=40], [notification,type=16,hostId=30]], mode=STANDARD, loadTimeout=-1, supportedCardCategory=[SEEDLING],shouldNotifyCardServiceToInit=false, shouldPreInitSeedlingPlugin=true, isContextLoadedByAppDefaultClassLoader=true, hostClassLoader=com.android.systemui.shared.plugins.OPlusPluginClassLoader[DexPathList[[zip file "/system_ext/app/SystemUIPlugin/SystemUIPlugin.apk"],nativeLibraryDirectories=[/system_ext/app/SystemUIPlugin/lib/arm64, /system_ext/app/SystemUIPlugin/SystemUIPlugin.apk!/lib/arm64-v8a, /system/lib64, /system_ext/lib64, /system/lib64, /system_ext/lib64]]], deltaOfLCAParentClassLoader=2seedingConfiguration=SeedlingConfiguration(engineType=Lite), instantConfiguration=null,shouldParseSeedlingUIData=true,needHostHandleCardBg=false,isHostLightColor=true,launchInterceptorMap={[notification,type=16,hostId=30]=g4.j@34b2fe4, [aod,type=4,hostId=40]=g4.k@df30c4d},launcherInterceptor=null, enableV2Callback=false,checkForceCopySwitch=true,isSupportChildThread=false,extrasDataToEngine={})[sdk:v1.2.56-932c039,seed-plugin:v15.0.69-dc9783bb,app:v15.00.11] [SystemUIPlugin|com.android.systemui|1.4.26-79c0076]
01-10 06:19:27.109 18698 18698 I SDP.SysUi.LiteSeedling:  268451924&1&20_sid=268451924_rk=fbb948,setDynamicConfiguration, configurations = Bundle[{blockViewUpdate=true}][ssdk:v1.2.56-932c039,sdplugin:v15.0.69-dc9783bb]
01-10 06:19:27.109 18698 18698 I SDP.SysUi.LiteSeedling:  268451924&1&20_sid=268451924_rk=fbb948,findTargetView, viewTag = ViewTagInfo(entrance=status_bar[8,20], serviceId=268451924, cardSizeInEngine=notification_sm, index=0, realEngineTypeName=LITE, hashCode=122930216)[ssdk:v1.2.56-932c039,sdplugin:v15.0.69-dc9783bb]
01-10 06:19:27.109 18698 18698 I ULELite : [CardFrontend.StatusBar2notification_sm] UpdateBlockViewState blockViewUpdate: true, local blockViewUpdatefalse, blockPendingData: null
01-10 06:19:27.109 18698 18698 I ULELite : [PagesViewSwitcher] cancelShowNextAnimation block:true, commonRefreshAnimation:null
01-10 06:19:27.109 18698 18698 I ULELite : [ImmediateReminderView] blockViewUpdate begin, block:true
01-10 06:19:27.109 18698 18698 I ULELite : [TemplateViewDouble1x22] run : blockViewUpdate=true local blockViewUpdate=false pending=false
01-10 06:19:27.109 18698 18698 W PluginSeedling--CapsuleCard: CardsRepository-->update--view null
01-10 06:19:27.109 18698 18698 I PluginSeedling--Capsule: InstantContainer-->blockAnimation true:InstantUiState(key=268451924||0|1736486361028, expanded=true, smallCard=n7.b1{67cc24b V.E...... ......ID 322,21-758,100 alpha=1.0 viewInfo = }, expandCard=null, viewController=v3.d@619b6a5, viewLifecycle=v3.e@7373a7a)
01-10 06:19:27.109 18698 18698 I SDP.SysUi.LiteSeedling:  268451924&1&20_sid=268451924_rk=fbb948,notifyCanStartAnimation, canStartAnimation:false, entranceViewTag:ViewTagInfo(entrance=status_bar[8,20], serviceId=268451924, cardSizeInEngine=notification_sm, index=0, realEngineTypeName=LITE, hashCode=122930216)[ssdk:v1.2.56-932c039,sdplugin:v15.0.69-dc9783bb]
01-10 06:19:27.109 18698 18698 I ULELite : [ULEView.StatusBar2notification_sm] [2] notifyCanStartAnimation canStartAnimation = false
01-10 06:19:27.109 18698 18698 I ULELite : [ImmediateReminderView] notifyCanStartAnimation begin, canStartAnimation:false, local:true
01-10 06:19:27.109 18698 18698 I ULELite : [TemplateViewDouble1x22] notifyCanStartAnimation:  false
01-10 06:19:27.109 18698 18698 W PluginSeedling--CapsuleCard: CardsRepository-->animation--view null
01-10 06:19:27.109 18698 18698 D PluginSeedling--Engine: ActionBase-->action 'INSTANT_CARD_STATE->START_STATE!cross-level'.status changed from WAIT to RUNNING @main
01-10 06:19:27.109 18698 18698 D PluginSeedling--Engine: ActionBase-->action 'NotifyBeforeStateChanged'.status changed from WAIT to RUNNING @main
01-10 06:19:27.109 18698 18698 D PluginSeedling--Engine: ActionBase-->action 'NotifyBeforeStateChanged'.status changed from RUNNING to DONE @main
01-10 06:19:27.109 18698 18698 D PluginSeedling--Engine: ActionBase-->action 'INSTANT_CARD_STATE_EXIT'.status changed from DONE to RUNNING @main
01-10 06:19:27.109 18698 18698 D PluginSeedling--StateMachine: FluidAction-->run action INSTANT_CARD_STATE_EXIT
01-10 06:19:27.109 18698 18698 D PluginSeedling--Engine: ActionBase-->action 'INSTANT_CARD_STATE_EXIT'.status changed from RUNNING to DONE @main
01-10 06:19:27.109 18698 20886 D PluginSeedling--Capsule: CapsuleLauncherTransitionController-->notifyRunnable: [], false
01-10 06:19:27.110 18698 18698 D PluginSeedling--Engine: ActionBase-->action 'FLOW_WINDOW_STATE_EXIT'.status changed from DONE to RUNNING @main
01-10 06:19:27.110 18698 18698 D PluginSeedling--StateMachine: FluidAction-->run action FLOW_WINDOW_STATE_EXIT
01-10 06:19:27.110 18698 18698 D PluginSeedling--Engine: ActionBase-->action 'FLOW_WINDOW_STATE_EXIT'.status changed from RUNNING to DONE @main
01-10 06:19:27.110 18698 18698 D PluginSeedling--Engine: ActionBase-->action 'INSTANT_TO_START_SEQUENCE_TASK'.status changed from WAIT to RUNNING @main
01-10 06:19:27.110 18698 18698 D PluginSeedling--Engine: ActionBase-->action 'ContextUpdate'.status changed from WAIT to RUNNING @main
01-10 06:19:27.110 18698 18698 D PluginSeedling--StateMachine: Action-->update context of scene INSTANT_TO_START, event EVENT_DATA_INSTANT
01-10 06:19:27.110 18698 18698 D PluginSeedling--Engine: ActionBase-->action 'ContextUpdate'.status changed from RUNNING to DONE @main
01-10 06:19:27.110 18698 18698 D PluginSeedling--Engine: ActionBase-->action 'SMALL_INSTANT_CARD_DISAPPEAR'.status changed from WAIT to RUNNING @main
01-10 06:19:27.110 18698 18698 D PluginSeedling--Engine: ActionBase-->action 'SMALL_INSTANT_CARD_DISAPPEAR_pre'.status changed from WAIT to RUNNING @main
01-10 06:19:27.110 18698 18698 I PluginSeedling--StatusBar: SimpleSceneBuilder-->preAction SMALL_INSTANT_CARD_DISAPPEAR
01-10 06:19:27.110 18698 18698 D PluginSeedling--Engine: ActionBase-->action 'SMALL_INSTANT_CARD_DISAPPEAR_pre'.status changed from RUNNING to DONE @main
01-10 06:19:27.110 18698 18698 D PluginSeedling--Engine: ActionBase-->action 'StartPlay'.status changed from WAIT to RUNNING @main
01-10 06:19:27.110 18698 18698 I PluginSeedling--Engine: SeedlingContext-->setScene: scene=SMALL_INSTANT_CARD_DISAPPEAR oldScene=NONE
01-10 06:19:27.110 18698 18698 D PluginSeedling--Engine: ActionBase-->action 'StartPlay'.status changed from RUNNING to DONE @main
01-10 06:19:27.110 18698 18698 D PluginSeedling--Engine: ActionBase-->action 'SMALL_INSTANT_CARD_DISAPPEAR_ANIMATION'.status changed from WAIT to RUNNING @main
01-10 06:19:27.110 18698 18698 D PluginSeedling--StateMachine: AnimationAction-->raise EVENT_DATA_INSTANT with scene SMALL_INSTANT_CARD_DISAPPEAR
01-10 06:19:27.110 18698 18698 I PluginSeedling--CapsuleCard: SimpleSceneBuilder-->createAnimationScene animatorSceneType SMALL_INSTANT_CARD_DISAPPEAR 
01-10 06:19:27.110 18698 18698 I PluginSeedling--CapsuleCard: SmallInstantCardDisappear-->getAnimationScene, animatorSceneType: SMALL_INSTANT_CARD_DISAPPEAR, instantContainer: com.oplus.systemui.plugins.seedling.card.ui.view.InstantContainer{1005952 V.E...... ......ID 0,0-1080,2334 #7f090133 app:id/instant_container alpha=1.0 viewInfo = }, instantView: n7.b1{67cc24b V.E...... ......ID 322,21-758,100 alpha=1.0 viewInfo = }
01-10 06:19:27.110 18698 18698 I PluginSeedling--CapsuleCard: ShapeDisappearAnimatorScene-->begin create scene, duration: 350
01-10 06:19:27.111 18698 18698 D PluginSeedling--CapsuleCard: CapsuleCardUtil-->dp2px, scale: 2.625 px: 32
01-10 06:19:27.111 18698 18698 D PluginSeedling--StateMachine: AnimationAction-->play scene with context player
01-10 06:19:27.111 18698 18698 D PluginSeedling--Engine: ActionBase-->action 'Action-195'.status changed from WAIT to RUNNING @main
01-10 06:19:27.111 18698 18698 I PluginSeedling--CapsuleCard: DisappearAnimatorFragment-->getPlayAnimator, appearDuration:350
01-10 06:19:27.112 18698 18698 I SystemUi--Statusbar: CapsulePluginContainerController-->location： -1, screenWidth: 1080, capsuleWith: 0, statusBarHeight: 120, rect: Rect(540, 0 - 540, 120)
01-10 06:19:27.112 18698 18698 I SystemUi--Statusbar: CapsulePluginContainerController-->location： 1, screenWidth: 1080, capsuleWith: 0, statusBarHeight: 120, rect: Rect(540, 0 - 540, 120)
01-10 06:19:27.112 18698 18698 I SystemUi--Statusbar: CapsulePluginContainerController-->location： 0, screenWidth: 1080, capsuleWith: 0, statusBarHeight: 120, rect: Rect(540, 0 - 540, 120)
01-10 06:19:27.112 18698 18698 I SystemUi--Statusbar: DynamicIconAnimationController-->onHiddenChanged: shouldHide: true, hide: false
01-10 06:19:27.113 18698 18698 W PluginSeedling--Capsule: CardsRepository-->NotifiCardDisappearAnimationStart
01-10 06:19:27.113 18698 18698 I PantaCard.SysUi.SeedlingCard:  268451924&1&20_sid=268451924_rk=fbb948,setDynamicConfiguration,view = n7.b1{67cc24b V.E...... ......ID 322,21-758,100 alpha=1.0 viewInfo = },bundle=Configuration(entrance=[statusbar,type=8,hostId=20], supportEntranceList=[[statusbar,type=8,hostId=20], [aod,type=4,hostId=40], [notification,type=16,hostId=30]], mode=STANDARD, loadTimeout=-1, supportedCardCategory=[SEEDLING],shouldNotifyCardServiceToInit=false, shouldPreInitSeedlingPlugin=true, isContextLoadedByAppDefaultClassLoader=true, hostClassLoader=com.android.systemui.shared.plugins.OPlusPluginClassLoader[DexPathList[[zip file "/system_ext/app/SystemUIPlugin/SystemUIPlugin.apk"],nativeLibraryDirectories=[/system_ext/app/SystemUIPlugin/lib/arm64, /system_ext/app/SystemUIPlugin/SystemUIPlugin.apk!/lib/arm64-v8a, /system/lib64, /system_ext/lib64, /system/lib64, /system_ext/lib64]]], deltaOfLCAParentClassLoader=2seedingConfiguration=SeedlingConfiguration(engineType=Lite), instantConfiguration=null,shouldParseSeedlingUIData=true,needHostHandleCardBg=false,isHostLightColor=true,launchInterceptorMap={[notification,type=16,hostId=30]=g4.j@34b2fe4, [aod,type=4,hostId=40]=g4.k@df30c4d},launcherInterceptor=null, enableV2Callback=false,checkForceCopySwitch=true,isSupportChildThread=false,extrasDataToEngine={})[sdk:v1.2.56-932c039,seed-plugin:v15.0.69-dc9783bb,app:v15.00.11]
01-10 06:19:27.113 18698 18698 I SDP.SysUi.LiteSeedling:  268451924&1&20_sid=268451924_rk=fbb948,setDynamicConfiguration, configurations = Bundle[{capsuleDisappearAnimationStart=2}][ssdk:v1.2.56-932c039,sdplugin:v15.0.69-dc9783bb]
01-10 06:19:27.113 18698 18698 I SDP.SysUi.LiteSeedling:  268451924&1&20_sid=268451924_rk=fbb948,findTargetView, viewTag = ViewTagInfo(entrance=status_bar[8,20], serviceId=268451924, cardSizeInEngine=notification_sm, index=0, realEngineTypeName=LITE, hashCode=122930216)[ssdk:v1.2.56-932c039,sdplugin:v15.0.69-dc9783bb]
01-10 06:19:27.113 18698 18698 I ULELite : [ImmediateReminderView] capsuleDisappearAnimationStart begin, startStatus:2
01-10 06:19:27.113 18698 18698 I ULELite : [TemplateViewDouble1x22] capsuleDisappearAnimationStart start, targetStatus: 2
01-10 06:19:27.113 18698 18698 I ULELite : [ImmediateCapsuleAnimationHelper] translateToHoleAnimationItemsPlay begin
01-10 06:19:27.113 18698 18698 I ULELite : [ImmediateCapsuleAnimationHelper] CameraWidth: 22.857132
01-10 06:19:27.113 18698 18698 I ULELite : [ImmediateCapsuleAnimationHelper] CameraHeight: 22.857143
01-10 06:19:27.113 18698 18698 I ULELite : [ImmediateCapsuleAnimationHelper] CameraTopMargin: 3.4285715
01-10 06:19:27.114 18698 18698 I ULELite : [ImmediateCapsuleAnimationHelper] onAnimationStart : logType=translateToHoleAnimationItemsPlay, animationType=2
01-10 06:19:27.114 18698 18698 I ULELite : [ImmediateCapsuleAnimationHelper] onStatusChanged callback : event=SizeChangeAnimationStart params=Bundle[{startWidth=436, type=2, needBlurEffect=true, endWidth=0, animationTime=250}]
01-10 06:19:27.114 18698 18698 D PluginSeedling--StatusBar: StatusBarViewStatusManager-->onStatusChanged SizeChangeAnimationStart: Bundle[{startWidth=436, type=2, needBlurEffect=true, endWidth=0, animationTime=250}]
01-10 06:19:27.114 18698 18698 I PluginSeedling--Capsule: CardsRepository-->onSizeChangeAnimationStart true, 436, 0, 250
01-10 06:19:27.114 18698 18698 D PluginSeedling--Origin: InstantContainer-->onSizeChangeAnimationStart: 436 -> 0
01-10 06:19:27.114 18698 18698 D PluginSeedling--Origin: HiddenStatusIconManager-->notifyHideStatusBarIcon: isNeedHiddenIcon: false, key:268451924||0|1736486361028, hiddenIcons: null
01-10 06:19:27.114 18698 18698 I SystemUi--Statusbar: CapsulePluginContainerController-->hiddenStatusBarIconView: null
01-10 06:19:27.114 18698 18698 I SystemUi--Statusbar: HiddenIconDispatcherImpl-->setHiddenStatusBarIcon, location: HOME, hiddenIconlist: null
01-10 06:19:27.115 18698 18698 I SystemUi--Statusbar: HiddenIconDispatcherImpl-->setHiddenStatusBarIcon, location: KEYGUARD, hiddenIconlist: null
01-10 06:19:27.115 18698 18698 I SystemUi--Statusbar: CapsulePluginContainerController-->location： 1, screenWidth: 1080, capsuleWith: 0, statusBarHeight: 120, rect: Rect(540, 0 - 540, 120)
01-10 06:19:27.115 18698 18698 I SystemUi--Statusbar: CapsulePluginContainerController-->location： 0, screenWidth: 1080, capsuleWith: 0, statusBarHeight: 120, rect: Rect(540, 0 - 540, 120)
01-10 06:19:27.115 18698 18698 I SystemUi--Statusbar: DynamicIconAnimationController-->onHiddenChanged: shouldHide: false, hide: false
01-10 06:19:27.115 18698 18698 D PluginSeedling--Engine: StateMachine-->tryTransferOrDoo EVENT_DATA_INSTANT, result=ACCEPTED @main
01-10 06:19:27.115 18698 18698 D PluginSeedling--StateMachine: StateEventManager-->raiseEvent:EVENT_DATA_INSTANT
01-10 06:19:27.115 18698 18698 D PluginSeedling--StateMachine: StateEventManager-->INSTANT_EVENT_DATA: supApp=false, liveSize=0, hasAlwaysReminder=false, expandable=false, instantCardModel=SMALL, instantLevel=1, instantCardSize=0
01-10 06:19:27.115 18698 20886 I PantaCard.SysUi.PantanalClient:  getServiceDecision,getContentManager begin,entrance = [statusbar,type=8,hostId=20] [sdk:v1.2.56-932c039,seed-plugin:v15.0.69-dc9783bb,app:v15.00.11]
01-10 06:19:27.115 18698 20886 I PantaCard.SysUi.DecisionManager:  getInstance, entranceType: 8[sdk:v1.2.56-932c039,seed-plugin:v15.0.69-dc9783bb,app:v15.00.11]
01-10 06:19:27.115 18698 20886 I PantaCard.SysUi.DecisionManager:  entrance = [statusbar,type=8,hostId=20] begin to reportStatistics,statisticsBean = StatisticsBean(exposeId=cb873cb8-ecde-4480-ae98-90828ebbece6, serviceId=268451924, timestamp=1736486361028, eventCode=6, cardType=100, exposeDuration=null, finalRank=-1, extras={serviceTimeStamp=1736486361028}) [sdk:v1.2.56-932c039,seed-plugin:v15.0.69-dc9783bb,app:v15.00.11]
01-10 06:19:27.116 18698 18698 I SystemUi--Statusbar: BatteryViewBinder-->create drawable: com.oplus.systemui.statusbar.pipeline.battery.ui.drawable.VerticalBatteryContentDrawable@292aa99 iconStyle:BatteryIconStyle(iconStyle=3, oldStylePercentIn=false, densityDpi=420, scaleFactor=1.0, themeId=0, isThemeModeColor=false, frameColorMode=0)
01-10 06:19:27.117 18698 10840 I StaticSDK.StaticSdk: (panta_sdk_statistics)reportStatistics,in version 1.1.24-beta-p1-SNAPSHOT
01-10 06:19:27.117 18698 18698 I SystemUi--Statusbar: BatteryViewBinder-->create drawable: com.oplus.systemui.statusbar.pipeline.battery.ui.drawable.VerticalBatteryContentDrawable@ab4220c iconStyle:BatteryIconStyle(iconStyle=3, oldStylePercentIn=false, densityDpi=420, scaleFactor=1.0, themeId=0, isThemeModeColor=false, frameColorMode=0)
01-10 06:19:27.118 18698 10841 D StaticSDK.StatisticsDao: (#sg_executor-pool-1-thread-2)Start insert statistics.,in version 1.1.24-beta-p1-SNAPSHOT
01-10 06:19:27.118 18698 10841 I StaticSDK.StatisticsDao: (#sg_executor-pool-1-thread-2)get IUserContext,call StatisticsDao insert,in version 1.1.24-beta-p1-SNAPSHOT
01-10 06:19:27.118 18698 10841 D UserContextImp: acquireUnstableContentProviderClient uri content://com.oplus.pantanal.ums.decision/dot userUri content://0@com.oplus.pantanal.ums.decision/dot UserContextImp com.android.systemui.SystemUIApplication@5545de7 userId 0
01-10 06:19:27.119 18698 10841 D StaticSDK.StatisticsDao: (#sg_executor-pool-1-thread-2)insert content: = [{"exposeID":"cb873cb8-ecde-4480-ae98-90828ebbece6","timeStamp":1736486361028,"serviceId":"268451924","eventCode":6,"cardType":100,"finalRank":-1,"entryType":8,"extras":"{\"serviceTimeStamp\":1736486361028}"}],in version 1.1.24-beta-p1-SNAPSHOT
01-10 06:19:27.120 20663 21621 I SG::DecisionResultProvider: insert uri: content://com.oplus.pantanal.ums.decision/dot [UMS|com.oplus.pantanal.ums|1.4.25-69f924a]
01-10 06:19:27.120 20663 21621 I SG::DotManager: Dot original data: batchIntent=[{"exposeID":"cb873cb8-ecde-4480-ae98-90828ebbece6","timeStamp":1736486361028,"serviceId":"268451924","eventCode":6,"cardType":100,"finalRank":-1,"entryType":8,"extras":"{\"serviceTimeStamp\":1736486361028}"}]
01-10 06:19:27.121 18698 18698 I QuickSettingsController: calculateNotificationsTopPadding: overScrollHeight:0.0
01-10 06:19:27.121 20663 21621 I SG::DotManager: checkLauncherStatus jsonObj:{"exposeID":"cb873cb8-ecde-4480-ae98-90828ebbece6","timeStamp":1736486361028,"serviceId":"268451924","eventCode":6,"cardType":100,"finalRank":-1,"entryType":8,"extras":"{\"serviceTimeStamp\":1736486361028}"}
01-10 06:19:27.121 18698 18698 I QuickSettingsController: calculateNotificationsTopPadding: overScrollHeight:0.0
01-10 06:19:27.121 20663 22572 I SG::DotManager: call sendRemoveEvent()
01-10 06:19:27.121 18698 18698 I SystemUi--Notification: NotificationStackScrollLayoutExtImpl-->bind scrollGridCount 5 o.visibleChildrenCount 6 o.childCount 9
01-10 06:19:27.121 20663 21621 I SG::DotManager: close system service:268451924 1736486361028
01-10 06:19:27.122 20663 22572 I SG::DotManager: authority packageName:com.oplus.battery
01-10 06:19:27.122 20663 21621 I SG::DecisionStoreHelper: deleteSystemItemsByServiceId, deleteNum: 1
01-10 06:19:27.122 20663 22572 E ActivityThread: Failed to find provider info for com.oplus.battery.card.event.provider
01-10 06:19:27.122 20663 21621 I SG::DecisionStoreHelper: deleteSystemItemsByServiceId deleteExpiredItems, deleteNum: 1
01-10 06:19:27.122 20663 22572 E SG::ServiceGovern: sendRemoveEnvent exception:Unknown authority com.oplus.battery.card.event.provider
01-10 06:19:27.122 20663 21621 I SG::DecisionStoreHelper: deleteSystemItemsByServiceId : no bootTime condition meet
01-10 06:19:27.122 20663 21621 I SG::DecisionStoreHelper: execute delete, deleteNum: 1
01-10 06:19:27.122 20663 21621 I SG::DecisionStoreHelper: [UMS.Seedling] notifyResultChanged
01-10 06:19:27.122 20663 21621 I SG::DecisionChecker: move state: 1 to new state: 1
01-10 06:19:27.122 20663 21621 I SG::DecisionResultProvider: [UMS.Seedling] notifyDecisionResultChange from : OTHER.
01-10 06:19:27.123 20663 21621 I SG::DecisionResultProvider: notifyDecisionResultChange finished
01-10 06:19:27.123 18698 19024 D StaticSDK.UTraceUtils: (binder:18698_6)[startFromUri] [traceNode]:931000, uri:content://com.oplus.pantanal.ums.decision/services,in version 1.1.24-beta-p1-SNAPSHOT
01-10 06:19:27.123 18698 19024 D StaticSDK.UTraceUtils: (binder:18698_6)[startFromUri] ctx:null,in version 1.1.24-beta-p1-SNAPSHOT
01-10 06:19:27.123 18698 19024 I StaticSDK.DecisionCenter: (binder:18698_6)receive onChange event from ums,call DecisionCenter onChange(),in version 1.1.24-beta-p1-SNAPSHOT
01-10 06:19:27.123 18698 21493 D UserContextImp: getUserId userId 0
01-10 06:19:27.123 18698 21493 I StaticSDK.DecisionDao: (#query_data)get IUserContext,call DecisionDao query() ,userId 0,in version 1.1.24-beta-p1-SNAPSHOT
01-10 06:19:27.123 18698 21493 D UserContextImp: getUserId userId 0
01-10 06:19:27.123 18698 21493 I StaticSDK.OSUtils: (#query_data)SystemProperties get: key == com.pantanal.server.utrace.switch, defValue == 1,in version 1.1.24-beta-p1-SNAPSHOT
01-10 06:19:27.123 18698 21493 I StaticSDK.UTraceUtils: (#query_data)[appendTraceContextToUri] key:931000, uri:content://0@com.oplus.pantanal.ums.decision/services, resultUri:content://0@com.oplus.pantanal.ums.decision/services?UTranceCtx=HgAAADcAZgAwADAAMAAwADAAMQAxADcAMwA2ADQAOAA2ADMANgAxADAAMwAwADQANAAyADcAMgA0%0AADIAOQA1AAAAAAAbAAAAYwBvAG0ALgBvAHAAbAB1AHMALgB1AHQAcgBhAGMAZQAuAGwAaQBiAC4A%0ATgBvAGQAZQBJAEQAAAAPAAAAcABfADEAOAA2ADkAOABfADUAZQAwADMAZQA2AGYAAAAXAAAAGwAA%0AAGMAbwBtAC4AbwBwAGwAdQBzAC4AdQB0AHIAYQBjAGUALgBsAGkAYgAuAE4AbwBkAGUASQBEAAAA%0ADwAAAHAAXwAyADAANgA2ADMAXwBlADAANAA3ADEAOAAxAAAAJwAAAA%3D%3D%0A&utrace2=%7B%22traceID%22%3A%227f0000011736486361030442724295%22%2C%22current%22%3A%22%7B%5C%22spanID%5C%22%3A%5C%22p_18698_5e03e6f%5C%22%2C%5C%22sequence%5C%22%3A23%7D%22%2C%22parent%22%3A%22%7B%5C%22spanID%5C%22%3A%5C%22p_20663_e047181%5C%22%2C%5C%22sequence%5C%22%3A39%7D%22%2C%22spanType%22%3A1%2C%22valid%22%3A1%7D,in version 1.1.24-beta-p1-SNAPSHOT
01-10 06:19:27.123 18698 21493 D UserContextImp: acquireUnstableContentProviderClient uri content://0@com.oplus.pantanal.ums.decision/services?UTranceCtx=HgAAADcAZgAwADAAMAAwADAAMQAxADcAMwA2ADQAOAA2ADMANgAxADAAMwAwADQANAAyADcAMgA0%0AADIAOQA1AAAAAAAbAAAAYwBvAG0ALgBvAHAAbAB1AHMALgB1AHQAcgBhAGMAZQAuAGwAaQBiAC4A%0ATgBvAGQAZQBJAEQAAAAPAAAAcABfADEAOAA2ADkAOABfADUAZQAwADMAZQA2AGYAAAAXAAAAGwAA%0AAGMAbwBtAC4AbwBwAGwAdQBzAC4AdQB0AHIAYQBjAGUALgBsAGkAYgAuAE4AbwBkAGUASQBEAAAA%0ADwAAAHAAXwAyADAANgA2ADMAXwBlADAANAA3ADEAOAAxAAAAJwAAAA%3D%3D%0A&utrace2=%7B%22traceID%22%3A%227f0000011736486361030442724295%22%2C%22current%22%3A%22%7B%5C%22spanID%5C%22%3A%5C%22p_18698_5e03e6f%5C%22%2C%5C%22sequence%5C%22%3A23%7D%22%2C%22parent%22%3A%22%7B%5C%22spanID%5C%22%3A%5C%22p_20663_e047181%5C%22%2C%5C%22sequence%5C%22%3A39%7D%22%2C%22spanType%22%3A1%2C%22valid%22%3A1%7D userUri content://0@com.oplus.pantanal.ums.decision/services?UTranceCtx=HgAAADcAZgAwADAAMAAwADAAMQAxADcAMwA2ADQAOAA2ADMANgAxADAAMwAwADQANAAyADcAMgA0%0AADIAOQA1AAAAAAAbAAAAYwBvAG0ALgBvAHAAbAB1AHMALgB1AHQAcgBhAGMAZQAuAGwAaQBiAC4A%0ATgBvAGQAZQBJAEQAAAAPAAAAcABfADEAOAA2ADkAOABfADUAZQAwADMAZQA2AGYAAAAXAAAAGwAA%0AAGMAbwBtAC4AbwBwAGwAdQBzAC4AdQB0AHIAYQBjAGUALgBsAGkAYgAuAE4AbwBkAGUASQBEAAAA%0ADwAAAHAAXwAyADAANgA2ADMAXwBlADAANAA3ADEAOAAxAAAAJwAAAA%3D%3D%0A&utrace2=%7B%22traceID%22%3A%227f0000011736486361030442724295%22%2C%22current%22%3A%22%7B%5C%22spanID%5C%22%3A%5C%22p_18698_5e03e6f%5C%22%2C%5C%22sequence%5C%22%3A23%7D%22%2C%22parent%22%3A%22%7B%5C%22spanID%5C%22%3A%5C%22p_20663_e047181%5C%22%2C%5C%22sequence%5C%22%3A39%7D%22%2C%22spanType%22%3A1%2C%22valid%22%3A1%7D UserContextImp com.android.systemui.SystemUIApplication@5545de7 userId 0
01-10 06:19:27.123 18698 21493 D StaticSDK.DecisionDao: (#query_data)engineVersion : -1,in version 1.1.24-beta-p1-SNAPSHOT
01-10 06:19:27.123 18698 21493 D UserContextImp: getUserId userId 0
01-10 06:19:27.123 18698 21493 I StaticSDK.OSUtils: (#query_data)SystemProperties get: key == com.pantanal.server.utrace.switch, defValue == 1,in version 1.1.24-beta-p1-SNAPSHOT
01-10 06:19:27.123 18698 21493 D StaticSDK.UTraceUtils: (#query_data)[appendTraceContextToUri] key:931000, uri:content://0@com.oplus.pantanal.ums.decision/services, resultUri:content://0@com.oplus.pantanal.ums.decision/services?platformVersion=-1&UTranceCtx=HgAAADcAZgAwADAAMAAwADAAMQAxADcAMwA2ADQAOAA2ADMANgAxADAAMwAwADQANAAyADcAMgA0%0AADIAOQA1AAAAAAAbAAAAYwBvAG0ALgBvAHAAbAB1AHMALgB1AHQAcgBhAGMAZQAuAGwAaQBiAC4A%0ATgBvAGQAZQBJAEQAAAAPAAAAcABfADEAOAA2ADkAOABfADUAZQAwADMAZQA2AGYAAAAXAAAAGwAA%0AAGMAbwBtAC4AbwBwAGwAdQBzAC4AdQB0AHIAYQBjAGUALgBsAGkAYgAuAE4AbwBkAGUASQBEAAAA%0ADwAAAHAAXwAyADAANgA2ADMAXwBlADAANAA3ADEAOAAxAAAAJwAAAA%3D%3D%0A&utrace2=%7B%22traceID%22%3A%227f0000011736486361030442724295%22%2C%22current%22%3A%22%7B%5C%22spanID%5C%22%3A%5C%22p_18698_5e03e6f%5C%22%2C%5C%22sequence%5C%22%3A23%7D%22%2C%22parent%22%3A%22%7B%5C%22spanID%5C%22%3A%5C%22p_20663_e047181%5C%22%2C%5C%22sequence%5C%22%3A39%7D%22%2C%22spanType%22%3A1%2C%22valid%22%3A1%7D,in version 1.1.24-beta-p1-SNAPSHOT
01-10 06:19:27.123 20663 21621 I SG::DecisionResultProvider: query call: content://com.oplus.pantanal.ums.decision/services?platformVersion=-1&UTranceCtx=HgAAADcAZgAwADAAMAAwADAAMQAxADcAMwA2ADQAOAA2ADMANgAxADAAMwAwADQANAAyADcAMgA0%0AADIAOQA1AAAAAAAbAAAAYwBvAG0ALgBvAHAAbAB1AHMALgB1AHQAcgBhAGMAZQAuAGwAaQBiAC4A%0ATgBvAGQAZQBJAEQAAAAPAAAAcABfADEAOAA2ADkAOABfADUAZQAwADMAZQA2AGYAAAAXAAAAGwAA%0AAGMAbwBtAC4AbwBwAGwAdQBzAC4AdQB0AHIAYQBjAGUALgBsAGkAYgAuAE4AbwBkAGUASQBEAAAA%0ADwAAAHAAXwAyADAANgA2ADMAXwBlADAANAA3ADEAOAAxAAAAJwAAAA%3D%3D%0A&utrace2=%7B%22traceID%22%3A%227f0000011736486361030442724295%22%2C%22current%22%3A%22%7B%5C%22spanID%5C%22%3A%5C%22p_18698_5e03e6f%5C%22%2C%5C%22sequence%5C%22%3A23%7D%22%2C%22parent%22%3A%22%7B%5C%22spanID%5C%22%3A%5C%22p_20663_e047181%5C%22%2C%5C%22sequence%5C%22%3A39%7D%22%2C%22spanType%22%3A1%2C%22valid%22%3A1%7D
01-10 06:19:27.123 20663 21621 I SG::UTraceUtils: [startFromUri] [traceNode]:930005, uri:content://com.oplus.pantanal.ums.decision/services?platformVersion=-1&UTranceCtx=HgAAADcAZgAwADAAMAAwADAAMQAxADcAMwA2ADQAOAA2ADMANgAxADAAMwAwADQANAAyADcAMgA0%0AADIAOQA1AAAAAAAbAAAAYwBvAG0ALgBvAHAAbAB1AHMALgB1AHQAcgBhAGMAZQAuAGwAaQBiAC4A%0ATgBvAGQAZQBJAEQAAAAPAAAAcABfADEAOAA2ADkAOABfADUAZQAwADMAZQA2AGYAAAAXAAAAGwAA%0AAGMAbwBtAC4AbwBwAGwAdQBzAC4AdQB0AHIAYQBjAGUALgBsAGkAYgAuAE4AbwBkAGUASQBEAAAA%0ADwAAAHAAXwAyADAANgA2ADMAXwBlADAANAA3ADEAOAAxAAAAJwAAAA%3D%3D%0A&utrace2=%7B%22traceID%22%3A%227f0000011736486361030442724295%22%2C%22current%22%3A%22%7B%5C%22spanID%5C%22%3A%5C%22p_18698_5e03e6f%5C%22%2C%5C%22sequence%5C%22%3A23%7D%22%2C%22parent%22%3A%22%7B%5C%22spanID%5C%22%3A%5C%22p_20663_e047181%5C%22%2C%5C%22sequence%5C%22%3A39%7D%22%2C%22spanType%22%3A1%2C%22valid%22%3A1%7D
01-10 06:19:27.123 20663 21621 I UTrace.Sdk: start, spanName: 930005 [7f0000011736486361030442724295|p_18698_5e03e6f@23|p_20663_e047181@57|com.oplus.pantanal.ums]
01-10 06:19:27.124 20663 21621 I SG::DecisionResultProvider: entrance info:[16, 8] [7f0000011736486361030442724295|p_18698_5e03e6f@23|p_20663_e047181@57|com.oplus.pantanal.ums]
01-10 06:19:27.124 20663 21621 I SG::DecisionResultProvider: callingPackage:com.android.systemui selection:support_entry & ? = 16 or support_entry & ? = 8 or support_entry = 0 [7f0000011736486361030442724295|p_18698_5e03e6f@23|p_20663_e047181@57|com.oplus.pantanal.ums]
01-10 06:19:27.124 20663 21621 I SG::DecisionResultProvider: Disabled filter [7f0000011736486361030442724295|p_18698_5e03e6f@23|p_20663_e047181@57|com.oplus.pantanal.ums]
01-10 06:19:27.124 20663 21621 I SG::DecisionResultProvider: [UMS.Seedling] query decision result, sql: SELECT * FROM system_decision_result WHERE ((support_entry & ? = 16 or support_entry & ? = 8 or support_entry = 0) and available = 1) and expireTime*60*1000+createTime>=1736486367124 ORDER BY score desc [7f0000011736486361030442724295|p_18698_5e03e6f@23|p_20663_e047181@57|com.oplus.pantanal.ums]
01-10 06:19:27.124 20663 21621 I UTrace.Sdk: end, completionType: RETURN [7f0000011736486361030442724295|p_18698_5e03e6f@23|p_20663_e047181@57|com.oplus.pantanal.ums]
01-10 06:19:27.124 20663 21621 I SG::DecisionResultProvider: close entrance:0
01-10 06:19:27.124 20663 21621 I SG::DecisionResultProvider: [UMS.Seedling] query decision result, sql: SELECT * FROM decision_result WHERE ((support_entry & ? = 16 or support_entry & ? = 8 or support_entry = 0) and available = 1) and expireTime*60*1000+timestamp>=1736486367124
01-10 06:19:27.125 20663 21621 I SG::DecisionResultProvider: merge start, list size:0 systlist size:0
01-10 06:19:27.125 20663 21621 W SG::SpecialEntryDecision: filterCloseEntrance close entry: 0
01-10 06:19:27.125 20663 21621 I SG::DecisionResultProvider: merge sortableList size:0 nosortableList size:0 systemResult size:0
01-10 06:19:27.125 20663 21621 I SG::DecisionResultProvider: set result not support preload, pkgName: com.android.systemui
01-10 06:19:27.125 20663 21621 W SG::EntryDecision: system setting no data
01-10 06:19:27.125 20663 21621 I SG::DecisionResultProvider: start size:0, filter result:0
01-10 06:19:27.125 20663 21621 I SG::DecisionResultProvider: merge result, list size:0 cursor size:0
01-10 06:19:27.125 18698 21493 I StaticSDK.DecisionDao: (#query_data)query , cursor count: 0,in version 1.1.24-beta-p1-SNAPSHOT
01-10 06:19:27.125 18698 21493 D StaticSDK.DecisionDao: (#query_data)query finished, list size： 0 [],in version 1.1.24-beta-p1-SNAPSHOT
01-10 06:19:27.125 18698 21493 I StaticSDK.OSUtils: (#query_data)SystemProperties get: key == com.pantanal.server.utrace.switch, defValue == 1,in version 1.1.24-beta-p1-SNAPSHOT
01-10 06:19:27.125 18698 21493 I UTrace.Sdk: addSpanTags, tags: {service_id=[]} [7f0000011736486361030442724295|p_20663_e047181@39|p_18698_5e03e6f@23|com.android.systemui]
01-10 06:19:27.125 18698 21493 D StaticSDK.UTraceUtils: (#query_data)[addSpanTags] traceNode:931000, tags:{service_id=[]}, innerCtx:UTraceContext(traceID=7f0000011736486361030442724295, current=p_18698_5e03e6f@23, parent=p_20663_e047181@39, spanType=1, valid=1, tag=null),in version 1.1.24-beta-p1-SNAPSHOT
01-10 06:19:27.125 18698 21493 D StaticSDK.DecisionCenter: (#query_data)isSupportChildThread false,in version 1.1.24-beta-p1-SNAPSHOT
01-10 06:19:27.126 18698 18698 D StaticSDK.DecisionCenter: (main)[updateRecommendList] all list:[]
01-10 06:19:27.126 18698 18698 V StaticSDK.DecisionCenter: (main)receive changed from ums, notifyAllObservers,in version 1.1.24-beta-p1-SNAPSHOT
01-10 06:19:27.126 18698 18698 D StaticSDK.DecisionCenter: (main)[getListByEntranceType] entrance:8, isSupportMultiInstance:true
01-10 06:19:27.126 18698 18698 D StaticSDK.DecisionCenter: (main)[getListByEntranceType] entrance:8, isSupportMultiInstance:true, serviceList:[]
01-10 06:19:27.126 18698 18698 I PantaCard.SysUi.MultiInstanceDecisionAdapter:  registerMultiInstanceObserverToStaticSdk, [statusbar,type=8,hostId=20] receive new list from staic sdk,list size = [],parentCtx=null[sdk:v1.2.56-932c039,seed-plugin:v15.0.69-dc9783bb,app:v15.00.11]
01-10 06:19:27.126 18698 18698 I PantaCard.SysUi.MultiInstanceDecisionAdapter:  notifyObserversByEntranceType begin, entranceType:[statusbar,type=8,hostId=20][sdk:v1.2.56-932c039,seed-plugin:v15.0.69-dc9783bb,app:v15.00.11]
01-10 06:19:27.127 18698 18698 I PantaCard.SysUi.DecisionCenter:  filterStaticServiceList observers count = 1, entrance:[statusbar,type=8,hostId=20], after filter finally to entrance list size = 0, serviceIds:[], serviceIdsBeforeFilter size:0, serviceIds:[], filtered serviceIds:[][sdk:v1.2.56-932c039,seed-plugin:v15.0.69-dc9783bb,app:v15.00.11]
01-10 06:19:27.127 18698 18698 I PluginSeedling--Origin: BaseDataManager-->entrance: [statusbar,type=8,hostId=20], receive sdk data, list size: 0-[]
01-10 06:19:27.127 18698 18698 D PluginSeedling--StatusBar: StatusBarDataManager-->create service data
01-10 06:19:27.127 18698 18698 I PluginSeedling--StatusBar: StatusSeedlingInfo-->destroy-sb 268451924||0|1736486361028, q9.v@1fa21c2
01-10 06:19:27.127 18698 18698 I SDP.SysUi.BaseSeedling:  268451924&1&20_sid=268451924_rk=fbb948,268451924&1&20_sid=268451924_rk=fbb948,getViewListBySize success, entrance:status_bar[8,20], cardSize:7, allValidSize:[7][ssdk:v1.2.56-932c039,sdplugin:v15.0.69-dc9783bb]
01-10 06:19:27.127 18698 18698 I PantaCard.SysUi.SeedlingCard:  268451924&1&20_sid=268451924_rk=fbb948,setViewStatusListener,view = n7.b1{67cc24b V.E...... ......ID 323,21-757,100 alpha=1.0 viewInfo = }[sdk:v1.2.56-932c039,seed-plugin:v15.0.69-dc9783bb,app:v15.00.11]
01-10 06:19:27.127 18698 18698 I SDP.SysUi.LiteSeedling:  268451924&1&20_sid=268451924_rk=fbb948,setViewStatusListener, listener = null[ssdk:v1.2.56-932c039,sdplugin:v15.0.69-dc9783bb]
01-10 06:19:27.127 18698 18698 I SDP.SysUi.LiteSeedling:  268451924&1&20_sid=268451924_rk=fbb948,findTargetView, viewTag = ViewTagInfo(entrance=status_bar[8,20], serviceId=268451924, cardSizeInEngine=notification_sm, index=0, realEngineTypeName=LITE, hashCode=122930216)[ssdk:v1.2.56-932c039,sdplugin:v15.0.69-dc9783bb]
01-10 06:19:27.127 18698 18698 E SDP.SysUi.BaseSeedling:  268451924&1&20_sid=268451924_rk=fbb948,268451924&1&20_sid=268451924_rk=fbb948,getViewListBySize error, entrance:status_bar[8,20], cardSize:9, allValidSize:[7][ssdk:v1.2.56-932c039,sdplugin:v15.0.69-dc9783bb]
01-10 06:19:27.127 18698 18698 E PluginSeedling--StatusBar: StatusSeedlingInfo-->get no lg CardView, 268451924
01-10 06:19:27.127 18698 18698 D UTrace.Sdk: start, spanName: 7000 [7f0000011736486361028442624295|p_18698_94b87e2@28|p_18698_5e03e6f@37|com.android.systemui]
01-10 06:19:27.127 18698 18698 I PantaCard.SysUi.SeedlingCard:  268451924&1&20_sid=268451924_rk=fbb948_sk=f457a7, launch onHide,cardTag:268451924&1&20[sdk:v1.2.56-932c039,seed-plugin:v15.0.69-dc9783bb,app:v15.00.11] [7f0000011736486361028442624295|p_18698_94b87e2@28|p_18698_5e03e6f@37|com.android.systemui]
01-10 06:19:27.127 18698 18698 I PantaCard.SysUi.SeedCardEngine:  268451924&1&20_sid=268451924_rk=fbb948,isSeedlingLoadFinished,cardName: 268451924_268451924&1&20, seedlingDefaultViewLoading: false, seedlingLoadFinished: true[sdk:v1.2.56-932c039,seed-plugin:v15.0.69-dc9783bb,app:v15.00.11] [7f0000011736486361028442624295|p_18698_94b87e2@28|p_18698_5e03e6f@37|com.android.systemui]
01-10 06:19:27.127 18698 18698 I PantaCard.SysUi.SeedlingCard:  268451924&1&20_sid=268451924_rk=fbb948,packCardAction:origin params:{life_circle=hide}[sdk:v1.2.56-932c039,seed-plugin:v15.0.69-dc9783bb,app:v15.00.11] [7f0000011736486361028442624295|p_18698_94b87e2@28|p_18698_5e03e6f@37|com.android.systemui]
01-10 06:19:27.127 20663 23175 I SG::SpUtils: put: query_decision_result_sp_name: [last_query_decision_result_com.android.systemui, queryPackage:com.android.systemui, queryTime:1736486367125, results.size:0, results:[]]
01-10 06:19:27.127 18698 18698 I PantaCard.SysUi.CardManagerProxy:  268451924&1&20_sid=268451924_rk=fbb948_sk=f457a7,requestCardAction: action = CardAction(action=2, param={life_circle=hide, service_id=268451924, card_create_type=2, card_size=1000, seedling_entrance=8, page_id=pages/index.json, upk_version_code=1000001}, shouldForceFetch=true, shouldNotify=true),[sdk:v1.2.56-932c039,seed-plugin:v15.0.69-dc9783bb,app:v15.00.11] [7f0000011736486361028442624295|p_18698_94b87e2@28|p_18698_5e03e6f@37|com.android.systemui]
01-10 06:19:27.127 18698 18698 I PantaCard.SysUi.SeedCardEngine:  268451924&1&20_sid=268451924_rk=fbb948,268451924_268451924&1&20, onInVisible = false[sdk:v1.2.56-932c039,seed-plugin:v15.0.69-dc9783bb,app:v15.00.11] [7f0000011736486361028442624295|p_18698_94b87e2@28|p_18698_5e03e6f@37|com.android.systemui]
01-10 06:19:27.127 18698 18698 I SDP.SysUi.BaseSeedling:  268451924&1&20_sid=268451924_rk=fbb948,onHide,views.size = 1 , simpleCardInfo:[status_bar[8,20] 268451924 LITE][ssdk:v1.2.56-932c039,sdplugin:v15.0.69-dc9783bb]
01-10 06:19:27.127 18698 18698 D UTrace.Sdk: addSpanTags, tags: {cardViewInfo=CardViewInfo[entrance:[statusbar,type=8,hostId=20]; serviceId:268451924; cardType:268451924; hostId:20; cardId:1; size:0; sizeList:[7]; initDataSize:0; policyName:; cardCategory:SEEDLING]} [7f0000011736486361028442624295|p_18698_94b87e2@28|p_18698_5e03e6f@37|com.android.systemui]
01-10 06:19:27.127 18698 18698 D UTrace.Sdk: end, completionType: GOAHEAD [7f0000011736486361028442624295|p_18698_94b87e2@28|p_18698_5e03e6f@37|com.android.systemui]
01-10 06:19:27.127 18698 18698 D UTrace.Sdk: start, spanName: 7002 [7f0000011736486361028442624295|p_18698_5e03e6f@37|p_18698_5e03e6f@38|com.android.systemui]
01-10 06:19:27.127 18698 18698 I PantaCard.SysUi.SeedlingCard:  268451924&1&20_sid=268451924_rk=fbb948_sk=4ebbc1, launch onDestroy,cardTag:268451924&1&20[sdk:v1.2.56-932c039,seed-plugin:v15.0.69-dc9783bb,app:v15.00.11] [7f0000011736486361028442624295|p_18698_5e03e6f@37|p_18698_5e03e6f@38|com.android.systemui]
01-10 06:19:27.127 18698 18698 I PantaCard.SysUi.SeedlingCard:  268451924&1&20_sid=268451924_rk=fbb948,packCardAction:origin params:{life_circle=destroy}[sdk:v1.2.56-932c039,seed-plugin:v15.0.69-dc9783bb,app:v15.00.11] [7f0000011736486361028442624295|p_18698_5e03e6f@37|p_18698_5e03e6f@38|com.android.systemui]
01-10 06:19:27.127 18698 18698 I PantaCard.SysUi.CardManagerProxy:  268451924&1&20_sid=268451924_rk=fbb948_sk=4ebbc1,requestCardAction: action = CardAction(action=2, param={life_circle=destroy, service_id=268451924, card_create_type=2, card_size=1000, seedling_entrance=8, page_id=pages/index.json, upk_version_code=1000001}, shouldForceFetch=true, shouldNotify=true),[sdk:v1.2.56-932c039,seed-plugin:v15.0.69-dc9783bb,app:v15.00.11] [7f0000011736486361028442624295|p_18698_5e03e6f@37|p_18698_5e03e6f@38|com.android.systemui]
01-10 06:19:27.127 18698 18698 D UTrace.Sdk: addSpanTags, tags: {cardViewInfo=CardViewInfo[entrance:[statusbar,type=8,hostId=20]; serviceId:268451924; cardType:268451924; hostId:20; cardId:1; size:0; sizeList:[7]; initDataSize:0; policyName:; cardCategory:SEEDLING]} [7f0000011736486361028442624295|p_18698_5e03e6f@37|p_18698_5e03e6f@38|com.android.systemui]
01-10 06:19:27.127 18698 18698 D UTrace.Sdk: end, completionType: GOAHEAD [7f0000011736486361028442624295|p_18698_5e03e6f@37|p_18698_5e03e6f@38|com.android.systemui]
01-10 06:19:27.127 18698 18698 D UTrace.Sdk: start, spanName: 7004 [7f0000011736486361028442624295|p_18698_5e03e6f@38|p_18698_5e03e6f@39|com.android.systemui]
01-10 06:19:27.127 18698 18698 I PantaCard.SysUi.SeedlingCard:  268451924&1&20_sid=268451924_rk=fbb948_sk=a6f684, launch onUnsubscribe,cardTag:268451924&1&20[sdk:v1.2.56-932c039,seed-plugin:v15.0.69-dc9783bb,app:v15.00.11] [7f0000011736486361028442624295|p_18698_5e03e6f@38|p_18698_5e03e6f@39|com.android.systemui]
01-10 06:19:27.127 18698 18698 I PantaCard.SysUi.SeedlingCard:  268451924&1&20_sid=268451924_rk=fbb948,packCardAction:origin params:{life_circle=unsubscribed}[sdk:v1.2.56-932c039,seed-plugin:v15.0.69-dc9783bb,app:v15.00.11] [7f0000011736486361028442624295|p_18698_5e03e6f@38|p_18698_5e03e6f@39|com.android.systemui]
01-10 06:19:27.127 18698 18698 I PantaCard.SysUi.CardManagerProxy:  268451924&1&20_sid=268451924_rk=fbb948_sk=a6f684,requestCardAction: action = CardAction(action=2, param={life_circle=unsubscribed, service_id=268451924, card_create_type=2, card_size=1000, seedling_entrance=8, page_id=pages/index.json, upk_version_code=1000001}, shouldForceFetch=true, shouldNotify=true),[sdk:v1.2.56-932c039,seed-plugin:v15.0.69-dc9783bb,app:v15.00.11] [7f0000011736486361028442624295|p_18698_5e03e6f@38|p_18698_5e03e6f@39|com.android.systemui]
01-10 06:19:27.127 18698 18698 D UTrace.Sdk: addSpanTags, tags: {cardViewInfo=CardViewInfo[entrance:[statusbar,type=8,hostId=20]; serviceId:268451924; cardType:268451924; hostId:20; cardId:1; size:0; sizeList:[7]; initDataSize:0; policyName:; cardCategory:SEEDLING]} [7f0000011736486361028442624295|p_18698_5e03e6f@38|p_18698_5e03e6f@39|com.android.systemui]
01-10 06:19:27.127 18698 18698 D UTrace.Sdk: end, completionType: GOAHEAD [7f0000011736486361028442624295|p_18698_5e03e6f@38|p_18698_5e03e6f@39|com.android.systemui]
01-10 06:19:27.128 18698 18698 D PluginSeedling--Origin: BaseDataManager-->remove onDataChanged -> size: 0,delData size: 1, newServiceData size: 0
01-10 06:19:27.128 18698 18698 D PluginSeedling--Capsule: CapsulesRepository-->onDataChanged, hasSystem[true to false] size:0: []
01-10 06:19:27.128 18698 18698 D PluginSeedling--Capsule: BaseCapsuleContainerViewModel-->onCapsuleListChanged:[]
01-10 06:19:27.128 18698 18698 D PluginSeedling--Capsule: BaseCapsuleContainerViewModel-->postApply: reason=0
01-10 06:19:27.128 18698 18698 D PluginSeedling--Engine: StateMachineHandler-->addEmptyListener:s3.a@fabcd6e @main
01-10 06:19:27.128 18698 18698 D PluginSeedling--CapsuleCard: CardsRepository-->onDataChanged, size:0:[]
01-10 06:19:27.128 18698 18698 D PluginSeedling--CapsuleCard: CardsRepository-->cardList not change!
01-10 06:19:27.128 18698 18698 D PluginSeedling--CapsuleCard: CardsRepository-->instantList not change!
01-10 06:19:27.128 18698 18698 W PluginSeedling--Origin: StartSeedlingStrategy-->ignore seedling, origin size 0
01-10 06:19:27.128 18698 18698 I PantaCard.SysUi.MultiInstanceDecisionAdapter:  notifyObserversByEntranceType done, entranceType:[statusbar,type=8,hostId=20],total observer count = 1, total service size = 0[sdk:v1.2.56-932c039,seed-plugin:v15.0.69-dc9783bb,app:v15.00.11]
01-10 06:19:27.128 18698 18698 D StaticSDK.DecisionCenter: (main)notifyAllObservers key = 8,in version 1.1.24-beta-p1-SNAPSHOT
01-10 06:19:27.128 18698 18698 D StaticSDK.DecisionCenter: (main)[getListByEntranceType] entrance:16, isSupportMultiInstance:true
01-10 06:19:27.128 18698 18698 D StaticSDK.DecisionCenter: (main)[getListByEntranceType] entrance:16, isSupportMultiInstance:true, serviceList:[]
01-10 06:19:27.128 18698 18698 I PantaCard.SysUi.MultiInstanceDecisionAdapter:  registerMultiInstanceObserverToStaticSdk, [notification,type=16,hostId=30] receive new list from staic sdk,list size = [],parentCtx=null[sdk:v1.2.56-932c039,seed-plugin:v15.0.69-dc9783bb,app:v15.00.11]
01-10 06:19:27.128 18698 18698 I PantaCard.SysUi.MultiInstanceDecisionAdapter:  notifyObserversByEntranceType begin, entranceType:[notification,type=16,hostId=30][sdk:v1.2.56-932c039,seed-plugin:v15.0.69-dc9783bb,app:v15.00.11]
01-10 06:19:27.128 18698 18698 I PantaCard.SysUi.DecisionCenter:  filterStaticServiceList observers count = 1, entrance:[notification,type=16,hostId=30], after filter finally to entrance list size = 0, serviceIds:[], serviceIdsBeforeFilter size:0, serviceIds:[], filtered serviceIds:[][sdk:v1.2.56-932c039,seed-plugin:v15.0.69-dc9783bb,app:v15.00.11]
01-10 06:19:27.128 18698 18698 I PluginSeedling--Origin: BaseDataManager-->entrance: [notification,type=16,hostId=30], receive sdk data, list size: 0-[]
01-10 06:19:27.128 18698 18698 D PluginSeedling--Notification: NotificationDataManager-->create service data
01-10 06:19:27.128 18698 18698 W PluginSeedling--Origin: StartSeedlingStrategy-->ignore seedling, origin size 0
