01-10 06:19:38.095  2431  2752 I VRR-[OPlusRefreshRateSelector]: updateAutoMode success, display 0, mode 0, fakeframe 0, min fps: 60
01-10 06:19:38.095  2431  3872 D VRR-[OPlusRefreshRateSelector]: handleSetHWCOSync
01-10 06:19:38.095  2431  3872 D VRR-[OPlusRefreshRateSelector]: OSyncModes remaining size is 0.
01-10 06:19:38.095  2431  3872 D VRR-[OPlusRefreshRateSelector]: SetHWCOSync with 5CC080BC
01-10 06:19:38.095  2153  4760 I SDM     : DisplayBuiltIn::SetQSyncMode: VRR + update qsync mode 0 minfps 00C080BC
01-10 06:19:38.107  2153  2418 E SDM     : DRMConnector::Perform: Connector 67: Setting Qsync min fps 12615868
01-10 06:19:38.179  2153  2418 I SDM     : DisplayBase::CommitThread: Received idle timeout, panel: cmd, timeout: 69999 us
01-10 06:19:38.474  2273  2310 D BatteryChargeControl: bcc get no support from charging protocol
01-10 06:19:39.191 17922 18111 D CompressAction: set affinity failed.
01-10 06:19:39.475  2273  2310 D BatteryChargeControl: bcc get no support from charging protocol
01-10 06:19:39.487  2104 18445 I WifiHAL : event received NL80211_CMD_VENDOR, vendor_id = 0x1374, subcmd = 0xd
01-10 06:19:39.487  3270  3270 I cnss-daemon: nl80211 response handler invoked
01-10 06:19:39.487  3270  3270 I cnss-daemon: nl80211_response_handler: cmd 103, vendorID 4980, subcmd 13  received
01-10 06:19:39.487  3314 18446 D LOWI-9.0.1.110: [LOWI-Scan] wait_event:Wait done with Cmd 103
01-10 06:19:39.487  3314 18446 D LOWI-9.0.1.110: [LOWI-Scan] do_listen_events: Rcvd valid Netlink Cmd 0 Err 0
01-10 06:19:39.640 17922 18235 D ActivityManager: freezing 26883 org.telegram.messenger
01-10 06:19:39.644 17922 18235 D ActivityManager: freezing 21922 com.android.vending
01-10 06:19:39.646 17922 18235 D ActivityManager: reportOneUidFrozenStateChanged uid 10334 frozen = true
01-10 06:19:39.646 17922 18235 D ActivityManager: reportOneUidFrozenStateChanged uid 10126 frozen = true
01-10 06:19:39.647 17922 18314 D InetDiagMessage: Destroyed 1 sockets, proto=IPPROTO_TCP, family=AF_INET, states=14
01-10 06:19:39.648 17922 18314 D InetDiagMessage: Destroyed 0 sockets, proto=IPPROTO_TCP, family=AF_INET6, states=14
01-10 06:19:39.648 17922 18314 D InetDiagMessage: Destroyed live tcp sockets for uids={10334} in 2ms
01-10 06:19:39.649 17922 18314 D InetDiagMessage: Destroyed 0 sockets, proto=IPPROTO_TCP, family=AF_INET, states=14
01-10 06:19:39.649 17922 18314 D InetDiagMessage: Destroyed 0 sockets, proto=IPPROTO_TCP, family=AF_INET6, states=14
01-10 06:19:39.649 17922 18314 D InetDiagMessage: Destroyed live tcp sockets for uids={10126} in 1ms
01-10 06:19:39.719  2092  2092 D healthd : system healthd: battery l=100 v=4449 t=29.7 h=2 st=2 c=-153 fc=5920000 cc=25 chg=u
01-10 06:19:39.757 17922 19246 D OplusBatteryServiceFeature: getChgConfig: flag = 0, extra = , callerName = 1
01-10 06:19:39.757  2273  2273 D vendor.oplus.hardware.charger-V6-service: oplus_chg_get_state_retention 0
01-10 06:19:39.757  2273  2273 D vendor.oplus.hardware.charger-V6-service: get_ui_charge_icon_type 0 0 0 0 0
01-10 06:19:39.757 17922 19246 D OplusBatteryServiceFeature: getChgConfig: flag = 1, extra = , callerName = 1
01-10 06:19:39.757  2273  2273 D vendor.oplus.hardware.charger-V6-service: oplus_chg_get_state_retention 0
01-10 06:19:39.757  2273  2273 D vendor.oplus.hardware.charger-V6-service: oplus_chg_get_ui_power 0 0
01-10 06:19:39.757 17922 19246 D OplusBatteryServiceFeature: getChgConfig: flag = 4, extra = , callerName = 1
01-10 06:19:39.757  2273  2273 D vendor.oplus.hardware.charger-V6-service: oplus_chg_get_state_retention 0
01-10 06:19:39.757  2273  2273 D vendor.oplus.hardware.charger-V6-service: oplus_chg_get_cpa_power 2500
01-10 06:19:39.758 17922 19246 D OplusBatteryServiceFeature: getChgConfig: flag = 6, extra = , callerName = 1
01-10 06:19:39.758  2273  2273 D vendor.oplus.hardware.charger-V6-service: oplus_chg_get_state_retention 0
01-10 06:19:39.758  2273  2273 D vendor.oplus.hardware.charger-V6-service: oplus_chg_get_cpa_power 2500
01-10 06:19:39.758  2273  2273 D vendor.oplus.hardware.charger-V6-service: getIsSingleHyperSupport=2, cpa_power=2
01-10 06:19:39.758 17922 19246 D OplusBatteryServiceFeature: getChgConfig: flag = 24, extra = , callerName = 1
01-10 06:19:40.475  2273  2310 D BatteryChargeControl: bcc get no support from charging protocol
01-10 06:19:40.476 17922 18415 D OplusWifiPower_TriggerCenter: mComponentCallback: wifistat
01-10 06:19:40.478 18986 18986 D VendorWifiService: onEvent event:9,action:1
01-10 06:19:40.478 18698 18794 D WifiStatusTracker: mNetworkCallback onCapabilitiesChanged network:102 mPrimaryNetworkId:102
01-10 06:19:40.479 18986 19429 D SubsysEventListenerManager: onCapabilitiesChanged
01-10 06:19:40.479 18986 19429 D DataStateTracker: getCurDataChannel, channel:1
01-10 06:19:40.479 18698 18794 D WifiStatusTracker: mNetworkCallback onCapabilitiesChanged network:102 mPrimaryNetworkId:102
01-10 06:19:40.480 17922 18441 D OplusSlaNetworkManager: isPrimaryWifi:true network:102
01-10 06:19:40.480 17922 18415 D SystemNetworkObserver: wifi network 102 nc changed, primary=true
01-10 06:19:40.481 17922 18415 D SystemNetworkObserver: default network nc changed 102
01-10 06:19:40.481 17922 18314 W IPCThreadState: Sending oneway calls to frozen process.
01-10 06:19:40.481 17922 18314 W IPCThreadState: Sending oneway calls to frozen process.
01-10 06:19:40.481 17922 18314 W IPCThreadState: Sending oneway calls to frozen process.
01-10 06:19:40.481 18937 20983 D QCNEJ/NativeAidlConnector: -> SND notifyDefaultNetworkChanged(1)
01-10 06:19:40.481 18937 20983 D cneJni  : sendDefaultNwMsg start
01-10 06:19:40.481 17922 18314 W IPCThreadState: Sending oneway calls to frozen process.
01-10 06:19:40.481 20413 21646 I BugleRcsEngine: Connected state: [1], networkType: [WIFI] [CONTEXT thread_id=69 ]
01-10 06:19:40.482 18937 20983 D cneJni  : sendWifiStatus start
01-10 06:19:40.482 20413 22045 I BugleRcsEngine: handleMessage processing message:[NOTIFY_UPTIME_IGNORE_STATE_CHANGED] with [non-null]:RcsEngineImpl reference [CONTEXT log_prefix="RcsEngineImpl[DUAL_REG]:[254f5748-f7ae]>Handler" thread_id=75 ]
01-10 06:19:40.482 18698 18902 D WifiPickerTracker: handleNetworkCapabilitiesChanged network:102
01-10 06:19:40.483 18873 20975 D txpwrJni: sendNetworkInfo start
01-10 06:19:40.483 18873 20975 D txpwrJni: sendNetworkInfo RatType 0
01-10 06:19:40.483 18698 18902 I WifiPickerTracker: wifi connected status realConnectedWifiEntry not null: true
01-10 06:19:40.483 17922 18314 W IPCThreadState: Sending oneway calls to frozen process.
01-10 06:19:40.483 17922 18314 W IPCThreadState: Sending oneway calls to frozen process.
01-10 06:19:40.483 17922 18314 W IPCThreadState: Sending oneway calls to frozen process.
01-10 06:19:40.483 17922 18314 W IPCThreadState: Sending oneway calls to frozen process.
01-10 06:19:40.483 17922 18314 W IPCThreadState: Sending oneway calls to frozen process.
01-10 06:19:40.484 17922 18314 W IPCThreadState: Sending oneway calls to frozen process.
01-10 06:19:40.484 17922 18314 W IPCThreadState: Sending oneway calls to frozen process.
01-10 06:19:40.484 17922 18314 W IPCThreadState: Sending oneway calls to frozen process.
01-10 06:19:40.484 17922 18314 W IPCThreadState: Sending oneway calls to frozen process.
01-10 06:19:40.484 17922 18314 W IPCThreadState: Sending oneway calls to frozen process.
01-10 06:19:40.484 17922 18314 W IPCThreadState: Sending oneway calls to frozen process.
01-10 06:19:40.484 17922 18314 W IPCThreadState: Sending oneway calls to frozen process.
01-10 06:19:40.484 17922 18314 W IPCThreadState: Sending oneway calls to frozen process.
01-10 06:19:40.484 17922 18314 W IPCThreadState: Sending oneway calls to frozen process.
01-10 06:19:40.484 17922 18314 W IPCThreadState: Sending oneway calls to frozen process.
01-10 06:19:40.484 17922 18314 W IPCThreadState: Sending oneway calls to frozen process.
01-10 06:19:40.484 17922 18314 W IPCThreadState: Sending oneway calls to frozen process.
01-10 06:19:40.485 17922 18314 W IPCThreadState: Sending oneway calls to frozen process.
01-10 06:19:40.485 17922 18314 W IPCThreadState: Sending oneway calls to frozen process.
01-10 06:19:40.485 17922 18314 W IPCThreadState: Sending oneway calls to frozen process.
01-10 06:19:40.485 19361 19373 I ChimeraSrvcProxy: NullBinder for android.net.action.RECOMMEND_NETWORKS triggering remote TransactionTooLargeException due to Service without Chimera impl
01-10 06:19:40.485 17922 18314 W IPCThreadState: Sending oneway calls to frozen process.
01-10 06:19:40.485 19361 19373 W .gms.persistent: Large reply transaction of 2113536 bytes, interface descriptor , code 1
01-10 06:19:40.485 17922 18314 W IPCThreadState: Sending oneway calls to frozen process.
01-10 06:19:40.485 17922 18314 W IPCThreadState: Sending oneway calls to frozen process.
01-10 06:19:40.485 17922 18314 W IPCThreadState: Sending oneway calls to frozen process.
01-10 06:19:40.485 17922 18314 W IPCThreadState: Sending oneway calls to frozen process.
01-10 06:19:40.485 17922 18314 W IPCThreadState: Sending oneway calls to frozen process.
01-10 06:19:40.485 17922 18314 W IPCThreadState: Sending oneway calls to frozen process.
01-10 06:19:40.485 17922 18314 W IPCThreadState: Sending oneway calls to frozen process.
01-10 06:19:40.485 17922 18314 W IPCThreadState: Sending oneway calls to frozen process.
01-10 06:19:40.485 17922 18314 W IPCThreadState: Sending oneway calls to frozen process.
01-10 06:19:40.485 17922 18314 W IPCThreadState: Sending oneway calls to frozen process.
01-10 06:19:40.485 17922 18314 W IPCThreadState: Sending oneway calls to frozen process.
01-10 06:19:40.485 17922 18314 W IPCThreadState: Sending oneway calls to frozen process.
01-10 06:19:40.486 17922 18314 W IPCThreadState: Sending oneway calls to frozen process.
01-10 06:19:40.486 17922 18314 W IPCThreadState: Sending oneway calls to frozen process.
01-10 06:19:40.486 17922 18314 W IPCThreadState: Sending oneway calls to frozen process.
01-10 06:19:40.486 17922 18314 W IPCThreadState: Sending oneway calls to frozen process.
01-10 06:19:40.486 17922 18314 W IPCThreadState: Sending oneway calls to frozen process.
01-10 06:19:40.486 17922 18314 W IPCThreadState: Sending oneway calls to frozen process.
01-10 06:19:40.486 17922 18314 W IPCThreadState: Sending oneway calls to frozen process.
01-10 06:19:40.486 17922 18314 W IPCThreadState: Sending oneway calls to frozen process.
01-10 06:19:40.486 17922 18314 W IPCThreadState: Sending oneway calls to frozen process.
01-10 06:19:40.486 17922 18314 W IPCThreadState: Sending oneway calls to frozen process.
01-10 06:19:40.486 17922 18314 W IPCThreadState: Sending oneway calls to frozen process.
01-10 06:19:40.486 17922 18314 W IPCThreadState: Sending oneway calls to frozen process.
01-10 06:19:40.486 17922 18314 W IPCThreadState: Sending oneway calls to frozen process.
01-10 06:19:40.486 20413 22045 I BugleRcsEngine: Rcs is enabled from user settings: true [CONTEXT log_prefix="ProvisioningEngineDataRetriever" thread_id=75 ]
01-10 06:19:40.486 17922 18314 W IPCThreadState: Sending oneway calls to frozen process.
01-10 06:19:40.486 17922 18314 W IPCThreadState: Sending oneway calls to frozen process.
01-10 06:19:40.486 17922 18314 W IPCThreadState: Sending oneway calls to frozen process.
01-10 06:19:40.486 19361 19373 I ChimeraSrvcProxy: NullBinder for android.net.action.RECOMMEND_NETWORKS triggering remote TransactionTooLargeException due to Service without Chimera impl
01-10 06:19:40.486 19361 19373 W .gms.persistent: Large reply transaction of 2113536 bytes, interface descriptor , code 1
01-10 06:19:40.486 17922 18314 W IPCThreadState: Sending oneway calls to frozen process.
01-10 06:19:40.486 17922 18314 W IPCThreadState: Sending oneway calls to frozen process.
01-10 06:19:40.486 17922 18314 W IPCThreadState: Sending oneway calls to frozen process.
01-10 06:19:40.486 17922 18314 W IPCThreadState: Sending oneway calls to frozen process.
01-10 06:19:40.486 17922 18314 W IPCThreadState: Sending oneway calls to frozen process.
01-10 06:19:40.486 17922 18314 W IPCThreadState: Sending oneway calls to frozen process.
01-10 06:19:40.486 17922 18314 W IPCThreadState: Sending oneway calls to frozen process.
01-10 06:19:40.486 17922 18314 W IPCThreadState: Sending oneway calls to frozen process.
01-10 06:19:40.486 17922 18314 W IPCThreadState: Sending oneway calls to frozen process.
01-10 06:19:40.486 17922 18314 W IPCThreadState: Sending oneway calls to frozen process.
01-10 06:19:40.486 17922 18314 W IPCThreadState: Sending oneway calls to frozen process.
01-10 06:19:40.486 17922 18314 W IPCThreadState: Sending oneway calls to frozen process.
01-10 06:19:40.487 17922 18314 W IPCThreadState: Sending oneway calls to frozen process.
01-10 06:19:40.487 17922 18314 W IPCThreadState: Sending oneway calls to frozen process.
01-10 06:19:40.487 17922 18314 W IPCThreadState: Sending oneway calls to frozen process.
01-10 06:19:40.487 17922 18314 W IPCThreadState: Sending oneway calls to frozen process.
01-10 06:19:40.487 17922 18314 W IPCThreadState: Sending oneway calls to frozen process.
01-10 06:19:40.487 18698 18794 I SystemUi--Statusbar: NetworkController.WifiSignalController-->handleStatusUpdated state=3 enabled=true connected=true isDefaultNetwork=true rssi=-60 level=4 statusLabel=null isDirty=false
01-10 06:19:40.487 18698 18794 I SystemUi--Statusbar: NetworkController.WifiSignalController-->handleStatusUpdated state=3 enabled=true connected=true isDefaultNetwork=true rssi=-60 level=4 statusLabel=null isDirty=false
01-10 06:19:40.487 18698 18794 I SystemUi--Statusbar: NetworkController.WifiSignalController-->handleStatusUpdated state=3 enabled=true connected=true isDefaultNetwork=true rssi=-60 level=4 statusLabel=null isDirty=false
01-10 06:19:40.488 19361 19373 I ChimeraSrvcProxy: NullBinder for android.net.action.RECOMMEND_NETWORKS triggering remote TransactionTooLargeException due to Service without Chimera impl
01-10 06:19:40.488 19361 19373 W .gms.persistent: Large reply transaction of 2113536 bytes, interface descriptor , code 1
01-10 06:19:40.489 19361 19373 I ChimeraSrvcProxy: NullBinder for android.net.action.RECOMMEND_NETWORKS triggering remote TransactionTooLargeException due to Service without Chimera impl
01-10 06:19:40.489 19361 19373 W .gms.persistent: Large reply transaction of 2113536 bytes, interface descriptor , code 1
01-10 06:19:40.495 17922 17995 D OplusFeatureHDREnhanceBrightness: checkIsPlayingHDR isPlayingHDR=0 rotation=0 whiteApp=false battery=100
01-10 06:19:40.575  2153  2418 I SDM     : DisplayBase::CommitThread: Received idle timeout, panel: cmd, timeout: 70000 us
01-10 06:19:40.651 17922 18235 D ActivityManager: Freezer deadlock watchdog
01-10 06:19:40.878  2183  2262 E PERFHAL-PERFCTRL: PERFHAL-PERFCTRL: chk_core_online_poll_loop() 700: poll() has timed out for /sys/kernel/msm_performance/events/cpu_hotplug
01-10 06:19:40.878  2183  2262 E PERFHAL-PERFCTRL: PERFHAL-PERFCTRL: chk_core_online_poll_loop() 695: Block on poll()
01-10 06:19:41.154 17535 17573 E NetlinkEvent: NetlinkEvent::FindParam(): Parameter 'INTERFACE' not found
01-10 06:19:41.154 17535 17573 E NetlinkEvent: NetlinkEvent::FindParam(): Parameter 'STATE' not found
01-10 06:19:41.154 17535 17573 E NetlinkEvent: NetlinkEvent::FindParam(): Parameter 'TIME_NS' not found
01-10 06:19:41.154 17535 17573 E NetlinkEvent: NetlinkEvent::FindParam(): Parameter 'UID' not found
01-10 06:19:41.476  2273  2310 D BatteryChargeControl: bcc get no support from charging protocol
01-10 06:19:41.525  2104 18445 I WifiHAL : event received NL80211_CMD_VENDOR, vendor_id = 0x1374, subcmd = 0xd
01-10 06:19:41.525  3314 18446 D LOWI-9.0.1.110: [LOWI-Scan] wait_event:Wait done with Cmd 103
01-10 06:19:41.525  3314 18446 D LOWI-9.0.1.110: [LOWI-Scan] do_listen_events: Rcvd valid Netlink Cmd 0 Err 0
01-10 06:19:41.525  3270  3270 I cnss-daemon: nl80211 response handler invoked
01-10 06:19:41.525  3270  3270 I cnss-daemon: nl80211_response_handler: cmd 103, vendorID 4980, subcmd 13  received
01-10 06:19:42.476  2273  2310 D BatteryChargeControl: bcc get no support from charging protocol
01-10 06:19:42.499  3453  3453 E OplusTouchDaemon: ts_run_service: shellback temperature updated 29 (29700)
01-10 06:19:43.477  2273  2310 D BatteryChargeControl: bcc get no support from charging protocol
01-10 06:19:43.507 18986 18986 D VendorWifiService: onEvent event:9,action:1
01-10 06:19:43.507 17922 18415 D OplusWifiPower_TriggerCenter: mComponentCallback: wifistat
01-10 06:19:43.544  2104 18445 I WifiHAL : event received NL80211_CMD_VENDOR, vendor_id = 0x1374, subcmd = 0xd
01-10 06:19:43.544  3314 18446 D LOWI-9.0.1.110: [LOWI-Scan] wait_event:Wait done with Cmd 103
01-10 06:19:43.544  3314 18446 D LOWI-9.0.1.110: [LOWI-Scan] do_listen_events: Rcvd valid Netlink Cmd 0 Err 0
01-10 06:19:43.544  3270  3270 I cnss-daemon: nl80211 response handler invoked
01-10 06:19:43.544  3270  3270 I cnss-daemon: nl80211_response_handler: cmd 103, vendorID 4980, subcmd 13  received
01-10 06:19:43.614  2153  2418 I SDM     : DisplayBase::CommitThread: Received idle timeout, panel: cmd, timeout: 69999 us
01-10 06:19:43.878  2183  2262 E PERFHAL-PERFCTRL: PERFHAL-PERFCTRL: chk_core_online_poll_loop() 700: poll() has timed out for /sys/kernel/msm_performance/events/cpu_hotplug
01-10 06:19:43.878  2183  2262 E PERFHAL-PERFCTRL: PERFHAL-PERFCTRL: chk_core_online_poll_loop() 695: Block on poll()
01-10 06:19:43.972 17922 18636 I Osense-BaseDecisionMaker: notifySceneToAthenaPolicy: SCENE_RES_IO_PSI, bundle: Bundle[{ioLevel=3}]
01-10 06:19:43.972 17922 18636 I Osense-BaseDecisionMaker: OSense not supported scene! SCENE_RES_IO_PSI
01-10 06:19:43.983  3417  4602 I oplus_theia: Waiting for OCenterService
01-10 06:19:44.446 17922 17922 D OplusWifiPowerService: onReceive action:android.intent.action.BATTERY_LEVEL_CHANGED
01-10 06:19:44.447 17922 18282 W OplusStorageManagerFeature: mScreenReceiver action:android.intent.action.BATTERY_LEVEL_CHANGED
01-10 06:19:44.447 17922 18282 I OplusStorageManagerFeature: TmemoryBetterySwitch: level=100 state=2
01-10 06:19:44.447 17922 18282 I OplusStorageManagerFeature: TmemoryBetterySwitch: action=0 state=2
01-10 06:19:44.448 17922 17977 D ActivityManager: sync unfroze 19010 com.android.settings for 3
01-10 06:19:44.448 17922 17977 D ActivityManager: Async freezing 19010 com.android.settings
01-10 06:19:44.448 17922 17977 D ActivityManager: Cancel freezing 19010 com.android.settings
01-10 06:19:44.448 17922 17977 D ActivityManager: Async freezing 19010 com.android.settings
01-10 06:19:44.450 17922 17977 D ActivityManager: Cancel freezing 19010 com.android.settings
01-10 06:19:44.451 19010 19010 D BatteryUsageBroadcastReceiver: onReceive:android.intent.action.BATTERY_LEVEL_CHANGED
01-10 06:19:44.451 19010 19010 D BatteryUsageBroadcastReceiver: fetch data because of event: ACTION_BATTERY_LEVEL_CHANGED
01-10 06:19:44.452 19010 30386 D BatteryUsageDataLoader: loadUsageDataSafely() in the AsyncTask
01-10 06:19:44.452 19010 19010 W ContextImpl: Calling a method in the system process without a qualified user: android.app.ContextImpl.sendBroadcast:1261 android.content.ContextWrapper.sendBroadcast:516 com.android.settings.fuelgauge.batteryusage.BootBroadcastReceiver.invokeJobRecheck:17 com.android.settings.fuelgauge.batteryusage.BatteryUsageBroadcastReceiver.tryToFetchUsageData:74 com.android.settings.fuelgauge.batteryusage.BatteryUsageBroadcastReceiver.onReceive:183 
01-10 06:19:44.454 19010 19010 D BootBroadcastReceiver: refresh periodic job from action=com.android.settings.battery.action.PERIODIC_JOB_RECHECK
01-10 06:19:44.456 19010 19010 D PeriodicJobManager: schedule next alarm job at jan. 10, 2025, 07:00:00
01-10 06:19:44.457 17922 20648 D ActivityManager: Async freezing 19010 com.android.settings
01-10 06:19:44.477  2273  2310 D BatteryChargeControl: bcc get no support from charging protocol
01-10 06:19:44.566 19010 19037 W ndroid.settings: ApkAssets: Deleting an ApkAssets object '<empty> and /product/priv-app/Omacp/Omacp.apk' with 1 weak references
01-10 06:19:44.566 19010 19037 W ndroid.settings: ApkAssets: Deleting an ApkAssets object '<empty> and /product/priv-app/OplusScreenRecorder/OplusScreenRecorder.apk' with 1 weak references
01-10 06:19:44.566 19010 19037 W ndroid.settings: ApkAssets: Deleting an ApkAssets object '<empty> and /data/app/~~QdAIpXPAlBef-YFwCGyd9A==/com.oneplus.membership-vHK_dA3RI0wyZ_PMSxr9OA==/base.apk' with 1 weak references
01-10 06:19:44.567 19010 19037 W ndroid.settings: ApkAssets: Deleting an ApkAssets object '<empty> and /product/priv-app/Metis/Metis.apk' with 1 weak references
01-10 06:19:44.567 19010 19037 W ndroid.settings: ApkAssets: Deleting an ApkAssets object '<empty> and /product/priv-app/LockAssistant/LockAssistant.apk' with 1 weak references
01-10 06:19:44.567 19010 19037 W ndroid.settings: ApkAssets: Deleting an ApkAssets object '<empty> and /data/app/~~uFLf2qpKOahxzRbEci6KlQ==/com.microsoft.appmanager-WHkZ61aQslUIXhjQ0_OFcQ==/base.apk' with 1 weak references
01-10 06:19:44.567 19010 19037 W ndroid.settings: ApkAssets: Deleting an ApkAssets object '<empty> and /data/app/~~Iic4M6i6C4wkT5cVx0X6ug==/com.google.android.googlequicksearchbox--oHtBCAOYWO4e329c9rtLw==/base.apk' with 1 weak references
01-10 06:19:44.568 19010 19037 W ndroid.settings: ApkAssets: Deleting an ApkAssets object '<empty> and /data/app/~~Iic4M6i6C4wkT5cVx0X6ug==/com.google.android.googlequicksearchbox--oHtBCAOYWO4e329c9rtLw==/split_config.xxxhdpi.apk' with 1 weak references
01-10 06:19:44.568 19010 19037 W ndroid.settings: ApkAssets: Deleting an ApkAssets object '<empty> and /data/app/~~Iic4M6i6C4wkT5cVx0X6ug==/com.google.android.googlequicksearchbox--oHtBCAOYWO4e329c9rtLw==/split_lens_ondevice_engine_feature_module.apk' with 1 weak references
01-10 06:19:44.568 19010 19037 W ndroid.settings: ApkAssets: Deleting an ApkAssets object '<empty> and /data/app/~~Iic4M6i6C4wkT5cVx0X6ug==/com.google.android.googlequicksearchbox--oHtBCAOYWO4e329c9rtLw==/split_lens_ondevice_engine_play_ml_module.apk' with 1 weak references
01-10 06:19:44.568 19010 19037 W ndroid.settings: ApkAssets: Deleting an ApkAssets object '<empty> and /data/app/~~Iic4M6i6C4wkT5cVx0X6ug==/com.google.android.googlequicksearchbox--oHtBCAOYWO4e329c9rtLw==/split_tclib_native_feature_module.apk' with 1 weak references
01-10 06:19:44.569 19010 19037 W ndroid.settings: ApkAssets: Deleting an ApkAssets object '<empty> and /product/priv-app/KeKeUserCenter/KeKeUserCenter.apk' with 1 weak references
01-10 06:19:44.569 19010 19037 W ndroid.settings: ApkAssets: Deleting an ApkAssets object '<empty> and /product/priv-app/DeviceIntegrationService/DeviceIntegrationService.apk' with 1 weak references
01-10 06:19:44.569 19010 19037 W ndroid.settings: ApkAssets: Deleting an ApkAssets object '<empty> and /data/app/~~K3h3GbkOXpdhtupCrUleLQ==/com.oppo.quicksearchbox-Y0gvjciZIUX_K5L6kS62lA==/base.apk' with 1 weak references
01-10 06:19:44.569 19010 19037 W ndroid.settings: ApkAssets: Deleting an ApkAssets object '<empty> and /product/priv-app/DCS/DCS.apk' with 1 weak references
01-10 06:19:44.569 19010 19037 W ndroid.settings: ApkAssets: Deleting an ApkAssets object '<empty> and /data/app/~~Zc0zxIv5E9M5lqWG9rY-XQ==/com.android.vending-HgN0Ee660cC4F1lNoZrO0A==/base.apk' with 1 weak references
01-10 06:19:44.570 19010 19037 W ndroid.settings: ApkAssets: Deleting an ApkAssets object '<empty> and /data/app/~~Zc0zxIv5E9M5lqWG9rY-XQ==/com.android.vending-HgN0Ee660cC4F1lNoZrO0A==/split_config.arm64_v8a.apk' with 1 weak references
01-10 06:19:44.570 19010 19037 W ndroid.settings: ApkAssets: Deleting an ApkAssets object '<empty> and /data/app/~~Zc0zxIv5E9M5lqWG9rY-XQ==/com.android.vending-HgN0Ee660cC4F1lNoZrO0A==/split_config.sv.apk' with 1 weak references
01-10 06:19:44.570 19010 19037 W ndroid.settings: ApkAssets: Deleting an ApkAssets object '<empty> and /data/app/~~Zc0zxIv5E9M5lqWG9rY-XQ==/com.android.vending-HgN0Ee660cC4F1lNoZrO0A==/split_phonesky_data_loader.apk' with 1 weak references
01-10 06:19:44.570 19010 19037 W ndroid.settings: ApkAssets: Deleting an ApkAssets object '<empty> and /data/app/~~Zc0zxIv5E9M5lqWG9rY-XQ==/com.android.vending-HgN0Ee660cC4F1lNoZrO0A==/split_phonesky_data_loader.config.arm64_v8a.apk' with 1 weak references
01-10 06:19:44.570 19010 19037 W ndroid.settings: ApkAssets: Deleting an ApkAssets object '<empty> and /product/priv-app/AccessoryFramework/AccessoryFramework.apk' with 1 weak references
01-10 06:19:44.570 19010 19037 W ndroid.settings: ApkAssets: Deleting an ApkAssets object '<empty> and /data/app/~~fAGNYKdwMhG8Kka_JeiBdw==/com.google.android.apps.wellbeing-5ZRFKkRUCVsLfsvJYnzXew==/base.apk' with 1 weak references
01-10 06:19:44.570 19010 19037 W ndroid.settings: ApkAssets: Deleting an ApkAssets object '<empty> and /data/app/~~fAGNYKdwMhG8Kka_JeiBdw==/com.google.android.apps.wellbeing-5ZRFKkRUCVsLfsvJYnzXew==/split_config.xxxhdpi.apk' with 1 weak references
01-10 06:19:44.570 19010 19037 W ndroid.settings: ApkAssets: Deleting an ApkAssets object '<empty> and /data/app/~~YGkSE96BuYgbwJZ0NoJdYg==/com.google.android.apps.safetyhub-bDJsP1KE7JBXPJe3Ssc1cQ==/base.apk' with 1 weak references
01-10 06:19:44.571 19010 19037 W ndroid.settings: ApkAssets: Deleting an ApkAssets object '<empty> and /data/app/~~YGkSE96BuYgbwJZ0NoJdYg==/com.google.android.apps.safetyhub-bDJsP1KE7JBXPJe3Ssc1cQ==/split_config.xxxhdpi.apk' with 1 weak references
01-10 06:19:44.571 19010 19037 W ndroid.settings: ApkAssets: Deleting an ApkAssets object '<empty> and /data/app/~~QvU4RyNVPsGUEDR0nxUEuA==/com.google.android.apps.restore-vXnC6YQQJ2kCOzbQzI8Gzg==/base.apk' with 1 weak references
01-10 06:19:44.571 19010 19037 W ndroid.settings: ApkAssets: Deleting an ApkAssets object '<empty> and /product/priv-app/HotwordEnrollmentYGoogleHEXAGON_WIDEBAND.apk' with 1 weak references
01-10 06:19:44.571 19010 19037 W ndroid.settings: ApkAssets: Deleting an ApkAssets object '<empty> and /data/app/~~cl8aJFg2ZLoq0wDRVroYTQ==/com.google.android.apps.nbu.files-SHo_qX21C2T4WxfFaAsG1w==/base.apk' with 1 weak references
01-10 06:19:44.571 19010 19037 W ndroid.settings: ApkAssets: Deleting an ApkAssets object '<empty> and /data/app/~~cl8aJFg2ZLoq0wDRVroYTQ==/com.google.android.apps.nbu.files-SHo_qX21C2T4WxfFaAsG1w==/split_config.arm64_v8a.apk' with 1 weak references
01-10 06:19:44.571 19010 19037 W ndroid.settings: ApkAssets: Deleting an ApkAssets object '<empty> and /data/app/~~cl8aJFg2ZLoq0wDRVroYTQ==/com.google.android.apps.nbu.files-SHo_qX21C2T4WxfFaAsG1w==/split_config.sv.apk' with 1 weak references
01-10 06:19:44.571 19010 19037 W ndroid.settings: ApkAssets: Deleting an ApkAssets object '<empty> and /data/app/~~cl8aJFg2ZLoq0wDRVroYTQ==/com.google.android.apps.nbu.files-SHo_qX21C2T4WxfFaAsG1w==/split_config.xxxhdpi.apk' with 1 weak references
01-10 06:19:44.571 19010 19037 W ndroid.settings: ApkAssets: Deleting an ApkAssets object '<empty> and /product/priv-app/HotwordEnrollmentXGoogleHEXAGON_WIDEBAND.apk' with 1 weak references
01-10 06:19:44.571 19010 19037 W ndroid.settings: ApkAssets: Deleting an ApkAssets object '<empty> and /data/app/~~40XcsW_gFkuRkSzeSbpTrg==/com.google.android.partnersetup-cxZNbfMoNnTGXvHTZA86_w==/base.apk' with 1 weak references
01-10 06:19:44.571 19010 19037 W ndroid.settings: ApkAssets: Deleting an ApkAssets object '<empty> and /product/priv-app/GoogleOneTimeInitializer/GoogleOneTimeInitializer.apk' with 1 weak references
01-10 06:19:44.571 19010 19037 W ndroid.settings: ApkAssets: Deleting an ApkAssets object '<empty> and /data/app/~~qDU0SuTJhdg0OqXZh_HoOg==/com.google.android.projection.gearhead-WSL4rIdZsBrn1cvj9qUS_A==/base.apk' with 1 weak references
01-10 06:19:44.572 19010 19037 W ndroid.settings: ApkAssets: Deleting an ApkAssets object '<empty> and /data/app/~~S0bpbnIT8LRa7aux6l1S7Q==/com.google.android.odad-pkU6kxP3K5Mn8vR-iwBciw==/base.apk' with 1 weak references
01-10 06:19:44.572 19010 19037 W ndroid.settings: ApkAssets: Deleting an ApkAssets object '<empty> and /data/app/~~_4IRVMZ-fyq9l-EKqU4eIg==/com.google.android.euicc-sEIqM-OAGT_2sfuJPsEh9A==/base.apk' with 1 weak references
01-10 06:19:44.572 19010 19037 W ndroid.settings: ApkAssets: Deleting an ApkAssets object '<empty> and /data/app/~~PoWy8zo9_p7fv885nJq1GA==/com.instagram.android-bh4UYjc9ir8gF3_on74yZA==/base.apk' with 1 weak references
01-10 06:19:44.572 19010 19037 W ndroid.settings: ApkAssets: Deleting an ApkAssets object '<empty> and /data/app/~~PoWy8zo9_p7fv885nJq1GA==/com.instagram.android-bh4UYjc9ir8gF3_on74yZA==/split_executorch.apk' with 1 weak references
01-10 06:19:44.572 19010 19037 W ndroid.settings: ApkAssets: Deleting an ApkAssets object '<empty> and /data/app/~~PoWy8zo9_p7fv885nJq1GA==/com.instagram.android-bh4UYjc9ir8gF3_on74yZA==/split_i18n_sv_SE.apk' with 1 weak references
01-10 06:19:44.572 19010 19037 W ndroid.settings: ApkAssets: Deleting an ApkAssets object '<empty> and /data/app/~~PoWy8zo9_p7fv885nJq1GA==/com.instagram.android-bh4UYjc9ir8gF3_on74yZA==/split_pytorch.apk' with 1 weak references
01-10 06:19:44.572 19010 19037 W ndroid.settings: ApkAssets: Deleting an ApkAssets object '<empty> and /data/app/~~PoWy8zo9_p7fv885nJq1GA==/com.instagram.android-bh4UYjc9ir8gF3_on74yZA==/split_s_executorch_pytorch.apk' with 1 weak references
01-10 06:19:44.573 19010 19037 W ndroid.settings: ApkAssets: Deleting an ApkAssets object '<empty> and /data/app/~~PoWy8zo9_p7fv885nJq1GA==/com.instagram.android-bh4UYjc9ir8gF3_on74yZA==/split_spm.apk' with 1 weak references
01-10 06:19:44.573 19010 19037 W ndroid.settings: ApkAssets: Deleting an ApkAssets object '<empty> and /data/app/~~aBJ34NXUl9UzkRpZ97GSMA==/com.snapchat.android-eLf6WFST0n1NcfsgJY_9EA==/base.apk' with 1 weak references
01-10 06:19:44.573 19010 19037 W ndroid.settings: ApkAssets: Deleting an ApkAssets object '<empty> and /data/app/~~aBJ34NXUl9UzkRpZ97GSMA==/com.snapchat.android-eLf6WFST0n1NcfsgJY_9EA==/split_bloops_dynamic_sdk.apk' with 1 weak references
01-10 06:19:44.573 19010 19037 W ndroid.settings: ApkAssets: Deleting an ApkAssets object '<empty> and /data/app/~~aBJ34NXUl9UzkRpZ97GSMA==/com.snapchat.android-eLf6WFST0n1NcfsgJY_9EA==/split_bloops_dynamic_sdk.config.arm64_v8a.apk' with 1 weak references
01-10 06:19:44.573 19010 19037 W ndroid.settings: ApkAssets: Deleting an ApkAssets object '<empty> and /data/app/~~aBJ34NXUl9UzkRpZ97GSMA==/com.snapchat.android-eLf6WFST0n1NcfsgJY_9EA==/split_config.arm64_v8a.apk' with 1 weak references
01-10 06:19:44.573 19010 19037 W ndroid.settings: ApkAssets: Deleting an ApkAssets object '<empty> and /data/app/~~aBJ34NXUl9UzkRpZ97GSMA==/com.snapchat.android-eLf6WFST0n1NcfsgJY_9EA==/split_config.sv.apk' with 1 weak references
01-10 06:19:44.573 19010 19037 W ndroid.settings: ApkAssets: Deleting an ApkAssets object '<empty> and /data/app/~~aBJ34NXUl9UzkRpZ97GSMA==/com.snapchat.android-eLf6WFST0n1NcfsgJY_9EA==/split_config.xxxhdpi.apk' with 1 weak references
01-10 06:19:44.573 19010 19037 W ndroid.settings: ApkAssets: Deleting an ApkAssets object '<empty> and /system/app/Traceur/Traceur.apk' with 1 weak references
01-10 06:19:44.573 19010 19037 W ndroid.settings: ApkAssets: Deleting an ApkAssets object '<empty> and /system/app/CarrierDefaultApp/CarrierDefaultApp.apk' with 1 weak references
01-10 06:19:44.573 19010 19037 W ndroid.settings: ApkAssets: Deleting an ApkAssets object '<empty> and /system/priv-app/StatementService/StatementService.apk' with 1 weak references
01-10 06:19:44.573 19010 19037 W ndroid.settings: ApkAssets: Deleting an ApkAssets object '<empty> and /system/priv-app/ManagedProvisioning/ManagedProvisioning.apk' with 1 weak references
01-10 06:19:44.573 19010 19037 W ndroid.settings: ApkAssets: Deleting an ApkAssets object '<empty> and /data/app/~~OEidV-7oqLhIpKeZ0UWI7g==/com.google.android.documentsui-E03av9Fb1YSB8LwRnNyMGg==/base.apk' with 1 weak references
01-10 06:19:44.573 19010 19037 W ndroid.settings: ApkAssets: Deleting an ApkAssets object '<empty> and /data/app/~~OEidV-7oqLhIpKeZ0UWI7g==/com.google.android.documentsui-E03av9Fb1YSB8LwRnNyMGg==/split_config.xxxhdpi.apk' with 1 weak references
01-10 06:19:44.573 19010 19037 W ndroid.settings: ApkAssets: Deleting an ApkAssets object '/product/overlay/GoogleDocumentsUIOverlay.apk' with 1 weak references
01-10 06:19:44.573 19010 19037 W ndroid.settings: ApkAssets: Deleting an ApkAssets object '<empty> and /system/priv-app/IntentResolver/IntentResolver.apk' with 1 weak references
01-10 06:19:44.573 19010 19037 W ndroid.settings: ApkAssets: Deleting an ApkAssets object '<empty> and /system/priv-app/ExternalStorageProvider/ExternalStorageProvider.apk' with 1 weak references
01-10 06:19:44.706 19010 30386 W BatteryEntry: unknown attribute:AUDIO
01-10 06:19:44.706 19010 30386 W BatteryEntry: unknown attribute:VIDEO
01-10 06:19:44.706 19010 30386 W BatteryEntry: unknown attribute:SYSTEM_SERVICES
01-10 06:19:44.706 19010 30386 W BatteryEntry: unknown attribute:SENSORS
01-10 06:19:44.706 19010 30386 W BatteryEntry: unknown attribute:WAKELOCK
01-10 06:19:44.706 19010 30386 W BatteryEntry: unknown attribute:MEMORY
01-10 06:19:44.706 19010 30386 W BatteryEntry: unknown attribute:IDLE
01-10 06:19:44.706 19010 30386 W BatteryEntry: unknown attribute:REATTRIBUTED_TO_OTHER_CONSUMERS
01-10 06:19:44.707 19010 30386 D BatteryUsageDataLoader: getBatteryUsageStats() in 254/ms
01-10 06:19:44.707 19010 30386 D DatabaseUtils: insert() battery event data into database: # com.android.settings.fuelgauge.batteryusage.BatteryEvent@59d6842b
01-10 06:19:44.707 19010 30386 D DatabaseUtils: battery_level: 100
01-10 06:19:44.707 19010 30386 D DatabaseUtils: timestamp: 1736486384453
01-10 06:19:44.707 19010 30386 D DatabaseUtils: type: FULL_CHARGED
01-10 06:19:44.707 19010 30386 D DatabaseUtils: sendBatteryEventData() in 0/ms
01-10 06:19:44.722 19010 30386 D DatabaseUtils: insert() battery states data into database with isFullChargeStart:true
01-10 06:19:44.723 19010 30386 D DatabaseUtils: sendBatteryEntryData() size=174 in 16/ms
01-10 06:19:44.723 19010 30386 D BatteryUsageDataLoader: loadUsageDataSafely() in 271/ms
01-10 06:19:44.839  2092  2092 D healthd : system healthd: battery l=100 v=4449 t=29.6 h=2 st=2 c=0 fc=5920000 cc=25 chg=u
01-10 06:19:44.878 17922 20648 D OplusBatteryServiceFeature: getChgConfig: flag = 0, extra = , callerName = 1
01-10 06:19:44.878  2273  2273 D vendor.oplus.hardware.charger-V6-service: oplus_chg_get_state_retention 0
01-10 06:19:44.878  2273  2273 D vendor.oplus.hardware.charger-V6-service: get_ui_charge_icon_type 0 0 0 0 0
01-10 06:19:44.879 17922 20648 D OplusBatteryServiceFeature: getChgConfig: flag = 1, extra = , callerName = 1
01-10 06:19:44.879  2273  2273 D vendor.oplus.hardware.charger-V6-service: oplus_chg_get_state_retention 0
01-10 06:19:44.879  2273  2273 D vendor.oplus.hardware.charger-V6-service: oplus_chg_get_ui_power 0 0
01-10 06:19:44.879 17922 20648 D OplusBatteryServiceFeature: getChgConfig: flag = 4, extra = , callerName = 1
01-10 06:19:44.880  2273  2273 D vendor.oplus.hardware.charger-V6-service: oplus_chg_get_state_retention 0
01-10 06:19:44.880  2273  2273 D vendor.oplus.hardware.charger-V6-service: oplus_chg_get_cpa_power 2500
01-10 06:19:44.880 17922 20648 D OplusBatteryServiceFeature: getChgConfig: flag = 6, extra = , callerName = 1
01-10 06:19:44.880  2273  2273 D vendor.oplus.hardware.charger-V6-service: oplus_chg_get_state_retention 0
01-10 06:19:44.880  2273  2273 D vendor.oplus.hardware.charger-V6-service: oplus_chg_get_cpa_power 2500
01-10 06:19:44.880  2273  2273 D vendor.oplus.hardware.charger-V6-service: getIsSingleHyperSupport=2, cpa_power=2
01-10 06:19:44.880 17922 20648 D OplusBatteryServiceFeature: getChgConfig: flag = 24, extra = , callerName = 1
01-10 06:19:44.885 17922 17995 I OplusFeatureLowVoltageLimitBrightness: handleMessage MSG_BATTER_TEMPERATURE_CHAGNE changed = false temperature = 296 , battery = 100
01-10 06:19:44.885 18986 18986 D SubsysBroadcastManager: onReceive action:android.intent.action.BATTERY_CHANGED
01-10 06:19:44.885 18986 18986 D RFPowerBoostManager: current battery level is 100
01-10 06:19:44.886 18698 18698 I SystemUi--Common: Oplus_PowerUI-->isAllowShowAutoSuperSavePowerDialog: enterDialogFlag:false ,mIsAutoExitPowerSaveMode: false
01-10 06:19:44.886 18698 18698 I SystemUi--Common: Oplus_PowerUI-->enterExitDialog plugged or level: 
01-10 06:19:44.886 18698 18698 I SystemUi--Statusbar: BatteryControllerExt-->updateBatteryChangeIntent():broadcast=android.intent.action.BATTERY_CHANGED,level=100,scale=100
01-10 06:19:44.886 18698 18698 I SystemUi--Statusbar: BatteryRepository-->level: 100 -- isSavingMode: false
01-10 06:19:44.887 18812 18812 D DeviceStatisticsService: onReceive: action= android.intent.action.BATTERY_CHANGED
01-10 06:19:44.887 18812 18812 D DeviceInfoAidlClient: isRadioOn()=true
01-10 06:19:44.887 18812 18812 I DeviceInfoAidlClient: isPowerInfoNeverSent=false batteryLevel=100 batteryLevelIndex=5 chargingMode=2 totalCapacity=5048000 powerSaveMode=false
01-10 06:19:44.888 24295 24510 I DeepThinkerSDK: [APP] ClientConnection: getDeepThinkerBridge start
01-10 06:19:44.888 24295 24510 I DeepThinkerSDK: [APP] ClientConnection: getDeepThinkerBridge end
01-10 06:19:44.888 24295 24510 I DeepThinkerSDK: [APP] UserDomainManager: businessId : 401 threshold : 0.6 learnPeriod:30
01-10 06:19:44.888 17922 20648 D OplusBatteryServiceFeature: getChgConfig: flag = 8, extra = , callerName = 2
01-10 06:19:44.888 24295 24516 E Battery : ChargeProtectionUtils: First Alarm is Fri Jan 10 06:30:00 GMT+01:00 2025, nowRtc  = Fri Jan 10 06:19:44 GMT+01:00 2025, too close , ignore it.
01-10 06:19:44.888 24295 24516 E Battery : ChargeProtectionUtils: mCanlendarTmp.isEmpty()!
01-10 06:19:44.889 24295 24510 I DeepThinkerSDK: [APP] UserDomainManager: PerformanceOfLongCharging{probabilityOfLocation=0.0, probabilityOfApps=0.0, probabilityOfTime=0.0, probabilityOfTotal=0.0, duration=0}
01-10 06:19:44.889 17922 17922 D EnvelopeDetectorController: isEnvelopeAssistantEnabled isCancelNotification: true currentUserId: 0 userId: 0
01-10 06:19:44.889 17922 17922 D EnvelopeDetectorController: isEnvelopeAssistantEnabled isCancelNotification: true currentUserId: 0 userId: 0
01-10 06:19:44.891 18585 18608 I [0]DCS-StrategyManager: isNeedUpload: cache, type: 2006, appID: 20089, logTag: 20089, eventID: smart_long_charge_protect_mode
01-10 06:19:45.009 17922 18241 V AlarmManager: sending alarm Alarm{99450e5 type 3 origWhen 120949035 whenElapsed 120949035 android} uid 1000 whenElapsed 120949035 windowLength 0 maxWhenElapsed 120949035 repeatInterval 0 action null component null tag *job.delay* flags 0x0 procName system_server
01-10 06:19:45.011 17922 18636 I Osense-BaseDecisionMaker: notifySceneToAthenaPolicy: SCENE_RES_IO_PSI, bundle: Bundle[{ioLevel=3}]
01-10 06:19:45.011 17922 18636 I Osense-BaseDecisionMaker: OSense not supported scene! SCENE_RES_IO_PSI
01-10 06:19:45.017 17922 18235 D ActivityManager: reportOneUidFrozenStateChanged uid 10108 frozen = false
01-10 06:19:45.017 17922 18127 D ActivityManager: pid 26756 com.snapchat.android received async transactions while frozen
01-10 06:19:45.019 17922 18127 D ActivityManager: sync unfroze 26756 com.snapchat.android for 6
01-10 06:19:45.021 17535 17582 E TetherController: property_get sys.radio.data.modem_share_flag return 0, 1!
01-10 06:19:45.027  3583  4072 D QmiClient: qmiServiceEventCallback recv msg id 276
01-10 06:19:45.027  3583  4072 D QmiNasClient: enter : onQmiServiceEventCallback msgId 276
01-10 06:19:45.027  3583  4072 D QmiNasClientEvent: qmiNasClientAccessBarringStatusEvent - RADIO_EVENT_NAS_ACCESS_BARRING_STATUS_IND
01-10 06:19:45.027  3583  3626 D NasProxy: handleMessage msg is 2104
01-10 06:19:45.027  3592  4073 D QmiClient: qmiServiceEventCallback recv msg id 276
01-10 06:19:45.027  3592  4073 D QmiNasClient: enter : onQmiServiceEventCallback msgId 276
01-10 06:19:45.027  3592  4073 D QmiNasClientEvent: qmiNasClientAccessBarringStatusEvent - RADIO_EVENT_NAS_ACCESS_BARRING_STATUS_IND
01-10 06:19:45.027  3592  3639 D NasProxy: handleMessage msg is 2104
01-10 06:19:45.027 18986 19005 D SubsysRadioIndication: [PHONE0]radioNasAccessBarringStatusInd, NasAccessBarringStatusType: radioIf:8, dataBarringStatus:0, dataBarringTime:0, voiceBarringStatus:0, voiceBarringTime:0, videoBarringStatus:0, videoBarringTime:0
01-10 06:19:45.027 18986 19005 D SubsysRadioIndication: [PHONE0]notify enter
01-10 06:19:45.027 18986 19575 D SubsysRadioIndication: [PHONE1]radioNasAccessBarringStatusInd, NasAccessBarringStatusType: radioIf:8, dataBarringStatus:0, dataBarringTime:0, voiceBarringStatus:0, voiceBarringTime:0, videoBarringStatus:0, videoBarringTime:0
01-10 06:19:45.027 18986 19575 D SubsysRadioIndication: [PHONE1]notify enter
01-10 06:19:45.136 17922 18415 I OplusWifiSarManager: Received Data State Change: 0
01-10 06:19:45.136 18698 18876 I SystemUi--Statusbar: MobileConnectionRepositoryImpl-->subId:1 isSoftSimCard:false slotId:0
01-10 06:19:45.139 18698 19314 V OplusCustomizeCacheManager: queryCache name: sys.cache.common_customize_cache18014 param: null
01-10 06:19:45.139 18698 19314 V OplusCustomizeCacheManager: queryCache name: sys.cache.common_customize_cache18017 param: Bundle[{SETTING=BLOCK, BUSINESS=NCT-DATA}]
01-10 06:19:45.139 18698 19314 V OplusCustomizeCacheManager: start recompute
01-10 06:19:45.140 17922 20648 D OplusCustomizeSecurityManagerService: we can't find the BLOCK
01-10 06:19:45.140 18698 19314 V OplusCustomizeCacheManager: queryCache name: sys.cache.common_customize_cache18013 param: null
01-10 06:19:45.199 17922 18111 D CompressAction: set affinity failed.
01-10 06:19:45.296 17922 19359 D ActivityManager: Async freezing 26756 com.snapchat.android
01-10 06:19:45.477  2273  2310 D BatteryChargeControl: bcc get no support from charging protocol
01-10 06:19:45.521  2077  2211 E minksocket: MinkIPC ERROR: ( 2077:2211 ) MinkIPC_preProcess:272 Client down, but cannot find corresponding minksession
01-10 06:19:45.521  2077  2217 E minksocket: MinkIPC ERROR: ( 2077:2217 ) MinkIPC_preProcess:272 Client down, but cannot find corresponding minksession
01-10 06:19:45.521  2077  2211 E minksocket: MinkIPC ERROR: ( 2077:2211 ) MinkIPC_preProcess:272 Client down, but cannot find corresponding minksession
01-10 06:19:45.521  2077  2217 E minksocket: MinkIPC ERROR: ( 2077:2217 ) MinkIPC_preProcess:272 Client down, but cannot find corresponding minksession
01-10 06:19:45.522  2077  2217 E minksocket: MinkIPC ERROR: ( 2077:2217 ) MinkIPC_preProcess:272 Client down, but cannot find corresponding minksession
01-10 06:19:45.522  2077  2211 E minksocket: MinkIPC ERROR: ( 2077:2211 ) MinkIPC_preProcess:272 Client down, but cannot find corresponding minksession
01-10 06:19:45.523  2077  2217 E minksocket: MinkIPC ERROR: ( 2077:2217 ) MinkIPC_preProcess:272 Client down, but cannot find corresponding minksession
01-10 06:19:45.524  2077  2211 E minksocket: MinkIPC ERROR: ( 2077:2211 ) MinkIPC_preProcess:272 Client down, but cannot find corresponding minksession
01-10 06:19:45.533  2104 18445 I WifiHAL : event received NL80211_CMD_VENDOR, vendor_id = 0x1374, subcmd = 0xd
01-10 06:19:45.533  3314 18446 D LOWI-9.0.1.110: [LOWI-Scan] wait_event:Wait done with Cmd 103
01-10 06:19:45.533  3314 18446 D LOWI-9.0.1.110: [LOWI-Scan] do_listen_events: Rcvd valid Netlink Cmd 0 Err 0
01-10 06:19:45.533  3270  3270 I cnss-daemon: nl80211 response handler invoked
01-10 06:19:45.533  3270  3270 I cnss-daemon: nl80211_response_handler: cmd 103, vendorID 4980, subcmd 13  received
01-10 06:19:45.867 17535 17573 E NetlinkEvent: NetlinkEvent::FindParam(): Parameter 'INTERFACE' not found
01-10 06:19:45.867 17535 17573 E NetlinkEvent: NetlinkEvent::FindParam(): Parameter 'STATE' not found
01-10 06:19:45.867 17535 17573 E NetlinkEvent: NetlinkEvent::FindParam(): Parameter 'TIME_NS' not found
01-10 06:19:45.867 17535 17573 E NetlinkEvent: NetlinkEvent::FindParam(): Parameter 'UID' not found
01-10 06:19:46.051 17922 18636 I Osense-BaseDecisionMaker: notifySceneToAthenaPolicy: SCENE_RES_IO_PSI, bundle: Bundle[{ioLevel=3}]
01-10 06:19:46.051 17922 18636 I Osense-BaseDecisionMaker: OSense not supported scene! SCENE_RES_IO_PSI
01-10 06:19:46.126  3583  4140 D QmiClient: qmiServiceEventCallback recv msg id 47
01-10 06:19:46.126  3583  4140 D QmiOttClient: enter : onQmiServiceEventCallback msgId 47
01-10 06:19:46.127  3583  3614 D OttProxy: handleMessage msg is 3001
01-10 06:19:46.127 18986 19005 D SubsysRadioIndication: [PHONE0]radioLinkLatencyInfoInd
01-10 06:19:46.128 18986 19005 D SubsysRadioIndication: [PHONE0]notify enter
01-10 06:19:46.478  2273  2310 D BatteryChargeControl: bcc get no support from charging protocol
01-10 06:19:46.523 18986 18986 D VendorWifiService: onEvent event:9,action:1
01-10 06:19:46.524 18698 18794 D WifiStatusTracker: mNetworkCallback onCapabilitiesChanged network:102 mPrimaryNetworkId:102
01-10 06:19:46.524 18986 19429 D SubsysEventListenerManager: onCapabilitiesChanged
01-10 06:19:46.524 18986 19429 D DataStateTracker: getCurDataChannel, channel:1
01-10 06:19:46.524 18698 18902 D WifiPickerTracker: handleNetworkCapabilitiesChanged network:102
01-10 06:19:46.523 17922 18415 D OplusWifiPower_TriggerCenter: mComponentCallback: wifistat
01-10 06:19:46.526 17922 18415 D SystemNetworkObserver: wifi network 102 nc changed, primary=true
01-10 06:19:46.526 17922 18415 D SystemNetworkObserver: default network nc changed 102
01-10 06:19:46.526 18698 18902 I WifiPickerTracker: wifi connected status realConnectedWifiEntry not null: true
01-10 06:19:46.526 17922 18441 D OplusSlaNetworkManager: isPrimaryWifi:true network:102
01-10 06:19:46.527 18698 18794 D WifiStatusTracker: mNetworkCallback onCapabilitiesChanged network:102 mPrimaryNetworkId:102
01-10 06:19:46.527 18937 20983 D QCNEJ/NativeAidlConnector: -> SND notifyDefaultNetworkChanged(1)
01-10 06:19:46.527 18937 20983 D cneJni  : sendDefaultNwMsg start
01-10 06:19:46.528 17922 18314 W IPCThreadState: Sending oneway calls to frozen process.
01-10 06:19:46.528 17922 18314 W IPCThreadState: Sending oneway calls to frozen process.
01-10 06:19:46.528 18937 20983 D cneJni  : sendWifiStatus start
01-10 06:19:46.528 17922 18314 W IPCThreadState: Sending oneway calls to frozen process.
01-10 06:19:46.528 18873 20975 D txpwrJni: sendNetworkInfo start
01-10 06:19:46.528 18873 20975 D txpwrJni: sendNetworkInfo RatType 0
01-10 06:19:46.528 17922 18314 W IPCThreadState: Sending oneway calls to frozen process.
01-10 06:19:46.529 20413 22045 I BugleRcsEngine: handleMessage processing message:[NOTIFY_UPTIME_IGNORE_STATE_CHANGED] with [non-null]:RcsEngineImpl reference [CONTEXT log_prefix="RcsEngineImpl[DUAL_REG]:[254f5748-f7ae]>Handler" thread_id=75 ]
01-10 06:19:46.529 20413 21646 I BugleRcsEngine: Connected state: [1], networkType: [WIFI] [CONTEXT thread_id=69 ]
01-10 06:19:46.529 17922 18314 W IPCThreadState: Sending oneway calls to frozen process.
01-10 06:19:46.529 17922 18314 W IPCThreadState: Sending oneway calls to frozen process.
01-10 06:19:46.529 17922 18314 W IPCThreadState: Sending oneway calls to frozen process.
01-10 06:19:46.529 17922 18314 W IPCThreadState: Sending oneway calls to frozen process.
01-10 06:19:46.529 17922 18314 W IPCThreadState: Sending oneway calls to frozen process.
01-10 06:19:46.530 17922 18314 W IPCThreadState: Sending oneway calls to frozen process.
01-10 06:19:46.530 17922 18314 W IPCThreadState: Sending oneway calls to frozen process.
01-10 06:19:46.530 17922 18314 W IPCThreadState: Sending oneway calls to frozen process.
01-10 06:19:46.530 17922 18314 W IPCThreadState: Sending oneway calls to frozen process.
01-10 06:19:46.530 17922 18314 W IPCThreadState: Sending oneway calls to frozen process.
01-10 06:19:46.530 17922 18314 W IPCThreadState: Sending oneway calls to frozen process.
01-10 06:19:46.530 17922 18314 W IPCThreadState: Sending oneway calls to frozen process.
01-10 06:19:46.530 17922 18314 W IPCThreadState: Sending oneway calls to frozen process.
01-10 06:19:46.530 17922 18314 W IPCThreadState: Sending oneway calls to frozen process.
01-10 06:19:46.530 17922 18314 W IPCThreadState: Sending oneway calls to frozen process.
01-10 06:19:46.530 17922 18314 W IPCThreadState: Sending oneway calls to frozen process.
01-10 06:19:46.530 17922 18314 W IPCThreadState: Sending oneway calls to frozen process.
01-10 06:19:46.530 17922 18314 W IPCThreadState: Sending oneway calls to frozen process.
01-10 06:19:46.531 17922 18314 W IPCThreadState: Sending oneway calls to frozen process.
01-10 06:19:46.531 19361 19373 I ChimeraSrvcProxy: NullBinder for android.net.action.RECOMMEND_NETWORKS triggering remote TransactionTooLargeException due to Service without Chimera impl
01-10 06:19:46.531 17922 18314 W IPCThreadState: Sending oneway calls to frozen process.
01-10 06:19:46.531 19361 19373 W .gms.persistent: Large reply transaction of 2113536 bytes, interface descriptor , code 1
01-10 06:19:46.531 17922 18314 W IPCThreadState: Sending oneway calls to frozen process.
01-10 06:19:46.531 17922 18314 W IPCThreadState: Sending oneway calls to frozen process.
01-10 06:19:46.531 17922 18314 W IPCThreadState: Sending oneway calls to frozen process.
01-10 06:19:46.531 17922 18314 W IPCThreadState: Sending oneway calls to frozen process.
01-10 06:19:46.531 17922 18314 W IPCThreadState: Sending oneway calls to frozen process.
01-10 06:19:46.531 17922 18314 W IPCThreadState: Sending oneway calls to frozen process.
01-10 06:19:46.531 17922 18314 W IPCThreadState: Sending oneway calls to frozen process.
01-10 06:19:46.531 17922 18314 W IPCThreadState: Sending oneway calls to frozen process.
01-10 06:19:46.531 17922 18314 W IPCThreadState: Sending oneway calls to frozen process.
01-10 06:19:46.531 17922 18314 W IPCThreadState: Sending oneway calls to frozen process.
01-10 06:19:46.531 17922 18314 W IPCThreadState: Sending oneway calls to frozen process.
01-10 06:19:46.531 17922 18314 W IPCThreadState: Sending oneway calls to frozen process.
