01-10 06:19:07.949 18698 19314 V OplusCustomizeCacheManager: start recompute
01-10 06:19:07.949 17922 20644 D OplusCustomizeSecurityManagerService: we can't find the BLOCK
01-10 06:19:07.950 18698 19314 V OplusCustomizeCacheManager: queryCache name: sys.cache.common_customize_cache18013 param: null
01-10 06:19:07.950 18698 18698 D ViewRootImplExtImpl: wrapConfigInfoIntoFlags rotation=0, smallestScreenWidthDp=411, relayoutAsync=false, flags=1, newFlags=26935297, residentWS=false, title=NotificationShade
01-10 06:19:07.950 17922 18943 D WindowManagerServiceExtImpl: extractConfigInfoAndRealFlags rotation=0, screenDp=411, residentWS:0, win=Window{88342aa u0 NotificationShade}
01-10 06:19:07.950 17922 18943 V WindowManager: Relayout Window{88342aa u0 NotificationShade}: viewVisibility=0, oldvis=4, req=1080x2376, vsysui=, x=0, y=0
01-10 06:19:07.951 17922 18943 I WindowManager: Window{88342aa u0 NotificationShade} state from NO_SURFACE to DRAW_PENDING; reason: resetDrawState
01-10 06:19:07.951  2431  2686 D OplusLayer: setProcInfo (25017,NotificationShade#25017,com.android.systemui,0x4578D52F)
01-10 06:19:07.952 17922 18943 D QuickBackInputPolicy: hasMultiChildrenInTask: false
01-10 06:19:07.952 17922 18943 D WindowManager: NFW_findFocusedWindowIfNeeded:Window{cf7b7f4 u0 com.android.launcher/com.android.launcher.Launcher} mCurrentFocus:Window{cf7b7f4 u0 com.android.launcher/com.android.launcher.Launcher}
01-10 06:19:07.952 17922 18304 V NetworkPolicy: updateNetworkEnabledNL() return
01-10 06:19:07.952 17922 18304 V NetworkPolicy: updateNotificationsNL not process
01-10 06:19:07.952 18698 18698 W VRI[NotificationShade]: updateBlastSurfaceIfNeeded, surfaceSize:Point(1080, 2376), lastSurfaceSize:Point(1080, 2376), format:-3, blastBufferQueue:null
01-10 06:19:07.952 18698 18698 D BufferQueueConsumer: [](id:490a00000044,api:0,p:-1,c:18698) connect: controlledByApp=false
01-10 06:19:07.953 18698 18849 D BufferQueueProducer: [VRI[NotificationShade]#67(BLAST Consumer)67](id:490a00000044,api:1,p:18698,c:18698) connect: api=1 producerControlledByApp=true
01-10 06:19:07.953 17922 18304 V NetworkPolicy: updateNetworkEnabledNL() return
01-10 06:19:07.953 17922 18304 V NetworkPolicy: updateNotificationsNL not process
01-10 06:19:07.954 18698 18698 I QuickSettingsController: calculateNotificationsTopPadding: overScrollHeight:0.0
01-10 06:19:07.954 18843 19457 V MonthTrafficAlert: getWarningNotification subId:1 numWarningNotificaion:0
01-10 06:19:07.954 18698 18698 I QuickSettingsController: calculateNotificationsTopPadding: overScrollHeight:0.0
01-10 06:19:07.954 18698 18698 I SurfaceControl:  setExtendedRangeBrightness sc=Surface(name=NotificationShade)/@0x983b847,currentBufferRatio=1.0,desiredRatio=1.0
01-10 06:19:07.958  2431  2686 D SurfaceFlinger: captureLayers from pid 19175 uid -333
01-10 06:19:07.958  2431  2686 W SurfaceFlinger: Skipping screen capture because of invalid layer.
01-10 06:19:07.958 19175 19327 E ScreenCapture: Failed to generate screen capture. Error code: -12
01-10 06:19:07.958 19175 19327 E Blur_ScreenCapture: [captureScreenInternal] exceeds fail times limit=1
01-10 06:19:07.958 18698 18849 D BLASTBufferQueue: [VRI[NotificationShade]#67](f:0,a:1) acquireNextBufferLocked size=1080x2376 mFrameNumber=1 applyTransaction=true mTimestamp=93896175369493(auto) mPendingTransactions.size=0 graphicBufferId=80307298501864 transform=0
01-10 06:19:07.958 18698 18849 D VRI[NotificationShade]: Received frameCommittedCallback lastAttemptedDrawFrameNum=1 didProduceBuffer=true syncBuffer=false
01-10 06:19:07.958 18698 18698 D VRI[NotificationShade]: draw finished. seqId=0
01-10 06:19:07.958 18698 18698 D ViewRootImplExtImpl: setMaxDequeuedBufferCount: 2
01-10 06:19:07.958 17922 20644 I WindowManager: Window{88342aa u0 NotificationShade} state from DRAW_PENDING to COMMIT_DRAW_PENDING; reason: finishDrawingLocked
01-10 06:19:07.959 17922 17948 I WindowManager: Window{88342aa u0 NotificationShade} state from COMMIT_DRAW_PENDING to READY_TO_SHOW; reason: commitFinishDrawingLocked
01-10 06:19:07.959 17922 17948 I WindowManager: Window{88342aa u0 NotificationShade} state from READY_TO_SHOW to HAS_DRAWN; reason: performShowLocked
01-10 06:19:07.959 18698 18698 I QuickSettingsController: calculateNotificationsTopPadding: overScrollHeight:0.0
01-10 06:19:07.959 18698 18698 I SystemUi--Keyguard: ScrimControllerExImp-->blur State to UNLOCK, bouncer=false goingAway=false hasHandle=true isOccludeAnimationPlaying=false
01-10 06:19:07.959 18698 18698 I SystemUi--Keyguard: ScrimControllerExImp-->blur State to UNLOCK, bouncer=false goingAway=false hasHandle=true isOccludeAnimationPlaying=false
01-10 06:19:07.959 18698 18698 I SystemUi--Common: PlatformBlurManagerImpl-->setPlatformBlurMode: blurMode=AUTO(blurFrequency=2)
01-10 06:19:07.959 18698 18698 I SystemUi--Common: PlatformBlurManagerImpl-->updateMotionFrequency: isExpanding=true
01-10 06:19:07.959 17922 17966 I UserAwareMgr: handleFgAppChanged, pkgName: com.android.systemui, pid: 18698, isVisible: true, fgAppType: FG2
01-10 06:19:07.959 17922 17966 I UserAwareMgr: fg app status not changed, beforeVisible: true, currentVisible: true
01-10 06:19:07.960 18698 18698 I PluginSeedling--CapsuleCard: CardRootViewModel-->onExpandedChanged: true
01-10 06:19:07.960 18698 18698 I PluginSeedling--StateMachine: StateEventManager-->stable: true, event: null
01-10 06:19:07.960 18698 18698 D PluginSeedling--StateMachine: SeedlingStateMachine-->BeforeEvent:EVENT_EXPAND PreState:INSTANT_CARD_STATE CurState:START_STATE
01-10 06:19:07.960 18698 18698 D PluginSeedling--Engine: StateMachine-->tryTransferOrDoo EVENT_EXPAND, result=REFUSED @main
01-10 06:19:07.960 18698 18698 D PluginSeedling--StateMachine: SeedlingStateMachine-->AfterEvent:EVENT_EXPAND, Result REFUSED, AfterTransfer:START_STATE
01-10 06:19:07.960 18698 18698 D PluginSeedling--Engine: StateMachineHandler-->emptyEvent: emptyListeners:ListenerContainer(repeatStrategy=MOVE_TO_TAIL, retentionStrategy=ALWAYS, isolationInvoke=true, size=0, runningFlag=false) @main
01-10 06:19:07.960 18698 18698 D PluginSeedling--StateMachine: StateEventManager-->raiseEvent:EVENT_EXPAND
01-10 06:19:07.960 18698 18698 D PluginSeedling--StateMachine: StateEventManager-->SYSTEM_EVENT_DATA: liveSize=0, alwaysReminder=false, transientReminderSize=0
01-10 06:19:07.960 18698 18698 I SystemUi--Notification: OplusNotificationShadeWindowControllerExImpl-->SHADE_FOCUSABLE-->mNotificationShadeFocusable= true, mPanelExpanded= true, mBouncerShowing= false, mKeyguardShowing= false, mKeyguardOccluded= false, mKeyguardNeedsInput= false, ENABLE_REMOTE_INPUT= true, mRemoteInputActive= false, layoutFlags= -2121924544
01-10 06:19:07.960 18698 18698 I SystemUi--Notification: OplusNotificationShadeWindowControllerExImpl-->SHADE_VISIBLE-->mKeyguardShowing= false, mKeyguardOccluded= false, mPanelVisible= true, mKeyguardFadingAway= false, mKeyguardGoingAway= false, mBouncerShowing= false, mScrimsVisibility= 1, mBackgroundBlurRadius= 0, mForcePluginOpen= false, mediaBackdropShowing= false, viewVisibility= true
01-10 06:19:07.961 17922 19359 D OplusCustomizeConnectivityManagerService: getBluetoothPolicies 2
01-10 06:19:07.961 18698 18698 I SystemUi--QuickSettings: OplusQSFooterImpl-->updateUi showUserSwitcher = false mExpanded = false
01-10 06:19:07.961 18698 18698 I SystemUi--QuickSettings: OplusQsBrightnessSliderController-->setProgressAnimation value: 1687 isListening: true  screenBrightnessDuration: 0.0  startValue: 0 startTime: 0 lastDuration: 0.0 lastStartTime: 0  max: 4089 sliderProgress: 1687
01-10 06:19:07.961 18698 19314 V OplusCustomizeCacheManager: queryCache name: sys.cache.common_customize_cache18014 param: null
01-10 06:19:07.961 18698 19314 V OplusCustomizeCacheManager: queryCache name: sys.cache.common_customize_cache18017 param: Bundle[{SETTING=BLOCK, BUSINESS=NCT-DATA}]
01-10 06:19:07.961 18698 19314 V OplusCustomizeCacheManager: start recompute
01-10 06:19:07.961 18585 18608 I [0]DCS-StrategyManager: isNeedUpload: cache, type: 2006, appID: 20082, logTag: 20082, eventID: qs_flashlight_second_dialog_event
01-10 06:19:07.961 17922 19359 D OplusCustomizeSecurityManagerService: we can't find the BLOCK
01-10 06:19:07.962 18698 19314 V OplusCustomizeCacheManager: queryCache name: sys.cache.common_customize_cache18013 param: null
01-10 06:19:07.962 18698 18698 I QuickSettingsController: calculateNotificationsTopPadding: overScrollHeight:2.5763006
01-10 06:19:07.962 18698 19314 V OplusCustomizeCacheManager: queryCache name: sys.cache.common_customize_cache18014 param: null
01-10 06:19:07.962 18698 19314 V OplusCustomizeCacheManager: queryCache name: sys.cache.common_customize_cache18017 param: Bundle[{SETTING=BLOCK, BUSINESS=NCT-DATA}]
01-10 06:19:07.962 18698 19314 V OplusCustomizeCacheManager: start recompute
01-10 06:19:07.962 17922 19359 D OplusCustomizeSecurityManagerService: we can't find the BLOCK
01-10 06:19:07.962 18698 18698 I SystemUi--Keyguard: ScrimControllerExImp-->blur State to UNLOCK, bouncer=false goingAway=false hasHandle=true isOccludeAnimationPlaying=false
01-10 06:19:07.962 18698 19314 V OplusCustomizeCacheManager: queryCache name: sys.cache.common_customize_cache18013 param: null
01-10 06:19:07.962 18698 18698 I SystemUi--Keyguard: ScrimControllerExImp-->blur State to UNLOCK, bouncer=false goingAway=false hasHandle=true isOccludeAnimationPlaying=false
01-10 06:19:07.963 18698 19314 V OplusCustomizeCacheManager: queryCache name: sys.cache.common_customize_cache18014 param: null
01-10 06:19:07.963 18698 19314 V OplusCustomizeCacheManager: queryCache name: sys.cache.common_customize_cache18017 param: Bundle[{SETTING=BLOCK, BUSINESS=NCT-DATA}]
01-10 06:19:07.963 18698 19314 V OplusCustomizeCacheManager: start recompute
01-10 06:19:07.963 17922 19359 D OplusCustomizeSecurityManagerService: we can't find the BLOCK
01-10 06:19:07.963 18698 18698 D ViewRootImplExtImpl: wrapConfigInfoIntoFlags rotation=0, smallestScreenWidthDp=411, relayoutAsync=true, flags=1, newFlags=26935297, residentWS=false, title=NotificationShade
01-10 06:19:07.963 18698 19314 V OplusCustomizeCacheManager: queryCache name: sys.cache.common_customize_cache18013 param: null
01-10 06:19:07.963 18698 18698 W VRI[NotificationShade]: updateBlastSurfaceIfNeeded, surfaceSize:Point(1080, 2376), lastSurfaceSize:Point(1080, 2376), format:-3, blastBufferQueue:android.graphics.BLASTBufferQueue@b2fdba0
01-10 06:19:07.963 17922 19359 D WindowManagerServiceExtImpl: extractConfigInfoAndRealFlags rotation=0, screenDp=411, residentWS:0, win=Window{88342aa u0 NotificationShade}
01-10 06:19:07.963 17922 19359 V WindowManager: Relayout Window{88342aa u0 NotificationShade}: viewVisibility=0, oldvis=0, req=1080x2376, vsysui=, x=0, y=0
01-10 06:19:07.963 18698 19314 V OplusCustomizeCacheManager: queryCache name: sys.cache.common_customize_cache18014 param: null
01-10 06:19:07.963 18698 19314 V OplusCustomizeCacheManager: queryCache name: sys.cache.common_customize_cache18017 param: Bundle[{SETTING=BLOCK, BUSINESS=NCT-DATA}]
01-10 06:19:07.963 18698 19314 V OplusCustomizeCacheManager: start recompute
01-10 06:19:07.963 17922 20644 D OplusCustomizeSecurityManagerService: we can't find the BLOCK
01-10 06:19:07.963 18698 19314 V OplusCustomizeCacheManager: queryCache name: sys.cache.common_customize_cache18013 param: null
01-10 06:19:07.963 18698 18698 I QuickSettingsController: calculateNotificationsTopPadding: overScrollHeight:5.387495
01-10 06:19:07.963 18698 18698 I QuickSettingsController: calculateNotificationsTopPadding: overScrollHeight:5.387495
01-10 06:19:07.964 17922 19359 D WindowManager: NFW_findFocusedWindowIfNeeded:Window{88342aa u0 NotificationShade} mCurrentFocus:Window{cf7b7f4 u0 com.android.launcher/com.android.launcher.Launcher}
01-10 06:19:07.964 17922 19359 V WindowManager: Changing focus from Window{cf7b7f4 u0 com.android.launcher/com.android.launcher.Launcher} to Window{88342aa u0 NotificationShade},diplayid=0
01-10 06:19:07.964 18698 18698 I SurfaceControl:  setExtendedRangeBrightness sc=Surface(name=NotificationShade)/@0x983b847,currentBufferRatio=1.0,desiredRatio=1.0
01-10 06:19:07.964 17922 18407 E OplusUIFirst_WS: unknown window type: -1
01-10 06:19:07.964 17922 18463 E FBProcessManager: unknown window type: -1
01-10 06:19:07.964 17922 17998 D VRR [OPlusRefreshRateService]: Receive multi scene changed eventId = 5 bundleList.size = 2
01-10 06:19:07.964 17922 18407 E UAH-Framework: invalid window type -1, return
01-10 06:19:07.964 17922 19359 D Theia.NoFocusWindow: FocusWindowErrorScene cancelCheckFreezeScreen
01-10 06:19:07.964 17922 19359 D Theia.TransparentWindow: TransparentWindow cancelCheckFreezeScreen
01-10 06:19:07.964 17922 19359 W TheiaWindowMonitor: [check] focusedWindow is null or enable is false
01-10 06:19:07.964 17922 18943 D OplusCustomizeConnectivityManagerService: getBluetoothPolicies 2
01-10 06:19:07.965 18698 19506 D Util    : isPkgInstalled_isPkgInstalled = false
01-10 06:19:07.965 18698 19506 D Util    : isPkgInstalled_isPkgInstalled = true
01-10 06:19:07.967  2431  2431 D OplusInfoMonitor: setListenerReport: reportInfo:
01-10 06:19:07.967 19175 28546 D InfoMonitor onLayerStatus: 
01-10 06:19:07.967  2431  2687 D SurfaceFlinger: captureLayers from pid 19175 uid -333
01-10 06:19:07.969  2153  4760 I SDM     : ClstcAlgorithmAdapter::UcscToneMap():1625 Checksum for layer 10954 is: 0
01-10 06:19:07.970 18698 18698 I QuickSettingsController: calculateNotificationsTopPadding: overScrollHeight:5.387495
01-10 06:19:07.971 18698 18698 I SystemUi--Keyguard: ScrimControllerExImp-->blur State to UNLOCK, bouncer=false goingAway=false hasHandle=true isOccludeAnimationPlaying=false
01-10 06:19:07.971  2150  2232 I SnapAlloc: Using graphics libs for alignment calculations
01-10 06:19:07.971 18698 18698 I SystemUi--Keyguard: ScrimControllerExImp-->blur State to UNLOCK, bouncer=false goingAway=false hasHandle=true isOccludeAnimationPlaying=false
01-10 06:19:07.971  2150  2232 I SnapAlloc: Using graphics libs for alignment calculations
01-10 06:19:07.972  2150  2232 I SnapAlloc: Using graphics libs for alignment calculations
01-10 06:19:07.972  2150  2232 I SnapAlloc: Using graphics libs for alignment calculations
01-10 06:19:07.977  2431  3911 D SurfaceFlinger: updateWinowInfo=1, setFocusedWindow timestamp=93896181975795, windowName=88342aa NotificationShade
01-10 06:19:07.977 17922 19359 I InputDispatcher: NFW_setFocusedWindow, 88342aa NotificationShade on display 0, same as the previous:0
01-10 06:19:07.977 17922 19359 I InputDispatcher: updateFocusedWindow,  on display 0, reason: Waiting for window because NOT_FOCUSABLE, result:   FocusedWindows: <none>
01-10 06:19:07.977 17922 18943 I InputDispatcher: updateFocusedWindow, 88342aa NotificationShade on display 0, reason: Window became focusable. Previous reason: NOT_FOCUSABLE, result:   FocusedWindows:
01-10 06:19:07.977 17922 18943 I InputDispatcher:     displayId=0, name='88342aa NotificationShade'
01-10 06:19:07.977 18698 18698 D VRI[NotificationShade]: onFocusEvent true
01-10 06:19:07.977 18990 18990 D VRI[Launcher]: onFocusEvent false
01-10 06:19:07.979 18698 18698 I QuickSettingsController: calculateNotificationsTopPadding: overScrollHeight:8.736333
01-10 06:19:07.979 18698 18698 I SystemUi--Keyguard: ScrimControllerExImp-->blur State to UNLOCK, bouncer=false goingAway=false hasHandle=true isOccludeAnimationPlaying=false
01-10 06:19:07.979 18698 18698 I SystemUi--Keyguard: ScrimControllerExImp-->blur State to UNLOCK, bouncer=false goingAway=false hasHandle=true isOccludeAnimationPlaying=false
01-10 06:19:07.981 18698 18698 I SystemUi--Keyguard: OplusRepeatWhenAttachedUnlock-->updateState: view.windowVisibility: 0, keyguardShow: false, isInPreviewMode: false, view.hasWindowFocus(): true
01-10 06:19:07.987  2150  2232 I SnapAlloc: Using graphics libs for alignment calculations
01-10 06:19:07.987 18698 18698 I QuickSettingsController: calculateNotificationsTopPadding: overScrollHeight:12.478587
01-10 06:19:07.987 18698 18698 I SystemUi--Keyguard: ScrimControllerExImp-->blur State to UNLOCK, bouncer=false goingAway=false hasHandle=true isOccludeAnimationPlaying=false
01-10 06:19:07.988 18698 18698 I SystemUi--Keyguard: ScrimControllerExImp-->blur State to UNLOCK, bouncer=false goingAway=false hasHandle=true isOccludeAnimationPlaying=false
01-10 06:19:07.988  3583  4140 D QmiClient: qmiServiceEventCallback recv msg id 47
01-10 06:19:07.988  3583  4140 D QmiOttClient: enter : onQmiServiceEventCallback msgId 47
01-10 06:19:07.988  3583  3614 D OttProxy: handleMessage msg is 3001
01-10 06:19:07.988 18986 19005 D SubsysRadioIndication: [PHONE0]radioLinkLatencyInfoInd
01-10 06:19:07.988 18986 19005 D SubsysRadioIndication: [PHONE0]notify enter
01-10 06:19:07.996 18698 18698 I QuickSettingsController: calculateNotificationsTopPadding: overScrollHeight:16.571007
01-10 06:19:07.996 18698 18698 I SystemUi--Keyguard: ScrimControllerExImp-->blur State to UNLOCK, bouncer=false goingAway=false hasHandle=true isOccludeAnimationPlaying=false
01-10 06:19:07.996 18698 18698 I SystemUi--Notification: ClearAllController-->onElementShowingChanged
01-10 06:19:07.996 18698 18698 I SystemUi--Common: PanelAnimationEx-->isElementShowing: true
01-10 06:19:07.996 18698 18698 I SystemUi--Keyguard: ScrimControllerExImp-->blur State to UNLOCK, bouncer=false goingAway=false hasHandle=true isOccludeAnimationPlaying=false
01-10 06:19:07.997 18698 18698 I QuickSettingsController: calculateNotificationsTopPadding: overScrollHeight:21.084404
01-10 06:19:07.997 18698 18698 I QuickSettingsController: calculateNotificationsTopPadding: overScrollHeight:21.084404
01-10 06:19:08.004 18698 18698 I QuickSettingsController: calculateNotificationsTopPadding: overScrollHeight:21.084404
01-10 06:19:08.004  2150  2232 I SnapAlloc: Using graphics libs for alignment calculations
01-10 06:19:08.004 18698 18698 I SystemUi--Keyguard: ScrimControllerExImp-->blur State to UNLOCK, bouncer=false goingAway=false hasHandle=true isOccludeAnimationPlaying=false
01-10 06:19:08.005 18698 18698 I SystemUi--Keyguard: ScrimControllerExImp-->blur State to UNLOCK, bouncer=false goingAway=false hasHandle=true isOccludeAnimationPlaying=false
01-10 06:19:08.007  2273  2308 D vendor.oplus.hardware.charger-V6-service: ret_value:115, read content:,305,305,4437,4433,113,99,100,1,1,0,497,5037,100,1,4500,300,500,0,0,9500,0,0,1,0,2,0,0,0,1,5912,91,0,0,0,0,0,0,106
01-10 06:19:08.007  2273  2308 D vendor.oplus.hardware.charger-V6-service: gmtime: 2025-01-10-06-19-08
01-10 06:19:08.008  2273  2308 D vendor.oplus.hardware.charger-V6-service: usb_online:1, ac_online:-2147483648, wireless_online:0
01-10 06:19:08.012 18698 18698 I QuickSettingsController: calculateNotificationsTopPadding: overScrollHeight:26.129482
01-10 06:19:08.013 18698 18698 I SystemUi--Keyguard: ScrimControllerExImp-->blur State to UNLOCK, bouncer=false goingAway=false hasHandle=true isOccludeAnimationPlaying=false
01-10 06:19:08.013 18698 18698 I SystemUi--Keyguard: ScrimControllerExImp-->blur State to UNLOCK, bouncer=false goingAway=false hasHandle=true isOccludeAnimationPlaying=false
01-10 06:19:08.020  2150  2232 I SnapAlloc: Using graphics libs for alignment calculations
01-10 06:19:08.021 18698 18698 I QuickSettingsController: calculateNotificationsTopPadding: overScrollHeight:31.6988
01-10 06:19:08.021 18698 18698 I SystemUi--Keyguard: ScrimControllerExImp-->blur State to UNLOCK, bouncer=false goingAway=false hasHandle=true isOccludeAnimationPlaying=false
01-10 06:19:08.021 18698 18698 I SystemUi--Keyguard: ScrimControllerExImp-->blur State to UNLOCK, bouncer=false goingAway=false hasHandle=true isOccludeAnimationPlaying=false
01-10 06:19:08.029 18698 18698 I QuickSettingsController: calculateNotificationsTopPadding: overScrollHeight:38.029346
01-10 06:19:08.029 18698 18698 I SystemUi--Keyguard: ScrimControllerExImp-->blur State to UNLOCK, bouncer=false goingAway=false hasHandle=true isOccludeAnimationPlaying=false
01-10 06:19:08.030 18698 18698 I SystemUi--Keyguard: ScrimControllerExImp-->blur State to UNLOCK, bouncer=false goingAway=false hasHandle=true isOccludeAnimationPlaying=false
01-10 06:19:08.037 18698 18698 I QuickSettingsController: calculateNotificationsTopPadding: overScrollHeight:45.069866
01-10 06:19:08.037  2150  2232 I SnapAlloc: Using graphics libs for alignment calculations
01-10 06:19:08.038 18698 18698 I SystemUi--Keyguard: ScrimControllerExImp-->blur State to UNLOCK, bouncer=false goingAway=false hasHandle=true isOccludeAnimationPlaying=false
01-10 06:19:08.038 18698 18698 I SystemUi--Keyguard: ScrimControllerExImp-->blur State to UNLOCK, bouncer=false goingAway=false hasHandle=true isOccludeAnimationPlaying=false
01-10 06:19:08.039 17922 18263 D PowerManagerService: userActivityNoUpdateLocked: groupId=0, eventTime=93896254, event=touch, flags=0x0, uid=1000
01-10 06:19:08.046 18698 18698 I QuickSettingsController: calculateNotificationsTopPadding: overScrollHeight:52.844437
01-10 06:19:08.046 18698 18698 I SystemUi--Keyguard: ScrimControllerExImp-->blur State to UNLOCK, bouncer=false goingAway=false hasHandle=true isOccludeAnimationPlaying=false
01-10 06:19:08.047 18698 18698 I SystemUi--Keyguard: ScrimControllerExImp-->blur State to UNLOCK, bouncer=false goingAway=false hasHandle=true isOccludeAnimationPlaying=false
01-10 06:19:08.048 18698 18981 I SystemUi--Statusbar: PrivacyDotViewController-->processNextViewState: 
01-10 06:19:08.048 18698 18981 I SystemUi--Statusbar: PrivacyDotViewController-->resolveState ViewState(viewInitialized=true, systemPrivacyEventIsActive=false, shadeExpanded=true, needShow=true, portraitRect=Rect(0, 0 - 1080, 120), landscapeRect=Rect(120, 0 - 2376, 120), upsideDownRect=Rect(0, 0 - 1080, 120), seascapeRect=Rect(0, 0 - 2245, 120), layoutRtl=false, rotation=0, paddingTop=20, paddingBottom=21, cornerIndex=1, designatedCorner=android.widget.FrameLayout{62c5143 I.E...... ......ID 1038,0-1080,120 #7f0a0981 app:id/privacy_dot_top_right_container alpha=1.0 viewInfo = }, contentDescription=null, dotMargin=49)
01-10 06:19:08.054  2150  2232 I SnapAlloc: Using graphics libs for alignment calculations
01-10 06:19:08.054 18698 18698 I QuickSettingsController: calculateNotificationsTopPadding: overScrollHeight:61.48062
01-10 06:19:08.054 18698 18698 I SystemUi--Keyguard: ScrimControllerExImp-->blur State to UNLOCK, bouncer=false goingAway=false hasHandle=true isOccludeAnimationPlaying=false
01-10 06:19:08.055 18698 18698 I SystemUi--Keyguard: ScrimControllerExImp-->blur State to UNLOCK, bouncer=false goingAway=false hasHandle=true isOccludeAnimationPlaying=false
01-10 06:19:08.062 18698 18698 I QuickSettingsController: calculateNotificationsTopPadding: overScrollHeight:71.15081
01-10 06:19:08.063 18698 18698 I SystemUi--Keyguard: ScrimControllerExImp-->blur State to UNLOCK, bouncer=false goingAway=false hasHandle=true isOccludeAnimationPlaying=false
01-10 06:19:08.063 18698 18698 I SystemUi--Keyguard: ScrimControllerExImp-->blur State to UNLOCK, bouncer=false goingAway=false hasHandle=true isOccludeAnimationPlaying=false
01-10 06:19:08.071  2150  2232 I SnapAlloc: Using graphics libs for alignment calculations
01-10 06:19:08.071 18698 18698 I QuickSettingsController: calculateNotificationsTopPadding: overScrollHeight:81.98814
01-10 06:19:08.071 18698 18698 I SystemUi--Keyguard: ScrimControllerExImp-->blur State to UNLOCK, bouncer=false goingAway=false hasHandle=true isOccludeAnimationPlaying=false
01-10 06:19:08.072 18698 18698 I SystemUi--Keyguard: ScrimControllerExImp-->blur State to UNLOCK, bouncer=false goingAway=false hasHandle=true isOccludeAnimationPlaying=false
01-10 06:19:08.074 18698 18698 I QuickSettingsController: calculateNotificationsTopPadding: overScrollHeight:94.078766
01-10 06:19:08.074 18698 18698 I QuickSettingsController: calculateNotificationsTopPadding: overScrollHeight:94.078766
01-10 06:19:08.079 18698 18698 I QuickSettingsController: calculateNotificationsTopPadding: overScrollHeight:94.078766
01-10 06:19:08.079 18698 18698 I SystemUi--Keyguard: ScrimControllerExImp-->blur State to UNLOCK, bouncer=false goingAway=false hasHandle=true isOccludeAnimationPlaying=false
01-10 06:19:08.079 18698 18698 I SystemUi--Keyguard: ScrimControllerExImp-->blur State to UNLOCK, bouncer=false goingAway=false hasHandle=true isOccludeAnimationPlaying=false
01-10 06:19:08.087  3453  3453 E OplusTouchDaemon: [touchEvent][ts_report_touch_data][587]:Touchpanel id 0 :Down[8026 14574    3    0    0    0    0]K0 A0 D0
01-10 06:19:08.087 18698 18698 I QuickSettingsController: calculateNotificationsTopPadding: overScrollHeight:107.53072
01-10 06:19:08.087  2150  2232 I SnapAlloc: Using graphics libs for alignment calculations
01-10 06:19:08.087 18698 18698 I SystemUi--Keyguard: ScrimControllerExImp-->blur State to UNLOCK, bouncer=false goingAway=false hasHandle=true isOccludeAnimationPlaying=false
01-10 06:19:08.088 18698 18698 I SystemUi--Keyguard: ScrimControllerExImp-->blur State to UNLOCK, bouncer=false goingAway=false hasHandle=true isOccludeAnimationPlaying=false
01-10 06:19:08.095 18698 18698 I QuickSettingsController: calculateNotificationsTopPadding: overScrollHeight:122.31683
01-10 06:19:08.096 18698 18698 I SystemUi--Keyguard: ScrimControllerExImp-->blur State to UNLOCK, bouncer=false goingAway=false hasHandle=true isOccludeAnimationPlaying=false
01-10 06:19:08.096 18698 18698 I SystemUi--Keyguard: ScrimControllerExImp-->blur State to UNLOCK, bouncer=false goingAway=false hasHandle=true isOccludeAnimationPlaying=false
01-10 06:19:08.103  3453  3453 E OplusTouchDaemon: [prevent][curved_large_handle_V2][2841]: up id(0) status: 18, 1, 1, 1.
01-10 06:19:08.103 17922 18667 D UAH-UahAdaptHelper: adaptSetNotification identity = OplusUAwareInputHelpersrc = 1000 , type 1 ,p1 = -1 ,p2 = -1 ,p3 = -1 ,p4 =
01-10 06:19:08.103 17922 18667 I [UAH_CLIENT]: uahRuleCtl, ruleId:1000, status:1
01-10 06:19:08.104 18698 18698 I QuickSettingsController: calculateNotificationsTopPadding: overScrollHeight:138.16603
01-10 06:19:08.104  2150  2232 I SnapAlloc: Using graphics libs for alignment calculations
01-10 06:19:08.104 17922 18667 I [UAH_CLIENT]: UahRelease, handle:74410
01-10 06:19:08.104 17922 18667 I [UAH_CLIENT]: UahEventAcquire, cmdid:6, pkg:none, identity:OplusUAwareInputHelper
01-10 06:19:08.104 18698 18698 I SystemUi--Keyguard: ScrimControllerExImp-->blur State to UNLOCK, bouncer=false goingAway=false hasHandle=true isOccludeAnimationPlaying=false
01-10 06:19:08.105 18698 18698 I SystemUi--Statusbar: OplusStatusBarWindowViewTouchExImpl-->onTouchEvent handled:false
01-10 06:19:08.105 18698 18698 I SystemUi--Notification: PanelAnimationEx-->expandedTo: true, cause:fling, withoutAnimation: false, vel:5677.084
01-10 06:19:08.105 18698 18698 I SystemUi--Notification: PanelAnimationEx-->animateExpanded, isExpanded=true, (0.6541816 -> 1.0), lastFinalPosition=1.0, stiffness=($500.0 -> 400.0) withoutAnimation: false
01-10 06:19:08.105 18698 18698 I SystemUi--Common: PanelAnimationEx-->animateExpandTranslationY, isExpanded=true, threshold=170.625, withoutAnimation=false
01-10 06:19:08.105 18698 18698 I SystemUi--Notification: ClearAllController-->onFirstElementShowingChanged
01-10 06:19:08.105 18698 19506 I [UAH_CLIENT]: UahRelease, handle:74409
01-10 06:19:08.105 18698 18698 I SystemUi--Keyguard: ScrimControllerExImp-->blur State to UNLOCK, bouncer=false goingAway=false hasHandle=true isOccludeAnimationPlaying=false
01-10 06:19:08.105 18698 18698 I SystemUi--Common: PanelAnimationEx-->isFirstElementShowing: true
01-10 06:19:08.105 18698 18698 I SystemUi--QuickSettings: NotificationPanelView-->flingToHeight--vel:5677.084,expand:true,target:2177.0,collapseSpeedUpFactor:1.0,expandBecauseOfFalsing:falsemExpandedHeight:663.5957,cause: endMotionEvent 1
01-10 06:19:08.106 18698 19506 I [UAH_CLIENT]: UahEventAcquire, cmdid:97, pkg:none, identity:OsenseHelperImpl
01-10 06:19:08.106 18698 18698 I QuickSettingsController: calculateNotificationsTopPadding: overScrollHeight:138.16603
01-10 06:19:08.106 18698 18849 D HWUI    : OplusRenderNodeAnimator end!
01-10 06:19:08.106 18698 18849 D HWUI    : OplusRenderNodeAnimator end!
01-10 06:19:08.106 18698 18698 I SystemUi--Keyguard: ScrimControllerExImp-->blur State to UNLOCK, bouncer=false goingAway=false hasHandle=true isOccludeAnimationPlaying=false
01-10 06:19:08.106 18698 18849 D HWUI    : OplusRenderNodeAnimator end!
01-10 06:19:08.106 18698 18849 D HWUI    : OplusRenderNodeAnimator end!
01-10 06:19:08.106 18698 18698 I SystemUi--QuickSettings: NotificationPanelView-->onTrackingStopped-expand:true
01-10 06:19:08.107 18698 18698 I SystemUi--Common: LevelPositionAlgorithmImpl-->releaseAlgorithm intracking true, vel: 5677.084
01-10 06:19:08.107 18698 18698 I SystemUi--Notification: NotificationPanelView-->handled:true mDozing:false onTouchRet:true
01-10 06:19:08.107 18698 18698 D ViewRootImplExtImpl: the up motion event handled by client, just return
01-10 06:19:08.107 18698 18698 I SystemUi--Keyguard: ScrimControllerExImp-->blur State to UNLOCK, bouncer=false goingAway=false hasHandle=true isOccludeAnimationPlaying=false
01-10 06:19:08.107 18698 18698 I QuickSettingsController: calculateNotificationsTopPadding: overScrollHeight:138.16603
01-10 06:19:08.107  2183  2235 I [UAH_CLIENT]: UahPlatformResAcquire
01-10 06:19:08.107  2183  2235 I [UAH_CLIENT]: UahEventAcquire, cmdid:-3, pkg:2183 7223, identity:qcom-perfd
01-10 06:19:08.108  2183  2235 E PERFHAL-RESOURCEQS: PERFHAL-RESOURCEQS: AddAndApply() 130: Resource with major=18, minor=30 not supported
01-10 06:19:08.108  2183  2235 E PERFHAL-RESOURCEQS: PERFHAL-RESOURCEQS: AddAndApply() 130: Resource with major=18, minor=31 not supported
01-10 06:19:08.109 18698 18698 I SystemUi--Statusbar: CollapsedStatusBarFragmentExImpl-->animateHiddenState onAnimationEnd v:com.oplus.systemui.statusbar.widget.EndSideContentLayout{449b5c8 V.E...... ........ 205,0-452,79 #7f0a0bc2 app:id/status_bar_end_side_content alpha=1.0 viewInfo = }  v alpha:1.0 v render alpha:0.0 animateAlpha=0.0
01-10 06:19:08.109 18698 18698 I SystemUi--Statusbar: CollapsedStatusBarFragmentExImpl-->animateHiddenState onAnimationEnd v:com.android.keyguard.AlphaOptimizedLinearLayout{4e758c3 V.E...... ........ 0,0-84,79 alpha=1.0 viewInfo = }  v alpha:1.0 v render alpha:0.0 animateAlpha=0.0
01-10 06:19:08.109 18698 18698 I SystemUi--Statusbar: CollapsedStatusBarFragmentExImpl-->animateHiddenState onAnimationEnd v:com.oplus.systemui.statusbar.seeding.CapsulePluginContainer{269a082 V.E...... ........ 0,0-1080,120 #7f0a0aec app:id/seeding_card_container alpha=1.0 viewInfo = }  v alpha:1.0 v render alpha:0.0 animateAlpha=0.0
01-10 06:19:08.109 18698 18698 I SystemUi--Statusbar: CollapsedStatusBarFragmentExImpl-->animateHiddenState onAnimationEnd v:com.oplus.systemui.statusbar.widget.StatClock{efa5fb7 V.ED..... ........ 0,0-107,79 #7f0a02b5 app:id/clock alpha=1.0 viewInfo = }  v alpha:1.0 v render alpha:0.0 animateAlpha=0.0
01-10 06:19:08.111 18698 18698 I SystemUi--Keyguard: ScrimControllerExImp-->blur State to UNLOCK, bouncer=false goingAway=false hasHandle=true isOccludeAnimationPlaying=false
01-10 06:19:08.112 18698 18698 I QuickSettingsController: calculateNotificationsTopPadding: overScrollHeight:138.16603
01-10 06:19:08.112 18698 18698 I SystemUi--Keyguard: ScrimControllerExImp-->blur State to UNLOCK, bouncer=false goingAway=false hasHandle=true isOccludeAnimationPlaying=false
01-10 06:19:08.120  2150  2232 I SnapAlloc: Using graphics libs for alignment calculations
01-10 06:19:08.122 18698 18698 I SystemUi--Keyguard: ScrimControllerExImp-->blur State to UNLOCK, bouncer=false goingAway=false hasHandle=true isOccludeAnimationPlaying=false
01-10 06:19:08.123 18698 18698 I QuickSettingsController: calculateNotificationsTopPadding: overScrollHeight:137.45909
01-10 06:19:08.123 18698 18698 I SystemUi--Keyguard: ScrimControllerExImp-->blur State to UNLOCK, bouncer=false goingAway=false hasHandle=true isOccludeAnimationPlaying=false
01-10 06:19:08.129 18698 18698 I SystemUi--Keyguard: ScrimControllerExImp-->blur State to UNLOCK, bouncer=false goingAway=false hasHandle=true isOccludeAnimationPlaying=false
01-10 06:19:08.129 18698 18698 I QuickSettingsController: calculateNotificationsTopPadding: overScrollHeight:135.21167
01-10 06:19:08.129 18698 18698 I SystemUi--Keyguard: ScrimControllerExImp-->blur State to UNLOCK, bouncer=false goingAway=false hasHandle=true isOccludeAnimationPlaying=false
01-10 06:19:08.136 18698 18698 I SystemUi--Keyguard: ScrimControllerExImp-->blur State to UNLOCK, bouncer=false goingAway=false hasHandle=true isOccludeAnimationPlaying=false
01-10 06:19:08.137  2150  2232 I SnapAlloc: Using graphics libs for alignment calculations
01-10 06:19:08.137 18698 18698 I QuickSettingsController: calculateNotificationsTopPadding: overScrollHeight:132.19798
01-10 06:19:08.137 18698 18698 I SystemUi--Keyguard: ScrimControllerExImp-->blur State to UNLOCK, bouncer=false goingAway=false hasHandle=true isOccludeAnimationPlaying=false
01-10 06:19:08.145 18698 18698 I SystemUi--Keyguard: ScrimControllerExImp-->blur State to UNLOCK, bouncer=false goingAway=false hasHandle=true isOccludeAnimationPlaying=false
01-10 06:19:08.145 18698 18698 I QuickSettingsController: calculateNotificationsTopPadding: overScrollHeight:128.44655
01-10 06:19:08.146 18698 18698 I SystemUi--Keyguard: ScrimControllerExImp-->blur State to UNLOCK, bouncer=false goingAway=false hasHandle=true isOccludeAnimationPlaying=false
01-10 06:19:08.153 18698 18698 I SystemUi--Keyguard: ScrimControllerExImp-->blur State to UNLOCK, bouncer=false goingAway=false hasHandle=true isOccludeAnimationPlaying=false
01-10 06:19:08.153  2150  2232 I SnapAlloc: Using graphics libs for alignment calculations
01-10 06:19:08.154 18698 18698 I QuickSettingsController: calculateNotificationsTopPadding: overScrollHeight:123.56299
01-10 06:19:08.154 18698 18698 I SystemUi--Keyguard: ScrimControllerExImp-->blur State to UNLOCK, bouncer=false goingAway=false hasHandle=true isOccludeAnimationPlaying=false
01-10 06:19:08.161 18698 18698 I SystemUi--Keyguard: ScrimControllerExImp-->blur State to UNLOCK, bouncer=false goingAway=false hasHandle=true isOccludeAnimationPlaying=false
01-10 06:19:08.162 18698 18698 I QuickSettingsController: calculateNotificationsTopPadding: overScrollHeight:118.79538
01-10 06:19:08.162 18698 18698 I SystemUi--Keyguard: ScrimControllerExImp-->blur State to UNLOCK, bouncer=false goingAway=false hasHandle=true isOccludeAnimationPlaying=false
01-10 06:19:08.170 18698 18698 I SystemUi--Keyguard: ScrimControllerExImp-->blur State to UNLOCK, bouncer=false goingAway=false hasHandle=true isOccludeAnimationPlaying=false
01-10 06:19:08.170  2150  2232 I SnapAlloc: Using graphics libs for alignment calculations
01-10 06:19:08.170 18698 18698 I QuickSettingsController: calculateNotificationsTopPadding: overScrollHeight:113.75393
01-10 06:19:08.171 18698 18698 I SystemUi--Keyguard: ScrimControllerExImp-->blur State to UNLOCK, bouncer=false goingAway=false hasHandle=true isOccludeAnimationPlaying=false
01-10 06:19:08.174 24295 24444 D AppSwitchObserverHelper: packageName: com.android.launcher,com.android.systemui
01-10 06:19:08.178 18698 18698 I SystemUi--Keyguard: ScrimControllerExImp-->blur State to UNLOCK, bouncer=false goingAway=false hasHandle=true isOccludeAnimationPlaying=false
01-10 06:19:08.178 18698 18698 I QuickSettingsController: calculateNotificationsTopPadding: overScrollHeight:108.54022
01-10 06:19:08.179 18698 18698 I SystemUi--Keyguard: ScrimControllerExImp-->blur State to UNLOCK, bouncer=false goingAway=false hasHandle=true isOccludeAnimationPlaying=false
01-10 06:19:08.186 18698 18698 I SystemUi--Keyguard: ScrimControllerExImp-->blur State to UNLOCK, bouncer=false goingAway=false hasHandle=true isOccludeAnimationPlaying=false
01-10 06:19:08.187  2150  2232 I SnapAlloc: Using graphics libs for alignment calculations
01-10 06:19:08.187 18698 18698 I QuickSettingsController: calculateNotificationsTopPadding: overScrollHeight:102.573
01-10 06:19:08.187 18698 18698 I SystemUi--Keyguard: ScrimControllerExImp-->blur State to UNLOCK, bouncer=false goingAway=false hasHandle=true isOccludeAnimationPlaying=false
01-10 06:19:08.195 18698 18698 I SystemUi--Keyguard: ScrimControllerExImp-->blur State to UNLOCK, bouncer=false goingAway=false hasHandle=true isOccludeAnimationPlaying=false
01-10 06:19:08.195 18698 18698 I QuickSettingsController: calculateNotificationsTopPadding: overScrollHeight:97.25383
01-10 06:19:08.196 18698 18698 I SystemUi--Keyguard: ScrimControllerExImp-->blur State to UNLOCK, bouncer=false goingAway=false hasHandle=true isOccludeAnimationPlaying=false
01-10 06:19:08.203 18698 18698 I SystemUi--Keyguard: ScrimControllerExImp-->blur State to UNLOCK, bouncer=false goingAway=false hasHandle=true isOccludeAnimationPlaying=false
01-10 06:19:08.203  2150  2232 I SnapAlloc: Using graphics libs for alignment calculations
01-10 06:19:08.203 18698 18698 I QuickSettingsController: calculateNotificationsTopPadding: overScrollHeight:91.977974
01-10 06:19:08.204 18698 18698 I SystemUi--Keyguard: ScrimControllerExImp-->blur State to UNLOCK, bouncer=false goingAway=false hasHandle=true isOccludeAnimationPlaying=false
01-10 06:19:08.211 18698 18698 I SystemUi--Keyguard: ScrimControllerExImp-->blur State to UNLOCK, bouncer=false goingAway=false hasHandle=true isOccludeAnimationPlaying=false
01-10 06:19:08.212 18698 18698 I QuickSettingsController: calculateNotificationsTopPadding: overScrollHeight:86.14882
01-10 06:19:08.212 18698 18698 I SystemUi--Keyguard: ScrimControllerExImp-->blur State to UNLOCK, bouncer=false goingAway=false hasHandle=true isOccludeAnimationPlaying=false
01-10 06:19:08.219 18698 18698 I SystemUi--Keyguard: ScrimControllerExImp-->blur State to UNLOCK, bouncer=false goingAway=false hasHandle=true isOccludeAnimationPlaying=false
01-10 06:19:08.220  2150  2232 I SnapAlloc: Using graphics libs for alignment calculations
01-10 06:19:08.220 18698 18698 I QuickSettingsController: calculateNotificationsTopPadding: overScrollHeight:81.099625
01-10 06:19:08.220 18698 18698 I SystemUi--Keyguard: ScrimControllerExImp-->blur State to UNLOCK, bouncer=false goingAway=false hasHandle=true isOccludeAnimationPlaying=false
01-10 06:19:08.228 18698 18698 I SystemUi--Keyguard: ScrimControllerExImp-->blur State to UNLOCK, bouncer=false goingAway=false hasHandle=true isOccludeAnimationPlaying=false
01-10 06:19:08.228 18698 18698 I QuickSettingsController: calculateNotificationsTopPadding: overScrollHeight:76.20245
01-10 06:19:08.229 18698 18698 I SystemUi--Keyguard: ScrimControllerExImp-->blur State to UNLOCK, bouncer=false goingAway=false hasHandle=true isOccludeAnimationPlaying=false
01-10 06:19:08.230 18698 18698 I SurfaceControl:  setExtendedRangeBrightness sc=Surface(name=NavigationBar_displayId_0)/@0x2661e,currentBufferRatio=1.0,desiredRatio=1.0
01-10 06:19:08.236 18698 18698 I SystemUi--Keyguard: ScrimControllerExImp-->blur State to UNLOCK, bouncer=false goingAway=false hasHandle=true isOccludeAnimationPlaying=false
01-10 06:19:08.236  2150  2232 I SnapAlloc: Using graphics libs for alignment calculations
01-10 06:19:08.237 18698 18698 I QuickSettingsController: calculateNotificationsTopPadding: overScrollHeight:70.89909
01-10 06:19:08.237 18698 18698 I SystemUi--Keyguard: ScrimControllerExImp-->blur State to UNLOCK, bouncer=false goingAway=false hasHandle=true isOccludeAnimationPlaying=false
01-10 06:19:08.245 18698 18698 I SystemUi--Keyguard: ScrimControllerExImp-->blur State to UNLOCK, bouncer=false goingAway=false hasHandle=true isOccludeAnimationPlaying=false
01-10 06:19:08.245 18698 18698 I QuickSettingsController: calculateNotificationsTopPadding: overScrollHeight:66.383545
01-10 06:19:08.245 18698 18698 I SystemUi--Keyguard: ScrimControllerExImp-->blur State to UNLOCK, bouncer=false goingAway=false hasHandle=true isOccludeAnimationPlaying=false
01-10 06:19:08.253 18698 18698 I SystemUi--Keyguard: ScrimControllerExImp-->blur State to UNLOCK, bouncer=false goingAway=false hasHandle=true isOccludeAnimationPlaying=false
01-10 06:19:08.253  2150  2232 I SnapAlloc: Using graphics libs for alignment calculations
01-10 06:19:08.253 18698 18698 I QuickSettingsController: calculateNotificationsTopPadding: overScrollHeight:62.06463
01-10 06:19:08.253 18698 18698 I SystemUi--Keyguard: ScrimControllerExImp-->blur State to UNLOCK, bouncer=false goingAway=false hasHandle=true isOccludeAnimationPlaying=false
01-10 06:19:08.256  3453  3453 E OplusTouchDaemon: ts_run_service: shellback temperature updated 30 (30500)
01-10 06:19:08.261 18698 18698 I SystemUi--Keyguard: ScrimControllerExImp-->blur State to UNLOCK, bouncer=false goingAway=false hasHandle=true isOccludeAnimationPlaying=false
01-10 06:19:08.262 18698 18698 I QuickSettingsController: calculateNotificationsTopPadding: overScrollHeight:57.947853
01-10 06:19:08.262 18698 18698 I SystemUi--Keyguard: ScrimControllerExImp-->blur State to UNLOCK, bouncer=false goingAway=false hasHandle=true isOccludeAnimationPlaying=false
01-10 06:19:08.269 18698 18698 I SystemUi--Keyguard: ScrimControllerExImp-->blur State to UNLOCK, bouncer=false goingAway=false hasHandle=true isOccludeAnimationPlaying=false
01-10 06:19:08.270  2150  2232 I SnapAlloc: Using graphics libs for alignment calculations
01-10 06:19:08.270 18698 18698 I QuickSettingsController: calculateNotificationsTopPadding: overScrollHeight:53.56114
01-10 06:19:08.270 18698 18698 I SystemUi--Keyguard: ScrimControllerExImp-->blur State to UNLOCK, bouncer=false goingAway=false hasHandle=true isOccludeAnimationPlaying=false
01-10 06:19:08.278 18698 18698 I SystemUi--Keyguard: ScrimControllerExImp-->blur State to UNLOCK, bouncer=false goingAway=false hasHandle=true isOccludeAnimationPlaying=false
01-10 06:19:08.278 18698 18698 I QuickSettingsController: calculateNotificationsTopPadding: overScrollHeight:49.879158
01-10 06:19:08.279 18698 18698 I SystemUi--Keyguard: ScrimControllerExImp-->blur State to UNLOCK, bouncer=false goingAway=false hasHandle=true isOccludeAnimationPlaying=false
01-10 06:19:08.286 18698 18698 I SystemUi--Keyguard: ScrimControllerExImp-->blur State to UNLOCK, bouncer=false goingAway=false hasHandle=true isOccludeAnimationPlaying=false
01-10 06:19:08.286  2150  2232 I SnapAlloc: Using graphics libs for alignment calculations
01-10 06:19:08.287 18698 18698 I QuickSettingsController: calculateNotificationsTopPadding: overScrollHeight:46.399426
01-10 06:19:08.287 18698 18698 I SystemUi--Keyguard: ScrimControllerExImp-->blur State to UNLOCK, bouncer=false goingAway=false hasHandle=true isOccludeAnimationPlaying=false
01-10 06:19:08.294 18698 18698 I SystemUi--Keyguard: ScrimControllerExImp-->blur State to UNLOCK, bouncer=false goingAway=false hasHandle=true isOccludeAnimationPlaying=false
01-10 06:19:08.295 18698 18698 I QuickSettingsController: calculateNotificationsTopPadding: overScrollHeight:42.721676
01-10 06:19:08.295 18698 18698 I SystemUi--Keyguard: ScrimControllerExImp-->blur State to UNLOCK, bouncer=false goingAway=false hasHandle=true isOccludeAnimationPlaying=false
01-10 06:19:08.303 18698 18698 I SystemUi--Keyguard: ScrimControllerExImp-->blur State to UNLOCK, bouncer=false goingAway=false hasHandle=true isOccludeAnimationPlaying=false
01-10 06:19:08.303  2150  2232 I SnapAlloc: Using graphics libs for alignment calculations
01-10 06:19:08.303 18698 18698 I QuickSettingsController: calculateNotificationsTopPadding: overScrollHeight:39.65753
01-10 06:19:08.303 18698 18698 I SystemUi--Keyguard: ScrimControllerExImp-->blur State to UNLOCK, bouncer=false goingAway=false hasHandle=true isOccludeAnimationPlaying=false
01-10 06:19:08.311 18698 18698 I SystemUi--Keyguard: ScrimControllerExImp-->blur State to UNLOCK, bouncer=false goingAway=false hasHandle=true isOccludeAnimationPlaying=false
01-10 06:19:08.311 18698 18698 I QuickSettingsController: calculateNotificationsTopPadding: overScrollHeight:36.779922
01-10 06:19:08.312 18698 18698 I SystemUi--Keyguard: ScrimControllerExImp-->blur State to UNLOCK, bouncer=false goingAway=false hasHandle=true isOccludeAnimationPlaying=false
01-10 06:19:08.319 18698 18698 I SystemUi--Keyguard: ScrimControllerExImp-->blur State to UNLOCK, bouncer=false goingAway=false hasHandle=true isOccludeAnimationPlaying=false
01-10 06:19:08.319  2150  2232 I SnapAlloc: Using graphics libs for alignment calculations
01-10 06:19:08.320 18698 18698 I QuickSettingsController: calculateNotificationsTopPadding: overScrollHeight:33.757103
01-10 06:19:08.320 18698 18698 I SystemUi--Keyguard: ScrimControllerExImp-->blur State to UNLOCK, bouncer=false goingAway=false hasHandle=true isOccludeAnimationPlaying=false
01-10 06:19:08.327 18698 18698 I SystemUi--Keyguard: ScrimControllerExImp-->blur State to UNLOCK, bouncer=false goingAway=false hasHandle=true isOccludeAnimationPlaying=false
01-10 06:19:08.328 18698 18698 I QuickSettingsController: calculateNotificationsTopPadding: overScrollHeight:31.252707
01-10 06:19:08.328 18698 18698 I SystemUi--Keyguard: ScrimControllerExImp-->blur State to UNLOCK, bouncer=false goingAway=false hasHandle=true isOccludeAnimationPlaying=false
01-10 06:19:08.336 18698 18698 I SystemUi--Keyguard: ScrimControllerExImp-->blur State to UNLOCK, bouncer=false goingAway=false hasHandle=true isOccludeAnimationPlaying=false
01-10 06:19:08.336  2150  2232 I SnapAlloc: Using graphics libs for alignment calculations
01-10 06:19:08.336 18698 18698 I QuickSettingsController: calculateNotificationsTopPadding: overScrollHeight:28.912186
01-10 06:19:08.336 18698 18698 I SystemUi--Keyguard: ScrimControllerExImp-->blur State to UNLOCK, bouncer=false goingAway=false hasHandle=true isOccludeAnimationPlaying=false
01-10 06:19:08.344 18698 18698 I SystemUi--Keyguard: ScrimControllerExImp-->blur State to UNLOCK, bouncer=false goingAway=false hasHandle=true isOccludeAnimationPlaying=false
01-10 06:19:08.345 18698 18698 I QuickSettingsController: calculateNotificationsTopPadding: overScrollHeight:26.465193
01-10 06:19:08.345 18698 18698 I SystemUi--Keyguard: ScrimControllerExImp-->blur State to UNLOCK, bouncer=false goingAway=false hasHandle=true isOccludeAnimationPlaying=false
01-10 06:19:08.352 18698 18698 I SystemUi--Keyguard: ScrimControllerExImp-->blur State to UNLOCK, bouncer=false goingAway=false hasHandle=true isOccludeAnimationPlaying=false
01-10 06:19:08.353  2150  2232 I SnapAlloc: Using graphics libs for alignment calculations
01-10 06:19:08.353 18698 18698 I QuickSettingsController: calculateNotificationsTopPadding: overScrollHeight:24.446798
01-10 06:19:08.353 18698 18698 I SystemUi--Keyguard: ScrimControllerExImp-->blur State to UNLOCK, bouncer=false goingAway=false hasHandle=true isOccludeAnimationPlaying=false
01-10 06:19:08.361 18698 18698 I SystemUi--Keyguard: ScrimControllerExImp-->blur State to UNLOCK, bouncer=false goingAway=false hasHandle=true isOccludeAnimationPlaying=false
01-10 06:19:08.361 18698 18698 I QuickSettingsController: calculateNotificationsTopPadding: overScrollHeight:22.567696
01-10 06:19:08.361 18698 18698 I SystemUi--Keyguard: ScrimControllerExImp-->blur State to UNLOCK, bouncer=false goingAway=false hasHandle=true isOccludeAnimationPlaying=false
01-10 06:19:08.369 18698 18698 I SystemUi--Keyguard: ScrimControllerExImp-->blur State to UNLOCK, bouncer=false goingAway=false hasHandle=true isOccludeAnimationPlaying=false
01-10 06:19:08.369  2150  2232 I SnapAlloc: Using graphics libs for alignment calculations
01-10 06:19:08.369 18698 18698 I QuickSettingsController: calculateNotificationsTopPadding: overScrollHeight:20.820154
01-10 06:19:08.370 18698 18698 I SystemUi--Keyguard: ScrimControllerExImp-->blur State to UNLOCK, bouncer=false goingAway=false hasHandle=true isOccludeAnimationPlaying=false
01-10 06:19:08.377 18698 18698 I SystemUi--Keyguard: ScrimControllerExImp-->blur State to UNLOCK, bouncer=false goingAway=false hasHandle=true isOccludeAnimationPlaying=false
01-10 06:19:08.378 18698 18698 I QuickSettingsController: calculateNotificationsTopPadding: overScrollHeight:19.001974
01-10 06:19:08.378 18698 18698 I SystemUi--Keyguard: ScrimControllerExImp-->blur State to UNLOCK, bouncer=false goingAway=false hasHandle=true isOccludeAnimationPlaying=false
01-10 06:19:08.386 18698 18698 I SystemUi--Keyguard: ScrimControllerExImp-->blur State to UNLOCK, bouncer=false goingAway=false hasHandle=true isOccludeAnimationPlaying=false
01-10 06:19:08.386  2150  2232 I SnapAlloc: Using graphics libs for alignment calculations
01-10 06:19:08.386 18698 18698 I QuickSettingsController: calculateNotificationsTopPadding: overScrollHeight:17.509058
01-10 06:19:08.387 18698 18698 I SystemUi--Common: OplusShadeExpansionStat-->go state: OPENING -> OPEN
01-10 06:19:08.387 18698 18698 I SystemUi--Common: OplusShadeExpansionStat-->go state: OPENING -> OPEN
01-10 06:19:08.387 18698 18698 I SystemUi--Keyguard: ScrimControllerExImp-->blur State to UNLOCK, bouncer=false goingAway=false hasHandle=true isOccludeAnimationPlaying=false
01-10 06:19:08.394 18698 18698 I SystemUi--Keyguard: ScrimControllerExImp-->blur State to UNLOCK, bouncer=false goingAway=false hasHandle=true isOccludeAnimationPlaying=false
01-10 06:19:08.394 18698 18698 I QuickSettingsController: calculateNotificationsTopPadding: overScrollHeight:16.124722
01-10 06:19:08.395 18698 18698 I QuickSettingsController: calculateNotificationsTopPadding: overScrollHeight:16.124722
01-10 06:19:08.395 18698 18698 I SystemUi--Common: OplusShadeExpansionStat-->go state: OPEN -> OPEN
01-10 06:19:08.395 18698 18698 I SystemUi--Common: OplusShadeExpansionStat-->go state: OPEN -> OPEN
01-10 06:19:08.395 18698 18698 I SystemUi--Keyguard: ScrimControllerExImp-->blur State to UNLOCK, bouncer=false goingAway=false hasHandle=true isOccludeAnimationPlaying=false
01-10 06:19:08.397 17922 18415 I OplusWifiSarManager: Received Data State Change: 3
01-10 06:19:08.397 17922 18415 I OplusWifiSarManager: mWifiConnected: true mWifiState: true
