01-10 06:19:13.233 17922 18314 W IPCThreadState: Sending oneway calls to frozen process.
01-10 06:19:13.233 17922 18415 D SystemNetworkObserver: wifi network 102 nc changed, primary=true
01-10 06:19:13.233 17922 18314 W IPCThreadState: Sending oneway calls to frozen process.
01-10 06:19:13.233 17922 18314 W IPCThreadState: Sending oneway calls to frozen process.
01-10 06:19:13.233 17922 18314 W IPCThreadState: Sending oneway calls to frozen process.
01-10 06:19:13.233 17922 18314 W IPCThreadState: Sending oneway calls to frozen process.
01-10 06:19:13.233 18698 18794 I SystemUi--Statusbar: NetworkController.WifiSignalController-->handleStatusUpdated state=3 enabled=true connected=true isDefaultNetwork=false rssi=-60 level=4 statusLabel=Låg kvalitet isDirty=false
01-10 06:19:13.233 17922 18314 W IPCThreadState: Sending oneway calls to frozen process.
01-10 06:19:13.233 17922 18314 W IPCThreadState: Sending oneway calls to frozen process.
01-10 06:19:13.233 17922 18314 W IPCThreadState: Sending oneway calls to frozen process.
01-10 06:19:13.233 17922 18314 W IPCThreadState: Sending oneway calls to frozen process.
01-10 06:19:13.234 17922 18314 W IPCThreadState: Sending oneway calls to frozen process.
01-10 06:19:13.234 17922 18314 W IPCThreadState: Sending oneway calls to frozen process.
01-10 06:19:13.234 17922 18314 W IPCThreadState: Sending oneway calls to frozen process.
01-10 06:19:13.234 17922 18314 W IPCThreadState: Sending oneway calls to frozen process.
01-10 06:19:13.234 17922 18314 W IPCThreadState: Sending oneway calls to frozen process.
01-10 06:19:13.234 17922 18314 W IPCThreadState: Sending oneway calls to frozen process.
01-10 06:19:13.234 17922 18314 W IPCThreadState: Sending oneway calls to frozen process.
01-10 06:19:13.234 17922 18314 W IPCThreadState: Sending oneway calls to frozen process.
01-10 06:19:13.234 17922 18314 W IPCThreadState: Sending oneway calls to frozen process.
01-10 06:19:13.235 17922 18314 W IPCThreadState: Sending oneway calls to frozen process.
01-10 06:19:13.235 17922 18344 D Smart_Assistant_NetworkRequest: wifiNetwork onCapabilitiesChanged netId =  102
01-10 06:19:13.235 17922 18314 W IPCThreadState: Sending oneway calls to frozen process.
01-10 06:19:13.236 19361 22700 I ChimeraSrvcProxy: NullBinder for android.net.action.RECOMMEND_NETWORKS triggering remote TransactionTooLargeException due to Service without Chimera impl
01-10 06:19:13.237 19361 22700 W .gms.persistent: Large reply transaction of 2113536 bytes, interface descriptor , code 1
01-10 06:19:13.239 19361 22700 I ChimeraSrvcProxy: NullBinder for android.net.action.RECOMMEND_NETWORKS triggering remote TransactionTooLargeException due to Service without Chimera impl
01-10 06:19:13.239 19361 22700 W .gms.persistent: Large reply transaction of 2113536 bytes, interface descriptor , code 1
01-10 06:19:13.293  3453  3453 E OplusTouchDaemon: ts_run_service: shellback temperature updated 30 (30300)
01-10 06:19:13.294  3453  3579 E OplusTouchDaemon: [OplusTouchDaemon][touchMonitorRoutine][79]: touchMonitor stop, isEnable:1, currentState:1
01-10 06:19:13.411 17922 18415 D OplusWifiSarManager: wifisarprop msg=11110000001100010:0:1 sar_idx=11110000001110010:0:1
01-10 06:19:13.770 18585 18608 I [0]DCS-StrategyManager: isNeedUpload: cache, type: 2006, appID: 131800, logTag: mediaTurbo, eventID: 40002
01-10 06:19:13.853  2183  2262 E PERFHAL-PERFCTRL: PERFHAL-PERFCTRL: chk_core_online_poll_loop() 700: poll() has timed out for /sys/kernel/msm_performance/events/cpu_hotplug
01-10 06:19:13.854  2183  2262 E PERFHAL-PERFCTRL: PERFHAL-PERFCTRL: chk_core_online_poll_loop() 695: Block on poll()
01-10 06:19:13.908  2273  2310 D BatteryChargeControl: bcc get no support from charging protocol
01-10 06:19:13.973  3417  4602 I oplus_theia: Waiting for OCenterService
01-10 06:19:13.989  3583  4140 D QmiClient: qmiServiceEventCallback recv msg id 47
01-10 06:19:13.989  3583  4140 D QmiOttClient: enter : onQmiServiceEventCallback msgId 47
01-10 06:19:13.989  3583  3614 D OttProxy: handleMessage msg is 3001
01-10 06:19:13.991 18986 19005 D SubsysRadioIndication: [PHONE0]radioLinkLatencyInfoInd
01-10 06:19:13.991 18986 19005 D SubsysRadioIndication: [PHONE0]notify enter
01-10 06:19:13.995 17922 17962 D Theia.TransparentWindow: handleMessage CHECK_TRANS_WINDOW_ERROR_MSG
01-10 06:19:14.119  2092  2092 D healthd : system healthd: battery l=100 v=4446 t=30.2 h=2 st=2 c=-114 fc=5920000 cc=25 chg=u
01-10 06:19:14.157 17922 19359 D OplusBatteryServiceFeature: getChgConfig: flag = 0, extra = , callerName = 1
01-10 06:19:14.158  2273  2273 D vendor.oplus.hardware.charger-V6-service: oplus_chg_get_state_retention 0
01-10 06:19:14.158  2273  2273 D vendor.oplus.hardware.charger-V6-service: get_ui_charge_icon_type 0 0 0 0 0
01-10 06:19:14.158 17922 19359 D OplusBatteryServiceFeature: getChgConfig: flag = 1, extra = , callerName = 1
01-10 06:19:14.159  2273  2273 D vendor.oplus.hardware.charger-V6-service: oplus_chg_get_state_retention 0
01-10 06:19:14.159  2273  2273 D vendor.oplus.hardware.charger-V6-service: oplus_chg_get_ui_power 0 0
01-10 06:19:14.159 17922 19359 D OplusBatteryServiceFeature: getChgConfig: flag = 4, extra = , callerName = 1
01-10 06:19:14.159  2273  2273 D vendor.oplus.hardware.charger-V6-service: oplus_chg_get_state_retention 0
01-10 06:19:14.159  2273  2273 D vendor.oplus.hardware.charger-V6-service: oplus_chg_get_cpa_power 2500
01-10 06:19:14.160 17922 19359 D OplusBatteryServiceFeature: getChgConfig: flag = 6, extra = , callerName = 1
01-10 06:19:14.160  2273  2273 D vendor.oplus.hardware.charger-V6-service: oplus_chg_get_state_retention 0
01-10 06:19:14.160  2273  2273 D vendor.oplus.hardware.charger-V6-service: oplus_chg_get_cpa_power 2500
01-10 06:19:14.160  2273  2273 D vendor.oplus.hardware.charger-V6-service: getIsSingleHyperSupport=2, cpa_power=2
01-10 06:19:14.160 17922 19359 D OplusBatteryServiceFeature: getChgConfig: flag = 24, extra = , callerName = 1
01-10 06:19:14.908  2273  2310 D BatteryChargeControl: bcc get no support from charging protocol
01-10 06:19:15.025  3583  4140 D QmiClient: qmiServiceEventCallback recv msg id 47
01-10 06:19:15.025  3583  4140 D QmiOttClient: enter : onQmiServiceEventCallback msgId 47
01-10 06:19:15.026  3583  3614 D OttProxy: handleMessage msg is 3001
01-10 06:19:15.027 18986 19005 D SubsysRadioIndication: [PHONE0]radioLinkLatencyInfoInd
01-10 06:19:15.027 18986 19005 D SubsysRadioIndication: [PHONE0]notify enter
01-10 06:19:15.296 17535 17573 E NetlinkEvent: NetlinkEvent::FindParam(): Parameter 'INTERFACE' not found
01-10 06:19:15.296 17535 17573 E NetlinkEvent: NetlinkEvent::FindParam(): Parameter 'STATE' not found
01-10 06:19:15.296 17535 17573 E NetlinkEvent: NetlinkEvent::FindParam(): Parameter 'TIME_NS' not found
01-10 06:19:15.296 17535 17573 E NetlinkEvent: NetlinkEvent::FindParam(): Parameter 'UID' not found
01-10 06:19:15.912  2273  2310 D BatteryChargeControl: bcc get no support from charging protocol
01-10 06:19:15.988  3583  4140 D QmiClient: qmiServiceEventCallback recv msg id 47
01-10 06:19:15.988  3583  4140 D QmiOttClient: enter : onQmiServiceEventCallback msgId 47
01-10 06:19:15.988  3583  3614 D OttProxy: handleMessage msg is 3001
01-10 06:19:15.990 18986 19005 D SubsysRadioIndication: [PHONE0]radioLinkLatencyInfoInd
01-10 06:19:15.990 18986 19005 D SubsysRadioIndication: [PHONE0]notify enter
01-10 06:19:16.029  3583  4123 D QmiClient: qmiServiceEventCallback recv msg id 74
01-10 06:19:16.029  3583  4123 D QmiDsdClient: enter - onQmiServiceEventCallback msgId 74
01-10 06:19:16.029  3583  4123 D QmiDsdClientEvent: qmiDsdClientNotifyLteCellInfoChangeEvent - RADIO_EVENT_LTE_CELL_INFO_CHANGE_IND
01-10 06:19:16.029  3583  3613 D DsdProxy: handleMessage msg is 2201
01-10 06:19:16.029  3583  3613 D DsdProxy: handleLteCellInfoChangeInd for instance 0
01-10 06:19:16.030 18986 19005 D SubsysRadioIndication: [PHONE0]radioLteCAInfoInd
01-10 06:19:16.033 18986 18986 D QtiCellularNetwork: handleLteCaInfoChanged 0
01-10 06:19:16.033 18986 18986 D QtiCellularNetwork: handleLteCaInfoChanged: deconfigured
01-10 06:19:16.045  3583  4140 D QmiClient: qmiServiceEventCallback recv msg id 47
01-10 06:19:16.045  3583  4140 D QmiOttClient: enter : onQmiServiceEventCallback msgId 47
01-10 06:19:16.045  3583  3614 D OttProxy: handleMessage msg is 3001
01-10 06:19:16.046 18986 19005 D SubsysRadioIndication: [PHONE0]radioLinkLatencyInfoInd
01-10 06:19:16.046 18986 19005 D SubsysRadioIndication: [PHONE0]notify enter
01-10 06:19:16.051  3583  4123 D QmiClient: qmiServiceEventCallback recv msg id 74
01-10 06:19:16.051  3583  4123 D QmiDsdClient: enter - onQmiServiceEventCallback msgId 74
01-10 06:19:16.051  3583  4123 D QmiDsdClientEvent: qmiDsdClientNotifyLteCellInfoChangeEvent - RADIO_EVENT_LTE_CELL_INFO_CHANGE_IND
01-10 06:19:16.051  3583  3613 D DsdProxy: handleMessage msg is 2201
01-10 06:19:16.051  3583  3613 D DsdProxy: handleLteCellInfoChangeInd for instance 0
01-10 06:19:16.052 18986 19005 D SubsysRadioIndication: [PHONE0]radioLteCAInfoInd
01-10 06:19:16.052 18986 18986 D QtiCellularNetwork: handleLteCaInfoChanged 0
01-10 06:19:16.052 18986 18986 D QtiCellularNetwork: handleLteCaInfoChanged: deconfigured
01-10 06:19:16.052 18843 19839 D TelephonyImpl: getRealNrState start:0
01-10 06:19:16.053 18843 19839 D TelephonyImpl: getRealNrState start:0
01-10 06:19:16.059 17922 18415 I OplusWifiSarManager: Received Data State Change: 4
01-10 06:19:16.060 18698 18876 I SystemUi--Statusbar: MobileConnectionRepositoryImpl-->subId:1 isSoftSimCard:false slotId:0
01-10 06:19:16.060 18843 19839 D TelephonyImpl: getRealNrState start:0
01-10 06:19:16.062 18698 19314 V OplusCustomizeCacheManager: queryCache name: sys.cache.common_customize_cache18014 param: null
01-10 06:19:16.062 18698 19314 V OplusCustomizeCacheManager: queryCache name: sys.cache.common_customize_cache18017 param: Bundle[{SETTING=BLOCK, BUSINESS=NCT-DATA}]
01-10 06:19:16.062 18698 19314 V OplusCustomizeCacheManager: start recompute
01-10 06:19:16.062 17922 19246 D OplusCustomizeSecurityManagerService: we can't find the BLOCK
01-10 06:19:16.062 18698 19314 V OplusCustomizeCacheManager: queryCache name: sys.cache.common_customize_cache18013 param: null
01-10 06:19:16.093 20907 20907 D BoundBrokerSvc: onUnbind: Intent { act=com.google.android.gms.pay.service.BIND dat=chimera-action:/... cmp=com.google.android.gms/.chimera.GmsApiService mCallingUid=10129 }
01-10 06:19:16.094 17922 19256 D ActivityManager: Async freezing 20907 com.google.android.gms
01-10 06:19:16.264 18986 18986 D VendorWifiService: onEvent event:9,action:1
01-10 06:19:16.271 17922 18415 D OplusWifiPower_TriggerCenter: mComponentCallback: wifistat
01-10 06:19:16.272 17922 18415 D OplusNetKit: triggerNetworkDetection: detectType:lan_probe, forceReevaluate:false, source:oplusScorer
01-10 06:19:16.272 17922 18415 D OplusWifiThreadManager: submit task lanRtt java.util.concurrent.FutureTask@bdf71d0[Not completed]
01-10 06:19:16.272 17922 24309 D OplusNetKit: in getLpByInterface name from LP: [wlan0]
01-10 06:19:16.276 17922 24309 D TrafficStats: tagSocket(903) with statsTag=0xffffffff, statsUid=-1
01-10 06:19:16.311 17922 24309 D TrafficStats: tagSocket(903) with statsTag=0xffffffff, statsUid=-1
01-10 06:19:16.317 17922 24309 D TrafficStats: tagSocket(903) with statsTag=0xffffffff, statsUid=-1
01-10 06:19:16.323 17922 24309 D OplusNetRttKit: getIcmpEchoRtt addr:192.168.1.*** avgRtt: 16
01-10 06:19:16.323 17922 24309 E OplusWifiThreadManager: java.util.concurrent.FutureTask@bdf71d0[Completed normally] success executed
01-10 06:19:16.739 10101 29643 I adbd    : USB event: FUNCTIONFS_SUSPEND
01-10 06:19:16.751  2099  4991 I android.hardware.usb-service.qti: uevent received remove@/devices/platform/soc/soc:qcom,pmic_glink/soc:qcom,pmic_glink:qcom,ucsi/typec/port0/port0-partner
01-10 06:19:16.751  2099  4991 I android.hardware.usb-service.qti: uevent recieved for same device default
01-10 06:19:16.751 10101  9800 I adbd    : UsbFfs: connection terminated: read 682 failed with error Cannot send after transport endpoint shutdown
01-10 06:19:16.751  2099  4991 I android.hardware.usb-service.qti: port0
01-10 06:19:16.751  2099  4991 I android.hardware.usb-service.qti: 1:port0 connected:0 canChangeMode:1 canChangeData:0 canChangePower:0 usbDataDisabled:0, powerTransferLimited:0
01-10 06:19:16.752 10101 10101 I adbd    : UsbFfs: offline
01-10 06:19:16.752  2092  2092 D healthd : system healthd: battery l=100 v=4446 t=30.2 h=2 st=2 c=-114 fc=5920000 cc=25 chg=u
01-10 06:19:16.752 10101 10101 I adbd    : ADB disconnect
01-10 06:19:16.752 10101 10101 I adbd    : destroying transport UsbFfs
01-10 06:19:16.752 10101 10101 I adbd    : UsbFfsConnection being destroyed
01-10 06:19:16.752 17922 18258 V UsbDeviceManager: USB UEVENT: {SUBSYSTEM=android_usb, SEQNUM=45458, ACTION=change, USB_STATE=DISCONNECTED, DEVPATH=/devices/virtual/android_usb/android0}
01-10 06:19:16.752 17922 18258 I UsbDeviceManager: mResetUsbGadgetDisableDebounce:false connected:0configured:0
01-10 06:19:16.752 17922 18258 I UsbDeviceManager: removeMessages MSG_UPDATE_STATE
01-10 06:19:16.758  2092  2092 D healthd : system healthd: battery l=100 v=4446 t=30.2 h=2 st=2 c=-114 fc=5920000 cc=25 chg=u
01-10 06:19:16.758 17922 19256 D OplusBatteryServiceFeature: getChgConfig: flag = 0, extra = , callerName = 1
01-10 06:19:16.758 17922 19246 I UsbPortManager: AIDL UsbDataStatus:1
01-10 06:19:16.758  2099  4991 E android.hardware.usb-service.qti: Fatal: Error while switching back to drp
01-10 06:19:16.758 17922 19246 I UsbPortManager: ClientCallback AIDL V1: port0
01-10 06:19:16.758  2273  2273 D vendor.oplus.hardware.charger-V6-service: oplus_chg_get_state_retention 0
01-10 06:19:16.758  2273  2273 D vendor.oplus.hardware.charger-V6-service: get_ui_charge_icon_type 0 0 0 0 0
01-10 06:19:16.758 17922 19256 D OplusBatteryServiceFeature: getChgConfig: flag = 1, extra = , callerName = 1
01-10 06:19:16.758  2273  2273 D vendor.oplus.hardware.charger-V6-service: oplus_chg_get_state_retention 0
01-10 06:19:16.758  2273  2273 D vendor.oplus.hardware.charger-V6-service: oplus_chg_get_ui_power 0 0
01-10 06:19:16.758 17922 19256 D OplusBatteryServiceFeature: getChgConfig: flag = 4, extra = , callerName = 1
01-10 06:19:16.758  2273  2273 D vendor.oplus.hardware.charger-V6-service: oplus_chg_get_state_retention 0
01-10 06:19:16.758  2273  2273 D vendor.oplus.hardware.charger-V6-service: oplus_chg_get_cpa_power 2500
01-10 06:19:16.758 17922 17944 I UsbPortManager: USB port changed: port=UsbPort{id=port0, supportedModes=dual, audio_acc, supportedContaminantProtectionModes=5, supportsEnableContaminantPresenceProtection=false, supportsEnableContaminantPresenceDetection=false, supportsComplianceWarnings=false, status=UsbPortStatus{connected=false, currentMode=none, currentPowerRole=no-power, currentDataRole=no-data, supportedRoleCombinations=[no-power:no-data], contaminantDetectionStatus=2, contaminantProtectionStatus=1, usbDataStatus=enabled, isPowerTransferLimited=false, powerBrickConnectionStatus=unknown, complianceWarnings=[], plugState=0, displayPortAltModeInfo=null}, canChangeMode=true, canChangePowerRole=false, canChangeDataRole=false, connectedAtMillis=0, lastConnectDurationMillis=33757
01-10 06:19:16.758 17922 19256 D OplusBatteryServiceFeature: getChgConfig: flag = 6, extra = , callerName = 1
01-10 06:19:16.759  2273  2273 D vendor.oplus.hardware.charger-V6-service: oplus_chg_get_state_retention 0
01-10 06:19:16.759  2273  2273 D vendor.oplus.hardware.charger-V6-service: oplus_chg_get_cpa_power 2500
01-10 06:19:16.759  2273  2273 D vendor.oplus.hardware.charger-V6-service: getIsSingleHyperSupport=2, cpa_power=2
01-10 06:19:16.759 17922 19256 D OplusBatteryServiceFeature: getChgConfig: flag = 24, extra = , callerName = 1
01-10 06:19:16.759 17922 17944 I OplusUsbDeviceFeature: notSupportAnalogHeadset isInitializing: false
01-10 06:19:16.759 17922 17944 D OplusUsbDeviceFeature: notSupportAnalogHeadset currentMode: none, mAnalogHeadset: false
01-10 06:19:16.760 17922 17922 I UsbDeviceManager: updateHostState UsbPort{id=port0, supportedModes=dual, audio_acc, supportedContaminantProtectionModes=5, supportsEnableContaminantPresenceProtection=false, supportsEnableContaminantPresenceDetection=false, supportsComplianceWarnings=false status=UsbPortStatus{connected=false, currentMode=none, currentPowerRole=no-power, currentDataRole=no-data, supportedRoleCombinations=[no-power:no-data], contaminantDetectionStatus=2, contaminantProtectionStatus=1, usbDataStatus=enabled, isPowerTransferLimited=false, powerBrickConnectionStatus=unknown, complianceWarnings=[], plugState=0, displayPortAltModeInfo=null}
01-10 06:19:16.762 25838 25838 D UsbStatusReceiver: onReceive:Intent { act=oplus.intent.action.USB_HW_STATUS flg=0x1000030 cmp=com.oplus.powermonitor/.standbymonitor.UsbStatus.UsbStatusReceiver (has extras) }
01-10 06:19:16.763 25838 25838 D UsbStatusWarningService: onStartCommand
01-10 06:19:16.763 25838 25838 D UsbStatusWarningService: USB_HW_STATUS:002
01-10 06:19:16.763 25838 25838 D UsbStatusWarningService: check usb status:002
01-10 06:19:16.763 25838 25838 D UsbStatusWarningService: warning setting is on
01-10 06:19:16.763 17922 17922 D EnvelopeDetectorController: isEnvelopeAssistantEnabled isCancelNotification: true currentUserId: 0 userId: 0
01-10 06:19:16.763 25838 28754 D UsbStatusWarningService: cancelAlarmUsbCheck
01-10 06:19:16.764 17922 19256 D OplusBatteryServiceFeature: getChgConfig: flag = 0, extra = , callerName = 1
01-10 06:19:16.764  2273  2273 D vendor.oplus.hardware.charger-V6-service: oplus_chg_get_state_retention 0
01-10 06:19:16.764  2273  2273 D vendor.oplus.hardware.charger-V6-service: get_ui_charge_icon_type 0 0 0 0 0
01-10 06:19:16.764 17922 19256 D OplusBatteryServiceFeature: getChgConfig: flag = 1, extra = , callerName = 1
01-10 06:19:16.764  2273  2273 D vendor.oplus.hardware.charger-V6-service: oplus_chg_get_state_retention 0
01-10 06:19:16.764  2273  2273 D vendor.oplus.hardware.charger-V6-service: oplus_chg_get_ui_power 0 0
01-10 06:19:16.764 17922 19256 D OplusBatteryServiceFeature: getChgConfig: flag = 4, extra = , callerName = 1
01-10 06:19:16.764  2273  2273 D vendor.oplus.hardware.charger-V6-service: oplus_chg_get_state_retention 0
01-10 06:19:16.764  2273  2273 D vendor.oplus.hardware.charger-V6-service: oplus_chg_get_cpa_power 2500
01-10 06:19:16.764 17922 19256 D OplusBatteryServiceFeature: getChgConfig: flag = 6, extra = , callerName = 1
01-10 06:19:16.764  2273  2273 D vendor.oplus.hardware.charger-V6-service: oplus_chg_get_state_retention 0
01-10 06:19:16.764  2273  2273 D vendor.oplus.hardware.charger-V6-service: oplus_chg_get_cpa_power 2500
01-10 06:19:16.764  2273  2273 D vendor.oplus.hardware.charger-V6-service: getIsSingleHyperSupport=2, cpa_power=2
01-10 06:19:16.764 17922 19256 D OplusBatteryServiceFeature: getChgConfig: flag = 24, extra = , callerName = 1
01-10 06:19:16.765 17922 17995 I OplusFeatureLowVoltageLimitBrightness: handleMessage MSG_BATTER_TEMPERATURE_CHAGNE changed = false temperature = 302 , battery = 100
01-10 06:19:16.765 18986 18986 D SubsysBroadcastManager: onReceive action:android.intent.action.BATTERY_CHANGED
01-10 06:19:16.765 18986 18986 D RFPowerBoostManager: current battery level is 100
01-10 06:19:16.765 18698 18698 I SystemUi--Common: Oplus_PowerUI-->isAllowShowAutoSuperSavePowerDialog: enterDialogFlag:false ,mIsAutoExitPowerSaveMode: false
01-10 06:19:16.765 18698 18698 I SystemUi--Common: Oplus_PowerUI-->enterExitDialog plugged or level: 
01-10 06:19:16.765 18698 18698 I SystemUi--Statusbar: BatteryControllerExt-->updateBatteryChangeIntent():broadcast=android.intent.action.BATTERY_CHANGED,level=100,scale=100
01-10 06:19:16.765 18698 18698 I SystemUi--Statusbar: BatteryRepository-->level: 100 -- isSavingMode: false
01-10 06:19:16.766 18812 18812 D DeviceStatisticsService: onReceive: action= android.intent.action.BATTERY_CHANGED
01-10 06:19:16.766 24295 24510 I DeepThinkerSDK: [APP] ClientConnection: getDeepThinkerBridge start
01-10 06:19:16.766 24295 24510 I DeepThinkerSDK: [APP] ClientConnection: getDeepThinkerBridge end
01-10 06:19:16.766 24295 24510 I DeepThinkerSDK: [APP] UserDomainManager: businessId : 401 threshold : 0.6 learnPeriod:30
01-10 06:19:16.767 17922 19256 D OplusBatteryServiceFeature: getChgConfig: flag = 8, extra = , callerName = 2
01-10 06:19:16.767 24295 24510 I DeepThinkerSDK: [APP] UserDomainManager: PerformanceOfLongCharging{probabilityOfLocation=0.0, probabilityOfApps=0.0, probabilityOfTime=0.0, probabilityOfTotal=0.0, duration=0}
01-10 06:19:16.768 18585 18608 I [0]DCS-StrategyManager: isNeedUpload: cache, type: 2006, appID: 20089, logTag: 20089, eventID: smart_long_charge_protect_mode
01-10 06:19:16.779  3592  4073 D QmiClient: qmiServiceEventCallback recv msg id 276
01-10 06:19:16.779  3592  4073 D QmiNasClient: enter : onQmiServiceEventCallback msgId 276
01-10 06:19:16.779  3592  4073 D QmiNasClientEvent: qmiNasClientAccessBarringStatusEvent - RADIO_EVENT_NAS_ACCESS_BARRING_STATUS_IND
01-10 06:19:16.779  3583  4072 D QmiClient: qmiServiceEventCallback recv msg id 276
01-10 06:19:16.779  3583  4072 D QmiNasClient: enter : onQmiServiceEventCallback msgId 276
01-10 06:19:16.780  3583  4072 D QmiNasClientEvent: qmiNasClientAccessBarringStatusEvent - RADIO_EVENT_NAS_ACCESS_BARRING_STATUS_IND
01-10 06:19:16.780  2273  2305 D vendor.oplus.hardware.charger-V6-service: ChgDetectionUeventThread: chg[0]
01-10 06:19:16.780  3583  3626 D NasProxy: handleMessage msg is 2104
01-10 06:19:16.780  3592  3639 D NasProxy: handleMessage msg is 2104
01-10 06:19:16.780  2273  2304 D vendor.oplus.hardware.charger-V6-service: ChgDetectionCheckThread: usb[0], wireless[0]
01-10 06:19:16.780  2273  2304 D BatteryChargeControl: bcc_thread_suspend stop
01-10 06:19:16.780  2092  2092 D healthd : system healthd: battery l=100 v=4446 t=30.2 h=2 st=3 c=-114 fc=5920000 cc=25 chg=
01-10 06:19:16.780 18986 19575 D SubsysRadioIndication: [PHONE0]radioNasAccessBarringStatusInd, NasAccessBarringStatusType: radioIf:8, dataBarringStatus:0, dataBarringTime:0, voiceBarringStatus:0, voiceBarringTime:0, videoBarringStatus:0, videoBarringTime:0
01-10 06:19:16.780 18986 19575 D SubsysRadioIndication: [PHONE0]notify enter
01-10 06:19:16.780 18986 19005 D SubsysRadioIndication: [PHONE1]radioNasAccessBarringStatusInd, NasAccessBarringStatusType: radioIf:8, dataBarringStatus:0, dataBarringTime:0, voiceBarringStatus:0, voiceBarringTime:0, videoBarringStatus:0, videoBarringTime:0
01-10 06:19:16.780 18986 19005 D SubsysRadioIndication: [PHONE1]notify enter
01-10 06:19:16.780  2090  2191 I LocSvc_BatteryListener: operator():198] healthInfo cb thread: cb NOT CHARGING
01-10 06:19:16.780  2090  2158 I LocSvc_api_v02: ---> locClientSendReq line 2409 QMI_LOC_SET_EXTERNAL_POWER_CONFIG_REQ_V02
01-10 06:19:16.781  2090  4137 I LocSvc_ApiV02: <--- globalRespCb line 282 QMI_LOC_SET_EXTERNAL_POWER_CONFIG_REQ_V02
01-10 06:19:16.812  3453  3453 I synaLib : tcm: STATUS: Exit DOZE mode
01-10 06:19:16.812  3453  3453 E OplusTouchDaemon: [OplusTouchDaemon][touchMonitorControl][141]: touchMonitor start, isEnable:2, currentState:1
01-10 06:19:16.846  3453  3453 E OplusTouchDaemon: [prevent][curved_large_handle_V2][2760]: id:0 pos:2 center_down:1 (70 39916)(0 6 0 178) 
01-10 06:19:16.846  3453  3453 E OplusTouchDaemon: [touchEvent][ts_report_touch_data][592]: first touch point id 0 [  70 39916    3    6    0  178    0](ignore)
01-10 06:19:16.857  2183  2262 E PERFHAL-PERFCTRL: PERFHAL-PERFCTRL: chk_core_online_poll_loop() 700: poll() has timed out for /sys/kernel/msm_performance/events/cpu_hotplug
01-10 06:19:16.857  2183  2262 E PERFHAL-PERFCTRL: PERFHAL-PERFCTRL: chk_core_online_poll_loop() 695: Block on poll()
01-10 06:19:16.872  3411  3411 E BSP_KEVENT_RECORD: oplus_kevent Receive message from kernel, event_type=1
01-10 06:19:16.872  3411  3411 E BSP_KEVENT_RECORD: OPLUS_KEVENT payload:charge_monitor$$track_ver@@3.4$$battery_type@@silicon_p_770$$type_reason@@general_record$$flag_reason@@DeepDischgInfo$$time@@[2025-01-10 06:19:16]$$track_reason@@vote$$temp_p@@2$$temp_n@@2$$ratio_p@@3$$ratio_n@@3$$vstep@@20$$vterm_final@@3060$$term_now@@3060$$index@@0$$dischg_counts@@126$$count_thr@@15$$count_cali@@0$$cc@@25$$ratio@@50$$vbat_uv@@3060$$vterm@@3060$$vbat_min@@4446$$tbat@@301$$ui_soc@@100$$ibat_ma@@-114$$bybid@@3$$batt_id@@3$$sili_err@@0$$maingaugeinfo@@0x06=d6,0b|0x08=ba,22|0x0a=80,00|0x0c=75,00|0x10=db,09|0x12=08,0a|0x14=5e,00|0x2a=19,00|0x2c=63,00|0x2e=5b,00|0x0006=15,77|0x0056=10,1a,0b|0x0071=5e,11,60,11,00,00,00,00,b1,22,b6,22|0x0073=e6,09,ae,07,f7,ff,f8,ff,17,0a,d9,07,d6,0b,d6,0b|0x0074=01,0e,01,01,00,00,0c,00,00,00,b0,01,c0,01,3a,00,33,00,0a,00,e0,01,e0,01|0x0075=9e,0b,7a,0b,b0,01,c0,01,3a,00,0a,00,64,00,34,01|0x0076=00,00,00,00,b0,01,c0,01
01-10 06:19:16.872  3411  3411 I BSP_KEVENT_RECORD: Enter oplus_record_kevent_to_file loop, uid_num=0
01-10 06:19:16.887 17922 18415 I OplusWifiSarManager: Received Data State Change: 0
01-10 06:19:16.888 18698 18876 I SystemUi--Statusbar: MobileConnectionRepositoryImpl-->subId:1 isSoftSimCard:false slotId:0
01-10 06:19:16.888 10101 10105 I adbd    : opening control endpoint /dev/usb-ffs/adb/ep0
01-10 06:19:16.888 10101 10105 I adbd    : UsbFfsConnection constructed
01-10 06:19:16.889 10101 10635 I adbd    : UsbFfs-monitor thread spawned
01-10 06:19:16.891  3453  3453 E OplusTouchDaemon: [prevent][curved_large_handle_V2][2841]: up id(0) status: 2, 1, 0, 1.
01-10 06:19:16.891  3453  3453 E OplusTouchDaemon: [prevent][touchup_judged_V2][2554]: touchup_judged_V2: point(0) up, maybe finger touch long edge screen.
01-10 06:19:16.891  3453  3453 E OplusTouchDaemon: [prevent][curved_large_handle_V2][2943]: reject id:0 for accidental touch.
01-10 06:19:16.905  2273  2304 E BatteryChargeControl: kernel_max_current[0], kernel_min_current[0] are invalid
01-10 06:19:16.905  2273  2304 D charge_time: SetChgOnlineStatus ac=0 usb=0 wireless=0
01-10 06:19:16.905  2273  2304 D vendor.oplus.hardware.charger-V6-service: ChgDetectionCheckThread wait event 
01-10 06:19:16.905  2273  2312 D BatterySiliconLoss: bsl update data action start
01-10 06:19:16.906  2273  2312 D BatterySiliconLoss: gauge_soc[99]
01-10 06:19:16.906  2273  7387 D charge_time: write 0s(00:00:00) to ttf, rc=3
01-10 06:19:16.906  2273  7387 E charge_time: clearEstimateVar
01-10 06:19:16.906  2273  7387 D charge_time: EstimateTimeToFullThread wait online
01-10 06:19:16.906  2273  2312 D BatterySiliconLoss: discharge start: soc_si[0.982824], tem_cell[30.100000]
01-10 06:19:16.906  2273  2312 D BatterySiliconLoss: bsl update data action end
01-10 06:19:16.907 24295 24516 E Battery : ChargeProtectionUtils: First Alarm is Fri Jan 10 06:30:00 GMT+01:00 2025, nowRtc  = Fri Jan 10 06:19:16 GMT+01:00 2025, too close , ignore it.
01-10 06:19:16.907 24295 24516 E Battery : ChargeProtectionUtils: mCanlendarTmp.isEmpty()!
01-10 06:19:16.908 17922 17922 D EnvelopeDetectorController: isEnvelopeAssistantEnabled isCancelNotification: true currentUserId: 0 userId: 0
01-10 06:19:16.908 17922 17922 D EnvelopeDetectorController: isEnvelopeAssistantEnabled isCancelNotification: true currentUserId: 0 userId: 0
01-10 06:19:16.909 18698 19314 V OplusCustomizeCacheManager: queryCache name: sys.cache.common_customize_cache18014 param: null
01-10 06:19:16.909 18698 19314 V OplusCustomizeCacheManager: queryCache name: sys.cache.common_customize_cache18017 param: Bundle[{SETTING=BLOCK, BUSINESS=NCT-DATA}]
01-10 06:19:16.909 18698 19314 V OplusCustomizeCacheManager: start recompute
01-10 06:19:16.909 17922 19256 D OplusCustomizeSecurityManagerService: we can't find the BLOCK
01-10 06:19:16.909 18698 19314 V OplusCustomizeCacheManager: queryCache name: sys.cache.common_customize_cache18013 param: null
01-10 06:19:16.915 10101 10635 I adbd    : USB event: FUNCTIONFS_BIND
01-10 06:19:16.937  2092  2092 D healthd : system healthd: battery l=100 v=4448 t=30.1 h=2 st=3 c=-59 fc=5920000 cc=25 chg=
01-10 06:19:16.947  2092  2092 D healthd : system healthd: battery l=100 v=4448 t=30.1 h=2 st=3 c=-59 fc=5920000 cc=25 chg=
01-10 06:19:16.948 17922 18943 D OplusBatteryServiceFeature: getChgConfig: flag = 0, extra = , callerName = 1
01-10 06:19:16.948  2273  2273 D vendor.oplus.hardware.charger-V6-service: oplus_chg_get_state_retention 0
01-10 06:19:16.948  2273  2273 D vendor.oplus.hardware.charger-V6-service: get_ui_charge_icon_type 0 0 0 0 0
01-10 06:19:16.948 17922 18943 D OplusBatteryServiceFeature: getChgConfig: flag = 1, extra = , callerName = 1
01-10 06:19:16.948  2273  2273 D vendor.oplus.hardware.charger-V6-service: oplus_chg_get_state_retention 0
01-10 06:19:16.948  2273  2273 D vendor.oplus.hardware.charger-V6-service: oplus_chg_get_ui_power 0 0
01-10 06:19:16.948 17922 18943 D OplusBatteryServiceFeature: getChgConfig: flag = 4, extra = , callerName = 1
01-10 06:19:16.948  2273  2273 D vendor.oplus.hardware.charger-V6-service: oplus_chg_get_state_retention 0
01-10 06:19:16.948  2273  2273 D vendor.oplus.hardware.charger-V6-service: oplus_chg_get_cpa_power 0
01-10 06:19:16.948 17922 18943 D OplusBatteryServiceFeature: getChgConfig: flag = 6, extra = , callerName = 1
01-10 06:19:16.948  2273  2273 D vendor.oplus.hardware.charger-V6-service: oplus_chg_get_state_retention 0
01-10 06:19:16.948  2273  2273 D vendor.oplus.hardware.charger-V6-service: oplus_chg_get_cpa_power 0
01-10 06:19:16.948  2273  2273 D vendor.oplus.hardware.charger-V6-service: getIsSingleHyperSupport=2, cpa_power=0
01-10 06:19:16.948 17922 18943 D OplusBatteryServiceFeature: getChgConfig: flag = 24, extra = , callerName = 1
01-10 06:19:16.949 17922 17922 D BatteryServiceExtImpl: send broadcast : BATTERY_PLUGGED_CHANGED : plugType = 0
01-10 06:19:16.949 17922 18943 D BatteryLifeMonitor: powerConnected
01-10 06:19:16.949 17922 17922 W ContextImpl: Calling a method in the system process without a qualified user: android.app.ContextImpl.sendBroadcast:1276 com.android.server.BatteryServiceExtImpl$1.run:230 android.os.Handler.handleCallback:959 android.os.Handler.dispatchMessage:100 android.os.Looper.loopOnce:282 
01-10 06:19:16.950 17922 19256 W BatteryExternalStatsWorker: error reading Bluetooth stats: 11
01-10 06:19:16.950  2243  2243 I android.hardware.power.stats-impl.oplus: subSystem data{ name:adsp, totalSleepCount:5230084, totalSleepTime:92098387}
01-10 06:19:16.950  2243  2243 I android.hardware.power.stats-impl.oplus: subSystem data{ name:adsp_island, totalSleepCount:703780, totalSleepTime:45188609}
01-10 06:19:16.950  2243  2243 I android.hardware.power.stats-impl.oplus: subSystem data{ name:apss, totalSleepCount:1009512, totalSleepTime:46499810}
01-10 06:19:16.950  2243  2243 I android.hardware.power.stats-impl.oplus: subSystem data{ name:cdsp, totalSleepCount:1343, totalSleepTime:120803565}
01-10 06:19:16.950  2243  2243 I android.hardware.power.stats-impl.oplus: subSystem data{ name:mpss, totalSleepCount:277743, totalSleepTime:83424797}
01-10 06:19:16.950  2243  2243 I android.hardware.power.stats-impl.oplus: subSystem data{ name:vlow, totalSleepCount:1791901, totalSleepTime:23937993}
01-10 06:19:16.950  2243  2243 I android.hardware.power.stats-impl.oplus: subSystem data{ name:vmin, totalSleepCount:536411, totalSleepTime:27855510}
01-10 06:19:16.950 17922 18122 V OplusManager: writeLogToPartition: logType = LOGTYPE: 626
01-10 06:19:16.950 17922 18122 V OplusManager: , time = log-time: 2025-01-10 06:19:16
01-10 06:19:16.950  2997  2997 W criticallog: Reached BBinder::getInterfaceDescriptor (this=0xb4000074fee51100). Override?
01-10 06:19:16.950  2997  2997 D criticallog: CriticalService ACTION_REQUEST_WRITE_RAW handle type = 626
01-10 06:19:16.950  2997  2997 D criticallog: CriticalLogService::writeRawPartition criticallog, do not add to socket  type=626
01-10 06:19:16.950  2997  2997 D criticallog: criticallog, isReachLimit id = 626 thisVsersionCount = 13, historyCount = 85
01-10 06:19:16.950 25838 25838 D UsbStatusReceiver: onReceive:Intent { act=oplus.intent.action.USB_HW_STATUS flg=0x1000030 cmp=com.oplus.powermonitor/.standbymonitor.UsbStatus.UsbStatusReceiver (has extras) }
01-10 06:19:16.950  2997  2997 W criticallog: Reached BBinder::getInterfaceDescriptor (this=0xb4000074fee51100). Override?
01-10 06:19:16.951 17922 18122 D OplusManager: type = 626
01-10 06:19:16.951 17922 18122 D OplusManager: ref = 626:充电器拔除:12
01-10 06:19:16.951 18986 18986 D RadioMessenger: handleMessage Request msgid 2220
01-10 06:19:16.951  2997  2997 W criticallog: Reached BBinder::getInterfaceDescriptor (this=0xb4000074fee51100). Override?
01-10 06:19:16.951  2997  2997 D criticallog: setCriticalDataToCache find in cache mDataCache[626]=626:充电器拔除:12, data=626:充电器拔除:13
01-10 06:19:16.951  2997  2997 D criticallog: criticallog, isReachLimit id = 626 thisVsersionCount = 13, historyCount = 85
01-10 06:19:16.951 18986 18986 D RadioMessenger: handleSetSyncWithAp: -1, syncFlag: 1
01-10 06:19:16.951 18986 18986 D QtiRadioService: setSyncWithAp
01-10 06:19:16.951 18986 18986 D RadioProxyJ: [PHONE0][183]> setSyncWithAp syncFlag:1
01-10 06:19:16.951 17922 18122 V OplusManager: updateLogReference res=22
01-10 06:19:16.951  2997  2997 W criticallog: Reached BBinder::getInterfaceDescriptor (this=0xb4000074fee51100). Override?
01-10 06:19:16.951 17922 18122 V OplusManager: updateLogReference read backup type=1650 ref=626:充电器拔除:84
01-10 06:19:16.951  3583  3604 D RadioService: setSyncWithAp with instance 0
01-10 06:19:16.951  2997  2997 W criticallog: Reached BBinder::getInterfaceDescriptor (this=0xb4000074fee51100). Override?
01-10 06:19:16.951  2997  2997 D criticallog: setCriticalDataToCache find in cache mDataCache[1650]=626:充电器拔除:84, data=626:充电器拔除:85
01-10 06:19:16.951  2997  2997 D criticallog: criticallog, isReachLimit id = 1650 thisVsersionCount = 14, historyCount = 85
01-10 06:19:16.951 17922 18122 V OplusManager: updateLogReference res=22
01-10 06:19:16.951  3583  3604 D VendorService: VendorService::setSyncWithAp
01-10 06:19:16.951  3583  3609 D QmiVsClient: setSyncWithAp - enter
01-10 06:19:16.951  3583  4076 D QmiClient: qmiServiceEventCallback recv msg id 1085
01-10 06:19:16.951  3583  4076 D QmiVsClient: enter - onQmiServiceEventCallback msgId 1085
01-10 06:19:16.951  3583  4076 D QmiVsClientEvent: qmiVsClientNotifyNecEvent - RADIO_EVENT_NEC_IND
01-10 06:19:16.951  3583  3609 E QmiVsClient: sendAsyncRequest QMI_VS_SET_SYNC_WITH_AP_REQ_MSG_V01 ret 0
01-10 06:19:16.951  3583  3609 D VsProxy : handleMessage msg is 2403
01-10 06:19:16.951  3583  3609 D VsProxy : handleNecInd for instance 0
01-10 06:19:16.951  3583  3609 D VsProxy : handleMessage msg is 4001
01-10 06:19:16.951  3583  3609 D RadioProxy: setSyncWithAp : response cb for instance 0
01-10 06:19:16.951 18986 19575 D SubsysRadioIndication: [PHONE0]radioNecInd 
01-10 06:19:16.951 18986 18986 D ModemChannel: handleMessage what:102
01-10 06:19:16.951 18986 18986 D ModemChannel: handleNecEvent
01-10 06:19:16.952 17922 20644 D TelephonyManager: requestModemActivityInfo: Sending result to app: ModemActivityInfo{ mTimestamp=120920977 mSleepTimeMs=541230 mIdleTimeMs=6446 mActivityStatsTechSpecificInfo=[{mRat=UNKNOWN,mFrequencyRange=UNKNOWN,mTxTimeMs[]=[24, 5839, 5458, 3153, 19904],mRxTimeMs=268624}]}
01-10 06:19:16.952 18843 19461 D SubsysCallManager: handleMessage what:102
01-10 06:19:16.952 18843 19461 D SubsysCallManager: parseMdmInfoData len:392
01-10 06:19:16.952 18843 19461 D SubsysCallManager: onMdmEvent moduleId:6,eventId:4
01-10 06:19:16.952 18859 19278 I ModemAciService: handleMessage:5
01-10 06:19:16.952 18986 18986 D SubsysBroadcastManager: onReceive action:android.intent.action.ACTION_POWER_DISCONNECTED
01-10 06:19:16.952 18859 19278 I ModemAciService: sendSettleObj2Statsd over!
01-10 06:19:16.952 18843 19526 D PKPI    : [KpiModem] update kpi:highpwro20t value:3 duration:16
01-10 06:19:16.952 18843 19526 D PKPI    : [KpiModem] update kpi:nweaksigt value:0 duration:16 pn:0
01-10 06:19:16.952 18843 19526 D PKPI    : [KpiModem] update kpi:nweaksigt value:0 duration:16 pn:1
01-10 06:19:16.952 18843 19526 D PKPI    : [KpiModem] update kpi:nwsrchc value:0 duration:16 pn:0
01-10 06:19:16.952 18843 19526 D PKPI    : [KpiModem] update kpi:nwsrchc value:0 duration:16 pn:1
01-10 06:19:16.952 18843 19526 D PKPI    : [KpiModem] update kpi:nwsrcht value:0 duration:16 pn:0
01-10 06:19:16.952 18843 19526 D PKPI    : [KpiModem] update kpi:nwsrcht value:0 duration:16 pn:1
01-10 06:19:16.952 18843 19526 D PKPI    : [KpiModem] update kpi:highpwrt value:8 duration:16
01-10 06:19:16.952 18843 19526 D PKPI    : [KpiModem] update kpi:dlhilayert value:0 duration:16 pn:0
01-10 06:19:16.952 18843 19526 D PKPI    : [KpiModem] update kpi:dlhilayert value:0 duration:16 pn:1
01-10 06:19:16.952 18843 19526 D PKPI    : [KpiModem] update kpi:csregt value:17 duration:16 pn:0
01-10 06:19:16.952  3583  3583 D RadioServiceResponse: RadioServiceResponse::setSyncWithApResponse
01-10 06:19:16.952 18843 19526 D PKPI    : [KpiModem] update kpi:csregt value:0 duration:16 pn:1
01-10 06:19:16.952 18843 19526 D PKPI    : [KpiModem] update kpi:csnoregt value:0 duration:16 pn:0
01-10 06:19:16.952 18843 19526 D PKPI    : [KpiModem] update kpi:csnoregt value:17 duration:16 pn:1
01-10 06:19:16.952 18843 19526 D PKPI    : [KpiModem] update kpi:pschangec value:0 duration:16 pn:0
01-10 06:19:16.952 18843 19526 D PKPI    : [KpiModem] update kpi:pschangec value:0 duration:16 pn:1
01-10 06:19:16.952 18843 19526 D PKPI    : [KpiModem] update kpi:ltehoc value:0 duration:16 pn:0
01-10 06:19:16.952 18843 19526 D PKPI    : [KpiModem] update kpi:ltehoc value:0 duration:16 pn:1
01-10 06:19:16.952 18843 19526 D PKPI    : [KpiModem] update kpi:nrrrcc value:0 duration:16 pn:0
01-10 06:19:16.952 18843 19526 D PKPI    : [KpiModem] update kpi:nrrrcc value:0 duration:16 pn:1
01-10 06:19:16.952 18843 19526 D PKPI    : [KpiModem] update kpi:psregt value:17 duration:16 pn:0
01-10 06:19:16.952 18843 19526 D PKPI    : [KpiModem] update kpi:psregt value:0 duration:16 pn:1
01-10 06:19:16.952 18859 19278 D ModemAciService: sendSettleObj2Amc:info=sleepTimes=10,10, idleTimes = 0,0, rxTimes = 7,7, nrRxTimes = 0,0, rrcConnC = 1,0, saRrcConnC = 0,0, cellUpdateC = 0,0, iRatC = 0,0, csChangedC = 0,0, psChangedC = 0,0, nwSrchC = 0,0, nwSrchT = 0,0, lteRrcConnT = 16,0, sarrct = 0,0, psRegT = 17,0, csRegT = 17,0, psNoRegT = 0,17, csNoRegT = 0,17, saRachC = 0,0, lteHoC = 0,0, saHoC = 0,0, sigGridT = 0,0, lteGridT = 0,0, saGridT = 0,0, ulHiLayerT=0,0, dlHiLayerT=0,0, highTxPower=8,8, highpwro20t=3,3, 
01-10 06:19:16.952 18843 19526 D PKPI    : [KpiModem] update kpi:sarrct value:0 duration:16 pn:0
01-10 06:19:16.952 18843 19526 D PKPI    : [KpiModem] update kpi:sarrct value:0 duration:16 pn:1
01-10 06:19:16.952 18986 19575 D SubsysRadioResponse: setSyncWithApResponse info.error = 0
01-10 06:19:16.952 18843 19526 D PKPI    : [KpiModem] update kpi:totalcat value:0 duration:16 pn:0
01-10 06:19:16.952 18843 19526 D PKPI    : [KpiModem] update kpi:totalcat value:0 duration:16 pn:1
01-10 06:19:16.952 18843 19526 D PKPI    : [KpiModem] update kpi:weaksigt value:0 duration:16 pn:0
01-10 06:19:16.952 18843 19526 D PKPI    : [KpiModem] update kpi:weaksigt value:0 duration:16 pn:1
01-10 06:19:16.952 18843 19526 D PKPI    : [KpiModem] update kpi:ulhilayert value:0 duration:16 pn:0
01-10 06:19:16.952 18843 19526 D PKPI    : [KpiModem] update kpi:ulhilayert value:0 duration:16 pn:1
01-10 06:19:16.952 18843 19526 D PKPI    : [KpiModem] update kpi:psnoregt value:0 duration:16 pn:0
01-10 06:19:16.952 18843 19526 D PKPI    : [KpiModem] update kpi:psnoregt value:17 duration:16 pn:1
01-10 06:19:16.952 18843 19526 D PKPI    : [KpiModem] update kpi:rxt value:7 duration:16
01-10 06:19:16.952 18843 19526 D PKPI    : [KpiModem] update kpi:5grxt value:0 duration:16
01-10 06:19:16.952 18843 19526 D PKPI    : [KpiModem] update kpi:idlet value:0 duration:16
01-10 06:19:16.952 18843 19526 D PKPI    : [KpiModem] update kpi:iratc value:0 duration:16 pn:0
01-10 06:19:16.952 18843 19526 D PKPI    : [KpiModem] update kpi:iratc value:0 duration:16 pn:1
01-10 06:19:16.952 18843 19526 D PKPI    : [KpiModem] update kpi:rachc value:0 duration:16 pn:0
01-10 06:19:16.952 18843 19526 D PKPI    : [KpiModem] update kpi:rachc value:0 duration:16 pn:1
01-10 06:19:16.952 18843 19526 D PKPI    : [KpiModem] update kpi:sahoc value:0 duration:16 pn:0
01-10 06:19:16.952 18843 19526 D PKPI    : [KpiModem] update kpi:sahoc value:0 duration:16 pn:1
01-10 06:19:16.952 18843 19526 D PKPI    : [KpiModem] update kpi:lterrcc value:1 duration:16 pn:0
01-10 06:19:16.952 18843 19526 D PKPI    : [KpiModem] update kpi:lterrcc value:0 duration:16 pn:1
01-10 06:19:16.952 18986 18986 D MessengerResponseHandler: handleMessage Response msgid 210
01-10 06:19:16.952 18843 19526 D PKPI    : [KpiModem] update kpi:lterrct value:16 duration:16 pn:0
01-10 06:19:16.952 18843 19526 D PKPI    : [KpiModem] update kpi:lterrct value:0 duration:16 pn:1
01-10 06:19:16.952 18843 19526 D PKPI    : [KpiModem] update kpi:radiosleept value:10 duration:16
01-10 06:19:16.952 18843 19526 D PKPI    : [KpiModem] update kpi:cschangec value:0 duration:16 pn:0
01-10 06:19:16.952 18843 19526 D PKPI    : [KpiModem] update kpi:cschangec value:0 duration:16 pn:1
01-10 06:19:16.952 18843 19526 D PKPI    : [KpiModem] update kpi:cellupdatec value:0 duration:16 pn:0
01-10 06:19:16.952 18843 19526 D PKPI    : [KpiModem] update kpi:cellupdatec value:0 duration:16 pn:1
01-10 06:19:16.952 18843 19526 D PKPI    : [KpiModem] update kpi:eweaksigt value:0 duration:16 pn:0
01-10 06:19:16.952 18843 19526 D PKPI    : [KpiModem] update kpi:eweaksigt value:0 duration:16 pn:1
01-10 06:19:16.952 18986 19575 D RadioProxyJ: [PHONE0][183]< setSyncWithApResponse 
01-10 06:19:16.952 18843 19526 D AMC     : [P-ooslimited_deep/0] on trigger by:nwsrcht running:false
01-10 06:19:16.952 18843 19526 E AMC     : [nwsrcht] failed to match threshold, invalid du:3600000 value du:1515000 gap:0
01-10 06:19:16.952 18843 19526 E AMC     : [P-ooslimited_deep/0] execute failed in triggers[0]:[nwsrcht:0][nwsrcht:0]
01-10 06:19:16.952 18843 19526 D AMC     : [P-ooslimited_deep/1] on trigger by:nwsrcht running:false
01-10 06:19:16.952 18843 19526 E AMC     : [nwsrcht] failed to match threshold, invalid du:3600000 value du:1515000 gap:0
01-10 06:19:16.952 18843 19526 E AMC     : [P-ooslimited_deep/1] execute failed in triggers[0]:[nwsrcht:0][nwsrcht:0]
01-10 06:19:16.952 18843 19526 D AMC     : [P-mpss_reset/0] on trigger by:csregt running:false
01-10 06:19:16.952 18843 19526 D AMC     : [P-mpss_reset/1] on trigger by:csregt running:false
01-10 06:19:16.952 18843 19526 D AMC     : [P-mpss_reset/0] on trigger by:sarrct running:false
01-10 06:19:16.952 18843 19526 D AMC     : [P-mpss_reset/1] on trigger by:sarrct running:false
01-10 06:19:16.952 18843 19526 D AMC     : [P-mpss_reset/0] on trigger by:iratc running:false
01-10 06:19:16.952 18843 19526 D AMC     : [P-mpss_reset/1] on trigger by:iratc running:false
01-10 06:19:16.953 18843 19526 D AMC     : [P-mpss_reset/0] on trigger by:lterrct running:false
01-10 06:19:16.953 18843 19526 D AMC     : [P-mpss_reset/1] on trigger by:lterrct running:false
01-10 06:19:16.953 18843 19526 D AMC     : [P-mpss_reset/0] on trigger by:radiosleept running:false
01-10 06:19:16.953 18843 19526 E AMC     : [radiosleept] failed to match threshold, invalid du:1800000 value du:1515000 gap:0
01-10 06:19:16.953 18843 19526 E AMC     : [P-mpss_reset/0] execute failed in triggers[0]:[radiosleept:10][radiosleept:1172]
01-10 06:19:16.953 18843 19526 D AMC     : [P-mpss_reset/1] on trigger by:radiosleept running:false
01-10 06:19:16.953 18843 19526 E AMC     : [radiosleept] failed to match threshold, invalid du:1800000 value du:1515000 gap:0
01-10 06:19:16.953 18843 19526 E AMC     : [P-mpss_reset/1] execute failed in triggers[0]:[radiosleept:10][radiosleept:1172]
01-10 06:19:16.953 18843 19526 D AMC     : [P-oos_with_special_sim/0] on trigger by:radiosleept running:false
01-10 06:19:16.953 18843 19526 D AMC     : [P-oos_with_special_sim/1] on trigger by:radiosleept running:false
01-10 06:19:16.953 18843 19526 D AMC     : [P-ooslimited_deep/0] on trigger by:radiosleept running:false
01-10 06:19:16.953 18843 19526 D AMC     : [P-ooslimited_deep/1] on trigger by:radiosleept running:false
01-10 06:19:16.953 18843 19526 D AMC     : [P-network_disconnect] on trigger by:radiosleept running:false
01-10 06:19:16.953 18843 19526 E AMC     : [radiosleept] failed to match threshold, invalid du:1800000 value du:1515000 gap:1
01-10 06:19:16.953 18843 19526 E AMC     : [P-network_disconnect] execute failed in triggers[0]:[radiosleept:10][nwdisstate:null, radiosleept:1172]
01-10 06:19:16.953 18843 19526 D AMC     : [P-network_whitelist] on trigger by:radiosleept running:false
01-10 06:19:16.953 18843 19526 D AMC     : [P-mpss_reset/0] on trigger by:cellupdatec running:false
01-10 06:19:16.953 18843 19526 D AMC     : [P-mpss_reset/1] on trigger by:cellupdatec running:false
01-10 06:19:16.953 18859 19278 I ModemAciService: UMF LO,DC: OplusModemActivityInfo{ date=01-10 06:19:16.952 modemPowermA[]=[49,67,48,89,50,32] sleepTimeMs=9650 idleTimeMs=445 rxTimeMs=6572 5gRxTimeMs=0 txTimeMs[]=[0, 137, 6, 88, 44] 5gTxTimeMsSIM1=[0, 0, 0, 0, 0, 0, 0, 0] 5gTxTimeMsSIM2=[0, 0, 0, 0, 0, 0, 0, 0] 5gTxTimeSum[]=[0, 0] techTimeMs[]=[0, 0, 0, 0, 6847, 0, 0, 0, 48] rrcConn10sC[]=[0, 0] rrcConn20sC[]=[0, 0] rrcConnMore20sC[]=[1, 0] rrcConnC[]=[1, 0] csChangedC[]=[0, 0] psChangedC[]=[0, 0] iRatC[]=[0, 0] cellUpdateC[]=[0, 0] nwSrchC[]=[0, 0] nwSrchT[]=[0, 0] lteRrcConnT[]=[16, 0] psRegT[]=[17, 0] csRegT[]=[17, 0] psNoRegT[]=[0, 17] csNoRegT[]=[0, 17] sigGrid0T[]=[0, 0] endcActT[]=[0, 0] saActT[]=[0, 0] gpsTimeMs=114 wlanTimeMs=0 regReqFbC[]=[0, 0] regReqTransAcqDbC[]=[0, 0] saRrcConn10sC[]=[0, 0] saRrcConn20sC[]=[0, 0] saRrcConnMore20sC[]=[0, 0] saRrcConnC[]=[0, 0] lteHoC[]=[0, 0] saHoC[]=[0, 0] saRrcConnT[]=[0, 0] sensorStationaryC=0 sensorStationaryT=0 modemStationaryC=0 modemStationaryT=0}
01-10 06:19:16.953 18859 19278 I ModemAciService: handleMessage:32
01-10 06:19:16.953 23193 23423 W MTS_DetectionHelper: [m]live det null
01-10 06:19:16.953 20717 20717 I PTC.DATATRANS.AutoConnectionManager: eventReceiver Intent Action: android.intent.action.ACTION_POWER_DISCONNECTED
01-10 06:19:16.953 18698 18698 I SystemUi--Statusbar: BatteryControllerExt-->updateIntent():broadcast = android.intent.action.ADDITIONAL_BATTERY_CHANGED,OplusAddBatteryStatus(plugged = 0, status = 3, batteryCharging = false, chargerTechnology = 0, chargerWattage = 0, chargerWattageOrigin = 0, isWirelessCharging = false, isWirelessChargingReverse = false, isHeatStateActive = false, notifyCode = 0, realCharging = false, keyguardCharging = false, level = 100, lowLevelChange = false, supportSingleSmartCharge = false)
01-10 06:19:16.954 18698 18698 I SystemUi--Keyguard: ChargingAnimationImpl-->onAdditionalBatteryStateChanged mLastTipKey=Laddning %s,tipKey=Batterinivå: %s
01-10 06:19:16.954 18698 18698 I SystemUi--Keyguard: ChargingAnimationImpl-->dispatchChargeTipChange refreshAnim=false, tipKey=Batterinivå: %s, tip=Batterinivå: 100 %, disChargingMessage=Batterinivå: 100 %
01-10 06:19:16.954 25838 25838 D UsbStatusWarningService: onStartCommand
01-10 06:19:16.954 18698 18698 D OplusKeyguardStyleClock: setDateMessageInfo messageInfo={"refreshAnim":false,"showAnim":false,"extraKey":"Batterinivå: %s","extraMessage":"Batterinivå: 100 %","extraMessageExtraToData":"Batterinivå: 100 %"}
01-10 06:19:16.954 25838 25838 D UsbStatusWarningService: USB_HW_STATUS:000
01-10 06:19:16.954 25838 25838 D UsbStatusWarningService: check usb status:000
01-10 06:19:16.954 25838 25838 D UsbStatusWarningService: warning setting is on
01-10 06:19:16.954 18698 18698 I DateMessageViewModule: setDateMessageInfo-setExtra,info=DateMessageInfo(time=1736486340884, extraMsgType=2, isSetTips=true, tipsKey=Batterinivå: %s, tips=Batterinivå: 100 %, tipsExtraToData=Batterinivå: 100 %, refreshAnim=false, showAnim=false, extraRandom=1)
01-10 06:19:16.954 25838 28754 D UsbStatusWarningService: cancelAlarmUsbCheck
01-10 06:19:16.954 18698 18698 I SystemUi--Keyguard: ChargingAnimationImpl-->onAdditionalBatteryStateChanged:OplusAddBatteryStatus(plugged = 0, status = 3, batteryCharging = false, chargerTechnology = 0, chargerWattage = 0, chargerWattageOrigin = 0, isWirelessCharging = false, isWirelessChargingReverse = false, isHeatStateActive = false, notifyCode = 0, realCharging = false, keyguardCharging = false, level = 100, lowLevelChange = false, supportSingleSmartCharge = false)
01-10 06:19:16.954 18698 18698 I OplusCharge--: OplusChargeAnimImpl-->updateChargeAnimState , state : cancel charge anim, reason : plugged out
01-10 06:19:16.954 18698 18698 I OplusCharge--: OplusChargeAnimImpl-->allowWaterWave = false, isChargingAnimShow = false, isHighAnimLevel = true
01-10 06:19:16.954 18698 18698 I OplusCharge--: OplusChargeAnimImpl-->clearChargeAnim , reason : plugged out,chargeAnimLayoutVfx : null, frameChargeLayout: null, this: com.oplus.charge.viewmodel.OplusChargeAnimImpl@a753444
01-10 06:19:16.954 18698 18698 I SystemUi--Keyguard: RedHorizontalSingleClockController-->animChargeHasChanged , state : 4 , isCharging : false ,mIsCharging : true, mChargingAnimState : 4
01-10 06:19:16.954 18698 18698 I SystemUi--Keyguard: RedHorizontalSingleClockController-->updateAlphaWhenCharging , isCharging : false , mChargingAnimState : 4
01-10 06:19:16.954 18698 18698 I SystemUi--Keyguard: RedHorizontalSingleClockController-->isKeyguardShowing not showing
01-10 06:19:16.954 18698 18698 I SystemUi--Keyguard: ChargingAnimationImpl-->onAnimStateChanged , mChargeState : 4 , isScreenOn : true , mStateChanged : false , isGoingToSleep : false
01-10 06:19:16.954 18698 18698 I SystemUi--Keyguard: RedHorizontalSingleClockController-->animChargeHasChanged , state : 4 , isCharging : false ,mIsCharging : false, mChargingAnimState : 4
