01-10 06:19:21.535 10774 10774 D callGcSupression: java.lang.NullPointerException: Attempt to invoke virtual method 'java.lang.Object java.lang.reflect.Method.invoke(java.lang.Object, java.lang.Object[])' on a null object reference
01-10 06:19:21.536 10774 10774 D nativeloader: Load libstats_jni.so using APEX ns com_android_os_statsd for caller /apex/com.android.os.statsd/javalib/framework-statsd.jar: ok
01-10 06:19:21.536 10774 10774 D CompactWindowAppManager: initCompactApplicationInfo CompactMode: , NormalMode: 
01-10 06:19:21.537 10774 10774 D OplusScrollToTopManager: setIsInWhiteList false
01-10 06:19:21.537 10774 10774 D OplusViewDebugManager: OplusViewDebugManager Constructor android.view.debug.OplusViewDebugManager@f2c7fda [mHasViewDebugProperty true] [mHasMsgDebugProperty false] [DEBUG false] [EXTRAINFOENABLE false] [LIGHT_OS false]
01-10 06:19:21.539 10774 10774 W libc    : Access denied finding property "ro.odm.prev.product.name"
01-10 06:19:21.540 10774 10774 D ApplicationLoaders: Returning zygote-cached class loader: /system_ext/framework/androidx.window.extensions.jar
01-10 06:19:21.540 10774 10774 D ApplicationLoaders: Returning zygote-cached class loader: /system_ext/framework/androidx.window.sidecar.jar
01-10 06:19:21.544 17922 17922 D EnvelopeDetectorController: isEnvelopeAssistantEnabled isCancelNotification: true currentUserId: 0 userId: 0
01-10 06:19:21.544 20907 10771 D TrafficStats: tagSocket(165) with statsTag=0x9602, statsUid=10166
01-10 06:19:21.546 10774 10774 D nativeloader: Configuring clns-7 for other apk /data/app/~~8zL_GZUoDbKA00B-4QnC5w==/com.google.android.as.oss-Oq4k4v-4np-ODZrFKE46LA==/base.apk. target_sdk_version=35, uses_libraries=, library_path=/data/app/~~8zL_GZUoDbKA00B-4QnC5w==/com.google.android.as.oss-Oq4k4v-4np-ODZrFKE46LA==/lib/arm64:/data/app/~~8zL_GZUoDbKA00B-4QnC5w==/com.google.android.as.oss-Oq4k4v-4np-ODZrFKE46LA==/base.apk!/lib/arm64-v8a, permitted_path=/data:/mnt/expand:/data/user/0/com.google.android.as.oss
01-10 06:19:21.547 10774 10774 D CompatChangeReporter: Compat change id reported: 202956589; UID 10277; state: ENABLED
01-10 06:19:21.550 10774 10774 V GraphicsEnvironment: Currently set values for:
01-10 06:19:21.550 10774 10774 V GraphicsEnvironment:   angle_gl_driver_selection_pkgs=[]
01-10 06:19:21.550 10774 10774 V GraphicsEnvironment:   angle_gl_driver_selection_values=[]
01-10 06:19:21.550 10774 10774 V GraphicsEnvironment: Global.Settings values are invalid: number of packages: 0, number of values: 0
01-10 06:19:21.551 10774 10774 D ResourcesManagerExtImpl: applyConfigurationToAppResourcesLocked app.getDisplayId() return callback.displayId:-1
01-10 06:19:21.561 10774 10774 I PrivateComputeServicesApplication: PrivateComputeServicesApplication#onCreate
01-10 06:19:21.561 10774 10774 I PcsFcInit: Calling BrellaInit for PCS.
01-10 06:19:21.562 10774 10774 I NetworkUsageLogTtlService: NetworkUsageLogTtlService already scheduled.
01-10 06:19:21.562 17922 17940 I ActivityManager: Flag disabled. Ignoring finishAttachApplication from uid: 10277. pid: 10774
01-10 06:19:21.563 10774 10774 E ANDR-PERF-CLIENT-SYS: death recipent object is fine
01-10 06:19:21.563 10774 10774 W .android.as.oss: AIBinder_linkToDeath is being called with a non-null cookie and no onUnlink callback set. This might not be intended. AIBinder_DeathRecipient_setOnUnlinked should be called first.
01-10 06:19:21.564 10774 10788 I FederatedTrainingScheduler: Cancelling training for population:pcs/prod/platform_logging session_name:pcs/prod/platform_logging
01-10 06:19:21.564 10774 10774 D CompatChangeReporter: Compat change id reported: 311402873; UID 10277; state: ENABLED
01-10 06:19:21.564 10774 10774 D CompatChangeReporter: Compat change id reported: 323349338; UID 10277; state: ENABLED
01-10 06:19:21.564 17922 17940 D CompatChangeReporter: Compat change id reported: 311402873; UID 10277; state: ENABLED
01-10 06:19:21.564 17922 17940 D CompatChangeReporter: Compat change id reported: 323349338; UID 10277; state: ENABLED
01-10 06:19:21.564 10774 10788 I FcClientStatsdLogManager: Sending FL diagnosis log. [CONTEXT ratelimit_period="60 MINUTES" ]
01-10 06:19:21.565 17922 17940 W JobScheduler: Job didn't exist in JobStore: #com.google.android.as.oss/-1458638241
01-10 06:19:21.565 17922 17940 W JobScheduler: Job didn't exist in JobStore: #com.google.android.as.oss/369941447
01-10 06:19:21.566 17922 17940 W JobScheduler: Job didn't exist in JobStore: #com.google.android.as.oss/-605916168
01-10 06:19:21.566 17922 17940 D CompatChangeReporter: Compat change id reported: 311208629; UID 10277; state: ENABLED
01-10 06:19:21.567 17922 17940 W JobScheduler: Job didn't exist in JobStore: #com.google.android.as.oss/-1459396391
01-10 06:19:21.567 17922 17940 D ActivityManager: Async freezing 10774 com.google.android.as.oss
01-10 06:19:21.647 20907 28737 I LocationHistory: [SettingsSyncOneOffTask] Synced ODLH settings for all accounts. [CONTEXT service_id=314 ]
01-10 06:19:21.648 20907 20907 D BoundBrokerSvc: onUnbind: Intent { act=com.google.android.gms.semanticlocationhistory.settings.SettingsSyncOneOffService.ACTION_TASK_READY dat=chimera-action:/... cmp=com.google.android.gms/.chimera.GmsInternalBoundBrokerService mCallingUid=10129 }
01-10 06:19:21.648 19361 10593 I NetworkScheduler.Stats: (REDACTED) Task %s/%s finished executing. cause:%s result: %s elapsed_millis: %s uptime_millis: %s exec_start_elapsed_seconds: %s
01-10 06:19:21.656  2150  2232 I SnapAlloc: Using graphics libs for alignment calculations
01-10 06:19:21.664  2150  2232 I SnapAlloc: Using graphics libs for alignment calculations
01-10 06:19:21.824  2077  2211 E minksocket: MinkIPC ERROR: ( 2077:2211 ) MinkIPC_preProcess:272 Client down, but cannot find corresponding minksession
01-10 06:19:21.824  2077  2217 E minksocket: MinkIPC ERROR: ( 2077:2217 ) MinkIPC_preProcess:272 Client down, but cannot find corresponding minksession
01-10 06:19:21.825  2077  2211 E minksocket: MinkIPC ERROR: ( 2077:2211 ) MinkIPC_preProcess:272 Client down, but cannot find corresponding minksession
01-10 06:19:21.825  2077  2217 E minksocket: MinkIPC ERROR: ( 2077:2217 ) MinkIPC_preProcess:272 Client down, but cannot find corresponding minksession
01-10 06:19:21.826  2077  2211 E minksocket: MinkIPC ERROR: ( 2077:2211 ) MinkIPC_preProcess:272 Client down, but cannot find corresponding minksession
01-10 06:19:21.826  2077  2217 E minksocket: MinkIPC ERROR: ( 2077:2217 ) MinkIPC_preProcess:272 Client down, but cannot find corresponding minksession
01-10 06:19:21.827  2077  2217 E minksocket: MinkIPC ERROR: ( 2077:2217 ) MinkIPC_preProcess:272 Client down, but cannot find corresponding minksession
01-10 06:19:21.828  2077  2211 E minksocket: MinkIPC ERROR: ( 2077:2211 ) MinkIPC_preProcess:272 Client down, but cannot find corresponding minksession
01-10 06:19:21.879  3583  4140 D QmiClient: qmiServiceEventCallback recv msg id 47
01-10 06:19:21.879  3583  4140 D QmiOttClient: enter : onQmiServiceEventCallback msgId 47
01-10 06:19:21.879  3583  3614 D OttProxy: handleMessage msg is 3001
01-10 06:19:21.879 18986 19005 D SubsysRadioIndication: [PHONE0]radioLinkLatencyInfoInd
01-10 06:19:21.880 18986 19005 D SubsysRadioIndication: [PHONE0]notify enter
01-10 06:19:21.995 18698 18698 W LOG_FLOWCTRL: ==LOGS OVER PROC QUOTA(300), rows(431) bytes(87387) com.android.systemui DROPPED==
01-10 06:19:21.995 18698 18698 I ULELite : [ImmediateCapsuleAnimationHelper] holeToCapsuleAnimSet onAnimationEnd [SeedlingSdk|com.android.systemui|1.4.26-79c0076]
01-10 06:19:21.995 18698 18698 I ULELite : [TemplateViewDouble1x22] runCapsuleAnimationIfNeeded: shouldDoAnimaByEngine=true, capsuleWidthStake=0
01-10 06:19:22.016 24295 24492 I UTrace.Sdk: startHead, spanName: 102 [7f0000011736486362016442824295|null|p_24295_d6c09e2@24|com.oplus.battery] [Battery.apk|com.oplus.battery|1.4.7-8671218-20240809-163401]
01-10 06:19:22.017 24295 24492 D CardWidget_TraceHelper: (PowerSaveNotify) initIntentParams tags={flag=2, pkgName=com.oplus.battery, grade=4, isMilestone=true, pageId=pages/ps, intent=pantanal.intent.business.app.system.POWER_SAVE}
01-10 06:19:22.017 24295 24492 I UTrace.Sdk: addTraceTags, tags: {flag=2, pkgName=com.oplus.battery, grade=4, isMilestone=true, pageId=pages/ps, intent=pantanal.intent.business.app.system.POWER_SAVE} [7f0000011736486362016442824295|null|p_24295_d6c09e2@24|com.oplus.battery] [Battery.apk|com.oplus.battery|1.4.7-8671218-20240809-163401]
01-10 06:19:22.017 24295 24492 D CardWidget_TraceHelper: (PowerSaveNotify) saveTraceContext to bundle=UTraceContext(traceID='7f0000011736486362016442824295', current=p_24295_d6c09e2@24, parent=null, spanType=2, valid=1, tag=null)
01-10 06:19:22.017 24295 24492 D CardWidget_TraceHelper: (PowerSaveNotify) startTrace spanName=102
01-10 06:19:22.017 24295 24492 D CardWidget_TraceHelper: (PowerSaveNotify) startHeadCodeTrace spanName=920000
01-10 06:19:22.017 24295 24492 I UTrace.Sdk: startHead, spanName: 920000 [7f0000011736486362017442924295|null|p_24295_d6c09e2@25|com.oplus.battery] [Battery.apk|com.oplus.battery|1.4.7-8671218-20240809-163401]
01-10 06:19:22.017 24295 24492 D CardWidget_TraceHelper: (PowerSaveNotify) key=SecondTermTraceContext saveTraceContext to bundle=UTraceContext(traceID='7f0000011736486362017442924295', current=p_24295_d6c09e2@25, parent=null, spanType=1, valid=1, tag=null)
01-10 06:19:22.017 24295 24492 I UTrace.Sdk: addSpanTags, tags: {seedling_support_ver=3.0.4, pkgName=com.oplus.battery, appVersionName=, intent=pantanal.intent.business.app.system.POWER_SAVE} [7f0000011736486362017442924295|null|p_24295_d6c09e2@25|com.oplus.battery] [Battery.apk|com.oplus.battery|1.4.7-8671218-20240809-163401]
01-10 06:19:22.017 24295 24492 I UTrace.Sdk: addTraceTags, tags: {seedling_support_ver=3.0.4} [7f0000011736486362017442924295|null|p_24295_d6c09e2@25|com.oplus.battery] [Battery.apk|com.oplus.battery|1.4.7-8671218-20240809-163401]
01-10 06:19:22.017 24295 24492 D CardWidget_SEEDLING_SUPPORT_SDK(3000004): (PowerSaveNotify) isSupportNewMessenger true, lastCacheTime=1736486361030
01-10 06:19:22.017 24295 24492 D CardWidget_SEEDLING_SUPPORT_SDK(3000004): (PowerSaveNotify) createCallBackAndRegisterListener with Messenger
01-10 06:19:22.017 24295 24492 D CardWidget_TraceHelper: (PowerSaveNotify) startTrace spanName=103.parentTraceCtx=UTraceContext(traceID='7f0000011736486362016442824295', current=p_24295_d6c09e2@24, parent=null, spanType=2, valid=1, tag=null)
01-10 06:19:22.017 24295 24492 I UTrace.Sdk: start, spanName: 103 [7f0000011736486362016442824295|p_24295_d6c09e2@24|p_24295_d6c09e2@26|com.oplus.battery] [Battery.apk|com.oplus.battery|1.4.7-8671218-20240809-163401]
01-10 06:19:22.017 24295 24492 D CardWidget_TraceHelper: (PowerSaveNotify) saveTraceContext to bundle=UTraceContext(traceID='7f0000011736486362016442824295', current=p_24295_d6c09e2@26, parent=p_24295_d6c09e2@24, spanType=2, valid=1, tag=null)
01-10 06:19:22.018 24295 24492 I UTrace.Sdk: addTraceTags, tags: {seedling_support_ver=3.0.4} [7f0000011736486362016442824295|p_24295_d6c09e2@24|p_24295_d6c09e2@26|com.oplus.battery] [Battery.apk|com.oplus.battery|1.4.7-8671218-20240809-163401]
01-10 06:19:22.018 24295 24492 D CardWidget_TraceHelper: (PowerSaveNotify) endNodeTrace traceCtxStr={"traceID":"7f0000011736486362016442824295","current":"{\"spanID\":\"p_24295_d6c09e2\",\"sequence\":26}","parent":"{\"spanID\":\"p_24295_d6c09e2\",\"sequence\":24}","spanType":2,"valid":1}
01-10 06:19:22.018 24295 24492 I UTrace.Sdk: end, completionType: GOAHEAD [7f0000011736486362016442824295|p_24295_d6c09e2@24|p_24295_d6c09e2@26|com.oplus.battery] [Battery.apk|com.oplus.battery|1.4.7-8671218-20240809-163401]
01-10 06:19:22.018 24295 24492 D CardWidget_SEEDLING_SUPPORT_SDK(3000004): (PowerSaveNotify) isUserUnlocked true, lastCacheTime=1736486361030
01-10 06:19:22.018 24295 24492 D CardWidget_TraceHelper: (PowerSaveNotify) startTrace spanName=104.parentTraceCtx=UTraceContext(traceID='7f0000011736486362016442824295', current=p_24295_d6c09e2@26, parent=p_24295_d6c09e2@24, spanType=2, valid=1, tag=null)
01-10 06:19:22.018 24295 24492 I UTrace.Sdk: start, spanName: 104 [7f0000011736486362016442824295|p_24295_d6c09e2@26|p_24295_d6c09e2@27|com.oplus.battery] [Battery.apk|com.oplus.battery|1.4.7-8671218-20240809-163401]
01-10 06:19:22.018 24295 24492 D CardWidget_TraceHelper: (PowerSaveNotify) saveTraceContext to bundle=UTraceContext(traceID='7f0000011736486362016442824295', current=p_24295_d6c09e2@27, parent=p_24295_d6c09e2@26, spanType=2, valid=1, tag=null)
01-10 06:19:22.018 24295 24492 I UTrace.Sdk: addTraceTags, tags: {seedling_support_ver=3.0.4} [7f0000011736486362016442824295|p_24295_d6c09e2@26|p_24295_d6c09e2@27|com.oplus.battery] [Battery.apk|com.oplus.battery|1.4.7-8671218-20240809-163401]
01-10 06:19:22.018 24295 24492 D CardWidget_SEEDLING_SUPPORT_SDK(3000004): (PowerSaveNotify) getBooleanMetaValue, key = abnormalModeSupport, value = true
01-10 06:19:22.018 24295 24492 D CardWidget_SEEDLING_SUPPORT_SDK(3000004): (PowerSaveNotify) isSupport, isSystemSendIntentSupport = true,lastCacheTime=1736486361031
01-10 06:19:22.018 24295 24492 D CardWidget_SEEDLING_SUPPORT_SDK(3000004): (PowerSaveNotify) isSupportSystemSendIntent, support = true
01-10 06:19:22.018 24295 24492 D CardWidget_TraceHelper: (PowerSaveNotify) endNodeTrace traceCtxStr={"traceID":"7f0000011736486362016442824295","current":"{\"spanID\":\"p_24295_d6c09e2\",\"sequence\":27}","parent":"{\"spanID\":\"p_24295_d6c09e2\",\"sequence\":26}","spanType":2,"valid":1}
01-10 06:19:22.018 24295 24492 I UTrace.Sdk: end, completionType: GOAHEAD [7f0000011736486362016442824295|p_24295_d6c09e2@26|p_24295_d6c09e2@27|com.oplus.battery] [Battery.apk|com.oplus.battery|1.4.7-8671218-20240809-163401]
01-10 06:19:22.018 24295 24492 D CardWidget_TraceHelper: (PowerSaveNotify) startTrace spanName=105.parentTraceCtx=UTraceContext(traceID='7f0000011736486362016442824295', current=p_24295_d6c09e2@27, parent=p_24295_d6c09e2@26, spanType=2, valid=1, tag=null)
01-10 06:19:22.018 24295 24492 I UTrace.Sdk: start, spanName: 105 [7f0000011736486362016442824295|p_24295_d6c09e2@27|p_24295_d6c09e2@28|com.oplus.battery] [Battery.apk|com.oplus.battery|1.4.7-8671218-20240809-163401]
01-10 06:19:22.018 24295 24492 D CardWidget_TraceHelper: (PowerSaveNotify) saveTraceContext to bundle=UTraceContext(traceID='7f0000011736486362016442824295', current=p_24295_d6c09e2@28, parent=p_24295_d6c09e2@27, spanType=2, valid=1, tag=null)
01-10 06:19:22.018 24295 24492 I UTrace.Sdk: addTraceTags, tags: {seedling_support_ver=3.0.4} [7f0000011736486362016442824295|p_24295_d6c09e2@27|p_24295_d6c09e2@28|com.oplus.battery] [Battery.apk|com.oplus.battery|1.4.7-8671218-20240809-163401]
01-10 06:19:22.018 24295 24492 D CardWidget_TraceHelper: (PowerSaveNotify) supportSDK_send_intent_trace_context_to_ums is {"traceID":"7f0000011736486362016442824295","current":"{\"spanID\":\"p_24295_d6c09e2\",\"sequence\":28}","parent":"{\"spanID\":\"p_24295_d6c09e2\",\"sequence\":27}","spanType":2,"valid":1}
01-10 06:19:22.019 24295 24492 D CardWidget_SEEDLING_SUPPORT_SDK(3000004): (PowerSaveNotify) seedlingIntent to UMS start: [{"timestamp":1736486362016,"action":"pantanal.intent.business.app.system.POWER_SAVE","flag":2,"instance_id":1736486362016,"serviceInstanceId":"","isSupportMultiInstance":false,"card_options":{"pageId":"pages\/ps","isMilestone":true,"requestShowPanel":true,"requestHideStatusBar":false,"importance":4,"lockScreenShowHostMap":{"8":false},"panelActionConfigMap":{"101":2},"remind_type":12,"should_focus":false,"focus_timestamp":1736486362016},"intent_trace_context":"{\"traceID\":\"7f0000011736486362016442824295\",\"current\":\"{\\\"spanID\\\":\\\"p_24295_d6c09e2\\\",\\\"sequence\\\":28}\",\"parent\":\"{\\\"spanID\\\":\\\"p_24295_d6c09e2\\\",\\\"sequence\\\":27}\",\"spanType\":2,\"valid\":1}"}]
01-10 06:19:22.020 20663 20678 I UMS.IntentProvider: panta-sugg(15000119-release): start call method:start_intents, callingPackage=com.oplus.b***y [UMS|com.oplus.pantanal.ums|1.4.25-69f924a]
01-10 06:19:22.020 20663 20678 I UTrace.Sdk: start, spanName: 910000 [7f0000011736486362017442924295|p_24295_d6c09e2@25|p_20663_e047181@50|com.oplus.pantanal.ums]
01-10 06:19:22.020 20663 20678 I UMS.IntentProviderManager: panta-sugg(15000119-release): checkPackageIsLegal,pkgName:com.oplus.battery,pkgNotExistsInWhiteList:true,pkgNotExistsInStaticManagerLocal:false [7f0000011736486362017442924295|p_24295_d6c09e2@25|p_20663_e047181@50|com.oplus.pantanal.ums]
01-10 06:19:22.021 20663 20678 I UMS.IntentProviderManager: panta-sugg(15000119-release): getValidIntent, jsonArray:[{"timestamp":1736486362016,"action":"pantanal.intent.business.app.system.POWER_SAVE","flag":2,"instance_id":1736486362016,"serviceInstanceId":"","isSupportMultiInstance":false,"card_options":{"pageId":"pages\/ps","isMilestone":true,"requestShowPanel":true,"requestHideStatusBar":false,"importance":4,"lockScreenShowHostMap":{"8":false},"panelActionConfigMap":{"101":2},"remind_type":12,"should_focus":false,"focus_timestamp":1736486362016},"intent_trace_context":"{\"traceID\":\"7f0000011736486362016442824295\",\"current\":\"{\\\"spanID\\\":\\\"p_24295_d6c09e2\\\",\\\"sequence\\\":28}\",\"parent\":\"{\\\"spanID\\\":\\\"p_24295_d6c09e2\\\",\\\"sequence\\\":27}\",\"spanType\":2,\"valid\":1}"}] [7f0000011736486362017442924295|p_24295_d6c09e2@25|p_20663_e047181@50|com.oplus.pantanal.ums]
01-10 06:19:22.021 20663 20678 I UMS.IntentProviderManager: panta-sugg(15000119-release): getValidIntent, intentKey:pantanal.intent.business.app.system.POWER_SAVE, timestamp:1736486362016 [7f0000011736486362017442924295|p_24295_d6c09e2@25|p_20663_e047181@50|com.oplus.pantanal.ums]
01-10 06:19:22.021 20663 28790 I UMS.IntentProviderManager: panta-sugg(15000119-release): asyncSendIntent start.
01-10 06:19:22.021 20663 28790 I SG::StaticAndDecisionSdk: sendIntents... parentCtx:UTraceContext(traceID=7f0000011736486362017442924295, current=p_20663_e047181@50, parent=p_24295_d6c09e2@25, spanType=1, valid=1, tag=null)
01-10 06:19:22.021 20907  9751 I effr    : (REDACTED) Setting isLegacySQLite mode to %s.
01-10 06:19:22.021 24295 24492 D CardWidget_TraceHelper: (PowerSaveNotify) endNodeTrace traceCtxStr={"traceID":"7f0000011736486362016442824295","current":"{\"spanID\":\"p_24295_d6c09e2\",\"sequence\":28}","parent":"{\"spanID\":\"p_24295_d6c09e2\",\"sequence\":27}","spanType":2,"valid":1}
01-10 06:19:22.021 24295 24492 I UTrace.Sdk: end, completionType: GOAHEAD [7f0000011736486362016442824295|p_24295_d6c09e2@27|p_24295_d6c09e2@28|com.oplus.battery] [Battery.apk|com.oplus.battery|1.4.7-8671218-20240809-163401]
01-10 06:19:22.021 24295 24492 D CardWidget_TraceHelper: (PowerSaveNotify) endNodeTrace traceCtxStr={"traceID":"7f0000011736486362016442824295","current":"{\"spanID\":\"p_24295_d6c09e2\",\"sequence\":24}","spanType":2,"valid":1}
01-10 06:19:22.021 20663 28790 I UTrace.Sdk: end, completionType: GOAHEAD [7f0000011736486362017442924295|p_24295_d6c09e2@25|p_20663_e047181@50|com.oplus.pantanal.ums]
01-10 06:19:22.021 24295 24492 I UTrace.Sdk: end, completionType: GOAHEAD [Battery.apk|com.oplus.battery|1.4.7-8671218-20240809-163401]
01-10 06:19:22.021 24295 24492 D CardWidget_TraceHelper: (PowerSaveNotify) endNodeTrace traceCtxStr={"traceID":"7f0000011736486362017442924295","current":"{\"spanID\":\"p_24295_d6c09e2\",\"sequence\":25}","spanType":1,"valid":1}
01-10 06:19:22.021 24295 24492 I UTrace.Sdk: end, completionType: GOAHEAD [Battery.apk|com.oplus.battery|1.4.7-8671218-20240809-163401]
01-10 06:19:22.021 20663 28807 I UTrace.Sdk: start, spanName: 930000 [7f0000011736486362017442924295|p_20663_e047181@50|p_20663_e047181@51|com.oplus.pantanal.ums]
01-10 06:19:22.021 20663 28807 I UTrace.Sdk: addTraceTags, tags: {static_mgr_ver=2.0.35-beta-p3-SNAPSHOT} [7f0000011736486362017442924295|p_20663_e047181@50|p_20663_e047181@51|com.oplus.pantanal.ums]
01-10 06:19:22.021 20663 28807 I SG::IntentProviderHelper: intent intentValue=[{"timestamp":1736486362016,"action":"pantanal.intent.business.app.system.POWER_SAVE","flag":2,"instance_id":1736486362016,"serviceInstanceId":"","isSupportMultiInstance":false,"card_options":{"pageId":"pages\/ps","isMilestone":true,"requestShowPanel":true,"requestHideStatusBar":false,"importance":4,"lockScreenShowHostMap":{"8":false},"panelActionConfigMap":{"101":2},"remind_type":12,"should_focus":false,"focus_timestamp":1736486362016},"intent_trace_context":"{\"traceID\":\"7f0000011736486362016442824295\",\"current\":\"{\\\"spanID\\\":\\\"p_24295_d6c09e2\\\",\\\"sequence\\\":28}\",\"parent\":\"{\\\"spanID\\\":\\\"p_24295_d6c09e2\\\",\\\"sequence\\\":27}\",\"spanType\":2,\"valid\":1}"}] [7f0000011736486362017442924295|p_20663_e047181@50|p_20663_e047181@51|com.oplus.pantanal.ums]
01-10 06:19:22.021 20663 28807 I SG::IntentProviderHelper: [saveCacheIntent] Save seedlingIntent to sharedPreferences, the item is : pantanal.intent.business.app.system.POWER_SAVE [7f0000011736486362017442924295|p_20663_e047181@50|p_20663_e047181@51|com.oplus.pantanal.ums]
01-10 06:19:22.021 20663 28807 I SG::IntentProviderHelper: [filterCacheIntent] filter intent pantanal.intent.business.app.system.POWER_SAVE [7f0000011736486362017442924295|p_20663_e047181@50|p_20663_e047181@51|com.oplus.pantanal.ums]
01-10 06:19:22.022 20663 28807 I SG::IntentProviderHelper: [saveCacheIntent] save data [7f0000011736486362017442924295|p_20663_e047181@50|p_20663_e047181@51|com.oplus.pantanal.ums]
01-10 06:19:22.022 20663 28807 I SG::IntentProviderHelper: [intent_trace] systemIntent stm_get_intent_trace_context_from_ums  action:pantanal.intent.business.app.system.POWER_SAVE, contextString: {"traceID":"7f0000011736486362016442824295","current":"{\"spanID\":\"p_24295_d6c09e2\",\"sequence\":28}","parent":"{\"spanID\":\"p_24295_d6c09e2\",\"sequence\":27}","spanType":2,"valid":1} [7f0000011736486362017442924295|p_20663_e047181@50|p_20663_e047181@51|com.oplus.pantanal.ums]
01-10 06:19:22.022 20663 28807 I SG::IntentProviderHelper: [intent_trace] systemIntent uTraceContext parse result UTraceContext(traceID=7f0000011736486362016442824295, current=p_24295_d6c09e2@28, parent=p_24295_d6c09e2@27, spanType=2, valid=1, tag=null)  [7f0000011736486362017442924295|p_20663_e047181@50|p_20663_e047181@51|com.oplus.pantanal.ums]
01-10 06:19:22.022 20663 28807 E SG::IntentProviderHelper: getPendingIntentFromIntentData succeed: null [7f0000011736486362017442924295|p_20663_e047181@50|p_20663_e047181@51|com.oplus.pantanal.ums]
01-10 06:19:22.022 20663 28807 I SG::IntentProviderHelper: pendingIntent is null [7f0000011736486362017442924295|p_20663_e047181@50|p_20663_e047181@51|com.oplus.pantanal.ums]
01-10 06:19:22.022 20663 28807 I SG::IntentProviderHelper: [sendIntents] send seedlingIntents from sendIntents function. [7f0000011736486362017442924295|p_20663_e047181@50|p_20663_e047181@51|com.oplus.pantanal.ums]
01-10 06:19:22.022 20663 28807 D UTrace.Sdk: start, spanName: 3000 [7f0000011736486362016442824295|p_24295_d6c09e2@28|p_20663_e047181@52|com.oplus.pantanal.ums]
01-10 06:19:22.022 20663 28807 I SG::IntentProviderHelper: start system decision. [7f0000011736486362016442824295|p_24295_d6c09e2@28|p_20663_e047181@52|com.oplus.pantanal.ums]
01-10 06:19:22.022 20663 28807 D UTrace.Sdk: start, spanName: 3020 [7f0000011736486362016442824295|p_20663_e047181@52|p_20663_e047181@53|com.oplus.pantanal.ums]
01-10 06:19:22.022 20663 28807 I SG::DecisionStoreHelper: get mapping, services: [pantanal.intent.business.app.system.POWER_SAVE] [7f0000011736486362016442824295|p_20663_e047181@52|p_20663_e047181@53|com.oplus.pantanal.ums]
01-10 06:19:22.023 20663 28807 I SG::DecisionStoreHelper: findServiceInDecision actions[pantanal.intent.business.app.system.POWER_SAVE]  [7f0000011736486362016442824295|p_20663_e047181@52|p_20663_e047181@53|com.oplus.pantanal.ums]
01-10 06:19:22.023 20663 28807 I SG::DecisionStoreHelper: findServiceInDecision intents[SeedlingIntent(timestamp=1736486362016, action=pantanal.intent.business.app.system.POWER_SAVE, flag=2, data=null, options={"initData":{"expandedImg":"assets\/images\/expanded\/battery_level_.png","compactImg":"assets\/images\/compact\/battery_level_.png","level":100,"levelPercent":"100 %","title":"$t('strings.low_status')","subtitle":"$t('strings.ps_suggest')","show":true,"progcolor":"#DB382C"}}, seedlingCardOptions={"pageId":"pages\/ps","isMilestone":true,"requestShowPanel":true,"requestHideStatusBar":false,"importance":4,"lockScreenShowHostMap":{"8":false},"panelActionConfigMap":{"101":2},"remind_type":12,"should_focus":false,"focus_timestamp":1736486362016}, instanceId=1736486362016, uTraceContext=UTraceContext(traceID=7f0000011736486362016442824295, current=p_24295_d6c09e2@28, parent=p_24295_d6c09e2@27, spanType=2, valid=1, tag=null), serviceInstanceId=, isSupportMultiInstance=false)] seedlingCacheInfoMap={} [7f0000011736486362016442824295|p_20663_e047181@52|p_20663_e047181@53|com.oplus.pantanal.ums]
01-10 06:19:22.023 20663 28807 I SG::DecisionStoreHelper: infoMap: []  notFindIntentList = [SeedlingIntent(timestamp=1736486362016, action=pantanal.intent.business.app.system.POWER_SAVE, flag=2, data=null, options={"initData":{"expandedImg":"assets\/images\/expanded\/battery_level_.png","compactImg":"assets\/images\/compact\/battery_level_.png","level":100,"levelPercent":"100 %","title":"$t('strings.low_status')","subtitle":"$t('strings.ps_suggest')","show":true,"progcolor":"#DB382C"}}, seedlingCardOptions={"pageId":"pages\/ps","isMilestone":true,"requestShowPanel":true,"requestHideStatusBar":false,"importance":4,"lockScreenShowHostMap":{"8":false},"panelActionConfigMap":{"101":2},"remind_type":12,"should_focus":false,"focus_timestamp":1736486362016}, instanceId=1736486362016, uTraceContext=UTraceContext(traceID=7f0000011736486362016442824295, current=p_24295_d6c09e2@28, parent=p_24295_d6c09e2@27, spanType=2, valid=1, tag=null), serviceInstanceId=, isSupportMultiInstance=false)] [7f0000011736486362016442824295|p_20663_e047181@52|p_20663_e047181@53|com.oplus.pantanal.ums]
01-10 06:19:22.023 20663 28807 I SG::SeedlingDiscover: start find seedling for: [pantanal.intent.business.app.system.POWER_SAVE] [7f0000011736486362016442824295|p_20663_e047181@52|p_20663_e047181@53|com.oplus.pantanal.ums]
01-10 06:19:22.023 20663 28807 I SG::SeedlingDiscover: local repo found: [pantanal.intent.business.app.system.POWER_SAVE],mix data result size: 1 [7f0000011736486362016442824295|p_20663_e047181@52|p_20663_e047181@53|com.oplus.pantanal.ums]
01-10 06:19:22.023 20663 28807 I SG::ContextState: skip filter,isSystem:true [7f0000011736486362016442824295|p_20663_e047181@52|p_20663_e047181@53|com.oplus.pantanal.ums]
01-10 06:19:22.023 20663 28807 I SG::SeedlingDiscover: final results --> [SeedlingCacheInfo(serviceId=268451902, versionCode=2000001, url=com.oplus.battery, name=BatterySeedling, subDomain=common, action=pantanal.intent.business.app.system.POWER_SAVE, supportEntry=28, supportSize=7,8,9, type=100, platformVersion=3000000, hostName=com.oplus.battery, hostComponentName=com.oplus.powermanager.powersave.PowerSaveSeedlingCardProvider, minHostVersion=1, cardIds=-1, singleAction=pantanal.intent.business.app.system.POWER_SAVE, seedlingType=immediate, useTemplate=, remindControl=1, brandName=null, brandCode=null)] [7f0000011736486362016442824295|p_20663_e047181@52|p_20663_e047181@53|com.oplus.pantanal.ums]
01-10 06:19:22.023 20907  9751 I effr    : (REDACTED) Writing data for these Geller corpora: %s
01-10 06:19:22.023 20663 28807 I UTrace.Sdk: start, spanName: 930001 [7f0000011736486362017442924295|p_20663_e047181@51|p_20663_e047181@54|com.oplus.pantanal.ums]
01-10 06:19:22.023 20663 28807 I SG::DecisionStoreHelper: intent: [pantanal.intent.business.app.system.POWER_SAVE] [7f0000011736486362017442924295|p_20663_e047181@51|p_20663_e047181@54|com.oplus.pantanal.ums]
01-10 06:19:22.023 20663 28807 I SG::DecisionStoreHelper: startIntent is empty. [7f0000011736486362017442924295|p_20663_e047181@51|p_20663_e047181@54|com.oplus.pantanal.ums]
01-10 06:19:22.023 20663 28807 D UTrace.Sdk: start, spanName: 3031 [7f0000011736486362016442824295|p_20663_e047181@53|p_20663_e047181@55|com.oplus.pantanal.ums]
01-10 06:19:22.023 20663 28807 I SG::DecisionStoreHelper: start delete system decision. [7f0000011736486362016442824295|p_20663_e047181@53|p_20663_e047181@55|com.oplus.pantanal.ums]
01-10 06:19:22.023 20663 28807 I SG::DecisionStoreHelper: deleteSystemStoreItems, serviceIds: [268451902] [7f0000011736486362016442824295|p_20663_e047181@53|p_20663_e047181@55|com.oplus.pantanal.ums]
01-10 06:19:22.023 20663 28807 I SG::DecisionStoreHelper: [deleteEndService] start [7f0000011736486362016442824295|p_20663_e047181@53|p_20663_e047181@55|com.oplus.pantanal.ums]
01-10 06:19:22.023 20663 28807 I SG::DecisionStoreHelper: [deleteEndService] end [7f0000011736486362016442824295|p_20663_e047181@53|p_20663_e047181@55|com.oplus.pantanal.ums]
01-10 06:19:22.023 20907  9751 I effr    : (REDACTED) Writing metadata key: %s, corpus: %s
01-10 06:19:22.023 20663 28807 I SG::DecisionStoreHelper: deleteStoreItem, deleteNum: 0 [7f0000011736486362016442824295|p_20663_e047181@53|p_20663_e047181@55|com.oplus.pantanal.ums]
01-10 06:19:22.024 20907  9751 I effr    : (REDACTED) Writing metadata key: %s, corpus: %s
01-10 06:19:22.024 20663 28807 I SG::DecisionStoreHelper: deleteExpiredItems, deleteNum: 0 [7f0000011736486362016442824295|p_20663_e047181@53|p_20663_e047181@55|com.oplus.pantanal.ums]
01-10 06:19:22.024 20663 28807 I SG::DecisionStoreHelper: deleteSystemStoreItems : no bootTime condition meet [7f0000011736486362016442824295|p_20663_e047181@53|p_20663_e047181@55|com.oplus.pantanal.ums]
01-10 06:19:22.024 20663 28807 I SG::DecisionStoreHelper: deleteStoreItem, no changed [7f0000011736486362016442824295|p_20663_e047181@53|p_20663_e047181@55|com.oplus.pantanal.ums]
01-10 06:19:22.024 20663 28807 I SG::IntentProviderHelper: [removeCacheIntent] Remove intent cache from SharedPreferences, the list is : [pantanal.intent.business.app.system.POWER_SAVE] [7f0000011736486362016442824295|p_20663_e047181@53|p_20663_e047181@55|com.oplus.pantanal.ums]
01-10 06:19:22.024 20663 28807 I SG::IntentProviderHelper: [removeCacheIntent] remove end... [7f0000011736486362016442824295|p_20663_e047181@53|p_20663_e047181@55|com.oplus.pantanal.ums]
01-10 06:19:22.024 20663 28807 I SG::IntentProviderHelper: storeResult is 2, seedlingIntents size:1 [7f0000011736486362016442824295|p_20663_e047181@53|p_20663_e047181@55|com.oplus.pantanal.ums]
01-10 06:19:22.024 20907  9751 I effr    : (REDACTED) Writing data for these Geller corpora: %s
01-10 06:19:22.024 20663 28807 I SG::IntentProviderHelper: pendingIntent：null, storeResult:2，action：pantanal.intent.business.app.system.POWER_SAVE,timestamp:1736486362016 [7f0000011736486362016442824295|p_20663_e047181@53|p_20663_e047181@55|com.oplus.pantanal.ums]
01-10 06:19:22.024 20663 28807 D UTrace.Sdk: start, spanName: 3010 [7f0000011736486362016442824295|p_20663_e047181@55|p_20663_e047181@56|com.oplus.pantanal.ums]
01-10 06:19:22.024 20663 28807 D UTrace.Sdk: end, completionType: GOAHEAD [7f0000011736486362016442824295|p_20663_e047181@55|p_20663_e047181@56|com.oplus.pantanal.ums]
01-10 06:19:22.024 24295 24295 D CardWidget_TraceHelper: (main) startTrace spanName=106.parentTraceCtx=UTraceContext(traceID='7f0000011736486362016442824295', current=p_20663_e047181@55, parent=p_20663_e047181@53, spanType=2, valid=1, tag=null)
01-10 06:19:22.024 24295 24295 I UTrace.Sdk: start, spanName: 106 [7f0000011736486362016442824295|p_20663_e047181@55|p_24295_d6c09e2@29|com.oplus.battery] [Battery.apk|com.oplus.battery|1.4.7-8671218-20240809-163401]
01-10 06:19:22.025 24295 24295 D CardWidget_TraceHelper: (main) saveTraceContext to bundle=UTraceContext(traceID='7f0000011736486362016442824295', current=p_24295_d6c09e2@29, parent=p_20663_e047181@55, spanType=2, valid=1, tag=null)
01-10 06:19:22.025 24295 24295 I UTrace.Sdk: addTraceTags, tags: {seedling_support_ver=3.0.4} [7f0000011736486362016442824295|p_20663_e047181@55|p_24295_d6c09e2@29|com.oplus.battery] [Battery.apk|com.oplus.battery|1.4.7-8671218-20240809-163401]
01-10 06:19:22.025 24295 24295 D CardWidget_SEEDLING_SUPPORT_SDK(3000004): (main) createResultCallBackMessenger,call back to user.action=pantanal.intent.business.app.system.POWER_SAVE,flag=2
01-10 06:19:22.025 24295 24295 D CardWidget_SEEDLING_SUPPORT_SDK(3000004): (main) createCallBack: resultCode = 2
01-10 06:19:22.025 24295 24295 D CardWidget_SEEDLING_SUPPORT_SDK(3000004): (main) createCallBack: key = pantanal.intent.business.app.system.POWER_SAVE_1736486362016,callBackMap = {pantanal.intent.business.app.system.POWER_SAVE_1736486362016=x8.h$c@4bd79ec}
01-10 06:19:22.025 24295 24295 I Channel.Client[1000028].battery.SEEDLING_SUPPORT_SDK(3000004): createCallBack,action = pantanal.intent.business.app.system.POWER_SAVE,flag=2,resultCode=2
01-10 06:19:22.025 24295 24295 D CardWidget_TraceHelper: (main) endCompleteNodeTrace error spanName=1061,traceCtx=UTraceContext(traceID='7f0000011736486362016442824295', current=p_24295_d6c09e2@29, parent=p_20663_e047181@55, spanType=2, valid=1, tag=null)
01-10 06:19:22.025 24295 24295 E UTrace.Sdk: error, errorCode: 1061, errorInfo: sendResultCodeCallBack resultCode=2 [7f0000011736486362016442824295|p_20663_e047181@55|p_24295_d6c09e2@29|com.oplus.battery] [Battery.apk|com.oplus.battery|1.4.7-8671218-20240809-163401]
01-10 06:19:22.025 24295 24295 I UTrace.Sdk: end, completionType: COMPLETE [7f0000011736486362016442824295|p_20663_e047181@55|p_24295_d6c09e2@29|com.oplus.battery] [Battery.apk|com.oplus.battery|1.4.7-8671218-20240809-163401]
01-10 06:19:22.025 24295 24295 D CardWidget_TraceHelper: (main) endIntentTrace traceCtx={"traceID":"7f0000011736486362016442824295","current":"{\"spanID\":\"p_24295_d6c09e2\",\"sequence\":29}","parent":"{\"spanID\":\"p_20663_e047181\",\"sequence\":55}","spanType":2,"valid":1},resultCode=2
01-10 06:19:22.025 20907  9751 I effr    : (REDACTED) Writing metadata key: %s, corpus: %s
01-10 06:19:22.025 20907  9751 I effr    : (REDACTED) Writing metadata key: %s, corpus: %s
01-10 06:19:22.026 20907  9751 I effr    : (REDACTED) Writing data for these Geller corpora: %s
01-10 06:19:22.028 20907  9751 I effr    : (REDACTED) Writing metadata key: %s, corpus: %s
01-10 06:19:22.028 20907  9751 I effr    : (REDACTED) Writing metadata key: %s, corpus: %s
01-10 06:19:22.029 20907  9751 I effr    : (REDACTED) Setting isLegacySQLite mode to %s.
01-10 06:19:22.031 20907 10758 I effr    : (REDACTED) Setting isLegacySQLite mode to %s.
01-10 06:19:22.033 19361 10723 I NetworkScheduler.Stats: (REDACTED) Task %s/%s finished executing. cause:%s result: %s elapsed_millis: %s uptime_millis: %s exec_start_elapsed_seconds: %s
01-10 06:19:22.033 20907 20907 D BoundBrokerSvc: onUnbind: Intent { act=com.google.android.gms.semanticlocationhistory.deidentifieddata.storevisits.StoreVisitsProcessingService.ACTION_TASK_READY dat=chimera-action:/... cmp=com.google.android.gms/.chimera.GmsInternalBoundBrokerService mCallingUid=10129 }
01-10 06:19:22.069 18698 18698 E StackScroll: Heads up view appearing mWasCancelled = false for ANIMATION_TYPE_ADD
01-10 06:19:22.069 18698 18698 E StackScroll: Heads up view appearing mWasCancelled = false for ANIMATION_TYPE_ADD
01-10 06:19:22.069 18698 18698 E StackScroll: Heads up view appearing mWasCancelled = false for ANIMATION_TYPE_ADD
01-10 06:19:22.079 18585 18608 I [0]DCS-StrategyManager: isNeedUpload: cache, type: 2006, appID: 20082, logTag: 20082, eventID: notification_expose
01-10 06:19:22.080 18585 18608 I [0]DCS-StrategyManager: isNeedUpload: cache, type: 2006, appID: 20082, logTag: 20082, eventID: notification_expose
01-10 06:19:22.080 18585 18608 I [0]DCS-StrategyManager: isNeedUpload: cache, type: 2006, appID: 20082, logTag: 20082, eventID: notification_expose
01-10 06:19:22.080 18585 18608 I [0]DCS-StrategyManager: isNeedUpload: cache, type: 2006, appID: 20082, logTag: 20082, eventID: notification_expose
01-10 06:19:22.080 18585 18608 I [0]DCS-StrategyManager: isNeedUpload: cache, type: 2006, appID: 20082, logTag: 20082, eventID: notification_expose
01-10 06:19:22.081 18585 18608 I [0]DCS-StrategyManager: isNeedUpload: cache, type: 2006, appID: 20082, logTag: 20082, eventID: notification_expose
01-10 06:19:22.081 18585 18608 I [0]DCS-StrategyManager: isNeedUpload: cache, type: 2006, appID: 20082, logTag: 20082, eventID: notification_expose
01-10 06:19:22.081 18585 18608 I [0]DCS-StrategyManager: isNeedUpload: cache, type: 2006, appID: 20082, logTag: 20082, eventID: notification_expose
01-10 06:19:22.081 18585 18608 I [0]DCS-StrategyManager: isNeedUpload: cache, type: 2006, appID: 20082, logTag: 20082, eventID: notification_expose
01-10 06:19:22.082 18585 18608 I [0]DCS-StrategyManager: isNeedUpload: cache, type: 2006, appID: 20082, logTag: 20082, eventID: notification_expose
01-10 06:19:22.094 18698 18698 D PluginSeedling--Engine: ActionBase-->action 'SMALL_INSTANT_CARD_APPEAR'.status changed from RUNNING to DONE @main
01-10 06:19:22.094 18698 18698 D PluginSeedling--Engine: ActionBase-->action 'SMALL_INSTANT_CARD_APPEAR_ANIMATION'.status changed from RUNNING to DONE @main
01-10 06:19:22.094 18698 18698 D PluginSeedling--Engine: ActionBase-->action 'EndPlay'.status changed from WAIT to RUNNING @main
01-10 06:19:22.094 18698 18698 I PluginSeedling--Engine: SeedlingContext-->setScene: scene=NONE oldScene=SMALL_INSTANT_CARD_APPEAR
01-10 06:19:22.094 18698 18698 D PluginSeedling--Engine: ActionBase-->action 'EndPlay'.status changed from RUNNING to DONE @main
01-10 06:19:22.094 18698 18698 D PluginSeedling--Engine: ActionBase-->action 'SMALL_INSTANT_CARD_APPEAR_after'.status changed from WAIT to RUNNING @main
01-10 06:19:22.094 18698 18698 I PluginSeedling--StatusBar: SimpleSceneBuilder-->afterAction SMALL_INSTANT_CARD_APPEAR
01-10 06:19:22.094 18698 18698 I PluginSeedling--Capsule: InstantContainer-->blockUpdateView false: InstantUiState(key=268451924||0|1736486361028, expanded=true, smallCard=n7.b1{67cc24b V.E...... ......ID 322,21-758,100 alpha=1.0 viewInfo = }, expandCard=null, viewController=v3.d@619b6a5, viewLifecycle=v3.e@7373a7a)
01-10 06:19:22.094 18698 18698 I PluginSeedling--Capsule: CardsRepository-->blockViewUpdate false serviceId: 268451924
01-10 06:19:22.094 18698 18698 I PantaCard.SysUi.SeedlingCard:  268451924&1&20_sid=268451924_rk=fbb948,setDynamicConfiguration,view = n7.b1{67cc24b V.E...... ......ID 322,21-758,100 alpha=1.0 viewInfo = },bundle=Configuration(entrance=[statusbar,type=8,hostId=20], supportEntranceList=[[statusbar,type=8,hostId=20], [aod,type=4,hostId=40], [notification,type=16,hostId=30]], mode=STANDARD, loadTimeout=-1, supportedCardCategory=[SEEDLING],shouldNotifyCardServiceToInit=false, shouldPreInitSeedlingPlugin=true, isContextLoadedByAppDefaultClassLoader=true, hostClassLoader=com.android.systemui.shared.plugins.OPlusPluginClassLoader[DexPathList[[zip file "/system_ext/app/SystemUIPlugin/SystemUIPlugin.apk"],nativeLibraryDirectories=[/system_ext/app/SystemUIPlugin/lib/arm64, /system_ext/app/SystemUIPlugin/SystemUIPlugin.apk!/lib/arm64-v8a, /system/lib64, /system_ext/lib64, /system/lib64, /system_ext/lib64]]], deltaOfLCAParentClassLoader=2seedingConfiguration=SeedlingConfiguration(engineType=Lite), instantConfiguration=null,shouldParseSeedlingUIData=true,needHostHandleCardBg=false,isHostLightColor=true,launchInterceptorMap={[notification,type=16,hostId=30]=g4.j@34b2fe4, [aod,type=4,hostId=40]=g4.k@df30c4d},launcherInterceptor=null, enableV2Callback=false,checkForceCopySwitch=true,isSupportChildThread=false,extrasDataToEngine={})[sdk:v1.2.56-932c039,seed-plugin:v15.0.69-dc9783bb,app:v15.00.11] [SystemUIPlugin|com.android.systemui|1.4.26-79c0076]
01-10 06:19:22.095 18698 18698 I SDP.SysUi.LiteSeedling:  268451924&1&20_sid=268451924_rk=fbb948,setDynamicConfiguration, configurations = Bundle[{blockViewUpdate=false}][ssdk:v1.2.56-932c039,sdplugin:v15.0.69-dc9783bb] [SeedlingSdk|com.android.systemui|1.4.26-79c0076]
01-10 06:19:22.095 18698 18698 I SDP.SysUi.LiteSeedling:  268451924&1&20_sid=268451924_rk=fbb948,findTargetView, viewTag = ViewTagInfo(entrance=status_bar[8,20], serviceId=268451924, cardSizeInEngine=notification_sm, index=0, realEngineTypeName=LITE, hashCode=122930216)[ssdk:v1.2.56-932c039,sdplugin:v15.0.69-dc9783bb]
01-10 06:19:22.095 18698 18698 I ULELite : [CardFrontend.StatusBar2notification_sm] UpdateBlockViewState blockViewUpdate: false, local blockViewUpdatetrue, blockPendingData: null
01-10 06:19:22.095 18698 18698 I ULELite : [PagesViewSwitcher] cancelShowNextAnimation block:false, commonRefreshAnimation:null
01-10 06:19:22.095 18698 18698 I ULELite : [ImmediateReminderView] blockViewUpdate begin, block:false
01-10 06:19:22.095 18698 18698 I ULELite : [TemplateViewDouble1x22] run : blockViewUpdate=false local blockViewUpdate=true pending=true
01-10 06:19:22.096 18698 18698 I ULELite : [segment][TemplateViewDouble1x22][i:0]=>lWQEvbbPUsIArmf4vVyz2MIyumxs1TUlpE7n5euTuWGf8nmnH3MVrqAQEwyL+JxeZcT8MwgsI0mGu442GtICstMwmlxiwu0PcJtjg7/i6HvdNToWvypTn39yn86zMaZS8M3SLSbn3GjZYiq0KBsKNP+7Yst9mjhc7voaQX6GujW1wQyKA4vEcLz5O4+pog/70vd75+0TDri/MfeTKwmLZgGsPaLGtVOTe0yaaQL7KUhGdUZkpUcaU88L7VfzFwpzQXxMUTldWIUp/qryOGhL5BvwL9Kvm1Uidn4scWR8MbK8/+TVsEYS3pP+KVkXWJupk8Md+RhCTCoG67xIfw7A5f6NAtErH60M88iaOPPWRXWE1Ms570YIuihOksFL+lXrjVOwTmMqNsaMPUVE3SgFmVilYtOB4RRcZLKJLZXx6KV+e9VQdLtY4dipLQSsQOkewjLoQEFvM0SioWy5oF9FY+iTdKZ7J9bWw/RAgCIWEuZINtSO2BR6BDI88qqs1cYvvD5Ti6XAs3tq+EP6yRRbgWJ0yVSZq5lKLP9qra53et3x7rJcJKvjYbakg3sch5S53yxChuaz6dWCFB0WONKDghho1zY203nRkinT0yZK5FEUKkA/UsdkaBsuL0gXjp7aTXo6z3xF+4C0X9GmzQd0eH8XMxkH0eG96+ZBg8JHKTgfhpv4Xg9IynBh94DWWSShIZt6sgVx9AZIdhX37Sx1ZhOc41lEvBhbkloI8mhuHiOdP8MwALQoLqFGkwCnIAZPmehwRcD8O1kxAch3SRaT81Kvlx1mcneh2APBfTLRwbXSuJzhf3hHkC4qZDS+YWvAjca0Tj7qZzSmvW1nljKd2xVaFUyEsKdDkUi0FhmrAnHGdnqOcQ6vhcaBLTrQq1ZKhE7vXn9lToPA08eKHPwCgnKR6NDsy0v8tvhs8oFt/7x5WTku1eVgHtp8n3j+DVqp5nSWhCTw9Voib6gJvfAM0N+k1o+5H2QGotWwhUUMwsxKplAV3N3r58zwFGPYLPPoqfidjViUUBAC1v0i1WAwHvczQdxbh18nbRy5tSIY82OX5JtolLBccu8vsci7lrW/0NdNnbQmtWhCZrkSThKHxq5/vO7cfaLUhRzPss+Ll3RE/NVlohmlT68dWCNGu0O8cSPn0EeH5D2EbddjtOz/EmkulY5EAYSCb9dlZiBCjSkF6pwR3+qwkacXwOuAoAvCjMd0s7yHJF4nSuAqv78iF5CnImk97F9X7mg3GfUKZzVy7r/n/S6Z+0QNzM+rrzM1MV2B6uYZdG4n67OlITp4z3VE6G0tc8Jg4C62ODLsIPys2awRokL3fNebZ96nlQOSKMYNnrzgDLLE2m1RPT8RCszE0/8s4hnK8OWSgadILMRqmtLwVh8VNUot8++driSJxMCLkkA333Q+F72XaLDaLgkN2sX1JujfbaSOSHNBzh9bg0bRvQDTewej3nyMl1V7suNxbNRE9r9ge8SeSZtf0UkOaZNbJRiakjv9YVadzuml/AObwKrc/KgtbSwiiPor1BRVuLzxO/1PkbiMmg4mr4mVMme5hJysI/pL4qIpNeERdqgcKSKrOF/l39WCMJkrToMw6OCYXgrm4Angdiaat37yU3RX67VINkujW2jGVPG9Fs4N7ng9qYQ3Ax8TxkdgPirYkOKkC0uytiQzgF9bnMLx/TfqwiGwIbLZKSvup9dCLCEXfrUhJsnOXq30bTH9AydDpSnH/dLcEfs9FE5WVu2MlebPOZrVDj/oncVXWuTVHlOUFrPUss+RT6wI4N2WveElK4xKqvU78Hu2yNDwOyjcuiagnmHwqvkwNEjlUArTKFNBGsfoPUQDRSQw9gWP4G5hZSOP7E1dURPj/fncoCpEn8aHSlXRyavU+crRHe9DYn79LJ6BhykBED0MGH9ACfpBoYwkLcKl16VFxVXfxY2EEBCjSY+yd9Z+SglsCx8nIJInYFzSaqCvEdE5IjkhYKNhaWuBXTJ/QXZZJsrBiMCONtV+VI60KtYuGZKcK2n0P6t/r5W1TzP59uoxeLkby9ZXjql+rqVxuxnoT4W8mT3vr7k2WTP4022euZx0mH5fYO8K9HdbBgudeLLYbB26dKoWx1+WP4sYSMqP4YUVwJ0f3cCPqh4DH75CS+qKQtZWeWpnPdIvzS8smkZMOp5J005J94fSX73hZ5KslqfXBbpSHw2qjyh7BMMeG2YiwCW2thuK8qGCma5xXwYZCvTNwNUoIdZxRFnVPdc4xni4EKvtOALBvtVKIa8LvKkSR2/urLBZECf0ZGD8SVhdZwkL9CBJlpPIccManY//7sEmzQ==
01-10 06:19:22.096 18698 18698 I ULELite : [TemplateViewDouble1x22] childNodes: [Text{textColor=-16728813, textDarkColor=0, charSequence=null, spanString=null, transformEffect=fade, nodeId=4, level='B', type='text', value='Laddning', textWidth='0', shown='true', voiceLabel='null', isMilestone='false', isFirstLoad='false', maxLines='1', play='update', privacyMode='false', privacyData='null', classList='[]', fontWeight='null', marqueeRepeatLimit='1', preCountDownTime: ', countDownTime: '}] childNodesRight: [Text{textColor=-16728813, textDarkColor=0, charSequence=null, spanString=null, transformEffect=fade, nodeId=6, level='B0', type='text', value='100 %', textWidth='0', shown='true', voiceLabel='null', isMilestone='false', isFirstLoad='false', maxLines='1', play='update', privacyMode='false', privacyData='null', classList='[]', fontWeight='null', marqueeRepeatLimit='1', preCountDownTime: ', countDownTime: '}, Image{imageAlt='null', nodeId=7, level='A0', type='image', value='assets/images/battery_level_100.svg', shown=true, expandedSize='', rotat
01-10 06:19:22.097 18698 18698 I ULELite : [TemplateViewDouble1x22] leftOnlyNumberUpdate=true rightOnlyNumberUpdate=true
01-10 06:19:22.097 18698 18698 I ULELite : [TemplateViewDouble1x22] state=0
01-10 06:19:22.097 18698 18698 I ULELite : [TemplateViewSwitcher] setTextSize size=12.0
01-10 06:19:22.097 18698 18698 I ULELite : [TemplateViewSwitcher] setTextSize size=12.0
01-10 06:19:22.097 18698 18698 I ULELite : [TemplateViewDouble1x22] size: left_A_Width=0
01-10 06:19:22.097 18698 18698 I ULELite : [NumberFlipView] setNumberFixedWidth: true
01-10 06:19:22.098 18698 18698 I ULELite : [NumberFlipView] getCalculatedWidth content= Laddning, contentMeasuredWidth131.0, adjustedContent=Laddning
01-10 06:19:22.098 18698 18698 I ULELite : [TemplateViewDouble1x22] size: right_A_Width=59
01-10 06:19:22.098 18698 18698 I ULELite : [NumberFlipView] setNumberFixedWidth: true
01-10 06:19:22.098 18698 18698 I ULELite : [NumberFlipView] getCalculatedWidth content= 100 %, contentMeasuredWidth86.0, adjustedContent=100 %
01-10 06:19:22.098 18698 18698 I ULELite : [TemplateViewDouble1x22] setPictureData pictureData= nullisLeft: true views: nullnullnull
01-10 06:19:22.098 18698 18698 I ULELite : [TemplateViewDouble1x22] setPictureData pictureData= PictureData{bitmap=Image{imageAlt='null', nodeId=7, level='A0', type='image', value='assets/images/battery_level_100.svg', shown=true, expandedSize='', rotate='null', voiceLabel=null', displayAnimation=null', sweepLightEffect='}, lottieData=null, widgetData=null, spectrumComponet=null, isShown=true}isLeft: false views: com.oplus.ule.lite.components.CircleImageView{50c434e V.ED..... ......ID 0,0-59,53 alpha=1.0 viewInfo = }nullnull
01-10 06:19:22.098 18698 18698 I ULELite : [CompareHelper] Component_data_imageData_old = Image{imageAlt=null, value=assets/images/battery_level_100.svg, shown=true, rotate=null, sweepLightEffect=, displayAnimation=null}
01-10 06:19:22.098 18698 18698 I ULELite : [CompareHelper] Component_data_imageData_new2 = Image{imageAlt=null, value=assets/images/battery_level_100.svg, shown=true, rotate=null, sweepLightEffect=, displayAnimation=null}
01-10 06:19:22.098 18698 18698 I ULELite : [CompareHelper] Component_data_imageData_isNotChange = true
01-10 06:19:22.099 18698 18698 I ULELite : [CompareHelper] Component_data_textData_isNotChange = true
01-10 06:19:22.099 18698 18698 I ULELite : [CompareHelper] Component_data_textData_isNotChange = true
01-10 06:19:22.099 18698 18698 I ULELite : [TemplateViewDouble1x22] init : entranceDrawRadiusAndStroke=false strokeColor=null
01-10 06:19:22.099 18698 18698 I ULELite : [TemplateViewDouble1x22] TemplateViewDouble1x2 updateData finish
01-10 06:19:22.099 18698 18698 W PluginSeedling--CapsuleCard: CardsRepository-->update--view null
01-10 06:19:22.099 18698 18698 I PluginSeedling--Capsule: InstantContainer-->blockAnimation false:InstantUiState(key=268451924||0|1736486361028, expanded=true, smallCard=n7.b1{67cc24b V.E...... ......ID 322,21-758,100 alpha=1.0 viewInfo = }, expandCard=null, viewController=v3.d@619b6a5, viewLifecycle=v3.e@7373a7a)
01-10 06:19:22.099 18698 18698 I SDP.SysUi.LiteSeedling:  268451924&1&20_sid=268451924_rk=fbb948,notifyCanStartAnimation, canStartAnimation:true, entranceViewTag:ViewTagInfo(entrance=status_bar[8,20], serviceId=268451924, cardSizeInEngine=notification_sm, index=0, realEngineTypeName=LITE, hashCode=122930216)[ssdk:v1.2.56-932c039,sdplugin:v15.0.69-dc9783bb]
01-10 06:19:22.099 18698 18698 I ULELite : [ULEView.StatusBar2notification_sm] [2] notifyCanStartAnimation canStartAnimation = true
01-10 06:19:22.099 18698 18698 I ULELite : [ImmediateReminderView] notifyCanStartAnimation begin, canStartAnimation:true, local:false
01-10 06:19:22.099 18698 18698 I ULELite : [TemplateViewDouble1x22] notifyCanStartAnimation:  true
01-10 06:19:22.099 18698 18698 W PluginSeedling--CapsuleCard: CardsRepository-->animation--view null
01-10 06:19:22.099 18698 18698 D PluginSeedling--Engine: ActionBase-->action 'SMALL_INSTANT_CARD_APPEAR_after'.status changed from RUNNING to DONE @main
01-10 06:19:22.099 18698 18698 D PluginSeedling--Engine: ActionBase-->action 'SMALL_INSTANT_CARD_APPEAR'.status changed from RUNNING to DONE @main
01-10 06:19:22.099 18698 18698 D PluginSeedling--Engine: ActionBase-->action 'START_TO_INSTANT_SEQUENCE_TASK'.status changed from RUNNING to DONE @main
01-10 06:19:22.099 18698 18698 D PluginSeedling--Engine: ActionBase-->action 'setCurState:INSTANT_CARD_STATE'.status changed from WAIT to RUNNING @main
01-10 06:19:22.099 18698 18698 D PluginSeedling--CapsuleCard: CardContainerViewModel-->onStateChangeAfter:target=d5.b@2767a93,event=EVENT_DATA_INSTANT
01-10 06:19:22.099 18698 18698 D PluginSeedling--Capsule: CapsulesRepository-->notifySizeChange 1
01-10 06:19:22.099 18698 18698 I PluginSeedling--Capsule: CapsuleVisEx-->onStateChanged: sourceStateSTART_STATE, targetState:INSTANT_CARD_STATE, contentState:NORMAL
01-10 06:19:22.099 18698 18698 D PluginSeedling--Engine: ActionBase-->action 'setCurState:INSTANT_CARD_STATE'.status changed from RUNNING to DONE @main
01-10 06:19:22.099 18698 18698 D PluginSeedling--Engine: ActionBase-->action 'FLOW_WINDOW_STATE_ENTRY'.status changed from DONE to RUNNING @main
01-10 06:19:22.099 18698 18698 D PluginSeedling--StateMachine: FluidAction-->run action FLOW_WINDOW_STATE_ENTRY
01-10 06:19:22.099 18698 20886 D PluginSeedling--Capsule: CapsulesRepository-->notifySizeChange 268451924||0|1736486361028 notifySizeChange 0 --> 7
01-10 06:19:22.100 18698 18698 D PluginSeedling--Engine: ActionBase-->action 'FLOW_WINDOW_STATE_ENTRY'.status changed from RUNNING to DONE @main
