01-10 06:19:19.337 18776 19262 D DataStatistics: DsDefaultState EVENT_RELEASE_NETWORK_REQUEST not game app request network id=73 mNoGameStatisticsInfos size=0
01-10 06:19:19.337 18776 19262 D DataStatistics: DsIdleState msg.what=8
01-10 06:19:19.338 18776 19262 D DataStatistics: DsDefaultState EVENT_RELEASE_NETWORK_REQUEST not game app request network id=69 mNoGameStatisticsInfos size=0
01-10 06:19:19.338 18776 19262 D DataStatistics: DsIdleState msg.what=8
01-10 06:19:19.338 18776 19262 D DataStatistics: DsDefaultState EVENT_RELEASE_NETWORK_REQUEST not game app request network id=382 mNoGameStatisticsInfos size=0
01-10 06:19:19.338 18776 19262 D DataStatistics: DsIdleState msg.what=8
01-10 06:19:19.338 18776 19262 D DataStatistics: DsDefaultState EVENT_RELEASE_NETWORK_REQUEST not game app request network id=97 mNoGameStatisticsInfos size=0
01-10 06:19:19.338 18776 19262 D DataStatistics: DsIdleState msg.what=8
01-10 06:19:19.338 18776 19262 D DataStatistics: DsDefaultState EVENT_RELEASE_NETWORK_REQUEST not game app request network id=167 mNoGameStatisticsInfos size=0
01-10 06:19:19.338 18776 19262 D DataStatistics: DsIdleState msg.what=8
01-10 06:19:19.338 18776 19262 D DataStatistics: DsDefaultState EVENT_RELEASE_NETWORK_REQUEST not game app request network id=67 mNoGameStatisticsInfos size=0
01-10 06:19:19.338 18776 19262 D DataStatistics: DsIdleState msg.what=8
01-10 06:19:19.338 18776 19262 D DataStatistics: DsDefaultState EVENT_RELEASE_NETWORK_REQUEST not game app request network id=358 mNoGameStatisticsInfos size=0
01-10 06:19:19.338 18776 19262 D DataStatistics: DsIdleState msg.what=8
01-10 06:19:19.338 18776 19262 D DataStatistics: DsDefaultState EVENT_RELEASE_NETWORK_REQUEST not game app request network id=397 mNoGameStatisticsInfos size=0
01-10 06:19:19.338 18776 19262 D DataStatistics: DsIdleState msg.what=8
01-10 06:19:19.338 18776 19262 D DataStatistics: DsDefaultState EVENT_RELEASE_NETWORK_REQUEST not game app request network id=288 mNoGameStatisticsInfos size=0
01-10 06:19:19.338 18776 19262 D DataStatistics: DsIdleState msg.what=8
01-10 06:19:19.338 18776 19262 D DataStatistics: DsDefaultState EVENT_RELEASE_NETWORK_REQUEST not game app request network id=393 mNoGameStatisticsInfos size=0
01-10 06:19:19.338 18776 19262 D DataStatistics: DsIdleState msg.what=8
01-10 06:19:19.338 18776 19262 D DataStatistics: DsDefaultState EVENT_RELEASE_NETWORK_REQUEST not game app request network id=220 mNoGameStatisticsInfos size=0
01-10 06:19:19.338 18776 19262 D DataStatistics: DsIdleState msg.what=8
01-10 06:19:19.338 18776 19262 D DataStatistics: DsDefaultState EVENT_RELEASE_NETWORK_REQUEST not game app request network id=301 mNoGameStatisticsInfos size=0
01-10 06:19:19.338 18776 19262 D DataStatistics: DsIdleState msg.what=8
01-10 06:19:19.338 18776 19262 D DataStatistics: DsDefaultState EVENT_RELEASE_NETWORK_REQUEST not game app request network id=43 mNoGameStatisticsInfos size=0
01-10 06:19:19.338 18776 19262 D DataStatistics: DsIdleState msg.what=8
01-10 06:19:19.338 18776 19262 D DataStatistics: DsDefaultState EVENT_RELEASE_NETWORK_REQUEST not game app request network id=363 mNoGameStatisticsInfos size=0
01-10 06:19:19.338 18776 19262 D DataStatistics: DsIdleState msg.what=8
01-10 06:19:19.338 18776 19262 D DataStatistics: DsDefaultState EVENT_RELEASE_NETWORK_REQUEST not game app request network id=291 mNoGameStatisticsInfos size=0
01-10 06:19:19.338 18776 19262 D DataStatistics: DsIdleState msg.what=8
01-10 06:19:19.338 18776 19262 D DataStatistics: DsDefaultState EVENT_RELEASE_NETWORK_REQUEST not game app request network id=205 mNoGameStatisticsInfos size=0
01-10 06:19:19.338 18776 19262 D DataStatistics: DsIdleState msg.what=8
01-10 06:19:19.338 18776 19262 D DataStatistics: DsDefaultState EVENT_RELEASE_NETWORK_REQUEST not game app request network id=33 mNoGameStatisticsInfos size=0
01-10 06:19:19.339 18776 19262 D DataStatistics: DsIdleState msg.what=8
01-10 06:19:19.339 18776 19262 D DataStatistics: DsDefaultState EVENT_RELEASE_NETWORK_REQUEST not game app request network id=75 mNoGameStatisticsInfos size=0
01-10 06:19:19.339 18776 19262 D DataStatistics: DsIdleState msg.what=8
01-10 06:19:19.339 18776 19262 D DataStatistics: DsDefaultState EVENT_RELEASE_NETWORK_REQUEST not game app request network id=259 mNoGameStatisticsInfos size=0
01-10 06:19:19.339 18776 19262 D DataStatistics: DsIdleState msg.what=8
01-10 06:19:19.339 18776 19262 D DataStatistics: DsDefaultState EVENT_RELEASE_NETWORK_REQUEST not game app request network id=279 mNoGameStatisticsInfos size=0
01-10 06:19:19.339 18776 19262 D DataStatistics: DsIdleState msg.what=8
01-10 06:19:19.339 18776 19262 D DataStatistics: DsDefaultState EVENT_RELEASE_NETWORK_REQUEST not game app request network id=37 mNoGameStatisticsInfos size=0
01-10 06:19:19.339 18776 19262 D DataStatistics: DsIdleState msg.what=8
01-10 06:19:19.339 18776 19262 D DataStatistics: DsDefaultState EVENT_RELEASE_NETWORK_REQUEST not game app request network id=57 mNoGameStatisticsInfos size=0
01-10 06:19:19.339 18776 19262 D DataStatistics: DsIdleState msg.what=8
01-10 06:19:19.339 18776 19262 D DataStatistics: DsDefaultState EVENT_RELEASE_NETWORK_REQUEST not game app request network id=339 mNoGameStatisticsInfos size=0
01-10 06:19:19.339 18776 19262 D DataStatistics: DsIdleState msg.what=8
01-10 06:19:19.339 18776 19262 D DataStatistics: DsDefaultState EVENT_RELEASE_NETWORK_REQUEST not game app request network id=606 mNoGameStatisticsInfos size=0
01-10 06:19:19.339 18776 19262 D DataStatistics: DsIdleState msg.what=8
01-10 06:19:19.339 18776 19262 D DataStatistics: DsDefaultState EVENT_RELEASE_NETWORK_REQUEST not game app request network id=27 mNoGameStatisticsInfos size=0
01-10 06:19:19.339 18776 19262 D DataStatistics: DsIdleState msg.what=8
01-10 06:19:19.339 18776 19262 D DataStatistics: DsDefaultState EVENT_RELEASE_NETWORK_REQUEST not game app request network id=21 mNoGameStatisticsInfos size=0
01-10 06:19:19.339  3040  3040 I cnd     : OperatorLookup: No Match Found - Returning default operator: [ROW]
01-10 06:19:19.339  3040  3040 I cnd     : OperatorLookup: No Match Found - Returning default operator: [ROW]
01-10 06:19:19.339  3040  3040 I cnd     : OperatorLookup: No Match Found - Returning default operator: [ROW]
01-10 06:19:19.339  3040  3040 I cnd     : OperatorLookup: No Match Found - Returning default operator: [ROW]
01-10 06:19:19.339  3040  3040 I cnd     : OperatorLookup: No Match Found - Returning default operator: [ROW]
01-10 06:19:19.341 18937 19726 D IWlanJni: getDataRegistrationState start
01-10 06:19:19.341 18937 19726 D IWlanJni: getDataRegistrationState start
01-10 06:19:19.341 18937 19735 D IWlanJni: new aidl event arrived
01-10 06:19:19.341 18937 19735 D IWlanJni: handleEvent 10
01-10 06:19:19.341 18937 19735 D IWlanJni: isThreadAttached start
01-10 06:19:19.341 18937 19735 D IWlanJni: jni detached
01-10 06:19:19.341 18937 19735 D IWlanJni: jni attached
01-10 06:19:19.341 18937 19735 D IWlanJni: getDataRegistrationStateResponse start
01-10 06:19:19.341 18937 19735 D IWlanJni: getJavaCallbackClass start
01-10 06:19:19.341 18937 19735 D IWlanJni: getJavaCallbackClass End midIs[1]
01-10 06:19:19.341 18937 19735 I IWlanAidlClient: getDataRegistrationStateResponse called
01-10 06:19:19.341 18937 19735 D IWlanJni: handleEvent 10
01-10 06:19:19.341 18937 19735 D IWlanJni: isThreadAttached start
01-10 06:19:19.341 18937 19734 W IWlanNetworkService: 44 > Response Processed
01-10 06:19:19.341 18937 19735 D IWlanJni: jni detached
01-10 06:19:19.342 18937 19735 D IWlanJni: jni attached
01-10 06:19:19.342 18937 19735 D IWlanJni: getDataRegistrationStateResponse start
01-10 06:19:19.342 18937 19735 D IWlanJni: getJavaCallbackClass start
01-10 06:19:19.342 18937 19735 D IWlanJni: getJavaCallbackClass End midIs[1]
01-10 06:19:19.342 18937 19735 I IWlanAidlClient: getDataRegistrationStateResponse called
01-10 06:19:19.342 18937 19726 D IWlanJni: getDataRegistrationState start
01-10 06:19:19.342 18937 19734 W IWlanNetworkService: 45 > Response Processed
01-10 06:19:19.342 18937 19735 D IWlanJni: new aidl event arrived
01-10 06:19:19.342 18937 19735 D IWlanJni: handleEvent 10
01-10 06:19:19.342 18937 19735 D IWlanJni: isThreadAttached start
01-10 06:19:19.342 18937 19735 D IWlanJni: jni detached
01-10 06:19:19.342 18937 19735 D IWlanJni: jni attached
01-10 06:19:19.342 18937 19735 D IWlanJni: getDataRegistrationStateResponse start
01-10 06:19:19.342 18937 19735 D IWlanJni: getJavaCallbackClass start
01-10 06:19:19.342 18937 19735 D IWlanJni: getJavaCallbackClass End midIs[1]
01-10 06:19:19.342 18937 19735 I IWlanAidlClient: getDataRegistrationStateResponse called
01-10 06:19:19.342 18937 19734 W IWlanNetworkService: 46 > Response Processed
01-10 06:19:19.346 18776 19264 D OplusNecInternalManager: broadcastServiceStateChanged slotId:0oos:false
01-10 06:19:19.348 18776 18776 W Settings: Setting airplane_mode_on has moved from android.provider.Settings.System to android.provider.Settings.Global, returning read-only value.
01-10 06:19:19.348 18776 18776 D ServiceStateProvider: subId=1
01-10 06:19:19.349 18906 18906 I QImsService: OplusPhoneStateTracker : onServiceStateChanged
01-10 06:19:19.349 18986 18986 D SubsysEventListenerManager-SubsysTelephonyCallback[0]: onServiceStateChanged
01-10 06:19:19.349 18986 18986 D MsimSubModeManager: registTelephonyEvent onServiceStateChanged eventId:3, VoiceRegState:0, DataRegState:0
01-10 06:19:19.349 18986 18986 D QuickChangeAirplaneModeEvent: onServiceStateChanged slotId:0
01-10 06:19:19.349 18986 18986 D MsimSubModeManager: handleMessage what:3
01-10 06:19:19.349 18986 18986 D MsimSubModeManager: getMsimSimServiceIn() i:0,mServiceState:0
01-10 06:19:19.349 18986 18986 D MsimSubModeManager: getMsimSimServiceIn() i:1,mServiceState:1
01-10 06:19:19.349 18986 19672 D cellularState[0]: handleMessage: E msg.what=4
01-10 06:19:19.349 18986 19672 D cellularState[0]: processMsg: WifiConnectedState
01-10 06:19:19.349 18906 18906 I QImsService: OplusPhoneStateTracker : onServiceStateChanged
01-10 06:19:19.350 18986 19672 D cellularState[0]: processMsg: NetworkAttachedState
01-10 06:19:19.350 18986 19672 D cellularState[0]: processMsg: SimReadyState
01-10 06:19:19.350 18986 19672 D cellularState[0]: processMsg: DefaultState
01-10 06:19:19.350 18986 19672 E cellularState[0]:  - unhandledMessage: msg.what=4
01-10 06:19:19.350 18986 19672 D cellularState[0]: handleMessage: X
01-10 06:19:19.350 18843 19240 D NAS-CallIssueDetector: onServiceStateChanged
01-10 06:19:19.350 18843 19240 D EventManager: onServiceStateChanged subId = 1, mDdsSubId = 1
01-10 06:19:19.350 18698 18876 I SystemUi--Statusbar: MobileConnectionRepositoryImpl-->subId:1 isSoftSimCard:false slotId:0
01-10 06:19:19.350 18843 19461 D OplusCiwlanController: [vodata] processServiceStateChanged  phoneid = 0, original roaming type = 0,roaming type = 0
01-10 06:19:19.350 18843 19461 D OplusCiwlanController: [vodata] processServiceStateChanged  phoneid = 1, original roaming type = 0,roaming type = 0
01-10 06:19:19.350 18843 19494 D OplusScanQrCodeRecoveryImpl: msg.what=3
01-10 06:19:19.350 17922 19246 I LocationAccessPolicy: com.zhiliaoapp.musically is aware of coarse but the app-ops permission is specifically denied.
01-10 06:19:19.350 18843 19494 D TelephonyImpl: getSaMode start:0
01-10 06:19:19.350 17922 18415 I OplusWifiSarManager: Received service state changed nrstate=2
01-10 06:19:19.351 18843 19847 D VoiceFactory: getVoiceManager
01-10 06:19:19.351 17922 19246 W IPCThreadState: Sending oneway calls to frozen process.
01-10 06:19:19.351 17922 19246 I LocationAccessPolicy: com.zhiliaoapp.musically is aware of coarse but the app-ops permission is specifically denied.
01-10 06:19:19.351 17922 19246 W IPCThreadState: Sending oneway calls to frozen process.
01-10 06:19:19.351 17922 19246 W IPCThreadState: Sending oneway calls to frozen process.
01-10 06:19:19.351 18776 18776 I Telephony: g: onServiceStateChanged: newState=0, mServiceState=0
01-10 06:19:19.351 17922 19246 I LocationAccessPolicy: com.zhiliaoapp.musically is aware of coarse but the app-ops permission is specifically denied.
01-10 06:19:19.351 17922 19246 W IPCThreadState: Sending oneway calls to frozen process.
01-10 06:19:19.351 18698 19314 V OplusCustomizeCacheManager: queryCache name: sys.cache.common_customize_cache18014 param: null
01-10 06:19:19.351 18698 19314 V OplusCustomizeCacheManager: queryCache name: sys.cache.common_customize_cache18017 param: Bundle[{SETTING=BLOCK, BUSINESS=NCT-DATA}]
01-10 06:19:19.351 18698 19314 V OplusCustomizeCacheManager: start recompute
01-10 06:19:19.351 17922 19246 W ContextImpl: Calling a method in the system process without a qualified user: android.app.ContextImpl.sendBroadcastMultiplePermissions:1311 android.content.Context.sendBroadcastMultiplePermissions:2522 com.android.server.TelephonyRegistry.broadcastServiceStateChanged:3740 com.android.server.TelephonyRegistry.notifyServiceStateForPhoneId:1787 com.android.internal.telephony.ITelephonyRegistry$Stub.onTransact:546 
01-10 06:19:19.352 17922 19359 D OplusCustomizeSecurityManagerService: we can't find the BLOCK
01-10 06:19:19.352 18698 19314 V OplusCustomizeCacheManager: queryCache name: sys.cache.common_customize_cache18013 param: null
01-10 06:19:19.352 18776 18776 I Telephony: isRttCurrentlySupported -- regular acct, hasVoiceAvailability: true
01-10 06:19:19.352 18776 18776 I Telephony:  isRttSupported: false
01-10 06:19:19.352 18776 18776 I Telephony:  isUserRttSettingOn: false
01-10 06:19:19.352 18776 18776 I Telephony:  alwaysAllowWhileRoaming: false
01-10 06:19:19.352 18776 18776 I Telephony:  isRoaming: false
01-10 06:19:19.352 18776 18776 I Telephony:  isOnWfc: false
01-10 06:19:19.352 21110  9702 I ChatReadinessManagerImp: processRcsReadinessReason: Current ChatTransportType is: 2, ready: true
01-10 06:19:19.352 21110  9702 I ChatReadinessManagerImp: shouldLaunchPostReadyWork is false. Returning from the method
01-10 06:19:19.352 18843 19847 D VoiceManager: noCallExsitOnBothSlot
01-10 06:19:19.352 18843 19847 D NAS-CallIssueDetector: noCallExsitOnBothSlot
01-10 06:19:19.352 18843 19847 D NAS-CallIssueDetector: isCallExsitOnCurrentSlot, slotId = 0, isCurrentPhoneIdle = true, mQcImsMtInviteGot = false, mMtkImsMtInviteGot = false
01-10 06:19:19.352 18843 19847 D NAS-CallIssueDetector: isCallExsitOnCurrentSlot, slotId = 1, isCurrentPhoneIdle = true, mQcImsMtInviteGot = false, mMtkImsMtInviteGot = false
01-10 06:19:19.352 18843 19457 D OplusLinkBoostCommon: dds servicestate change
01-10 06:19:19.352 18776 18776 V OplusCustomizeCacheManager: queryCache name: sys.cache.common_customize_cache18016 param: null
01-10 06:19:19.352 18776 18776 V OplusCustomizeCacheManager: queryCache name: sys.cache.common_customize_cache18013 param: null
01-10 06:19:19.352 18776 18776 V OplusCustomizeCacheManager: queryCache name: sys.cache.common_customize_cache18014 param: null
01-10 06:19:19.352 18776 18776 V OplusCustomizeCacheManager: queryCache name: sys.cache.common_customize_cache18017 param: Bundle[{SETTING=BLOCK, BUSINESS=NCT-DATA}]
01-10 06:19:19.352 18776 18776 V OplusCustomizeCacheManager: start recompute
01-10 06:19:19.352 17922 19359 D OplusCustomizeSecurityManagerService: we can't find the BLOCK
01-10 06:19:19.353 17922 19246 W ContextImpl: Calling a method in the system process without a qualified user: android.app.ContextImpl.sendBroadcastMultiplePermissions:1344 com.android.server.TelephonyRegistry.broadcastServiceStateChanged:3745 com.android.server.TelephonyRegistry.notifyServiceStateForPhoneId:1787 com.android.internal.telephony.ITelephonyRegistry$Stub.onTransact:546 android.os.Binder.execTransactInternal:1523 
01-10 06:19:19.353 18776 19428 D PhoneInterfaceManager: QueryTelephonyChecker-getDataNetworkTypeForSubscriber: packageName = com.android.phone, isGrant = true
01-10 06:19:19.354 17922 19246 W ContextImpl: Calling a method in the system process without a qualified user: android.app.ContextImpl.sendBroadcastMultiplePermissions:1344 com.android.server.TelephonyRegistry.broadcastServiceStateChanged:3754 com.android.server.TelephonyRegistry.notifyServiceStateForPhoneId:1787 com.android.internal.telephony.ITelephonyRegistry$Stub.onTransact:546 android.os.Binder.execTransactInternal:1523 
01-10 06:19:19.354 18776 18776 D InternationalRoamingNotification: init
01-10 06:19:19.354 18776 18776 D InternationalRoamingNotification: do not createRoamingNotification for error version
01-10 06:19:19.354 17922 19246 W ContextImpl: Calling a method in the system process without a qualified user: android.app.ContextImpl.sendBroadcastMultiplePermissions:1344 com.android.server.TelephonyRegistry.broadcastServiceStateChanged:3760 com.android.server.TelephonyRegistry.notifyServiceStateForPhoneId:1787 com.android.internal.telephony.ITelephonyRegistry$Stub.onTransact:546 android.os.Binder.execTransactInternal:1523 
01-10 06:19:19.354 18698 18698 I KeyguardUpdateMonitor: action=android.intent.action.SERVICE_STATE subId=1 slotId=0
01-10 06:19:19.354 17922 18235 D ActivityManager: reportOneUidFrozenStateChanged uid 10302 frozen = false
01-10 06:19:19.354 18698 18824 I SystemUi--QuickSettings: Tile.OplusCellularTile-->updateCarrierText: The dialog is destroyed. So the method return
01-10 06:19:19.354 18698 18824 D SimStateHelper: slot:0, lock state:Bundle[mParcelledData.dataSize=56]
01-10 06:19:19.355 17922 17977 D ActivityManager: sync unfroze 6931 com.google.android.cellbroadcastreceiver for 3
01-10 06:19:19.355 18698 18824 D SimStateHelper: slot:1, lock state:Bundle[mParcelledData.dataSize=56]
01-10 06:19:19.355 18698 18824 D SimStateHelper: needDisableMenu: slot1State=-1; slot2State=-1
01-10 06:19:19.355 18698 18824 D SimStateHelper: needDisableMenu:false
01-10 06:19:19.355 17922 17977 D ActivityManager: Async freezing 6931 com.google.android.cellbroadcastreceiver
01-10 06:19:19.355 17922 17977 D ActivityManager: Cancel freezing 6931 com.google.android.cellbroadcastreceiver
01-10 06:19:19.355 17922 17977 D ActivityManager: Async freezing 6931 com.google.android.cellbroadcastreceiver
01-10 06:19:19.355 17922 17977 D ActivityManager: Cancel freezing 6931 com.google.android.cellbroadcastreceiver
01-10 06:19:19.355  6931  6931 D CellBroadcastReceiver: onReceive Intent { act=android.intent.action.SERVICE_STATE flg=0x1000010 cmp=com.google.android.cellbroadcastreceiver/com.android.cellbroadcastreceiver.CellBroadcastReceiver (has extras) }
01-10 06:19:19.355  6931  6931 D CellBroadcastReceiver: onServiceStateChanged, ss: 0
01-10 06:19:19.355  6931  6931 D CellBroadcastReceiver: networkOperator: 24001
01-10 06:19:19.356  6931  6931 D CellBroadcastReceiver: update supported roaming operator as 
01-10 06:19:19.356 17922 19246 D ActivityManager: Async freezing 6931 com.google.android.cellbroadcastreceiver
01-10 06:19:19.356 18843 19494 D cellularState[0]: handleMessage: E msg.what=4
01-10 06:19:19.356 18843 19494 D cellularState[0]: processMsg: j
01-10 06:19:19.356 18843 19494 D cellularState[0]: processMsg: m
01-10 06:19:19.356 18843 19494 D cellularState[0]: processMsg: h
01-10 06:19:19.356 18843 19494 E cellularState[0]:  - unhandledMessage: msg.what=4
01-10 06:19:19.356 18843 19494 D cellularState[0]: handleMessage: X
01-10 06:19:19.363 18698 18698 I QuickSettingsController: calculateNotificationsTopPadding: overScrollHeight:0.0
01-10 06:19:19.363 18698 18698 I QuickSettingsController: calculateNotificationsTopPadding: overScrollHeight:0.0
01-10 06:19:19.364 18698 18698 I SystemUi--Keyguard: OplusEmergencyButtonExImpl-->updateEmergencyCallButton: isTablet=false isWifiOnly=false isInCall=false visible=true
01-10 06:19:19.370 18698 18698 W KeyguardSecurityViewFlipper: onMeasure: widthSpec MeasureSpec: EXACTLY 1080 should be AT_MOST
01-10 06:19:19.370 18698 18698 W KeyguardSecurityViewFlipper: onMeasure: heightSpec MeasureSpec: EXACTLY 2376 should be AT_MOST
01-10 06:19:19.371 18698 18698 W KeyguardSecurityViewFlipper: onMeasure: widthSpec MeasureSpec: EXACTLY 1080 should be AT_MOST
01-10 06:19:19.371 18698 18698 W KeyguardSecurityViewFlipper: onMeasure: heightSpec MeasureSpec: EXACTLY 2376 should be AT_MOST
01-10 06:19:19.372  3314 18446 D LOWI-9.0.1.110: [LOWI-Scan] wait_event:Wait done with Cmd 103
01-10 06:19:19.372  3314 18446 D LOWI-9.0.1.110: [LOWI-Scan] do_listen_events: Rcvd valid Netlink Cmd 0 Err 0
01-10 06:19:19.372  3270  3270 I cnss-daemon: nl80211 response handler invoked
01-10 06:19:19.372  3270  3270 I cnss-daemon: nl80211_response_handler: cmd 103, vendorID 4980, subcmd 13  received
01-10 06:19:19.372  2104 18445 I WifiHAL : event received NL80211_CMD_VENDOR, vendor_id = 0x1374, subcmd = 0xd
01-10 06:19:19.372 19361  9170 D TrafficStats: tagSocket(-1) with statsTag=0x20000407, statsUid=-1
01-10 06:19:19.372 19361  9170 I TrafficStats: tagSocketFd(-1, 536871943, -1) failed with errno-9
01-10 06:19:19.373 19361  9170 D TrafficStats: tagSocket(147) with statsTag=0x20000407, statsUid=-1
01-10 06:19:19.431 18698 18698 I QuickSettingsController: calculateNotificationsTopPadding: overScrollHeight:0.0
01-10 06:19:19.431 18698 18698 I QuickSettingsController: calculateNotificationsTopPadding: overScrollHeight:0.0
01-10 06:19:19.442  2092  2092 D healthd : system healthd: battery l=100 v=4433 t=30.1 h=2 st=3 c=212 fc=5920000 cc=25 chg=
01-10 06:19:19.448 17922 18943 D OplusBatteryServiceFeature: getChgConfig: flag = 0, extra = , callerName = 1
01-10 06:19:19.449  2273  2273 D vendor.oplus.hardware.charger-V6-service: oplus_chg_get_state_retention 0
01-10 06:19:19.449  2273  2273 D vendor.oplus.hardware.charger-V6-service: get_ui_charge_icon_type 0 0 0 0 0
01-10 06:19:19.449 17922 18943 D OplusBatteryServiceFeature: getChgConfig: flag = 1, extra = , callerName = 1
01-10 06:19:19.449  2273  2273 D vendor.oplus.hardware.charger-V6-service: oplus_chg_get_state_retention 0
01-10 06:19:19.449  2273  2273 D vendor.oplus.hardware.charger-V6-service: oplus_chg_get_ui_power 0 0
01-10 06:19:19.449 17922 18943 D OplusBatteryServiceFeature: getChgConfig: flag = 4, extra = , callerName = 1
01-10 06:19:19.449  2273  2273 D vendor.oplus.hardware.charger-V6-service: oplus_chg_get_state_retention 0
01-10 06:19:19.449  2273  2273 D vendor.oplus.hardware.charger-V6-service: oplus_chg_get_cpa_power 0
01-10 06:19:19.449 17922 18943 D OplusBatteryServiceFeature: getChgConfig: flag = 6, extra = , callerName = 1
01-10 06:19:19.449  2273  2273 D vendor.oplus.hardware.charger-V6-service: oplus_chg_get_state_retention 0
01-10 06:19:19.449  2273  2273 D vendor.oplus.hardware.charger-V6-service: oplus_chg_get_cpa_power 0
01-10 06:19:19.449  2273  2273 D vendor.oplus.hardware.charger-V6-service: getIsSingleHyperSupport=2, cpa_power=0
01-10 06:19:19.449 17922 18943 D OplusBatteryServiceFeature: getChgConfig: flag = 24, extra = , callerName = 1
01-10 06:19:19.452 25838 25838 D UsbStatusReceiver: onReceive:Intent { act=oplus.intent.action.USB_HW_STATUS flg=0x1000030 cmp=com.oplus.powermonitor/.standbymonitor.UsbStatus.UsbStatusReceiver (has extras) }
01-10 06:19:19.453 25838 25838 D UsbStatusWarningService: onStartCommand
01-10 06:19:19.453 25838 25838 D UsbStatusWarningService: USB_HW_STATUS:010
01-10 06:19:19.453 25838 25838 D UsbStatusWarningService: check usb status:010
01-10 06:19:19.453 25838 25838 D UsbStatusWarningService: warning setting is on
01-10 06:19:19.453 17922 17922 D EnvelopeDetectorController: isEnvelopeAssistantEnabled isCancelNotification: true currentUserId: 0 userId: 0
01-10 06:19:19.453 25838 28754 D UsbStatusWarningService: cancelAlarmUsbCheck
01-10 06:19:19.456  2273  2305 D vendor.oplus.hardware.charger-V6-service: ChgDetectionUeventThread: chg[1]
01-10 06:19:19.456  2273  2304 D vendor.oplus.hardware.charger-V6-service: ChgDetectionCheckThread: usb[1], wireless[0]
01-10 06:19:19.456  2273  2304 D BatteryChargeControl: battery_charge_control_thread run
01-10 06:19:19.456  2273  2310 D BatteryChargeControl: bcc get no support from charging protocol
01-10 06:19:19.457  2092  2092 D healthd : system healthd: battery l=100 v=4433 t=30.1 h=2 st=3 c=212 fc=5920000 cc=25 chg=
01-10 06:19:19.458 19361 10593 D TrafficStats: tagSocket(149) with statsTag=0x20000407, statsUid=-1
01-10 06:19:19.459  2092  2092 D healthd : system healthd: battery l=100 v=4433 t=30.1 h=2 st=3 c=212 fc=5920000 cc=25 chg=
01-10 06:19:19.460 19361 10593 W WakeLock: GCM_HB_ALARM release without a matched acquire!
01-10 06:19:19.460 19361 10593 W WakeLock: GCM_HB_ALARM counter does not exist
01-10 06:19:19.461 19361 10593 I AlarmManager: setExactAndAllowWhileIdle [name: GCM_HB_ALARM type: 2 triggerAtMillis: 121453487]
01-10 06:19:19.486  2273  2304 E BatteryChargeControl: kernel_max_current[0], kernel_min_current[0] are invalid
01-10 06:19:19.487  2273  2312 D BatterySiliconLoss: bsl update data action start
01-10 06:19:19.487  2273  2312 D BatterySiliconLoss: gauge_soc[99]
01-10 06:19:19.487  2273  2312 D BatterySiliconLoss: dod_cell[996]
01-10 06:19:19.487  2273  2312 D BatterySiliconLoss: discharge end: soc_si[0.982824], tem_cell[30.100000], mgr_si_loss[0.001159], cc_dod_si[10.826598], dod_cell[996]
01-10 06:19:19.487  2273  2312 D BatterySiliconLoss: update record buffer[9542,9828,301,4446,9542,9828,301,4433,2974,1159,108,3084,3246,3284,3387], len[71]
01-10 06:19:19.487  2273  2312 D BatterySiliconLoss: bsl update data action end
01-10 06:19:19.487  2273  2304 D BatteryEIS: cc, soc, temp did not satisfy, batt_cc[25], batt_soc[99], batt_temp[301], shell_temp[302]
01-10 06:19:19.487  2273  2304 D charge_time: SetChgOnlineStatus ac=0 usb=1 wireless=0
01-10 06:19:19.487  2273  2304 D vendor.oplus.hardware.charger-V6-service: ChgDetectionCheckThread wait event 
01-10 06:19:19.488  2273  7387 D charge_time: type is unknown,return
01-10 06:19:19.532 18937 19734 W IWlanProxy: RESP_WAKE_LOCK_TIMEOUT
01-10 06:19:19.548 19361 10593 I AlarmManager: setExactAndAllowWhileIdle [name: GCM_HB_ALARM type: 2 triggerAtMillis: 121453574]
01-10 06:19:19.549 19361 10593 W WakeLock: GCM_CONN_ALARM release without a matched acquire!
01-10 06:19:19.549 19361 10593 W WakeLock: GCM_CONN_ALARM counter does not exist
01-10 06:19:19.550 19361 10593 I AlarmManager: setExactAndAllowWhileIdle [name: GCM_HB_ALARM type: 2 triggerAtMillis: 121453576]
01-10 06:19:19.559  2092  2092 D healthd : system healthd: battery l=100 v=4434 t=30.1 h=2 st=2 c=202 fc=5920000 cc=25 chg=
01-10 06:19:19.559  2090  2191 I LocSvc_BatteryListener: operator():198] healthInfo cb thread: cb CHARGING
01-10 06:19:19.559  2090  2158 I LocSvc_api_v02: ---> locClientSendReq line 2409 QMI_LOC_SET_EXTERNAL_POWER_CONFIG_REQ_V02
01-10 06:19:19.560  2090  4137 I LocSvc_ApiV02: <--- globalRespCb line 282 QMI_LOC_SET_EXTERNAL_POWER_CONFIG_REQ_V02
01-10 06:19:19.562  2099  4991 I android.hardware.usb-service.qti: uevent received add@/devices/platform/soc/soc:qcom,pmic_glink/soc:qcom,pmic_glink:qcom,ucsi/typec/port0/port0-partner
01-10 06:19:19.562  2099  4991 I android.hardware.usb-service.qti: partner added
01-10 06:19:19.562  2099  4991 I android.hardware.usb-service.qti: uevent recieved for same device default
01-10 06:19:19.562  2099  4991 I android.hardware.usb-service.qti: port0
01-10 06:19:19.562  2092  2092 D healthd : system healthd: battery l=100 v=4434 t=30.1 h=2 st=2 c=202 fc=5920000 cc=25 chg=
01-10 06:19:19.562  2099  4991 I android.hardware.usb-service.qti: 1:port0 connected:1 canChangeMode:1 canChangeData:0 canChangePower:0 usbDataDisabled:0, powerTransferLimited:0
01-10 06:19:19.563 17922 19246 D OplusBatteryServiceFeature: getChgConfig: flag = 0, extra = , callerName = 1
01-10 06:19:19.563  2092  2092 D healthd : system healthd: battery l=100 v=4434 t=30.1 h=2 st=2 c=202 fc=5920000 cc=25 chg=
01-10 06:19:19.563  2273  2273 D vendor.oplus.hardware.charger-V6-service: oplus_chg_get_state_retention 0
01-10 06:19:19.563  2273  2273 D vendor.oplus.hardware.charger-V6-service: get_ui_charge_icon_type 0 0 0 0 0
01-10 06:19:19.563 17922 19246 D OplusBatteryServiceFeature: getChgConfig: flag = 1, extra = , callerName = 1
01-10 06:19:19.563  2273  2273 D vendor.oplus.hardware.charger-V6-service: oplus_chg_get_state_retention 0
01-10 06:19:19.563  2273  2273 D vendor.oplus.hardware.charger-V6-service: oplus_chg_get_ui_power 0 0
01-10 06:19:19.563 17922 19246 D OplusBatteryServiceFeature: getChgConfig: flag = 4, extra = , callerName = 1
01-10 06:19:19.563  2273  2273 D vendor.oplus.hardware.charger-V6-service: oplus_chg_get_state_retention 0
01-10 06:19:19.563  2273  2273 D vendor.oplus.hardware.charger-V6-service: oplus_chg_get_cpa_power 0
01-10 06:19:19.563 17922 19246 D OplusBatteryServiceFeature: getChgConfig: flag = 6, extra = , callerName = 1
01-10 06:19:19.563  2273  2273 D vendor.oplus.hardware.charger-V6-service: oplus_chg_get_state_retention 0
01-10 06:19:19.563  2273  2273 D vendor.oplus.hardware.charger-V6-service: oplus_chg_get_cpa_power 0
01-10 06:19:19.563  2273  2273 D vendor.oplus.hardware.charger-V6-service: getIsSingleHyperSupport=2, cpa_power=0
01-10 06:19:19.563 17922 19246 D OplusBatteryServiceFeature: getChgConfig: flag = 24, extra = , callerName = 1
01-10 06:19:19.565 17922 17922 D EnvelopeDetectorController: isEnvelopeAssistantEnabled isCancelNotification: true currentUserId: 0 userId: 0
01-10 06:19:19.565 18698 18698 I SystemUi--Common: Oplus_PowerUI-->isAllowShowAutoSuperSavePowerDialog: enterDialogFlag:false ,mIsAutoExitPowerSaveMode: false
01-10 06:19:19.565 18698 18698 I SystemUi--Common: Oplus_PowerUI-->enterExitDialog plugged or level: 
01-10 06:19:19.565 18986 18986 D SubsysBroadcastManager: onReceive action:android.intent.action.BATTERY_CHANGED
01-10 06:19:19.565 18986 18986 D RFPowerBoostManager: current battery level is 100
01-10 06:19:19.565 17922 17995 I OplusFeatureLowVoltageLimitBrightness: handleMessage MSG_BATTER_TEMPERATURE_CHAGNE changed = false temperature = 301 , battery = 100
01-10 06:19:19.565 18812 18812 D DeviceStatisticsService: onReceive: action= android.intent.action.BATTERY_CHANGED
01-10 06:19:19.565 18698 18698 I SystemUi--Statusbar: BatteryControllerExt-->updateBatteryChangeIntent():broadcast=android.intent.action.BATTERY_CHANGED,level=100,scale=100
01-10 06:19:19.565 18698 18698 I SystemUi--Statusbar: BatteryRepository-->level: 100 -- isSavingMode: false
01-10 06:19:19.566 17922 20644 D OplusBatteryServiceFeature: getChgConfig: flag = 8, extra = , callerName = 2
01-10 06:19:19.615 17922 18943 I UsbPortManager: AIDL UsbDataStatus:1
01-10 06:19:19.615 17922 18943 I UsbPortManager: ClientCallback AIDL V1: port0
01-10 06:19:19.616 17922 17944 I UsbPortManager: USB port changed: port=UsbPort{id=port0, supportedModes=dual, audio_acc, supportedContaminantProtectionModes=5, supportsEnableContaminantPresenceProtection=false, supportsEnableContaminantPresenceDetection=false, supportsComplianceWarnings=false, status=UsbPortStatus{connected=true, currentMode=ufp, currentPowerRole=sink, currentDataRole=device, supportedRoleCombinations=[source:host, sink:device], contaminantDetectionStatus=2, contaminantProtectionStatus=1, usbDataStatus=enabled, isPowerTransferLimited=false, powerBrickConnectionStatus=unknown, complianceWarnings=[], plugState=0, displayPortAltModeInfo=null}, canChangeMode=true, canChangePowerRole=false, canChangeDataRole=false, connectedAtMillis=120923641, lastConnectDurationMillis=0
01-10 06:19:19.616 17922 17944 I OplusUsbDeviceFeature: notSupportAnalogHeadset isInitializing: false
01-10 06:19:19.616 17922 17944 D OplusUsbDeviceFeature: notSupportAnalogHeadset currentMode: ufp, mAnalogHeadset: false
01-10 06:19:19.616 17922 17922 I UsbDeviceManager: updateHostState UsbPort{id=port0, supportedModes=dual, audio_acc, supportedContaminantProtectionModes=5, supportsEnableContaminantPresenceProtection=false, supportsEnableContaminantPresenceDetection=false, supportsComplianceWarnings=false status=UsbPortStatus{connected=true, currentMode=ufp, currentPowerRole=sink, currentDataRole=device, supportedRoleCombinations=[source:host, sink:device], contaminantDetectionStatus=2, contaminantProtectionStatus=1, usbDataStatus=enabled, isPowerTransferLimited=false, powerBrickConnectionStatus=unknown, complianceWarnings=[], plugState=0, displayPortAltModeInfo=null}
01-10 06:19:19.617 19361 23053 I NearbyDiscovery: (REDACTED) FastPairHandler: Received action %s
01-10 06:19:19.617 19361 23053 I NearbyDiscovery: (REDACTED) FastPairHandler: Received action %s
01-10 06:19:19.618 24295 24516 E Battery : ChargeProtectionUtils: First Alarm is Fri Jan 10 06:30:00 GMT+01:00 2025, nowRtc  = Fri Jan 10 06:19:19 GMT+01:00 2025, too close , ignore it.
01-10 06:19:19.618 24295 24516 E Battery : ChargeProtectionUtils: mCanlendarTmp.isEmpty()!
01-10 06:19:19.619 17922 17922 D EnvelopeDetectorController: isEnvelopeAssistantEnabled isCancelNotification: true currentUserId: 0 userId: 0
01-10 06:19:19.619 17922 17922 D EnvelopeDetectorController: isEnvelopeAssistantEnabled isCancelNotification: true currentUserId: 0 userId: 0
01-10 06:19:19.619 17922 19246 D OplusBatteryServiceFeature: getChgConfig: flag = 0, extra = , callerName = 1
01-10 06:19:19.619  2273  2273 D vendor.oplus.hardware.charger-V6-service: oplus_chg_get_state_retention 0
01-10 06:19:19.619  2273  2273 D vendor.oplus.hardware.charger-V6-service: get_ui_charge_icon_type 0 0 0 0 0
01-10 06:19:19.619 17922 19246 D OplusBatteryServiceFeature: getChgConfig: flag = 1, extra = , callerName = 1
01-10 06:19:19.619  2273  2273 D vendor.oplus.hardware.charger-V6-service: oplus_chg_get_state_retention 0
01-10 06:19:19.619  2273  2273 D vendor.oplus.hardware.charger-V6-service: oplus_chg_get_ui_power 0 0
01-10 06:19:19.619 17922 19246 D OplusBatteryServiceFeature: getChgConfig: flag = 4, extra = , callerName = 1
01-10 06:19:19.619  2273  2273 D vendor.oplus.hardware.charger-V6-service: oplus_chg_get_state_retention 0
01-10 06:19:19.619  2273  2273 D vendor.oplus.hardware.charger-V6-service: oplus_chg_get_cpa_power 0
01-10 06:19:19.619 17922 19246 D OplusBatteryServiceFeature: getChgConfig: flag = 6, extra = , callerName = 1
01-10 06:19:19.619  2273  2273 D vendor.oplus.hardware.charger-V6-service: oplus_chg_get_state_retention 0
01-10 06:19:19.619  2273  2273 D vendor.oplus.hardware.charger-V6-service: oplus_chg_get_cpa_power 0
01-10 06:19:19.619  2273  2273 D vendor.oplus.hardware.charger-V6-service: getIsSingleHyperSupport=2, cpa_power=0
01-10 06:19:19.619 17922 19246 D OplusBatteryServiceFeature: getChgConfig: flag = 24, extra = , callerName = 1
01-10 06:19:19.623  2077  2217 E minksocket: MinkIPC ERROR: ( 2077:2217 ) MinkIPC_preProcess:272 Client down, but cannot find corresponding minksession
01-10 06:19:19.623  2077  2211 E minksocket: MinkIPC ERROR: ( 2077:2211 ) MinkIPC_preProcess:272 Client down, but cannot find corresponding minksession
01-10 06:19:19.624  2077  2211 E minksocket: MinkIPC ERROR: ( 2077:2211 ) MinkIPC_preProcess:272 Client down, but cannot find corresponding minksession
01-10 06:19:19.624  2077  2211 E minksocket: MinkIPC ERROR: ( 2077:2211 ) MinkIPC_preProcess:272 Client down, but cannot find corresponding minksession
01-10 06:19:19.624  2077  2217 E minksocket: MinkIPC ERROR: ( 2077:2217 ) MinkIPC_preProcess:272 Client down, but cannot find corresponding minksession
01-10 06:19:19.624  2077  2217 E minksocket: MinkIPC ERROR: ( 2077:2217 ) MinkIPC_preProcess:272 Client down, but cannot find corresponding minksession
01-10 06:19:19.625  2077  2211 E minksocket: MinkIPC ERROR: ( 2077:2211 ) MinkIPC_preProcess:272 Client down, but cannot find corresponding minksession
01-10 06:19:19.625  2077  2217 E minksocket: MinkIPC ERROR: ( 2077:2217 ) MinkIPC_preProcess:272 Client down, but cannot find corresponding minksession
01-10 06:19:19.638 17922 19246 D OplusBatteryServiceFeature: getChgConfig: flag = 0, extra = , callerName = 1
01-10 06:19:19.638  2273  2273 D vendor.oplus.hardware.charger-V6-service: oplus_chg_get_state_retention 0
01-10 06:19:19.638  2273  2273 D vendor.oplus.hardware.charger-V6-service: get_ui_charge_icon_type 0 0 0 0 0
01-10 06:19:19.638 17922 19246 D OplusBatteryServiceFeature: getChgConfig: flag = 1, extra = , callerName = 1
01-10 06:19:19.638  2273  2273 D vendor.oplus.hardware.charger-V6-service: oplus_chg_get_state_retention 0
01-10 06:19:19.638  2273  2273 D vendor.oplus.hardware.charger-V6-service: oplus_chg_get_ui_power 0 0
01-10 06:19:19.638 17922 19246 D OplusBatteryServiceFeature: getChgConfig: flag = 4, extra = , callerName = 1
01-10 06:19:19.638  2273  2273 D vendor.oplus.hardware.charger-V6-service: oplus_chg_get_state_retention 0
01-10 06:19:19.638  2273  2273 D vendor.oplus.hardware.charger-V6-service: oplus_chg_get_cpa_power 0
01-10 06:19:19.638 17922 19246 D OplusBatteryServiceFeature: getChgConfig: flag = 6, extra = , callerName = 1
01-10 06:19:19.638  2273  2273 D vendor.oplus.hardware.charger-V6-service: oplus_chg_get_state_retention 0
01-10 06:19:19.638  2273  2273 D vendor.oplus.hardware.charger-V6-service: oplus_chg_get_cpa_power 0
01-10 06:19:19.638  2273  2273 D vendor.oplus.hardware.charger-V6-service: getIsSingleHyperSupport=2, cpa_power=0
01-10 06:19:19.638 17922 19246 D OplusBatteryServiceFeature: getChgConfig: flag = 24, extra = , callerName = 1
01-10 06:19:19.639 17922 17922 I OplusDexoptController:  chargingReceiver after schargeType is  0
01-10 06:19:19.639 18698 18698 I SystemUi--Statusbar: BatteryControllerExt-->updateIntent():broadcast = android.intent.action.ADDITIONAL_BATTERY_CHANGED,OplusAddBatteryStatus(plugged = 0, status = 2, batteryCharging = false, chargerTechnology = 0, chargerWattage = 0, chargerWattageOrigin = 0, isWirelessCharging = false, isWirelessChargingReverse = false, isHeatStateActive = false, notifyCode = 0, realCharging = false, keyguardCharging = false, level = 100, lowLevelChange = false, supportSingleSmartCharge = false)
01-10 06:19:19.639 18698 18698 I SystemUi--Keyguard: ChargingAnimationImpl-->onAdditionalBatteryStateChanged mLastTipKey=Batterinivå: %s,tipKey=Batterinivå: %s
01-10 06:19:19.639 18698 18698 I SystemUi--Keyguard: ChargingAnimationImpl-->onAdditionalBatteryStateChanged:OplusAddBatteryStatus(plugged = 0, status = 2, batteryCharging = false, chargerTechnology = 0, chargerWattage = 0, chargerWattageOrigin = 0, isWirelessCharging = false, isWirelessChargingReverse = false, isHeatStateActive = false, notifyCode = 0, realCharging = false, keyguardCharging = false, level = 100, lowLevelChange = false, supportSingleSmartCharge = false)
01-10 06:19:19.639 18698 18698 I OplusCharge--: OplusChargeAnimImpl-->updateChargeAnimState , state : cancel charge anim, reason : plugged out
01-10 06:19:19.639 18698 18698 I OplusCharge--: OplusChargeAnimImpl-->allowWaterWave = false, isChargingAnimShow = false, isHighAnimLevel = true
01-10 06:19:19.639 18698 18698 I OplusCharge--: OplusChargeAnimImpl-->clearChargeAnim , reason : plugged out,chargeAnimLayoutVfx : null, frameChargeLayout: null, this: com.oplus.charge.viewmodel.OplusChargeAnimImpl@a753444
01-10 06:19:19.639 18698 18698 I SystemUi--Keyguard: RedHorizontalSingleClockController-->animChargeHasChanged , state : 4 , isCharging : false ,mIsCharging : false, mChargingAnimState : 4
01-10 06:19:19.639 18698 18698 W SystemUi--Keyguard: RedHorizontalSingleClockController-->state and charging is same , return
01-10 06:19:19.639 18698 18698 I SystemUi--Keyguard: ChargingAnimationImpl-->onAnimStateChanged , mChargeState : 4 , isScreenOn : true , mStateChanged : false , isGoingToSleep : false
01-10 06:19:19.639 18698 18698 I SystemUi--Keyguard: RedHorizontalSingleClockController-->animChargeHasChanged , state : 4 , isCharging : false ,mIsCharging : false, mChargingAnimState : 4
01-10 06:19:19.639 18698 18698 W SystemUi--Keyguard: RedHorizontalSingleClockController-->state and charging is same , return
01-10 06:19:19.639 17922 17922 D EnvelopeDetectorController: isEnvelopeAssistantEnabled isCancelNotification: true currentUserId: 0 userId: 0
01-10 06:19:19.639 17922 17922 D EnvelopeDetectorController: isEnvelopeAssistantEnabled isCancelNotification: true currentUserId: 0 userId: 0
01-10 06:19:19.640 17922 17995 I OplusFeatureLowVoltageLimitBrightness: handleMessage MSG_BATTER_TEMPERATURE_CHAGNE changed = false temperature = 301 , battery = 100
01-10 06:19:19.640 18986 18986 D SubsysBroadcastManager: onReceive action:android.intent.action.BATTERY_CHANGED
01-10 06:19:19.640 18986 18986 D RFPowerBoostManager: current battery level is 100
01-10 06:19:19.640 18698 18698 I SystemUi--Common: Oplus_PowerUI-->isAllowShowAutoSuperSavePowerDialog: enterDialogFlag:false ,mIsAutoExitPowerSaveMode: false
01-10 06:19:19.640 18698 18698 I SystemUi--Common: Oplus_PowerUI-->enterExitDialog plugged or level: 
01-10 06:19:19.640 18812 18812 D DeviceStatisticsService: onReceive: action= android.intent.action.BATTERY_CHANGED
01-10 06:19:19.640 18698 18698 I SystemUi--Statusbar: BatteryControllerExt-->updateBatteryChangeIntent():broadcast=android.intent.action.BATTERY_CHANGED,level=100,scale=100
01-10 06:19:19.640 18698 18698 I SystemUi--Statusbar: BatteryRepository-->level: 100 -- isSavingMode: false
01-10 06:19:19.640 24295 24442 I CardWidget.AppCardWidgetProvider: getShowedCardList:[],[sdk:v2000005]
01-10 06:19:19.640 24295 24442 E Battery : BatteryCardUtil: widgetCodes is empty !
01-10 06:19:19.640 17922 19359 D OplusBatteryServiceFeature: getChgConfig: flag = 8, extra = , callerName = 2
01-10 06:19:19.662 24295 24516 E Battery : ChargeProtectionUtils: First Alarm is Fri Jan 10 06:30:00 GMT+01:00 2025, nowRtc  = Fri Jan 10 06:19:19 GMT+01:00 2025, too close , ignore it.
01-10 06:19:19.662 24295 24516 E Battery : ChargeProtectionUtils: mCanlendarTmp.isEmpty()!
01-10 06:19:19.663 17922 17922 D EnvelopeDetectorController: isEnvelopeAssistantEnabled isCancelNotification: true currentUserId: 0 userId: 0
01-10 06:19:19.663 17922 17922 D EnvelopeDetectorController: isEnvelopeAssistantEnabled isCancelNotification: true currentUserId: 0 userId: 0
01-10 06:19:19.664 17922 19246 D OplusBatteryServiceFeature: getChgConfig: flag = 0, extra = , callerName = 1
01-10 06:19:19.664  2273  2273 D vendor.oplus.hardware.charger-V6-service: oplus_chg_get_state_retention 0
01-10 06:19:19.664  2273  2273 D vendor.oplus.hardware.charger-V6-service: get_ui_charge_icon_type 0 0 0 0 0
01-10 06:19:19.664 17922 19246 D OplusBatteryServiceFeature: getChgConfig: flag = 1, extra = , callerName = 1
01-10 06:19:19.664  2273  2273 D vendor.oplus.hardware.charger-V6-service: oplus_chg_get_state_retention 0
01-10 06:19:19.664  2273  2273 D vendor.oplus.hardware.charger-V6-service: oplus_chg_get_ui_power 0 0
01-10 06:19:19.664 17922 19246 D OplusBatteryServiceFeature: getChgConfig: flag = 4, extra = , callerName = 1
01-10 06:19:19.664  2273  2273 D vendor.oplus.hardware.charger-V6-service: oplus_chg_get_state_retention 0
01-10 06:19:19.664  2273  2273 D vendor.oplus.hardware.charger-V6-service: oplus_chg_get_cpa_power 0
01-10 06:19:19.664 17922 19246 D OplusBatteryServiceFeature: getChgConfig: flag = 6, extra = , callerName = 1
01-10 06:19:19.664  2273  2273 D vendor.oplus.hardware.charger-V6-service: oplus_chg_get_state_retention 0
01-10 06:19:19.664  2273  2273 D vendor.oplus.hardware.charger-V6-service: oplus_chg_get_cpa_power 0
01-10 06:19:19.664  2273  2273 D vendor.oplus.hardware.charger-V6-service: getIsSingleHyperSupport=2, cpa_power=0
01-10 06:19:19.664 17922 19246 D OplusBatteryServiceFeature: getChgConfig: flag = 24, extra = , callerName = 1
01-10 06:19:19.670 17922 19246 D OplusBatteryServiceFeature: getChgConfig: flag = 0, extra = , callerName = 1
01-10 06:19:19.670  2273  2273 D vendor.oplus.hardware.charger-V6-service: oplus_chg_get_state_retention 0
01-10 06:19:19.670  2273  2273 D vendor.oplus.hardware.charger-V6-service: get_ui_charge_icon_type 0 0 0 0 0
01-10 06:19:19.671 17922 19246 D OplusBatteryServiceFeature: getChgConfig: flag = 1, extra = , callerName = 1
01-10 06:19:19.671  2273  2273 D vendor.oplus.hardware.charger-V6-service: oplus_chg_get_state_retention 0
01-10 06:19:19.671  2273  2273 D vendor.oplus.hardware.charger-V6-service: oplus_chg_get_ui_power 0 0
01-10 06:19:19.671 17922 19246 D OplusBatteryServiceFeature: getChgConfig: flag = 4, extra = , callerName = 1
01-10 06:19:19.671  2273  2273 D vendor.oplus.hardware.charger-V6-service: oplus_chg_get_state_retention 0
01-10 06:19:19.671  2273  2273 D vendor.oplus.hardware.charger-V6-service: oplus_chg_get_cpa_power 0
01-10 06:19:19.671 17922 19246 D OplusBatteryServiceFeature: getChgConfig: flag = 6, extra = , callerName = 1
01-10 06:19:19.671  2273  2273 D vendor.oplus.hardware.charger-V6-service: oplus_chg_get_state_retention 0
01-10 06:19:19.671  2273  2273 D vendor.oplus.hardware.charger-V6-service: oplus_chg_get_cpa_power 0
01-10 06:19:19.671  2273  2273 D vendor.oplus.hardware.charger-V6-service: getIsSingleHyperSupport=2, cpa_power=0
01-10 06:19:19.671 17922 19246 D OplusBatteryServiceFeature: getChgConfig: flag = 24, extra = , callerName = 1
01-10 06:19:19.723  2153  2418 I SDM     : DisplayBase::CommitThread: Received idle timeout, panel: cmd, timeout: 69999 us
01-10 06:19:19.822 21298 21298 V DeepThinker: BroadcastReceiverWrapper: onReceive, start dispatch android.net.conn.CONNECTIVITY_CHANGE
01-10 06:19:19.822 22769 22859 W Melody_EventBus: post IGNORE class ea.a
01-10 06:19:19.822 21110  9703 I BugleDataModel: ActionExecutorImpl: Starting ActionService
01-10 06:19:19.822 23662 10343 I DeviceStatusMonitor: DeviceStatusMonitor.handleBroadcast():123 onReceive() : Action = android.net.conn.CONNECTIVITY_CHANGE
01-10 06:19:19.822 21298 21298 V DeepThinker: BroadcastReceiverWrapper: onReceive, finish dispatch android.net.conn.CONNECTIVITY_CHANGE  Time consuming : 0 ms
01-10 06:19:19.822 21298 21298 V DeepThinker: BroadcastReceiverWrapper: onReceive, start dispatch android.net.conn.CONNECTIVITY_CHANGE
01-10 06:19:19.822 21110  9702 I ChatReadinessManagerImp: processRcsReadinessReason: Current ChatTransportType is: 2, ready: true
01-10 06:19:19.822 21298 21298 V DeepThinker: BroadcastReceiverWrapper: onReceive, finish dispatch android.net.conn.CONNECTIVITY_CHANGE  Time consuming : 0 ms
01-10 06:19:19.822 21110  9702 I ChatReadinessManagerImp: shouldLaunchPostReadyWork is false. Returning from the method
01-10 06:19:19.822 21110  9680 I ChatReadinessManagerImp: processRcsReadinessReason: Current ChatTransportType is: 2, ready: true
01-10 06:19:19.822 21110  9680 I ChatReadinessManagerImp: shouldLaunchPostReadyWork is false. Returning from the method
01-10 06:19:19.825 23662 10343 I DeviceStatusMonitor: DeviceStatusMonitor.notifyIfNetworkChanged():180 notifyIfNetworkChanged: newState = NON_METERED, airplaneModeOn = false, notifyAnyway = false
01-10 06:19:19.825 23662 10343 I NetworkInfoNotification: NetworkInfoNotification$Listener.onReceive():107 onNetworkAvailable: networkState = NON_METERED, isAirplaneModeOn = false
01-10 06:19:19.825 23662 23662 I NetworkInfoNotification: NetworkInfoNotification$Listener.onReceive():107 onNetworkAvailable: networkState = NON_METERED, isAirplaneModeOn = false
01-10 06:19:19.825 23662 10343 I DeviceStatusMonitor: DeviceStatusMonitor.handleBroadcast():123 onReceive() : Action = android.net.conn.CONNECTIVITY_CHANGE
01-10 06:19:19.825 23662 10491 I NetworkInfoNotification: NetworkInfoNotification$Listener.onReceive():107 onNetworkAvailable: networkState = NON_METERED, isAirplaneModeOn = false
01-10 06:19:19.825 23662 23662 I HandwritingOnlineSuperpacks: HandwritingOnlineSuperpacks$1.onNetworkAvailable():72 onNetworkAvailable
01-10 06:19:19.825 23662 10491 E NotificationCenter: NotificationCenter.registerListenerInternal():379 Listener jwp@5851f83 is already registered for notification class jwe
01-10 06:19:19.825 23662 23662 I NetworkInfoNotification: NetworkInfoNotification$Listener.onReceive():107 onNetworkAvailable: networkState = NON_METERED, isAirplaneModeOn = false
01-10 06:19:19.825 23662 10343 I DeviceStatusMonitor: DeviceStatusMonitor.notifyIfNetworkChanged():180 notifyIfNetworkChanged: newState = NON_METERED, airplaneModeOn = false, notifyAnyway = false
01-10 06:19:19.826 24364 24364 W fbservices:InitStatus: Not blocking Service (83763522)
01-10 06:19:19.827 21110  9703 I BugleDataModel: ActionExecutorImpl: ACTION_EXECUTE_QUEUED_CountryCodeDetectorAction
01-10 06:19:19.827 21110  9680 I BugleDataModel: ExecuteActionRunnable: running action CountryCodeDetectorAction
01-10 06:19:19.827 21110  9680 I BugleDataModel: ActionExecutorImpl: ACTION_BACKGROUND_QUEUED_CountryCodeDetectorAction
01-10 06:19:19.827 21110  9713 I Bugle   : CountryCodeDetector: updateSmsNetworkCountry from default subscription network country. detected country: se
01-10 06:19:19.827 21110  9713 I BugleDataModel: ActionExecutorImpl: ACTION_RESPONSE_QUEUED_CountryCodeDetectorAction
01-10 06:19:19.828 21110  9680 I BugleDataModel: ActionExecutorImpl: Stopping ActionService
01-10 06:19:19.829 24364 24364 W fbservices:InitStatus: Not blocking Service (83763522)
01-10 06:19:19.859  2183  2262 E PERFHAL-PERFCTRL: PERFHAL-PERFCTRL: chk_core_online_poll_loop() 700: poll() has timed out for /sys/kernel/msm_performance/events/cpu_hotplug
01-10 06:19:19.859  2183  2262 E PERFHAL-PERFCTRL: PERFHAL-PERFCTRL: chk_core_online_poll_loop() 695: Block on poll()
01-10 06:19:19.873 21110 21120 W .apps.messaging: Reducing the number of considered missed Gc histogram windows from 104 to 100
01-10 06:19:19.878  3583  4140 D QmiClient: qmiServiceEventCallback recv msg id 47
01-10 06:19:19.878  3583  4140 D QmiOttClient: enter : onQmiServiceEventCallback msgId 47
01-10 06:19:19.878  3583  3614 D OttProxy: handleMessage msg is 3001
01-10 06:19:19.878 18986 19005 D SubsysRadioIndication: [PHONE0]radioLinkLatencyInfoInd
01-10 06:19:19.878 18986 19005 D SubsysRadioIndication: [PHONE0]notify enter
01-10 06:19:19.907  3453  3453 E OplusTouchDaemon: ts_run_service: shellback temperature updated 30 (30200)
