01-10 06:19:03.778 18843 19433 I VideoScene: updateVideoPlayInfo : playing = false uid = 10266 pkg = com.android.wallpaper.livepicker
01-10 06:19:03.778 18843 19433 I VideoCallScene: onInputEvent : EventId=27	INPUT_VIDEO_STOP	TimeStamp =1736486343777	Intent =null	Content =null	Pid =0	PkgName =null
01-10 06:19:03.778 18843 19433 I VideoCallScene: updateVideoPlayInfo : playing = false uid = 10266 pkg = com.android.wallpaper.livepicker
01-10 06:19:03.778 17534 10312 D ListServiceUtils: checkInListByUid module:video-statistics uid:10266 cost 197us return 0
01-10 06:19:03.778 17534 10312 D OplusFeedbackInfo: ~OplusAnalysisFPS
01-10 06:19:03.778 17534 10312 D AtlasEventUploadUtils: setEvent event:atlas_event_video_monitor_network_switch
01-10 06:19:03.778 19979 20017 D OplusAtlas.OplusAtlasEventDispatch: setEvent:atlas_event_video_monitor_network_switch info:STOP,18597,Key,-5476376652333594880
01-10 06:19:03.778 19979 21539 D OplusAtlasVideo: callback success event:atlas_event_video_monitor_network_switch eventInfo:STOP,18597,Key,-5476376652333594880
01-10 06:19:03.778 17534 10312 D SurfaceUtils: connecting to surface 0xb40000731972d810, reason onShutdown
01-10 06:19:03.779 18597 18624 D BufferQueueProducer: [Wallpaper#0(BLAST Consumer)0](id:48a500000000,api:3,p:17534,c:18597) connect: api=3 producerControlledByApp=true
01-10 06:19:03.779  2431  2687 D SurfaceFlinger: captureLayers from pid 19175 uid -333
01-10 06:19:03.781 17534 10309 D NuPlayerDriver: notifyResetComplete(0xb4000073256a6800)
01-10 06:19:03.781 17534 19977 D AudioSink: setIsReset, 1
01-10 06:19:03.781 17534 19977 D NuPlayerDriver: reset(0xb4000073256a6800) at state 0
01-10 06:19:03.781 17534 19977 D SurfaceUtils: disconnecting from surface 0xb40000731998c810, reason disconnectNativeWindow
01-10 06:19:03.781 18597 18597 D BufferQueueProducer: [Wallpaper#0(BLAST Consumer)0](id:48a500000000,api:3,p:17534,c:18597) disconnect: api 3
01-10 06:19:03.781 17534 19977 D NuPlayerDriver: ~NuPlayerDriver(0xb4000073256a6800)
01-10 06:19:03.781 17534 19977 D AtlasEventUploadUtils: setEvent event:atlas_event_video_mediaplayer_state
01-10 06:19:03.782 19979 20017 D OplusAtlas.OplusAtlasEventDispatch: setEvent:atlas_event_video_mediaplayer_state info:STATE,-1,18597
01-10 06:19:03.782 17534 19977 W AMessage: failed to post message as target looper for handler 0 is gone.
01-10 06:19:03.782 19979 21539 D OplusAtlasVideo: callback success event:atlas_event_video_mediaplayer_state eventInfo:STATE,-1,18597
01-10 06:19:03.782 18597 18597 V MediaPlayer: resetDrmState:  mDrmInfo=null mDrmProvisioningThread=null mPrepareDrmInProgress=false mActiveDrmScheme=false
01-10 06:19:03.782 18597 18597 V MediaPlayer: cleanDrmObj: mDrmObj=null mDrmSessionId=null
01-10 06:19:03.782 18597 18702 I [UAH_CLIENT]: UahRelease, handle:74396
01-10 06:19:03.791  2431  2431 D OplusInfoMonitor: setListenerReport: reportInfo:
01-10 06:19:03.791 19175 20521 D InfoMonitor onLayerStatus: 
01-10 06:19:03.828  2431  2687 D SurfaceFlinger: captureLayers from pid 19175 uid -333
01-10 06:19:03.862  2153  2418 W LOG_FLOWCTRL: ==LOGS OVER PROC QUOTA(300), rows(415) bytes(30556) vendor.qti.hardware.display.composer-service DROPPED==
01-10 06:19:03.862  2153  2418 I SDM     : DisplayBase::CommitThread: Received idle timeout, panel: cmd, timeout: 70000 us
01-10 06:19:03.874  2092  2092 D healthd : system healthd: battery l=100 v=4437 t=30.5 h=2 st=2 c=113 fc=5920000 cc=25 chg=u
01-10 06:19:03.881 18698 18876 I SystemUi--Statusbar: MobileConnectionRepositoryImpl-->subId:1 isSoftSimCard:false slotId:0
01-10 06:19:03.880 17922 18415 I OplusWifiSarManager: Received Data State Change: 3
01-10 06:19:03.881 17922 18415 I OplusWifiSarManager: mWifiConnected: true mWifiState: true
01-10 06:19:03.881 17922 18415 D OplusWifiSarManager: set wifi_dbs_enable to false
01-10 06:19:03.881 17922 18415 D OplusWifiSarManager: wifiBand mWifi2gState:false mWifi5gState: true mWifi5gBand:WIFI_5G_BAND1 mWifi6gBand:WIFI_5G_DISABLE
01-10 06:19:03.881 17922 18415 I OplusWifiSarManager: sar sensor state:
01-10 06:19:03.881 17922 18415 I OplusWifiSarManager: sensor index: 0, state: null
01-10 06:19:03.881 17922 18415 I OplusWifiSarManager: sensor index: 1, state: null
01-10 06:19:03.881 17922 18415 I OplusWifiSarManager: sensor index: 2, state: null
01-10 06:19:03.881 17922 18415 I OplusWifiSarManager: sensor index: 3, state: null
01-10 06:19:03.881 17922 18415 I OplusWifiSarManager: sensor index: 4, state: null
01-10 06:19:03.881 17922 18415 I OplusWifiSarManager: sensor index: 5, state: null
01-10 06:19:03.881 17922 18415 I OplusWifiSarManager: sensor index: 6, state: null
01-10 06:19:03.881 17922 18415 I OplusWifiSarManager: sensor index: 7, state: null
01-10 06:19:03.881 17922 18415 I OplusWifiSarManager: sensor index: 8, state: null
01-10 06:19:03.881 17922 18415 I OplusWifiSarManager: sensor index: 9, state: null
01-10 06:19:03.881 17922 18415 I OplusWifiSarManager: sensor index: 10, state: null
01-10 06:19:03.881 17922 18415 I OplusWifiSarManager: sensor index: 11, state: null
01-10 06:19:03.881 17922 18415 I OplusWifiSarManager: sensor index: 12, state: null
01-10 06:19:03.881 17922 18415 I OplusWifiSarManager: sensor index: 13, state: null
01-10 06:19:03.881 17922 18415 I OplusWifiSarManager: sensor index: 14, state: null
01-10 06:19:03.881 17922 18415 I OplusWifiSarManager: sensor index: 15, state: null
01-10 06:19:03.881 17922 18415 I OplusWifiSarManager: project: 23893, country: SE
01-10 06:19:03.881 17922 18415 I OplusWifiSarManager: sensor state: earpiece: 0, sensor: null, isScreenOn: true
01-10 06:19:03.881 17922 18415 I OplusWifiSarManager: modem state: mCellOn: false mDataOn: true mData5gOn: true
01-10 06:19:03.881 17922 18415 I OplusWifiSarManager: wifi state: mWifiConnected: true mWifiSapEnabled: false mWifiP2pConnected: false mWifi2gState: false mWifi5gState: true mWifi5gBand: WIFI_5G_BAND1 mWifi6gBand: WIFI_5G_DISABLE mIsBluetoothTxOn: false
01-10 06:19:03.881 17922 18415 I OplusWifiSarManager: mSta5gBand: WIFI_5G_BAND1 , mP2p5gBand: WIFI_5G_DISABLE , mSap5gBand: WIFI_5G_DISABLE , mSta6gBand: WIFI_5G_DISABLE , mP2p6gBand: WIFI_5G_DISABLE , mSap6gBand: WIFI_5G_DISABLE , wifiBand5g: WIFI_5G_BAND1 , wifiBand6g: WIFI_5G_DISABLE
01-10 06:19:03.881 17922 18415 I OplusWifiSarManager: wifisar engineerMode state: enable: false, Regdomain: , modemWorkType(2:4G, 3:5G): -1, sensorWorkType: -1, wifiChannel2.4G: -1, wifiChannel5G: -1, wifiChannel6G: -1 mWifiSarTestFoldWorkType((1=unfold,0=fold)):-1, bt work type: -1, hotspot work type: -1
01-10 06:19:03.881 17922 18415 I OplusWifiSarManager: not support wsa
01-10 06:19:03.881 17922 18415 I OplusWifiSarManager: sensor index: 13, max: 16
01-10 06:19:03.881 17922 18415 D OplusWifiSarManager: is countrylist Country SE
01-10 06:19:03.881 17922 18415 D OplusWifiSarManager:  state: 11110000001110010 country: SE
01-10 06:19:03.896  2273  2310 D BatteryChargeControl: bcc get no support from charging protocol
01-10 06:19:03.909 17922 17940 D OplusBatteryServiceFeature: getChgConfig: flag = 0, extra = , callerName = 1
01-10 06:19:03.909  2273  2273 D vendor.oplus.hardware.charger-V6-service: oplus_chg_get_state_retention 0
01-10 06:19:03.909  2273  2273 D vendor.oplus.hardware.charger-V6-service: get_ui_charge_icon_type 0 0 0 0 0
01-10 06:19:03.909 17922 17940 D OplusBatteryServiceFeature: getChgConfig: flag = 1, extra = , callerName = 1
01-10 06:19:03.910  2273  2273 D vendor.oplus.hardware.charger-V6-service: oplus_chg_get_state_retention 0
01-10 06:19:03.910  2273  2273 D vendor.oplus.hardware.charger-V6-service: oplus_chg_get_ui_power 0 0
01-10 06:19:03.910 17922 17940 D OplusBatteryServiceFeature: getChgConfig: flag = 4, extra = , callerName = 1
01-10 06:19:03.910  2273  2273 D vendor.oplus.hardware.charger-V6-service: oplus_chg_get_state_retention 0
01-10 06:19:03.910  2273  2273 D vendor.oplus.hardware.charger-V6-service: oplus_chg_get_cpa_power 2500
01-10 06:19:03.910 17922 17940 D OplusBatteryServiceFeature: getChgConfig: flag = 6, extra = , callerName = 1
01-10 06:19:03.910  2273  2273 D vendor.oplus.hardware.charger-V6-service: oplus_chg_get_state_retention 0
01-10 06:19:03.910  2273  2273 D vendor.oplus.hardware.charger-V6-service: oplus_chg_get_cpa_power 2500
01-10 06:19:03.910  2273  2273 D vendor.oplus.hardware.charger-V6-service: getIsSingleHyperSupport=2, cpa_power=2
01-10 06:19:03.910 17922 17940 D OplusBatteryServiceFeature: getChgConfig: flag = 24, extra = , callerName = 1
01-10 06:19:03.972  3417  4602 I oplus_theia: Waiting for OCenterService
01-10 06:19:03.974  2153  2418 I SDM     : DisplayBase::CommitThread: Received idle timeout, panel: cmd, timeout: 70000 us
01-10 06:19:03.988  3583  4140 D QmiClient: qmiServiceEventCallback recv msg id 47
01-10 06:19:03.989  3583  4140 D QmiOttClient: enter : onQmiServiceEventCallback msgId 47
01-10 06:19:03.989  3583  3614 D OttProxy: handleMessage msg is 3001
01-10 06:19:03.990 18986 19005 D SubsysRadioIndication: [PHONE0]radioLinkLatencyInfoInd
01-10 06:19:03.990 18986 19005 D SubsysRadioIndication: [PHONE0]notify enter
01-10 06:19:04.002 18843 19839 D TelephonyImpl: getRealNrState start:0
01-10 06:19:04.004 18843 19839 D TelephonyImpl: getRealNrState start:0
01-10 06:19:04.011 18843 19839 D TelephonyImpl: getRealNrState start:0
01-10 06:19:04.014 24295 24504 E LocalFileUtil: getListFromStream stream is null
01-10 06:19:04.037 17922 17966 I UserAwareMgr: handleAppChangedToBg, pkgName: com.android.systemui, pid: 18698
01-10 06:19:04.037 17922 17966 W UserAwareMgr: app not not found or not visible: {pkgName='com.android.systemui', pid=18698, uid=10228, flags='systemui', renderTid=18849, hwuiTids=[19324, 19321], glTids=null, threadInfos={wmshell.main={threadName='wmshell.main', tid=18757, extendTids=null}, ll.splashworker={threadName='ll.splashworker', tid=18766, extendTids=null}, wmshell.anim={threadName='wmshell.anim', tid=18762, extendTids=null}, VolumeDialogControllerImpl={threadName='VolumeDialogControllerImpl', tid=19239, extendTids=null}, ll.splashscreen={threadName='ll.splashscreen', tid=18765, extendTids=null}, KeyguardWorkerThread={threadName='KeyguardWorkerThread', tid=19141, extendTids=null}, OnScreenFingerprint OpticalUIUpdateThread={threadName='OnScreenFingerprint OpticalUIUpdateThread', tid=19447, extendTids=null}, GestureUI={threadName='GestureUI', tid=19123, extendTids=null}, KgdAnimThread={threadName='KgdAnimThread', tid=19143, extendTids=null}}}
01-10 06:19:04.037 17922 17966 W UserAwareMgr: handleAppChangedToBg process is empty
01-10 06:19:04.039 18698 19423 D UXUtils : setHasTopUi: false; stack: com.oplus.systemui.shade.OplusNotificationShadeWindowControllerExImpl$uxFlagUpdateRunnable$1$1.run:67
01-10 06:19:04.039 17922 17966 I UserAwareMgr: handleAppChangedToBg, pkgName: com.android.systemui, pid: 18698
01-10 06:19:04.039 17530 17823 W IPCThreadState: Sending oneway calls to frozen process.
01-10 06:19:04.039 17922 17966 W UserAwareMgr: app not not found or not visible: {pkgName='com.android.systemui', pid=18698, uid=10228, flags='systemui', renderTid=18849, hwuiTids=[19324, 19321], glTids=null, threadInfos={wmshell.main={threadName='wmshell.main', tid=18757, extendTids=null}, ll.splashworker={threadName='ll.splashworker', tid=18766, extendTids=null}, wmshell.anim={threadName='wmshell.anim', tid=18762, extendTids=null}, VolumeDialogControllerImpl={threadName='VolumeDialogControllerImpl', tid=19239, extendTids=null}, ll.splashscreen={threadName='ll.splashscreen', tid=18765, extendTids=null}, KeyguardWorkerThread={threadName='KeyguardWorkerThread', tid=19141, extendTids=null}, OnScreenFingerprint OpticalUIUpdateThread={threadName='OnScreenFingerprint OpticalUIUpdateThread', tid=19447, extendTids=null}, GestureUI={threadName='GestureUI', tid=19123, extendTids=null}, KgdAnimThread={threadName='KgdAnimThread', tid=19143, extendTids=null}}}
01-10 06:19:04.039 17922 17966 W UserAwareMgr: handleAppChangedToBg process is empty
01-10 06:19:04.039 18698 19423 D UXUtils : notifyUiSwitched: 0; stack: com.oplus.systemui.shade.OplusNotificationShadeWindowControllerExImpl$uxFlagUpdateRunnable$1$1.run:68
01-10 06:19:04.069 17922 18433 D OplusNetKit: in getLpByInterface name from LP: [wlan0]
01-10 06:19:04.072 17922 18433 D TrafficStats: tagSocket(903) with statsTag=0xffffffff, statsUid=-1
01-10 06:19:04.074 18843 19457 I TcpSyn  : onIfNameChange: foregroundAppChange
01-10 06:19:04.075 18843 19457 I TcpSyn  : onIfNameChange: foregroundAppChange appUid=[10225]
01-10 06:19:04.075 18843 19457 I TcpSyn  : updateAllUids
01-10 06:19:04.111 17922 18433 D TrafficStats: tagSocket(903) with statsTag=0xffffffff, statsUid=-1
01-10 06:19:04.114 17922 18433 D TrafficStats: tagSocket(903) with statsTag=0xffffffff, statsUid=-1
01-10 06:19:04.117 17922 18433 D OplusNetRttKit: getIcmpEchoRtt addr:192.168.1.*** avgRtt: 15
01-10 06:19:04.147 18698 18794 D WifiStatusTracker: mNetworkCallback onCapabilitiesChanged network:102 mPrimaryNetworkId:102
01-10 06:19:04.147 18986 18986 D VendorWifiService: onEvent event:9,action:1
01-10 06:19:04.149 17922 18314 W IPCThreadState: Sending oneway calls to frozen process.
01-10 06:19:04.149 17922 18314 W IPCThreadState: Sending oneway calls to frozen process.
01-10 06:19:04.150 18937 20983 D cneJni  : sendWifiStatus start
01-10 06:19:04.150 18698 18794 I SystemUi--Statusbar: NetworkController.WifiSignalController-->handleStatusUpdated state=3 enabled=true connected=true isDefaultNetwork=false rssi=-61 level=4 statusLabel=Låg kvalitet isDirty=false
01-10 06:19:04.150 18698 18902 D WifiPickerTracker: handleNetworkCapabilitiesChanged network:102
01-10 06:19:04.150 17922 18314 W IPCThreadState: Sending oneway calls to frozen process.
01-10 06:19:04.150 17922 18314 W IPCThreadState: Sending oneway calls to frozen process.
01-10 06:19:04.150 17922 18314 W IPCThreadState: Sending oneway calls to frozen process.
01-10 06:19:04.150 17922 18314 W IPCThreadState: Sending oneway calls to frozen process.
01-10 06:19:04.150 17922 18415 D OplusWifiPower_TriggerCenter: mComponentCallback: wifistat
01-10 06:19:04.151 17922 18314 W IPCThreadState: Sending oneway calls to frozen process.
01-10 06:19:04.151 17922 18314 W IPCThreadState: Sending oneway calls to frozen process.
01-10 06:19:04.151 17922 18314 W IPCThreadState: Sending oneway calls to frozen process.
01-10 06:19:04.151 17922 18314 W IPCThreadState: Sending oneway calls to frozen process.
01-10 06:19:04.151 17922 18415 D OplusNetKit: triggerNetworkDetection: detectType:lan_probe, forceReevaluate:false, source:oplusScorer
01-10 06:19:04.151 17922 18415 D OplusWifiThreadManager: submit task lanRtt java.util.concurrent.FutureTask@883cfd1[Not completed]
01-10 06:19:04.151 17922 18314 W IPCThreadState: Sending oneway calls to frozen process.
01-10 06:19:04.151 17922 24309 D OplusNetKit: in getLpByInterface name from LP: [wlan0]
01-10 06:19:04.151 18698 18902 I WifiPickerTracker: wifi connected status realConnectedWifiEntry not null: true
01-10 06:19:04.151 17922 18314 W IPCThreadState: Sending oneway calls to frozen process.
01-10 06:19:04.151 17922 18314 W IPCThreadState: Sending oneway calls to frozen process.
01-10 06:19:04.151 17922 18314 W IPCThreadState: Sending oneway calls to frozen process.
01-10 06:19:04.152 17922 18314 W IPCThreadState: Sending oneway calls to frozen process.
01-10 06:19:04.152 17922 18415 D SystemNetworkObserver: wifi network 102 nc changed, primary=true
01-10 06:19:04.152 17922 18314 W IPCThreadState: Sending oneway calls to frozen process.
01-10 06:19:04.152 17922 18314 W IPCThreadState: Sending oneway calls to frozen process.
01-10 06:19:04.152 17922 18314 W IPCThreadState: Sending oneway calls to frozen process.
01-10 06:19:04.152 17922 18314 W IPCThreadState: Sending oneway calls to frozen process.
01-10 06:19:04.152 17922 24309 D TrafficStats: tagSocket(903) with statsTag=0xffffffff, statsUid=-1
01-10 06:19:04.152 17922 18314 W IPCThreadState: Sending oneway calls to frozen process.
01-10 06:19:04.152 17922 18314 W IPCThreadState: Sending oneway calls to frozen process.
01-10 06:19:04.152 17922 18314 W IPCThreadState: Sending oneway calls to frozen process.
01-10 06:19:04.152 17922 18314 W IPCThreadState: Sending oneway calls to frozen process.
01-10 06:19:04.152 17922 18314 W IPCThreadState: Sending oneway calls to frozen process.
01-10 06:19:04.152 17922 18314 W IPCThreadState: Sending oneway calls to frozen process.
01-10 06:19:04.152 17922 18344 D Smart_Assistant_NetworkRequest: wifiNetwork onCapabilitiesChanged netId =  102
01-10 06:19:04.152 17922 18314 W IPCThreadState: Sending oneway calls to frozen process.
01-10 06:19:04.155 19361  2604 I ChimeraSrvcProxy: NullBinder for android.net.action.RECOMMEND_NETWORKS triggering remote TransactionTooLargeException due to Service without Chimera impl
01-10 06:19:04.155 19361  2604 W .gms.persistent: Large reply transaction of 2113536 bytes, interface descriptor , code 1
01-10 06:19:04.156 19361  2604 I ChimeraSrvcProxy: NullBinder for android.net.action.RECOMMEND_NETWORKS triggering remote TransactionTooLargeException due to Service without Chimera impl
01-10 06:19:04.157 19361  2604 W .gms.persistent: Large reply transaction of 2113536 bytes, interface descriptor , code 1
01-10 06:19:04.157 17922 24309 D TrafficStats: tagSocket(903) with statsTag=0xffffffff, statsUid=-1
01-10 06:19:04.159 17922 24309 D TrafficStats: tagSocket(903) with statsTag=0xffffffff, statsUid=-1
01-10 06:19:04.161 17922 24309 D OplusNetRttKit: getIcmpEchoRtt addr:192.168.1.*** avgRtt: 3
01-10 06:19:04.161 17922 24309 E OplusWifiThreadManager: java.util.concurrent.FutureTask@883cfd1[Completed normally] success executed
01-10 06:19:04.193 18990 19362 D OplusScrollToTopManager: com.android.launcher/com.android.launcher.Launcher,This com.android.internal.policy.DecorView{b77f130 V.E...... R....... 0,0-1080,2376 aid=0 alpha=1.0 viewInfo = }[Launcher] change focus to true
01-10 06:19:04.264 17922 18332 D AS.AudioService: uid 1000, callingApp = android.uid.system:1000
01-10 06:19:04.265 19979 27510 D OplusAtlasService: checkIsInDaemonlistByName module:audio-binder-opt-list packageName:android.uid.system:1000
01-10 06:19:04.380 17922 17998 D VRR [OPlusGameStatusManager]: handleBrightnessDone
01-10 06:19:04.577  2077  2217 E minksocket: MinkIPC ERROR: ( 2077:2217 ) MinkIPC_preProcess:272 Client down, but cannot find corresponding minksession
01-10 06:19:04.577  2077  2211 E minksocket: MinkIPC ERROR: ( 2077:2211 ) MinkIPC_preProcess:272 Client down, but cannot find corresponding minksession
01-10 06:19:04.577  2077  2211 E minksocket: MinkIPC ERROR: ( 2077:2211 ) MinkIPC_preProcess:272 Client down, but cannot find corresponding minksession
01-10 06:19:04.578  2077  2217 E minksocket: MinkIPC ERROR: ( 2077:2217 ) MinkIPC_preProcess:272 Client down, but cannot find corresponding minksession
01-10 06:19:04.579  2077  2211 E minksocket: MinkIPC ERROR: ( 2077:2211 ) MinkIPC_preProcess:272 Client down, but cannot find corresponding minksession
01-10 06:19:04.580  2077  2217 E minksocket: MinkIPC ERROR: ( 2077:2217 ) MinkIPC_preProcess:272 Client down, but cannot find corresponding minksession
01-10 06:19:04.581  2077  2211 E minksocket: MinkIPC ERROR: ( 2077:2211 ) MinkIPC_preProcess:272 Client down, but cannot find corresponding minksession
01-10 06:19:04.581  2077  2217 E minksocket: MinkIPC ERROR: ( 2077:2217 ) MinkIPC_preProcess:272 Client down, but cannot find corresponding minksession
01-10 06:19:04.781 18843 19433 I VoiceCallScene: handleMessage : 1
01-10 06:19:04.782 18843 19433 I VoiceCallScene: MSG_CHK_VIDEO_STATE : uid = 10266, pkg = com.android.wallpaper.livepicker, mVoiceCallUid = -1, mVoiceCallPkg = 
01-10 06:19:04.843  2183  2262 E PERFHAL-PERFCTRL: PERFHAL-PERFCTRL: chk_core_online_poll_loop() 700: poll() has timed out for /sys/kernel/msm_performance/events/cpu_hotplug
01-10 06:19:04.844  2183  2262 E PERFHAL-PERFCTRL: PERFHAL-PERFCTRL: chk_core_online_poll_loop() 695: Block on poll()
01-10 06:19:04.897  2273  2310 D BatteryChargeControl: bcc get no support from charging protocol
01-10 06:19:05.058 18776 19264 I m.android.phone: Explicit concurrent mark compact GC freed 11MB AllocSpace bytes, 0(0B) LOS objects, 75% free, 6306KB/24MB, paused 460us,1.287ms total 44.847ms
01-10 06:19:05.103  3583  4140 D QmiClient: qmiServiceEventCallback recv msg id 47
01-10 06:19:05.103  3583  4140 D QmiOttClient: enter : onQmiServiceEventCallback msgId 47
01-10 06:19:05.103  3583  3614 D OttProxy: handleMessage msg is 3001
01-10 06:19:05.104 18986 19005 D SubsysRadioIndication: [PHONE0]radioLinkLatencyInfoInd
01-10 06:19:05.104 18986 19005 D SubsysRadioIndication: [PHONE0]notify enter
01-10 06:19:05.179  3453  3579 E OplusTouchDaemon: [OplusTouchDaemon][touchMonitorRoutine][79]: touchMonitor stop, isEnable:1, currentState:1
01-10 06:19:05.194 18843 19240 I PluginManager: dalvikMax=25,dalvikFree=14dalvikAllocated=11
01-10 06:19:05.386 17922 18415 I OplusWifiSarManager: Received Data State Change: 0
01-10 06:19:05.386 17922 18415 I OplusWifiSarManager: mWifiConnected: true mWifiState: true
01-10 06:19:05.386 17922 18415 D OplusWifiSarManager: set wifi_dbs_enable to false
01-10 06:19:05.386 17922 18415 D OplusWifiSarManager: wifiBand mWifi2gState:false mWifi5gState: true mWifi5gBand:WIFI_5G_BAND1 mWifi6gBand:WIFI_5G_DISABLE
01-10 06:19:05.386 17922 18415 I OplusWifiSarManager: sar sensor state:
01-10 06:19:05.386 17922 18415 I OplusWifiSarManager: sensor index: 0, state: null
01-10 06:19:05.386 17922 18415 I OplusWifiSarManager: sensor index: 1, state: null
01-10 06:19:05.386 17922 18415 I OplusWifiSarManager: sensor index: 2, state: null
01-10 06:19:05.386 17922 18415 I OplusWifiSarManager: sensor index: 3, state: null
01-10 06:19:05.386 17922 18415 I OplusWifiSarManager: sensor index: 4, state: null
01-10 06:19:05.386 17922 18415 I OplusWifiSarManager: sensor index: 5, state: null
01-10 06:19:05.386 17922 18415 I OplusWifiSarManager: sensor index: 6, state: null
01-10 06:19:05.386 17922 18415 I OplusWifiSarManager: sensor index: 7, state: null
01-10 06:19:05.386 17922 18415 I OplusWifiSarManager: sensor index: 8, state: null
01-10 06:19:05.386 17922 18415 I OplusWifiSarManager: sensor index: 9, state: null
01-10 06:19:05.386 17922 18415 I OplusWifiSarManager: sensor index: 10, state: null
01-10 06:19:05.386 17922 18415 I OplusWifiSarManager: sensor index: 11, state: null
01-10 06:19:05.386 17922 18415 I OplusWifiSarManager: sensor index: 12, state: null
01-10 06:19:05.386 17922 18415 I OplusWifiSarManager: sensor index: 13, state: null
01-10 06:19:05.386 17922 18415 I OplusWifiSarManager: sensor index: 14, state: null
01-10 06:19:05.386 17922 18415 I OplusWifiSarManager: sensor index: 15, state: null
01-10 06:19:05.386 17922 18415 I OplusWifiSarManager: project: 23893, country: SE
01-10 06:19:05.386 17922 18415 I OplusWifiSarManager: sensor state: earpiece: 0, sensor: null, isScreenOn: true
01-10 06:19:05.386 17922 18415 I OplusWifiSarManager: modem state: mCellOn: false mDataOn: false mData5gOn: true
01-10 06:19:05.387 17922 18415 I OplusWifiSarManager: wifi state: mWifiConnected: true mWifiSapEnabled: false mWifiP2pConnected: false mWifi2gState: false mWifi5gState: true mWifi5gBand: WIFI_5G_BAND1 mWifi6gBand: WIFI_5G_DISABLE mIsBluetoothTxOn: false
01-10 06:19:05.387 17922 18415 I OplusWifiSarManager: mSta5gBand: WIFI_5G_BAND1 , mP2p5gBand: WIFI_5G_DISABLE , mSap5gBand: WIFI_5G_DISABLE , mSta6gBand: WIFI_5G_DISABLE , mP2p6gBand: WIFI_5G_DISABLE , mSap6gBand: WIFI_5G_DISABLE , wifiBand5g: WIFI_5G_BAND1 , wifiBand6g: WIFI_5G_DISABLE
01-10 06:19:05.387 17922 18415 I OplusWifiSarManager: wifisar engineerMode state: enable: false, Regdomain: , modemWorkType(2:4G, 3:5G): -1, sensorWorkType: -1, wifiChannel2.4G: -1, wifiChannel5G: -1, wifiChannel6G: -1 mWifiSarTestFoldWorkType((1=unfold,0=fold)):-1, bt work type: -1, hotspot work type: -1
01-10 06:19:05.387 17922 18415 I OplusWifiSarManager: not support wsa
01-10 06:19:05.387 17922 18415 I OplusWifiSarManager: sensor index: 13, max: 16
01-10 06:19:05.387 17922 18415 D OplusWifiSarManager: is countrylist Country SE
01-10 06:19:05.387 17922 18415 D OplusWifiSarManager:  state: 11110000001100010 country: SE
01-10 06:19:05.387 18698 18876 I SystemUi--Statusbar: MobileConnectionRepositoryImpl-->subId:1 isSoftSimCard:false slotId:0
01-10 06:19:05.485  2153  2418 I SDM     : DisplayBase::CommitThread: Received idle timeout, panel: cmd, timeout: 70000 us
01-10 06:19:05.875 19867 19992 I oplus_bt_dual_sync: stack_down_sync_action: type=19, len=8
01-10 06:19:05.875 19867 19992 I oplus_bt_dual_sync: stack_down_sync_action : enable bqr common monitor 1
01-10 06:19:05.875 19867 19992 I bluetooth: [btif_bqr.cc:567] ConfigureBqr: Action: 0x0, Mask: 0x1, Interval: 6000 Multiple: 0
01-10 06:19:05.876  2088  2179 D vendor.qti.bluetooth@1.0-ibs_handler: SerialClockVote: vote for UART CLK ON
01-10 06:19:05.877  2088  2179 D vendor.qti.bluetooth@1.0-wake_lock: Acquire wakelock is acquired 
01-10 06:19:05.877  2088  2179 I vendor.qti.bluetooth@1.0-ibs_handler: DeviceWakeUp: Writing IBS_WAKE_IND
01-10 06:19:05.881  2088 19922 I vendor.qti.bluetooth@1.0-ibs_handler: ProcessIbsCmd: Received IBS_WAKE_ACK: 0xFC
01-10 06:19:05.881  2088 19922 I vendor.qti.bluetooth@1.0-ibs_handler: ProcessIbsCmd: Signal wack_cond_
01-10 06:19:05.881  2088  2179 D vendor.qti.bluetooth@1.0-ibs_handler: DeviceWakeUp: Unblocked from waiting for FC, pthread_cond_timedwait ret = 0
01-10 06:19:05.883  2088 19922 I vendor.qti.bluetooth@1.0-ibs_handler: ProcessIbsCmd: Received IBS_WAKE_IND: 0xFD
01-10 06:19:05.883  2088 19922 I vendor.qti.bluetooth@1.0-ibs_handler: ProcessIbsCmd: Writing IBS_WAKE_ACK
01-10 06:19:05.884 19867 19906 I bluetooth: [btif_bqr.cc:664] BqrVscCompleteCallback: current event mask: 0x4000f, vendor quality: 0x0, vendor trace: 0x0, report interval: 0x0
01-10 06:19:05.884 19867 19906 I bluetooth: [btif_bqr.cc:718] ConfigureBqrCmpl: current_evt_mask: 0x4000f
01-10 06:19:05.885 19867 19906 I bluetooth: [btif_bqr.cc:684] ConfigBqrA2dpScoThreshold: a2dp_choppy_threshold: 1, sco_choppy_threshold: 1
01-10 06:19:05.885 19867 19943 I oplus_bt_dual_sync: do_stack_up_sync: stack_to_apk_type = 28
01-10 06:19:05.885 19867 19943 I Bluetooth: [oplus_bt_dual_sync.cc:635] up_sync done.
01-10 06:19:05.898  2273  2310 D BatteryChargeControl: bcc get no support from charging protocol
01-10 06:19:05.929  2088 19922 I vendor.qti.bluetooth@1.0-ibs_handler: ProcessIbsCmd: Received IBS_SLEEP_IND: 0xFE
01-10 06:19:05.983  6813  6836 E horae   : 0: back:30500,frame:30500,front:30500, 2, +(0), 1 ,30500, target_temp:30500, algo:0
01-10 06:19:06.063  3583  4140 D QmiClient: qmiServiceEventCallback recv msg id 47
01-10 06:19:06.063  3583  4140 D QmiOttClient: enter : onQmiServiceEventCallback msgId 47
01-10 06:19:06.063  3583  3614 D OttProxy: handleMessage msg is 3001
01-10 06:19:06.063 18986 19005 D SubsysRadioIndication: [PHONE0]radioLinkLatencyInfoInd
01-10 06:19:06.063 18986 19005 D SubsysRadioIndication: [PHONE0]notify enter
01-10 06:19:06.094 17922 18474 I LinkPower: [Main] notifyConfirmScreenOn in
01-10 06:19:06.101 17922 18474 I LinkPower: [MonitorService] update scene:S_OFF name:data_in_wakeup mr:{c={org.telegram.messenger=1}, d=6087}
01-10 06:19:06.101 17922 18474 I LinkPower: [MonitorService] update scene:S_OFF name:data_wakeup_duration mr:{d=6088, t={org.telegram.messenger=53}}
01-10 06:19:06.101 17922 18474 I LinkPower: [MonitorService] update scene:S_OFF name:bluetooth_ble_scan mr:{c={com.google.android.gms=1}, d=6088}
01-10 06:19:06.101 17922 18474 I LinkPower: [MonitorService] update scene:S_S_OFF name:data_in_wakeup mr:{c={org.telegram.messenger=1}, d=6087}
01-10 06:19:06.102 17922 18474 I LinkPower: [MonitorService] update scene:S_S_OFF name:data_wakeup_duration mr:{d=6088, t={org.telegram.messenger=53}}
01-10 06:19:06.102 17922 18474 I LinkPower: [MonitorService] update scene:S_S_OFF name:bluetooth_ble_scan mr:{c={com.google.android.gms=1}, d=6088}
01-10 06:19:06.102 17922 18474 I LinkPower: [MonitorService] set scene:S_ON running to true
01-10 06:19:06.102 17922 18474 I LinkPower: [MonitorService] set scene:S_OFF running to false
01-10 06:19:06.102 17922 18474 I LinkPower: [MonitorService] set scene:S_S_OFF running to false
01-10 06:19:06.102 18859 19278 I ModemAciService: handleMessage:7
01-10 06:19:06.102 17922 18474 I LinkPower: [JudgeRule] name:freeze JudgeRule info RuleID 1 Name freeze ActionName data_app_request_freeze PriorityID 20 TimeGap 0
01-10 06:19:06.102 17922 18474 I LinkPower: [JudgeRule] name:freeze finalCheckAction scene is 1001
01-10 06:19:06.102 17922 18474 I LinkPower: [JudgeCommSceneProcess] commInfo mRusTimeInfo is 300 mSceneState is 1 mActiveFlag is 0 runTime is 0
01-10 06:19:06.102 17922 18474 I LinkPower: [JudgeRule] name:freeze finalCheckAction TIME_UNSATISFY
01-10 06:19:06.102 17922 18474 E LinkPower: [JudgeMonitorProcess] failed to deleteLastRecord, mMonitorRecordAccumulate is empty!
01-10 06:19:06.102 17922 18474 E LinkPower: [JudgeMonitorProcess] failed to deleteLastRecord, mMonitorRecordAccumulate is empty!
01-10 06:19:06.102 17922 18474 I LinkPower: [JudgeRule] name:freeze finalCheckAction resule ruleState: false commSeceneFlag: 0 monitorFlag: 0
01-10 06:19:06.102 18859 19278 I ModemAciService: UTF LO: OplusAppTrafficInfo{ date=01-10 06:19:06.102 trafficC={org.telegram.messenger=446}}
01-10 06:19:06.103 18859 19278 I ModemAciService: UTF DC: OplusAppTrafficInfo{ date=01-10 06:19:06.102 trafficC={org.telegram.messenger=446}}
01-10 06:19:06.103 18859 19278 I ModemAciService: handleMessage:23
01-10 06:19:06.103 18859 19278 I ModemAciService: UKF LO: OplusKernelWakeupInfo{ date=01-10 06:19:06.103 qrtrWakeupC={} allWakeupC={}}
01-10 06:19:06.103 18859 19278 I ModemAciService: UKF DC: OplusKernelWakeupInfo{ date=01-10 06:19:06.103 qrtrWakeupC={} allWakeupC={}}
01-10 06:19:06.103 18859 19278 I ModemAciService: handleMessage:25
01-10 06:19:06.103 18859 19278 I ModemAciService: UKF LO: OplusKernelWakeupInfo{ date=01-10 06:19:06.103 qrtrWakeupC={} allWakeupC={IrqUdpIn=0, IrqUdpOut=0, IrqUdpClosed=0, IrqTcpIn=0, IrqTcpOut=0, IrqTcpKeep=0, IrqTcpClosedRst=0, IrqTcpClosedFin=0, IrqTcpClosedOther=0}}
01-10 06:19:06.103 18859 19278 I ModemAciService: UKF DC: OplusKernelWakeupInfo{ date=01-10 06:19:06.103 qrtrWakeupC={} allWakeupC={IrqUdpIn=0, IrqUdpOut=0, IrqUdpClosed=0, IrqTcpIn=0, IrqTcpOut=0, IrqTcpKeep=0, IrqTcpClosedRst=0, IrqTcpClosedFin=0, IrqTcpClosedOther=0}}
01-10 06:19:06.135  2088 19925 I vendor.qti.bluetooth@1.0-ibs_handler: DeviceSleep: TX Awake, Sending SLEEP_IND
01-10 06:19:06.136  2088 19925 D vendor.qti.bluetooth@1.0-ibs_handler: SerialClockVote: vote for UART CLK OFF
01-10 06:19:06.156 17922 18241 V AlarmManager: sending alarm Alarm{62cd958 type 3 origWhen 120910182 whenElapsed 120910182 android} uid 1000 whenElapsed 120910182 windowLength 0 maxWhenElapsed 120910182 repeatInterval 0 action null component null tag StatsCompanionService.pull flags 0x9 procName system_server
01-10 06:19:06.178 18843 19456 D ActivityAdapter: notifyActivityQuery: []
01-10 06:19:06.178 18843 19456 D OPlusFrontAppManager: decide -->> []
01-10 06:19:06.179 18843 19457 D CommonApp-102-10228: destory
01-10 06:19:06.179 18843 19457 D CommonApp-104-10228: destory
01-10 06:19:06.190 17922 17995 D OplusFeatureHDREnhanceBrightness: checkIsPlayingHDR isPlayingHDR=0 rotation=0 whiteApp=false battery=100
01-10 06:19:06.199 17922 18474 I LinkPower: [MonitorLeafBpfWakeup] Origin WakeupInfoMain Diff:6s InWakeup:{org.telegram.messenger=1} OutWakeup:null WakeupDuration(ms):{org.telegram.messenger=53}
01-10 06:19:06.200 17922 18474 I LinkPower: [MonitorLeafBpfWakeup] Origin WakeupInfoDetails Diff:6s OutImHbWakeup:null OutAlignWakeup:null InKeepWakeup:null ReInWakeup:null ReOutWakeup:null
01-10 06:19:06.200 18859 19278 I ModemAciService: handleMessage:20
01-10 06:19:06.201 18859 19278 I ModemAciService: UAF LO: OplusAppWakeupInfo{ date=01-10 06:19:06.200 inWakeupC={org.telegram.messenger=1} outWakeupC={} wakeupT={org.telegram.messenger=53}}
01-10 06:19:06.201 18859 19278 I ModemAciService: UAF DC: OplusAppWakeupInfo{ date=01-10 06:19:06.200 inWakeupC={org.telegram.messenger=1} outWakeupC={} wakeupT={org.telegram.messenger=53}}
01-10 06:19:06.286  2088 19913 D vendor.qti.bluetooth@1.0-wake_lock: Release wakelock is released 
01-10 06:19:06.655 19979 21721 D OplusAtlas.OplusMessageHandler: handleMessage: Msg { when=-3ms what=0 target=com.oplus.atlas.OplusMessageHandler$MyHandler }
01-10 06:19:06.899  2273  2310 D BatteryChargeControl: bcc get no support from charging protocol
01-10 06:19:06.985 18698 18698 I SystemUi--Keyguard: OplusKeyguardViewMediator-->checkOrFixIfNeeded(), isKeyguardVisible = false
01-10 06:19:06.988  3583  4140 D QmiClient: qmiServiceEventCallback recv msg id 47
01-10 06:19:06.988  3583  4140 D QmiOttClient: enter : onQmiServiceEventCallback msgId 47
01-10 06:19:06.989  3583  3614 D OttProxy: handleMessage msg is 3001
01-10 06:19:06.989 18986 19005 D SubsysRadioIndication: [PHONE0]radioLinkLatencyInfoInd
01-10 06:19:06.990 18986 19005 D SubsysRadioIndication: [PHONE0]notify enter
01-10 06:19:07.012 17535 18479 E TetherController: property_get sys.radio.data.modem_share_flag return 0, 1!
01-10 06:19:07.014 18843 19839 D TelephonyImpl: getRealNrState start:0
01-10 06:19:07.014 18843 19839 D TelephonyImpl: getRealNrState start:0
01-10 06:19:07.017 18843 19839 D TelephonyImpl: getRealNrState start:0
01-10 06:19:07.181 18698 18902 D WifiPickerTracker: handleNetworkCapabilitiesChanged network:102
01-10 06:19:07.181 18698 18794 D WifiStatusTracker: mNetworkCallback onCapabilitiesChanged network:102 mPrimaryNetworkId:102
01-10 06:19:07.181 18986 18986 D VendorWifiService: onEvent event:9,action:1
01-10 06:19:07.182 18698 18902 I WifiPickerTracker: wifi connected status realConnectedWifiEntry not null: true
01-10 06:19:07.182 18937 20983 D cneJni  : sendWifiStatus start
01-10 06:19:07.182 17922 18415 D OplusWifiPower_TriggerCenter: mComponentCallback: wifistat
01-10 06:19:07.183 17922 18415 D OplusNetKit: triggerNetworkDetection: detectType:lan_probe, forceReevaluate:false, source:oplusScorer
01-10 06:19:07.183 17922 18415 D OplusNetKit: ignore lan probe in 3032
01-10 06:19:07.183 17922 18314 W IPCThreadState: Sending oneway calls to frozen process.
01-10 06:19:07.183 17922 18415 D SystemNetworkObserver: wifi network 102 nc changed, primary=true
01-10 06:19:07.183 17922 18314 W IPCThreadState: Sending oneway calls to frozen process.
01-10 06:19:07.184 17922 18314 W IPCThreadState: Sending oneway calls to frozen process.
01-10 06:19:07.184 17922 18314 W IPCThreadState: Sending oneway calls to frozen process.
01-10 06:19:07.184 17922 18314 W IPCThreadState: Sending oneway calls to frozen process.
01-10 06:19:07.184 17922 18314 W IPCThreadState: Sending oneway calls to frozen process.
01-10 06:19:07.184 17922 18314 W IPCThreadState: Sending oneway calls to frozen process.
01-10 06:19:07.184 17922 18314 W IPCThreadState: Sending oneway calls to frozen process.
01-10 06:19:07.184 17922 18314 W IPCThreadState: Sending oneway calls to frozen process.
01-10 06:19:07.184 17922 18314 W IPCThreadState: Sending oneway calls to frozen process.
01-10 06:19:07.185 18698 18794 I SystemUi--Statusbar: NetworkController.WifiSignalController-->handleStatusUpdated state=3 enabled=true connected=true isDefaultNetwork=false rssi=-61 level=4 statusLabel=Låg kvalitet isDirty=false
01-10 06:19:07.185 17922 18314 W IPCThreadState: Sending oneway calls to frozen process.
01-10 06:19:07.185 17922 18314 W IPCThreadState: Sending oneway calls to frozen process.
01-10 06:19:07.185 17922 18314 W IPCThreadState: Sending oneway calls to frozen process.
01-10 06:19:07.185 17922 18314 W IPCThreadState: Sending oneway calls to frozen process.
01-10 06:19:07.185 17922 18314 W IPCThreadState: Sending oneway calls to frozen process.
01-10 06:19:07.185 17922 18314 W IPCThreadState: Sending oneway calls to frozen process.
01-10 06:19:07.185 17922 18314 W IPCThreadState: Sending oneway calls to frozen process.
01-10 06:19:07.185 17922 18314 W IPCThreadState: Sending oneway calls to frozen process.
01-10 06:19:07.185 17922 18314 W IPCThreadState: Sending oneway calls to frozen process.
01-10 06:19:07.185 17922 18314 W IPCThreadState: Sending oneway calls to frozen process.
01-10 06:19:07.185 17922 18314 W IPCThreadState: Sending oneway calls to frozen process.
01-10 06:19:07.185 17922 18314 W IPCThreadState: Sending oneway calls to frozen process.
01-10 06:19:07.185 17922 18314 W IPCThreadState: Sending oneway calls to frozen process.
01-10 06:19:07.185 17922 18314 W IPCThreadState: Sending oneway calls to frozen process.
01-10 06:19:07.185 17922 18314 W IPCThreadState: Sending oneway calls to frozen process.
01-10 06:19:07.185 17922 18314 W IPCThreadState: Sending oneway calls to frozen process.
01-10 06:19:07.186 17922 18344 D Smart_Assistant_NetworkRequest: wifiNetwork onCapabilitiesChanged netId =  102
01-10 06:19:07.188 19361 22700 I ChimeraSrvcProxy: NullBinder for android.net.action.RECOMMEND_NETWORKS triggering remote TransactionTooLargeException due to Service without Chimera impl
01-10 06:19:07.188 19361 22700 W .gms.persistent: Large reply transaction of 2113536 bytes, interface descriptor , code 1
01-10 06:19:07.190 19361 22700 I ChimeraSrvcProxy: NullBinder for android.net.action.RECOMMEND_NETWORKS triggering remote TransactionTooLargeException due to Service without Chimera impl
01-10 06:19:07.190 19361 22700 W .gms.persistent: Large reply transaction of 2113536 bytes, interface descriptor , code 1
01-10 06:19:07.387 17922 18415 D OplusWifiSarManager: wifisarprop msg=11110000001100010:0:1 sar_idx=11110000001100010:0:1
01-10 06:19:07.815  3453  3453 I synaLib : tcm: STATUS: Exit DOZE mode
01-10 06:19:07.815  3453  3453 E OplusTouchDaemon: [OplusTouchDaemon][touchMonitorControl][141]: touchMonitor start, isEnable:2, currentState:1
01-10 06:19:07.821  3453  3453 E OplusTouchDaemon: [prevent][curved_large_handle_V2][2760]: id:0 pos:18 center_down:1 (6303 1391)(3 0 2 0) 
01-10 06:19:07.821  3453  3453 E OplusTouchDaemon: [prevent][large_exit_matched_v4][1706]: large_exit_matched_v4: exit matched(0) (6303 1391 3 0 2 0)
01-10 06:19:07.821  3453  3453 E OplusTouchDaemon: [prevent][large_exit_matched_v4][1706]: large_exit_matched_v4: exit matched(0) (6303 1391 3 0 2 0)
01-10 06:19:07.821  3453  3453 E OplusTouchDaemon: [touchEvent][ts_report_touch_data][592]: first touch point id 0 [6303 1391    5    0    3    0    2](ignore)
01-10 06:19:07.829  3453  3453 E OplusTouchDaemon: [prevent][large_exit_matched_v4][1706]: large_exit_matched_v4: exit matched(0) (6303 1391 3 0 2 0)
01-10 06:19:07.829  3453  3453 E OplusTouchDaemon: [prevent][large_area_judged_V2][2512]: large_area_judged_V2: id(0) judge middle top exit.
01-10 06:19:07.831 17922 18667 I [UAH_CLIENT]: UahEventAcquire, cmdid:37, pkg:none, identity:OplusUAwareInputHelper
01-10 06:19:07.831 17922 18263 D PowerManagerService: userActivityNoUpdateLocked: groupId=0, eventTime=93896045, event=touch, flags=0x0, uid=1000
01-10 06:19:07.832 18698 18698 V AutofillManager: requestHideFillUi(null): anchor = null
01-10 06:19:07.832 18698 18698 V Application: getAutofillClient(): null on super, trying to find activity thread
01-10 06:19:07.832 18698 18698 V Application: getAutofillClient(): none of the 0 activities on com.android.systemui.SystemUIApplication@5545de7 are top resumed nor have focus
01-10 06:19:07.832 18698 18698 V AutofillManager: No AutofillClient for com.android.systemui on context com.android.systemui.SystemUIApplication@5545de7
01-10 06:19:07.832 17922 18428 D OGG_Detector: D:done mCurrStatus: 0
01-10 06:19:07.832 17922 18667 D UAH-UahAdaptHelper: adaptSetNotification identity = OplusUAwareInputHelpersrc = 1000 , type 0 ,p1 = -1 ,p2 = -1 ,p3 = -1 ,p4 =
01-10 06:19:07.832 17922 18667 I [UAH_CLIENT]: uahRuleCtl, ruleId:1000, status:0
01-10 06:19:07.832 18698 18698 I PluginSeedling--Capsule: CapsuleTouchEventHandler-->onInterceptTouchEvent interceptEvent: false
01-10 06:19:07.833 17922 17966 W UserAwareMgr: can not find match thread: GaussianBlur for process com.android.systemui
01-10 06:19:07.833 18698 19506 I [UAH_CLIENT]: UahRelease, handle:74203
01-10 06:19:07.833 18698 18698 I SystemUi--Notification: PanelAnimationEx-->handleTouch ACTION_DOWN
01-10 06:19:07.833 18698 19506 I [UAH_CLIENT]: UahEventAcquire, cmdid:97, pkg:none, identity:OsenseHelperImpl
01-10 06:19:07.833 18698 18698 I SystemUi--Notification: PanelAnimationEx-->resetFraction, finalPosition=0.0, reason=panel invisble
01-10 06:19:07.834 18698 18698 I SystemUi--Common: LevelPositionAlgorithmImpl-->initAlgorithm, height: 2376
01-10 06:19:07.834 18698 18698 I SystemUi--Common: ReboundAnimation-->initStackScrollLayout
01-10 06:19:07.846 18698 18698 I SystemUi--Notification: PanelAnimationEx-->fractionAnimation onAnimationEnd, value=0.0
01-10 06:19:07.846  2183  2262 E PERFHAL-PERFCTRL: PERFHAL-PERFCTRL: chk_core_online_poll_loop() 700: poll() has timed out for /sys/kernel/msm_performance/events/cpu_hotplug
01-10 06:19:07.846  2183  2262 E PERFHAL-PERFCTRL: PERFHAL-PERFCTRL: chk_core_online_poll_loop() 695: Block on poll()
01-10 06:19:07.900  2273  2310 D BatteryChargeControl: bcc get no support from charging protocol
01-10 06:19:07.924 17922 20498 D UsageStatsService: User[0] type=0 b=1736485904627 e=1736486347924 cb=1736453028284 ce=1736486343282 disk=0 all=50
01-10 06:19:07.934 17922 18263 D PowerManagerService: userActivityNoUpdateLocked: groupId=0, eventTime=93896150, event=touch, flags=0x0, uid=1000
01-10 06:19:07.937 18698 18698 I SystemUi--QuickSettings: NotificationPanelView-->onTrackingStarted:
01-10 06:19:07.938 18698 18698 I SystemUi--QuickSettings: OplusQsBrightnessSliderController-->setListening listening:false mView: com.oplus.systemui.qs.widget.OplusQsToggleSliderLayout{98f9d51 V.E...... .......D 0,0-207,388 #7f0a01e6 app:id/brightness_seekbar_container alpha=1.0 viewInfo = } value:1687
01-10 06:19:07.938 18698 18698 I SystemUi--Notification: OplusShadeExpansionStat-->panelExpansionChanged expanded:true,mTracking:false,mState:0,fraction:0.0,reason:TrackingStarted
01-10 06:19:07.938 18698 18698 I SystemUi--Common: OplusShadeExpansionStat-->go state: CLOSED -> OPENING
01-10 06:19:07.938 18698 18698 I SystemUi--Notification: OplusNotificationShadeWindowControllerExImpl-->SHADE_FOCUSABLE-->mNotificationShadeFocusable= true, mPanelExpanded= false, mBouncerShowing= false, mKeyguardShowing= false, mKeyguardOccluded= false, mKeyguardNeedsInput= false, ENABLE_REMOTE_INPUT= true, mRemoteInputActive= false, layoutFlags= -2122055608
01-10 06:19:07.938 18698 18698 I SystemUi--Notification: OplusNotificationShadeWindowControllerExImpl-->SHADE_VISIBLE-->mKeyguardShowing= false, mKeyguardOccluded= false, mPanelVisible= true, mKeyguardFadingAway= false, mKeyguardGoingAway= false, mBouncerShowing= false, mScrimsVisibility= 0, mBackgroundBlurRadius= 0, mForcePluginOpen= false, mediaBackdropShowing= false, viewVisibility= true
01-10 06:19:07.939 18698 18794 I NotificationShadeWindowController: stop Pending key thread event (apply)
01-10 06:19:07.939 18698 18698 I SystemUi--QuickSettings: BackActionInteractor-->registerBackCallback true
01-10 06:19:07.939 18698 18698 I SystemUi--QuickSettings: OplusSeparateQSPluginImpl-->shouldHideStatusBar isFullyCollapsed true
01-10 06:19:07.939 18698 18698 I SystemUi--Statusbar: CollapsedSbFragment-->New visibilities calculated internally. StatusBarVisibilityModel(showClock: true showNotificationIcons:true showOngoingActivityChip:false showSystemInfo:true ) 
01-10 06:19:07.939 18698 18698 I SystemUi--Statusbar: CollapsedStatusBarFragmentExImpl-->StatusBarVisibilityModelEx: StatusBarVisibilityModelEx(showClock: true showPromptView:false showOngoingCallChip:false showNotificationContainer:true showOperatorName:true showSeedlingContainer:true )
01-10 06:19:07.939 18698 18698 I SystemUi--Common: OplusShadeExpansionStat-->go state: CLOSED -> OPENING
01-10 06:19:07.939 17922 20644 D CoreBackPreview: Window{88342aa u0 NotificationShade}: Setting back callback OnBackInvokedCallbackInfo{mCallback=android.window.IOnBackInvokedCallback$Stub$Proxy@7423304, mPriority=0, mIsAnimationCallback=false}
01-10 06:19:07.940 18698 18698 I SystemUi--Notification: PanelAnimationEx-->updateVisibility alpha 1.0 scaleX 1.0 scaleY 1.0
01-10 06:19:07.942 18698 19423 D UXUtils : setHasTopUi: true; stack: com.oplus.systemui.shade.OplusNotificationShadeWindowControllerExImpl$uxFlagUpdateRunnable$1$1.run:67
01-10 06:19:07.943 17922 17966 I UserAwareMgr: handleTopAppChanged: com.android.systemui, pid: 18698, uid: 10228
01-10 06:19:07.943 18698 19423 D UXUtils : notifyUiSwitched: 1; stack: com.oplus.systemui.shade.OplusNotificationShadeWindowControllerExImpl$uxFlagUpdateRunnable$1$1.run:68
01-10 06:19:07.943 17922 18667 I [UAH_CLIENT]: UahEventAcquire, cmdid:68, pkg:none, identity:OplusUAwareInputHelper
01-10 06:19:07.946 18698 18698 D callGcSupression: java.lang.NullPointerException: Attempt to invoke virtual method 'java.lang.Object java.lang.reflect.Method.invoke(java.lang.Object, java.lang.Object[])' on a null object reference
01-10 06:19:07.946 18698 18698 D JankUtils: gfxSceneBegin; scene: 1; sceneDes: pull down statusbar
01-10 06:19:07.946 17530 17823 W IPCThreadState: Sending oneway calls to frozen process.
01-10 06:19:07.946 18698 18698 I QuickSettingsController: calculateNotificationsTopPadding: overScrollHeight:0.0
01-10 06:19:07.947 18698 18698 I SystemUi--QuickSettings: OplusQsVolumeSliderController-->updateDisableShowVolumeDialog: isQsListening=true
01-10 06:19:07.947 18698 18698 I SystemUi--QuickSettings: OplusQsBrightnessSliderController-->setListening listening:true mView: com.oplus.systemui.qs.widget.OplusQsToggleSliderLayout{98f9d51 V.E...... .......D 0,0-207,388 #7f0a01e6 app:id/brightness_seekbar_container alpha=1.0 viewInfo = } value:1687
01-10 06:19:07.947 18698 18698 I SystemUi--QuickSettings: OplusQsBrightnessSliderController-->setListening listening:true mView: com.oplus.systemui.qs.widget.OplusQsToggleSliderLayout{98f9d51 V.E...... .......D 0,0-207,388 #7f0a01e6 app:id/brightness_seekbar_container alpha=1.0 viewInfo = } value:1687
01-10 06:19:07.947 18698 18698 D PluginSeedling--Base: SysUiStateHelper-->onQSExpandedChanged isExpanded: true
01-10 06:19:07.947 18698 18698 D PluginSeedling--Capsule: ThreadUtil-->SysUiStateHelper-runOnUiThreadDelay token:SysUiStateHelper_QS_EXPANDED
01-10 06:19:07.947 18698 18698 I SystemUi--Statusbar: CollapsedSbFragment-->New visibilities calculated internally. StatusBarVisibilityModel(showClock: false showNotificationIcons:false showOngoingActivityChip:false showSystemInfo:false ) 
01-10 06:19:07.947 18698 18698 I SystemUi--Statusbar: CollapsedStatusBarFragmentExImpl-->StatusBarVisibilityModelEx: StatusBarVisibilityModelEx(showClock: false showPromptView:false showOngoingCallChip:false showNotificationContainer:false showOperatorName:false showSeedlingContainer:false )
01-10 06:19:07.947 18698 18698 I SystemUi--Notification: ScrimControllerExImp-->[tryTakeScreenshotForBlur] ignore screenshot
01-10 06:19:07.947 18698 18698 I SystemUi--Notification: ScrimControllerExImp-->[onQsBottomVisibleChanged] qsBottomVisible=true
01-10 06:19:07.947 18698 18698 I SystemUi--Common: PlatformBlurManagerImpl-->resumeBlur: updatePlatformBlurState(updatePanelBlurState): shouldBlur, isKeyguardVisible=false, isKeyguardFadingAway=false, isPanelVisible=true, isShadeLock=false.
01-10 06:19:07.947 18698 18698 I SystemUi--Common: PlatformBlurManagerImpl-->forceStopMotionBlur: stop=false
01-10 06:19:07.947 17922 19246 D OplusUserManagerServiceEnhance: getMultiSystemUserId  res = -10000
01-10 06:19:07.947 18698 18698 I SystemUi--Keyguard: ScrimControllerExImp-->blur State to UNLOCK, bouncer=false goingAway=false hasHandle=true isOccludeAnimationPlaying=false
01-10 06:19:07.947 18698 18794 D OplusMultiUserManager: getMultiSystemUserIdNoCheck res: -10000
01-10 06:19:07.948 18698 18698 I SystemUi--Statusbar: PrivacyDotViewController-->scheduleUpdate: 
01-10 06:19:07.948 17922 20644 I VibratorManagerServiceExtImpl: cancelVibrate uid=1000, pid=17922, usageFilter=-15, token=23239992
01-10 06:19:07.948 18698 18698 D PluginSeedling--Base: SysUiStateHelper-->onExpandedChanged (no qs) isExpanded: true
01-10 06:19:07.948 18698 18698 I SystemUi--Notification: PanelAnimationEx-->setCurShadeExpanded isPanelExpanded true
01-10 06:19:07.948 18698 18698 I SystemUi--Keyguard: ScrimControllerExImp-->blur State to UNLOCK, bouncer=false goingAway=false hasHandle=true isOccludeAnimationPlaying=false
01-10 06:19:07.948 18698 19314 D TileStateController: setListening listening: true component: ComponentInfo{com.oplus.consumerIRApp/com.oplus.consumerIRApp.service.IrTileService} userContext: com.android.systemui.SystemUIApplication@5545de7
01-10 06:19:07.948 18698 18698 I SystemUi--Notification: PanelAnimationEx-->updateFraction, stiffness=500.0, finalPosition=0.13563244
01-10 06:19:07.948 18698 19447 I SystemUi--Keyguard: OnScreenFingerprintUiMech-->hideFingerprintIconTemporarily for reason: panel expaned ShowForEnroll false mPendingHide false
01-10 06:19:07.948 18698 18698 I SystemUi--Keyguard: KeyguardRapidUnlockUtils-->composeKeyguard show=true, reason=applyVisibility_show
01-10 06:19:07.948 18698 19314 D TileStateController: bindAppWhenListening: false ComponentInfo{com.oplus.consumerIRApp/com.oplus.consumerIRApp.service.IrTileService}
01-10 06:19:07.948 18698 19314 I SystemUi--QuickSettings: Tile.CustomTile.IrTileService-->bindServiceWhenListening: false when isOplusQsTile
01-10 06:19:07.949 18698 10579 W RingtonePlayer: STOP command without a player
01-10 06:19:07.949 18698 19314 V OplusCustomizeCacheManager: queryCache name: sys.cache.common_customize_cache18014 param: null
01-10 06:19:07.949 18698 19314 V OplusCustomizeCacheManager: queryCache name: sys.cache.common_customize_cache18017 param: Bundle[{SETTING=BLOCK, BUSINESS=NCT-DATA}]
