01-10 06:18:44.725 17922 18235 W ActivityManager: pid 30232 received async transactions while frozen
01-10 06:18:44.725 17922 18235 W ActivityManager: pid 30477 received async transactions while frozen
01-10 06:18:44.725 17922 18235 W ActivityManager: pid 30497 received async transactions while frozen
01-10 06:18:44.725 17922 18235 W ActivityManager: pid 30509 received async transactions while frozen
01-10 06:18:44.725 17922 18235 W ActivityManager: pid 30534 received async transactions while frozen
01-10 06:18:44.725 17922 18235 W ActivityManager: pid 32249 received async transactions while frozen
01-10 06:18:44.733 17922 17998 D VRR [OPlusSAManager]: updateAutoMinfps with nits: 81.31095, mHistOK true, mAmbientOK true, mCctOK true, mIrOK true, mBrightnessOK true, isPkgOK true, SA min fps: 0
01-10 06:18:44.741 17922 17970 I ActivityManager: Start proc 9718:com.oplus.romupdate/u0a205 for content provider {com.oplus.romupdate/com.oplusos.romupdate.provider.RomUpdateProvider}
01-10 06:18:44.750 17922 18678 I ActivityManager: Flag disabled. Ignoring finishAttachApplication from uid: 10129. pid: 9609
01-10 06:18:44.772 17922 18258 V UsbDeviceManager: USB UEVENT: {SUBSYSTEM=android_usb, SEQNUM=45376, ACTION=change, USB_STATE=CONNECTED, DEVPATH=/devices/virtual/android_usb/android0}
01-10 06:18:44.772 17922 18258 I UsbDeviceManager: mResetUsbGadgetDisableDebounce:false connected:1configured:0
01-10 06:18:44.772 17922 18258 I UsbDeviceManager: removeMessages MSG_UPDATE_STATE
01-10 06:18:44.772 17922 17944 D OplusUsbDeviceFeature: setUsbPlugFlag
01-10 06:18:44.774 17922 19136 D ActivityTaskManagerServiceExtImpl: preBindApplication record is null
01-10 06:18:44.777 17922 17944 I UsbDeviceManager: handleMessage MSG_UPDATE_STATE mConnected:true mConfigured:false
01-10 06:18:44.779 17922 17944 D UsbDeviceManager: broadcasting Intent { act=android.hardware.usb.action.USB_STATE flg=0x31100000 (has extras) } extras: Bundle[{host_connected=false, connected=true, unlocked=false, adb=true, configured=false}]
01-10 06:18:44.786 17922 19256 D CompatChangeReporter: Compat change id reported: 261072174; UID 10360; state: ENABLED
01-10 06:18:44.788 17922 17977 D ActivityManager: Cancel freezing 24763 com.google.android.projection.gearhead:car
01-10 06:18:44.788 17922 17977 D ActivityManager: Async freezing 24763 com.google.android.projection.gearhead:car
01-10 06:18:44.788 17922 17977 D ActivityManager: Cancel freezing 24763 com.google.android.projection.gearhead:car
01-10 06:18:44.788 17922 17977 D ActivityManager: Async freezing 24763 com.google.android.projection.gearhead:car
01-10 06:18:44.788 17922 17944 D UsbDeviceManager: updateMtpFunction , mtpEnabled: false, ptpEnabled: false, mIsMtpServiceBound: false
01-10 06:18:44.788 17922 17977 D ActivityManager: pid 28909 com.android.DeviceAsWebcam received async transactions while frozen
01-10 06:18:44.788 17922 17977 D ActivityManager: sync unfroze 28909 com.android.DeviceAsWebcam for 3
01-10 06:18:44.788 17922 17977 D ActivityManager: Async freezing 28909 com.android.DeviceAsWebcam
01-10 06:18:44.788 17922 17977 D ActivityManager: Cancel freezing 28909 com.android.DeviceAsWebcam
01-10 06:18:44.788 17922 17977 D ActivityManager: Async freezing 28909 com.android.DeviceAsWebcam
01-10 06:18:44.789 17922 17977 D ActivityManager: Cancel freezing 28909 com.android.DeviceAsWebcam
01-10 06:18:44.795 17922 18943 D CompatChangeReporter: Compat change id reported: 311208629; UID 10129; state: ENABLED
01-10 06:18:44.796 17922 17977 D ActivityManager: pid 24122 android.process.media received async transactions while frozen
01-10 06:18:44.796 17922 18235 D ActivityManager: reportOneUidFrozenStateChanged uid 10076 frozen = false
01-10 06:18:44.796 17922 17977 D ActivityManager: sync unfroze 24122 android.process.media for 3
01-10 06:18:44.796 17922 17977 D ActivityManager: Async freezing 24122 android.process.media
01-10 06:18:44.796 17922 17977 D ActivityManager: Cancel freezing 24122 android.process.media
01-10 06:18:44.796 17922 17977 D ActivityManager: Async freezing 24122 android.process.media
01-10 06:18:44.797 17922 17977 D ActivityManager: Cancel freezing 24122 android.process.media
01-10 06:18:44.797  9718  9718 D ResourcesManagerExtImpl: applyConfigurationToAppResourcesLocked app.getDisplayId() return callback.displayId:-1
01-10 06:18:44.799 17922 19136 D ActivityManager: Async freezing 28909 com.android.DeviceAsWebcam
01-10 06:18:44.800 17922 19243 D ActivityManager: Async freezing 24122 android.process.media
01-10 06:18:44.804 17922 19136 D CompatChangeReporter: Compat change id reported: 161145287; UID 10360; state: ENABLED
01-10 06:18:44.811 17922 19256 I ActivityManager: Flag disabled. Ignoring finishAttachApplication from uid: 10205. pid: 9718
01-10 06:18:44.812 17922 19136 D ActivityManager: Async freezing 21110 com.google.android.apps.messaging
01-10 06:18:44.819 17922 17998 D VRR [OPlusSAManager]: updateAutoMinfps with nits: 92.57114, mHistOK true, mAmbientOK true, mCctOK true, mIrOK true, mBrightnessOK true, isPkgOK true, SA min fps: 0
01-10 06:18:44.838 17922 19256 D ActivityManager: Cancel freezing 23018 com.facebook.katana
01-10 06:18:44.847 17922 19256 D ActivityManager: Async freezing 21148 com.google.android.googlequicksearchbox:search
01-10 06:18:44.865 17922 18258 V UsbDeviceManager: USB UEVENT: {SUBSYSTEM=android_usb, SEQNUM=45382, ACTION=change, USB_STATE=CONFIGURED, DEVPATH=/devices/virtual/android_usb/android0}
01-10 06:18:44.865 17922 18258 I UsbDeviceManager: mResetUsbGadgetDisableDebounce:false connected:1configured:1
01-10 06:18:44.865 17922 17944 D OplusUsbDeviceFeature: setUsbPlugFlag
01-10 06:18:44.867 17922 17944 I UsbDeviceManager: handleMessage MSG_UPDATE_STATE mConnected:true mConfigured:true
01-10 06:18:44.867 17922 17944 D UsbDeviceManager: broadcasting Intent { act=android.hardware.usb.action.USB_STATE flg=0x31100000 (has extras) } extras: Bundle[{host_connected=false, connected=true, unlocked=false, adb=true, configured=true}]
01-10 06:18:44.867 17922 17944 D UsbDeviceManager: updateMtpFunction , mtpEnabled: false, ptpEnabled: false, mIsMtpServiceBound: false
01-10 06:18:44.868 17922 17977 D ActivityManager: Cancel freezing 24763 com.google.android.projection.gearhead:car
01-10 06:18:44.868 17922 17977 D ActivityManager: Async freezing 24763 com.google.android.projection.gearhead:car
01-10 06:18:44.868 17922 17977 D ActivityManager: Cancel freezing 24763 com.google.android.projection.gearhead:car
01-10 06:18:44.868 17922 17977 D ActivityManager: Async freezing 24763 com.google.android.projection.gearhead:car
01-10 06:18:44.868 17922 17977 D ActivityManager: Cancel freezing 28909 com.android.DeviceAsWebcam
01-10 06:18:44.868 17922 17977 D ActivityManager: Async freezing 28909 com.android.DeviceAsWebcam
01-10 06:18:44.868 17922 17977 D ActivityManager: Cancel freezing 28909 com.android.DeviceAsWebcam
01-10 06:18:44.868 17922 17977 D ActivityManager: Async freezing 28909 com.android.DeviceAsWebcam
01-10 06:18:44.868 17922 17977 D ActivityManager: Cancel freezing 28909 com.android.DeviceAsWebcam
01-10 06:18:44.869 17922 18943 D ActivityManager: Async freezing 28909 com.android.DeviceAsWebcam
01-10 06:18:44.870 17922 17977 D ActivityManager: Cancel freezing 24122 android.process.media
01-10 06:18:44.870 17922 17977 D ActivityManager: Async freezing 24122 android.process.media
01-10 06:18:44.870 17922 17977 D ActivityManager: Cancel freezing 24122 android.process.media
01-10 06:18:44.870 17922 17977 D ActivityManager: Async freezing 24122 android.process.media
01-10 06:18:44.870 17922 17977 D ActivityManager: Cancel freezing 24122 android.process.media
01-10 06:18:44.871 17922 19256 D ActivityManager: Async freezing 24122 android.process.media
01-10 06:18:44.892 17922 19136 I OplusStatusBarManagerServiceEnhance:  getTopIsFullscreen mTopIsFullscreen: false
01-10 06:18:44.893 17922 17922 D NotificationService--OplusNotificationManagerServiceExtImpl: isForwardToAssistants: false, case : Is in mMcsNotInterceptPkgList or is isSystemApp
01-10 06:18:44.896 17922 17922 D NotificationService: This application enqueue notifications is not need postDelayed
01-10 06:18:44.897 17922 17922 W NotificationHistory: Attempted to add notif for locked/gone/disabled user 0
01-10 06:18:44.900 17922 17998 D VRR [OPlusSAManager]: updateAutoMinfps with nits: 104.651405, mHistOK true, mAmbientOK true, mCctOK true, mIrOK true, mBrightnessOK true, isPkgOK true, SA min fps: 0
01-10 06:18:44.920 17922 20644 D OplusBatteryServiceFeature: getChgConfig: flag = 0, extra = , callerName = 1
01-10 06:18:44.920 17922 20644 D OplusBatteryServiceFeature: getChgConfig: flag = 1, extra = , callerName = 1
01-10 06:18:44.920 17922 20644 D OplusBatteryServiceFeature: getChgConfig: flag = 4, extra = , callerName = 1
01-10 06:18:44.920 17922 20644 D OplusBatteryServiceFeature: getChgConfig: flag = 6, extra = , callerName = 1
01-10 06:18:44.920 17922 20644 D OplusBatteryServiceFeature: getChgConfig: flag = 24, extra = , callerName = 1
01-10 06:18:44.923 17922 19136 I ActivityManager: Flag disabled. Ignoring finishAttachApplication from uid: 10360. pid: 9644
01-10 06:18:44.928 17922 19243 D VRR [OPlusExternalRefreshRateManager]: isPkgTfcEnable: pkgName = com.apcoaflow.consumer, enable = false
01-10 06:18:44.928 17922 19243 D VRR [OPlusExternalRefreshRateManager]: getTfcMinFramerate: pkgName = com.apcoaflow.consumer, min framerate = 0
01-10 06:18:44.931 17922 19136 D ActivityManager: Async freezing 23018 com.facebook.katana
01-10 06:18:44.932 17922 19136 D ActivityManager: Async freezing 24140 com.google.android.adservices.api
01-10 06:18:44.932 17922 19136 D ActivityManager: Async freezing 9644 com.apcoaflow.consumer
01-10 06:18:44.933  9661  9661 D ResourcesManagerExtImpl: applyConfigurationToAppResourcesLocked app.getDisplayId() return callback.displayId:-1
01-10 06:18:44.937 17922 19243 I OplusStatusBarManagerServiceEnhance:  getTopIsFullscreen mTopIsFullscreen: false
01-10 06:18:44.937 17922 17922 D NotificationService--OplusNotificationManagerServiceExtImpl: isForwardToAssistants: false, case : Is in mMcsNotInterceptPkgList or is isSystemApp
01-10 06:18:44.937 17922 17922 D NotificationService: This application enqueue notifications is not need postDelayed
01-10 06:18:44.939 17922 17922 W NotificationHistory: Attempted to add notif for locked/gone/disabled user 0
01-10 06:18:44.954 17922 19243 W NotificationHistory: Attempted to add notif for locked/gone/disabled user 0
01-10 06:18:44.955 17922 19864 D AdbDebuggingManager: Received disconnected message: QAAAAPdjNnA5si6kvcRTIf9OiKVZ7xhk6ossKJq4PX6JfLbwXUxlVwGxMHV8SEiYn0bKCtz5+j585etVtmZy+wV7W4uKz/9ZtACjRXgFFEO5XWa0ZzKOioyq6Q5EdfA+AGoOl5HlhoXYzgbSMW7QLvITeigj5MMt+7x5sDuBFeuPXyJqRQMeLeS6avg6OM25klvjfCzYpD5wlDkB2/Gqd7r93JKJlt44ZlbwuE/vi4vgTOzF6fKTMO1gZ0ahnZvPgaWhu963gDrMKS0KhL5uZkY9U2zN1Fh+ASAmlQBtgmAoc/hHA/usk90zef+o8DmoNYrFvAVqYPwREEwQ+QXFN9+aHHw3Fda1KEkE44EArk9YTMKNa3Jdp9FZpDffP5eePgEBj7VnXHwPsMVZDll2THCARVbl30Tsg+SznQpWm67CxAfpNg4NoYh0bHTP1+8u599Vs0wcspAcu9kTdLWRp7JgSGmFbi6UYqlHn+/bfnxRN42u5UIsCSSo20A5zg5CKhqvUS7G4/2nMNzmdNIGkWWz/CAD6v4YPBGvw+EamS1GZSnWk/5WyNjDj85pJqicQGjEleOToneeoQtjN5Hz3thcUbyners7uXmTuztMx83AjDHXpOMvD08S0tS/xDSTSL9NkCJuX7kHp0Y3ZTwaMOjTrsLXUv+k9Y9AwQDvhT5n9advvmvuXQEAAQA= lilli@JONAS
01-10 06:18:44.955 17922 19864 D AdbDebuggingManager: Received public key: QAAAAPdjNnA5si6kvcRTIf9OiKVZ7xhk6ossKJq4PX6JfLbwXUxlVwGxMHV8SEiYn0bKCtz5+j585etVtmZy+wV7W4uKz/9ZtACjRXgFFEO5XWa0ZzKOioyq6Q5EdfA+AGoOl5HlhoXYzgbSMW7QLvITeigj5MMt+7x5sDuBFeuPXyJqRQMeLeS6avg6OM25klvjfCzYpD5wlDkB2/Gqd7r93JKJlt44ZlbwuE/vi4vgTOzF6fKTMO1gZ0ahnZvPgaWhu963gDrMKS0KhL5uZkY9U2zN1Fh+ASAmlQBtgmAoc/hHA/usk90zef+o8DmoNYrFvAVqYPwREEwQ+QXFN9+aHHw3Fda1KEkE44EArk9YTMKNa3Jdp9FZpDffP5eePgEBj7VnXHwPsMVZDll2THCARVbl30Tsg+SznQpWm67CxAfpNg4NoYh0bHTP1+8u599Vs0wcspAcu9kTdLWRp7JgSGmFbi6UYqlHn+/bfnxRN42u5UIsCSSo20A5zg5CKhqvUS7G4/2nMNzmdNIGkWWz/CAD6v4YPBGvw+EamS1GZSnWk/5WyNjDj85pJqicQGjEleOToneeoQtjN5Hz3thcUbyners7uXmTuztMx83AjDHXpOMvD08S0tS/xDSTSL9NkCJuX7kHp0Y3ZTwaMOjTrsLXUv+k9Y9AwQDvhT5n9advvmvuXQEAAQA= lilli@JONAS
01-10 06:18:44.955 17922 17944 D AdbDebuggingManager: Logging key QAAAAPdjNnA5si6kvcRTIf9OiKVZ7xhk6ossKJq4PX6JfLbwXUxlVwGxMHV8SEiYn0bKCtz5+j585etVtmZy+wV7W4uKz/9ZtACjRXgFFEO5XWa0ZzKOioyq6Q5EdfA+AGoOl5HlhoXYzgbSMW7QLvITeigj5MMt+7x5sDuBFeuPXyJqRQMeLeS6avg6OM25klvjfCzYpD5wlDkB2/Gqd7r93JKJlt44ZlbwuE/vi4vgTOzF6fKTMO1gZ0ahnZvPgaWhu963gDrMKS0KhL5uZkY9U2zN1Fh+ASAmlQBtgmAoc/hHA/usk90zef+o8DmoNYrFvAVqYPwREEwQ+QXFN9+aHHw3Fda1KEkE44EArk9YTMKNa3Jdp9FZpDffP5eePgEBj7VnXHwPsMVZDll2THCARVbl30Tsg+SznQpWm67CxAfpNg4NoYh0bHTP1+8u599Vs0wcspAcu9kTdLWRp7JgSGmFbi6UYqlHn+/bfnxRN42u5UIsCSSo20A5zg5CKhqvUS7G4/2nMNzmdNIGkWWz/CAD6v4YPBGvw+EamS1GZSnWk/5WyNjDj85pJqicQGjEleOToneeoQtjN5Hz3thcUbyners7uXmTuztMx83AjDHXpOMvD08S0tS/xDSTSL9NkCJuX7kHp0Y3ZTwaMOjTrsLXUv+k9Y9AwQDvhT5n9advvmvuXQEAAQA= lilli@JONAS, state = 7, alwaysAllow = false, lastConnectionTime = 0, authWindow = 604800000
01-10 06:18:44.955 17922 17944 D AdbDebuggingManager: Logging key QAAAAPdjNnA5si6kvcRTIf9OiKVZ7xhk6ossKJq4PX6JfLbwXUxlVwGxMHV8SEiYn0bKCtz5+j585etVtmZy+wV7W4uKz/9ZtACjRXgFFEO5XWa0ZzKOioyq6Q5EdfA+AGoOl5HlhoXYzgbSMW7QLvITeigj5MMt+7x5sDuBFeuPXyJqRQMeLeS6avg6OM25klvjfCzYpD5wlDkB2/Gqd7r93JKJlt44ZlbwuE/vi4vgTOzF6fKTMO1gZ0ahnZvPgaWhu963gDrMKS0KhL5uZkY9U2zN1Fh+ASAmlQBtgmAoc/hHA/usk90zef+o8DmoNYrFvAVqYPwREEwQ+QXFN9+aHHw3Fda1KEkE44EArk9YTMKNa3Jdp9FZpDffP5eePgEBj7VnXHwPsMVZDll2THCARVbl30Tsg+SznQpWm67CxAfpNg4NoYh0bHTP1+8u599Vs0wcspAcu9kTdLWRp7JgSGmFbi6UYqlHn+/bfnxRN42u5UIsCSSo20A5zg5CKhqvUS7G4/2nMNzmdNIGkWWz/CAD6v4YPBGvw+EamS1GZSnWk/5WyNjDj85pJqicQGjEleOToneeoQtjN5Hz3thcUbyners7uXmTuztMx83AjDHXpOMvD08S0tS/xDSTSL9NkCJuX7kHp0Y3ZTwaMOjTrsLXUv+k9Y9AwQDvhT5n9advvmvuXQEAAQA= lilli@JONAS, state = 1, alwaysAllow = false, lastConnectionTime = 0, authWindow = 604800000
01-10 06:18:44.956 17922 17944 W ActivityTaskManager: callingPackage for (uid=1000, pid=17922) is ambiguous: [android, com.oplus.appplatform, com.android.providers.settings, com.android.server.telecom, com.oplus.athena, com.android.location.fused]
01-10 06:18:44.957 17922 17944 W OptProp : Cannot read opt property android.window.PROPERTY_COMPAT_ALLOW_ORIENTATION_OVERRIDE
01-10 06:18:44.957 17922 17944 D WindowManager: NFW_setClientVisible:ActivityRecord{5bfe50c u0 com.android.systemui/.usb.UsbDebuggingActivity clientVisible:true
01-10 06:18:44.957 17922 17944 D FlexibleTaskController: isSupportFlexibleWindow target = com.android.systemui/.usb.UsbDebuggingActivity callPkg = FlexibleTaskController support = false ,caller = 17922
01-10 06:18:44.957 17922 17944 D FlexibleWindowManagerService: isIgnoreAppearedAcrossTask:false
01-10 06:18:44.957 17922 17944 D FlexibleWindowManagerService: isIgnoreAppearedAcrossTask:false
01-10 06:18:44.957 17922 17944 D FlexibleTaskController: adjustOptionsForFlexibleTask skip adjust options reason:7
01-10 06:18:44.957 17922 17944 D FlexibleTaskController: isSupportFlexibleWindow target = com.android.systemui/.usb.UsbDebuggingActivity callPkg = FlexibleTaskController support = false ,caller = 17922
01-10 06:18:44.957 17922 17944 D FlexibleWindowManagerService: no reused task found for ActivityRecord{5bfe50c u0 com.android.systemui/.usb.UsbDebuggingActivity t-1}
01-10 06:18:44.957 17922 17944 W OptProp : Cannot read opt property android.window.PROPERTY_COMPAT_ALLOW_MIN_ASPECT_RATIO_OVERRIDE
01-10 06:18:44.958 17922 17944 I OplusScreenSecurityMask: onStackAdded task = Task{8f2406a #71 type=standard} record = null displayId = 0 callers=com.android.server.wm.OplusMirageWindowManagerService.onTaskAdded:1169 com.android.server.wm.MirageWindowManagerExtImpl.onTaskAdded:42 com.android.server.wm.TaskDisplayArea.addChildTask:374 com.android.server.wm.TaskDisplayArea.addChild:345 com.android.server.wm.Task$Builder.build:7624 com.android.server.wm.TaskDisplayArea.getOrCreateRootTask:1087 com.android.server.wm.TaskDisplayArea.getOrCreateRootTask:1118 com.android.server.wm.RootWindowContainer.getOrCreateRootTask:3541 com.android.server.wm.ActivityStarter.getOrCreateRootTask:4024 com.android.server.wm.ActivityStarter.startActivityInner:2461 com.android.server.wm.ActivityStarter.startActivityUnchecked:1891 com.android.server.wm.ActivityStarter.executeRequest:1634 com.android.server.wm.ActivityStarter.execute:905 com.android.server.wm.ActivityTaskManagerService.startActivityAsUser:1458 com.android.server.wm.ActivityTaskManagerService.startActivityAsUser:1398 
01-10 06:18:44.959 17922 17944 I OplusScreenSecurityMask: onStackAdded task = Task{8f2406a #71 type=standard} record = null displayId = 0 callers=com.android.server.wm.OplusMirageWindowManagerService.onTaskAdded:1169 com.android.server.wm.TaskFragmentExtImpl.addTask:321 com.android.server.wm.Task.setIntent:1068 com.android.server.wm.Task.setIntent:1007 com.android.server.wm.Task.reuseAsLeafTask:719 com.android.server.wm.Task.reuseOrCreateTask:6830 com.android.server.wm.ActivityStarter.setNewTask:3807 com.android.server.wm.ActivityStarter.startActivityInner:2467 com.android.server.wm.ActivityStarter.startActivityUnchecked:1891 com.android.server.wm.ActivityStarter.executeRequest:1634 com.android.server.wm.ActivityStarter.execute:905 com.android.server.wm.ActivityTaskManagerService.startActivityAsUser:1458 com.android.server.wm.ActivityTaskManagerService.startActivityAsUser:1398 android.app.ContextImpl.startActivityAsUser:1182 android.app.ContextImpl.startActivityAsUser:1150 
01-10 06:18:44.959 17922 17944 W OptProp : Cannot read opt property android.window.PROPERTY_COMPAT_ALLOW_RESIZEABLE_ACTIVITY_OVERRIDES
01-10 06:18:44.960 17922 17944 D ActivityTaskManager: Temporarily retain top process state for launching app
01-10 06:18:44.960 17922 17944 D ActivityTaskManager: validateStartingWindowTheme:  Pkg=com.android.systemui, Translucent=false, Floating=true, ShowWallpaper=false, Disable=false, LaunchSource=1
01-10 06:18:44.960 17922 17944 D ActivityTaskManager: addStartingWindow, mainWin=null, state=INITIALIZING, isKeyguardLocked=true, isKeyguardGoingAway=false
01-10 06:18:44.960 17922 17944 D ActivityTaskManager: getStartingWindowType: , newTask=true, taskSwitch=true, processRunning=true, allowTaskSnapshot=true, activityCreated=false, activityAllDrawn=false, snapshot exist: false
01-10 06:18:44.960 17922 17944 D ActivityRecordExtImpl: handleStartingWindowForCompactWindow origin type:2, adjustType : 2
01-10 06:18:44.960 17922 17944 D ActivityTaskManager: skip addStartingWindow due to resolvedTheme: 0, theme: 2132018812
01-10 06:18:44.960 17922 17944 E OplusAppQuickStart_AppQuickStartController: attachExStartingSurface not support issue ar:ActivityRecord{5bfe50c u0 com.android.systemui/.usb.UsbDebuggingActivity t71} ar.task:Task{8f2406a #71 type=standard A=10228:com.android.systemui} type:2, mStartFromLauncherBeforeAnimGo: false
01-10 06:18:44.960 17922 17944 D RefreshRate: don't do app switch boost,mPickRefreshRateData is:com.android.server.wm.OplusRefreshRatePolicyImpl$PickRefreshRateData@d95d8c3 mLastPickedWin is:null
01-10 06:18:44.960 17922 17944 I ActivityTaskManager: The Process com.android.systemui Already Exists in BG. So sending its PID: 18698
01-10 06:18:44.961 17922 17944 D WindowManager: updateOrientation: mLastOrientation = SCREEN_ORIENTATION_NOSENSOR(5) newOrientation = SCREEN_ORIENTATION_NOSENSOR(5) forceUpdate = true LastOrientationSource = Window{88342aa u0 NotificationShade}
01-10 06:18:44.961 17922 17944 D WindowManager: rotation(ROTATION_0) no changed  displayId = 0, lastOrientation = 5
01-10 06:18:44.961 17922 17944 D OplusDexOptimizeManager: Do not in AppLaunchOptList, and is systemApp, don't need start-app or repair-dex com.android.systemui
01-10 06:18:44.961 17922 17944 D OplusCameraStartupOptimization: cameraPreopenIfNeed, r = ActivityRecord{5bfe50c u0 com.android.systemui/.usb.UsbDebuggingActivity t71}
01-10 06:18:44.961 17922 17944 D OplusCameraStartupOptimization: needOptimizeForCamera bNeedOptimize:false clsName: com.android.systemui/.usb.UsbDebuggingActivity
01-10 06:18:44.961 17922 17944 D ClientLifecycleManagerExtImpl: hookScheduleTransactionItem record=ActivityRecord{5bfe50c u0 com.android.systemui/.usb.UsbDebuggingActivity t71}
01-10 06:18:44.961 17922 17944 D ClientLifecycleManagerExtImpl: hookScheduleTransactionItem clolorMode = -1
01-10 06:18:44.961 17922 17966 I UserAwareMgr: handleTopAppChanged: com.android.systemui, pid: 18698, uid: 10228
01-10 06:18:44.961 17922 17944 D ActivityTaskManager: onWindowFocusChanged Task{8f2406a #71 type=standard A=10228:com.android.systemui} would transfer to compact
01-10 06:18:44.961 17922 17966 W UserAwareMgr: app is already on the top: {pkgName='com.android.systemui', pid=18698, uid=10228, flags='tp|fg2|systemui', renderTid=18849, hwuiTids=[19324, 19321], glTids=null, threadInfos={wmshell.main={threadName='wmshell.main', tid=18757, extendTids=null}, ll.splashworker={threadName='ll.splashworker', tid=18766, extendTids=null}, wmshell.anim={threadName='wmshell.anim', tid=18762, extendTids=null}, VolumeDialogControllerImpl={threadName='VolumeDialogControllerImpl', tid=19239, extendTids=null}, ll.splashscreen={threadName='ll.splashscreen', tid=18765, extendTids=null}, KeyguardWorkerThread={threadName='KeyguardWorkerThread', tid=19141, extendTids=null}, OnScreenFingerprint OpticalUIUpdateThread={threadName='OnScreenFingerprint OpticalUIUpdateThread', tid=19447, extendTids=null}, GestureUI={threadName='GestureUI', tid=19123, extendTids=null}, KgdAnimThread={threadName='KgdAnimThread', tid=19143, extendTids=null}}}
01-10 06:18:44.961 17922 17966 W UserAwareMgr: top app not changed: com.android.systemui, pid: 18698
01-10 06:18:44.961 17922 17944 D ActivityTaskManager: NFW_setLastResumedActivityUncheckLocked:true r:ActivityRecord{5bfe50c u0 com.android.systemui/.usb.UsbDebuggingActivity t71} currentFocus:Window{88342aa u0 NotificationShade}
01-10 06:18:44.961 17922 17944 D WindowManager: NFW_findFocusedWindowIfNeeded:Window{88342aa u0 NotificationShade} mCurrentFocus:Window{88342aa u0 NotificationShade}
01-10 06:18:44.962 17922 17944 D ActivityTaskManager: notifyTaskAdded, task: Task{8f2406a #71 type=standard A=10228:com.android.systemui} trace:com.android.server.wm.RecentTasks.add:1342 com.android.server.wm.ActivityTaskManagerService.setLastResumedActivityUncheckLocked:5508 com.android.server.wm.ActivityTaskSupervisor.updateTopResumedActivityIfNeeded:2691 com.android.server.wm.TaskFragment.setResumedActivity:657 com.android.server.wm.TaskFragment.onActivityStateChanged:1020 
01-10 06:18:44.962 17922 17944 D FlexibleTaskController: onTaskFocusChanged prevTask:Task{511e4c2 #2 type=home I=com.android.launcher/.Launcher} ,currentTask:Task{8f2406a #71 type=standard A=10228:com.android.systemui}, reason: realStartActivityLocked - onActivityStateChanged
01-10 06:18:44.962 17922 17944 I OplusJoystickManager: handleApplicationSwitch deprecated!
01-10 06:18:44.963 17922 17944 I ActivityTaskManager: START u0 {flg=0x10000000 cmp=com.android.systemui/.usb.UsbDebuggingActivity (has extras) mCallingUid=1000} with LAUNCH_MULTIPLE from uid 1000 (BAL_ALLOW_ALLOWLISTED_UID) result code=0
01-10 06:18:44.963 17922 17948 I TaskOrganizerController: onTaskInfoChanged taskid 1 config { mBounds=Rect(0, 0 - 1080, 2376) mAppBounds=Rect(0, 0 - 1080, 2376) mMaxBounds=Rect(0, 0 - 1080, 2376) mDisplayRotation=ROTATION_0 mWindowingMode=fullscreen mActivityType=home mAlwaysOnTop=undefined mRotation=ROTATION_0}
01-10 06:18:44.963 17922 17948 D FlexibleWindowManagerService: onFlexibleWindowTaskInfoChanged: mTaskId = 1 oldIsTaskEmbedded = false   curIsTaskEmbedded = false  topActivity = ComponentInfo{com.android.launcher/com.android.launcher.Launcher}
01-10 06:18:44.963 17535 17573 E NetlinkEvent: NetlinkEvent::FindParam(): Parameter 'INTERFACE' not found
01-10 06:18:44.963 17535 17573 E NetlinkEvent: NetlinkEvent::FindParam(): Parameter 'STATE' not found
01-10 06:18:44.963 17535 17573 E NetlinkEvent: NetlinkEvent::FindParam(): Parameter 'TIME_NS' not found
01-10 06:18:44.963 17535 17573 E NetlinkEvent: NetlinkEvent::FindParam(): Parameter 'UID' not found
01-10 06:18:44.963 17922 17948 D OplusFlexibleWindowMinimizedManagerHelper: onTaskInfoChanged taskInfo:TaskInfo{userId=0 taskId=1 displayId=0 isRunning=true baseIntent=Intent { act=android.intent.action.MAIN cat=[android.intent.category.HOME] flg=0x10000100 cmp=com.android.launcher/.Launcher mCallingUid=1000 } baseActivity=ComponentInfo{com.android.launcher/com.android.launcher.Launcher} topActivity=ComponentInfo{com.android.launcher/com.android.launcher.Launcher} origActivity=null realActivity=null numActivities=1 lastActiveTime=119370710 supportsSplitScreenMultiWindow=false supportsMultiWindow=true supportsPocketStudioMultiWindow=false isInFlexibleEmbedded = false uid = 10225 pid = 18990 resizeMode=2 isResizeable=true minWidth=-1 minHeight=-1 defaultMinSize=220 token=WCT{RemoteToken{97a6dca Task{19054dc #1 type=home}}} topActivityType=2 pictureInPictureParams=null shouldDockBigOverlays=false launchIntoPipHostTaskId=-1 lastParentTaskIdBeforePip=-1 displayCutoutSafeInsets=Rect(0, 120 - 0, 0) topActivityInfo=ActivityInfo{ad07b3b com.android.launcher.Launcher} launchCookies=[] positionInParent=Point(0, 0) parentTaskId=-1 isFocused=false isVisible=false isVisibleRequested=false isSleeping=true locusId=LocusId[17_chars] displayAreaFeatureId=1 isTopActivityTransparent=false appCompatTaskInfo=AppCompatTaskInfo { topActivityInSizeCompat=false topActivityInOplusCompatMode=false topActivityEligibleForLetterboxEducation= falseisLetterboxEducationEnabled= false isLetterboxDoubleTapEnabled= false topActivityEligibleForUserAspectRatioButton= false topActivityBoundsLetterboxed= false isFromLetterboxDoubleTap= false topActivityLetterboxVerticalPosition= -1 topActivityLetterboxHorizontalPosition= -1 topActivityLetterboxWidth=1080 topActivityLetterboxHeight=2376 isUserFullscreenOverrideEnabled=false isSystemFullscreenOverrideEnabled=false cameraCompatTaskInfo=CameraCompatTaskInfo { cameraCompatControlState=hidden freeformCameraCompatMode=inactive}} topActivityLetterboxInsets=Rect(0, 0 - 0, 0) mOplusExtraBundle = Bundle[{androidx.flexible.taskFrame=Rect(0, 0 - 0, 0), key_flexible_task_state=0, androidx.activity.LaunchScenario=0, androidx.activity.LaunchScale=1.0}]} task:Task{19054dc #1 type=home}
01-10 06:18:44.963 17922 17948 D OplusFlexibleDragToSplitAnimController: visibleFlexibleTaskInfos delete:1
01-10 06:18:44.963 17922 17948 D FlexibleWindowManagerService: onFlexibleWindowTaskInfoChanged, return for cur task not embedded
01-10 06:18:44.964 17922 17993 D OplusFeatureHDREnhanceBrightness: setAnimating : displayId[0]=false
01-10 06:18:44.964 17922 17993 D OplusFeatureReduceBrightness: setAnimating : animating = false
01-10 06:18:44.964 17922 17993 D OplusFeatureEdrEnhanceBrightness: setAnimating: false
01-10 06:18:44.964 17922 17993 D OplusFeaturePwEdrEnhanceBrightness: setAnimating: false
01-10 06:18:44.964 17922 17993 D OplusFeatureLongTakeBrightness: setAnimating >> animating end
01-10 06:18:44.964 17922 17993 I OplusSmartBrightnessController: handleBrightnessTotalRateType displayId[0]=long take->manual
01-10 06:18:44.964 17922 17993 D RampAnimatorExtImpl: onAnimationEnd id[0]=[true,0],changed=[1162->1162->1693],duration:504,phaseCounts=[0, 0, 0]
01-10 06:18:44.965 17922 18913 D OplusAppSwitchListener: Detect com.android.launcher switch to background
01-10 06:18:44.965 17922 18913 D OplusFeatureReduceBrightness: onAppExit , info = com.android.launcher
01-10 06:18:44.965 17922 18913 D OplusEapManager: mTargetExitName :com.android.launcher
01-10 06:18:44.966 17922 17998 D VRR [OPlusRefreshRateService]: handleFrontAppChange pkgName: null
01-10 06:18:44.966 17922 17998 D VRR [OPlusExternalRefreshRateManager]:  [OTI] handleTouchIdlePauseState: Force
01-10 06:18:44.966 17922 17998 D VRR [OPlusSurfaceFlingerController]:  setDirectorOtiHwConfig : true
01-10 06:18:44.966 17922 18913 D OplusAppSwitchListener: Detect com.android.systemui switch to foreground
01-10 06:18:44.966 17922 18913 W OplusFeatureGlobalLimitBrightness: switch to display normal mode 
01-10 06:18:44.966 17922 18913 D OplusFeatureRiderMode: onAppEnter , info = com.android.systemui
01-10 06:18:44.966 17922 17995 I OplusSmartBrightnessController: handleMessage MSG_POWER_BRIGHTNESS_CHANGED.
01-10 06:18:44.966 17922 17993 D ColorAutomaticBrightnessController: MSG_UPDATE_BRIGHTNESS
01-10 06:18:44.966 17922 18913 D OplusEapManager: mTargetEnterName :com.android.systemui
01-10 06:18:44.966 17922 18913 D VRR [OPlusFrontAppManager]: OnAppSwitchObserver: onAppEnter , info.targetName = com.android.systemui
01-10 06:18:44.966 17922 17998 D VRR [OPlusRefreshRateService]: handleFrontAppChange pkgName: com.android.systemui
01-10 06:18:44.966 17922 17998 D VRR [OPlusExternalRefreshRateManager]:  [OTI] handleTouchIdlePauseState: Force
01-10 06:18:44.967 17922 17978 E OplusThermalStats: Error getting package info: com.android.systemui
01-10 06:18:44.968 17922 17998 D VRR [OPlusSAManager]: updateAutoMinfps with nits: 104.651405, mHistOK true, mAmbientOK true, mCctOK true, mIrOK true, mBrightnessOK true, isPkgOK true, SA min fps: 0
01-10 06:18:44.990 17922 19243 I WindowManager: addWindow: New client android.os.BinderProxy@1191d28 : window=Window{383ca41 u0 com.android.systemui/com.android.systemui.usb.UsbDebuggingActivity}
01-10 06:18:44.993 17922 19256 D CoreBackPreview: Window{383ca41 u0 com.android.systemui/com.android.systemui.usb.UsbDebuggingActivity}: Setting back callback OnBackInvokedCallbackInfo{mCallback=android.window.IOnBackInvokedCallback$Stub$Proxy@bb72527, mPriority=-1, mIsAnimationCallback=false}
01-10 06:18:44.995 17922 19243 V WindowManager: Relayout Window{383ca41 u0 com.android.systemui/com.android.systemui.usb.UsbDebuggingActivity}: viewVisibility=0, oldvis=4, req=1024x624, vsysui=, x=0, y=0
01-10 06:18:44.995 17922 19243 I WindowManager: Window{383ca41 u0 com.android.systemui/com.android.systemui.usb.UsbDebuggingActivity} state from NO_SURFACE to DRAW_PENDING; reason: resetDrawState
01-10 06:18:44.996 17922 19243 E OplusAppQuickStart_AppQuickStartController: not start from launcher transition:TransitionRecord{d76e3d4 id=27 track=0 type=OPEN flags=0x0 state=1}
01-10 06:18:44.996 17922 19243 D Transition: collectOrderChanges onTopTasksEnd: [Task{8f2406a #71 type=standard A=10228:com.android.systemui}], reportedOnTop:null, mOnTopTasksStart: [Task{8f2406a #71 type=standard A=10228:com.android.systemui}], TDA child: [Task{8c19017 #3 type=undefined}, Task{e876c5f #69 type=standard A=10109:com.instagram.android}, Task{2d1c129 #70 type=standard A=10311:com.facebook.katana}, Task{65e8ec2 #67 type=standard A=10334:org.telegram.messenger}, Task{125361d #68 type=standard A=10170:com.android.chrome}, Task{19054dc #1 type=home}, Task{8f2406a #71 type=standard A=10228:com.android.systemui}]
01-10 06:18:44.996 17922 19243 D OplusTransitionAnimationManager: Transition replace type from OPEN to OPEN, mNextAppTransitionRequests : [1, 1]
01-10 06:18:44.996 17922 19243 D OplusFlexibleActivityTransitionManager: fixTransitType type result:1, targets: []
01-10 06:18:44.996 17922 19243 D OplusTransitionController: onTransactionReady, transition: 27, 
01-10 06:18:44.996 17922 19243 D OplusTransitionController:  info: {id=27 t=OPEN f=0x40 trk=0 r=[] c=[] extendInfo=[OplusTransitionExtendedInfo{mTmpFinishT=null, mInOplusCompatMode=false, mIsProcessRunning=false, mHasMismatchBoundsTarget=false, mRecentsController=null, mIsTranslucentActivityToHome=false, mAvoidInterceptKeyEventToHome=false, mIsFromHome=false, mParentLeash=null, mIsOplusAnimRes=false, mIsFromOverlay=false, mIsBalAllow=false, mTaskNotInRecent=false, mAssistScreenShowing=false, mAbortTransitionOnShell=false, mUserIdTransition=-1, mInRemoteScene=false, mInPreReady=false, mToken=null, mRequestTransitionTaskId=71}]}, 
01-10 06:18:44.996 17922 19243 D OplusTransitionController:  targets : [], 
01-10 06:18:44.996 17922 19243 D OplusTransitionController:  participants: {ActivityRecord{5bfe50c u0 com.android.systemui/.usb.UsbDebuggingActivity t71}, Task{8f2406a #71 type=standard A=10228:com.android.systemui}}, 
01-10 06:18:44.996 17922 19243 D OplusTransitionController:  playings:[TransitionRecord{d76e3d4 id=27 track=0 type=OPEN flags=0x40 state=2}]
01-10 06:18:44.997 17922 19243 D WindowManager: NFW_findFocusedWindowIfNeeded:Window{88342aa u0 NotificationShade} mCurrentFocus:Window{88342aa u0 NotificationShade}
01-10 06:18:44.997 17922 19256 D Transition: finishTransition ar ActivityRecord{5bfe50c u0 com.android.systemui/.usb.UsbDebuggingActivity t71}, isVisibleRequested=false, state=PAUSED, visibleAtTransitionEndTokens={}, this=TransitionRecord{d76e3d4 id=27 track=0 type=OPEN flags=0x40 state=2}
01-10 06:18:44.998 17922 19256 D OplusTransitionController: finishTransition, transition: TransitionRecord{d76e3d4 id=27 track=0 type=OPEN flags=0x40 state=4}
01-10 06:18:44.998 17922 19256 D RefreshRate: ***** request traversal for refresh rate change, reason is highTempRefreshRateChanged: false, windowRefreshRateChanged: true, flexibleWindowStateChanged: false, has float/zoom window *****
01-10 06:18:44.998 17922 19256 D TransitionController: NFW_send RECOMPUTE_FOCUS in finishTransition
01-10 06:18:44.998 17922 17944 V WindowManager: Sent Transition (#27) createdAt=01-10 06:18:44.957 via request=TransitionRequestInfo { type = OPEN, triggerTask = TaskInfo{userId=0 taskId=71 displayId=0 isRunning=true baseIntent=Intent { flg=0x10800000 cmp=com.android.systemui/.usb.UsbDebuggingActivity mCallingUid=1000 } baseActivity=ComponentInfo{com.android.systemui/com.android.systemui.usb.UsbDebuggingActivity} topActivity=ComponentInfo{com.android.systemui/com.android.systemui.usb.UsbDebuggingActivity} origActivity=null realActivity=ComponentInfo{com.android.systemui/com.android.systemui.usb.UsbDebuggingActivity} numActivities=1 lastActiveTime=120888988 supportsSplitScreenMultiWindow=true supportsMultiWindow=true supportsPocketStudioMultiWindow=true isInFlexibleEmbedded = false uid = 10228 pid = 18698 resizeMode=1 isResizeable=true minWidth=-1 minHeight=-1 defaultMinSize=220 token=WCT{RemoteToken{9e6ecc3 Task{8f2406a #71 type=standard A=10228:com.android.systemui}}} topActivityType=1 pictureInPictureParams=null shouldDockBigOverlays=false launchIntoPipHostTaskId=-1 lastParentTaskIdBeforePip=-1 displayCutoutSafeInsets=Rect(0, 120 - 0, 0) topActivityInfo=ActivityInfo{5486940 com.android.systemui.usb.UsbDebuggingActivity} launchCookies=[] positionInParent=Point(0, 0) parentTaskId=-1 isFocused=true isVisible=false isVisibleRequested=false isSleeping=true locusId=null displayAreaFeatureId=1 isTopActivityTransparent=true appCompatTaskInfo=AppCompatTaskInfo { topActivityInSizeCompat=false topActivityInOplusCompatMode=false topActivityEligibleForLetterboxEducation= falseisLetterboxEducationEnabled= false isLetterboxDoubleTapEnabled= false topActivityEligibleForUserAspectRatioButton= false topActivityBoundsLetterboxed= false isFromLetterboxDoubleTap= false topActivityLetterboxVerticalPosition= -1 topActivityLetterboxHorizontalPosition= -1 topActivityLetterboxWidth=1080 topActivityLetterboxHeight=2376 isUserFullscreenOverrideEnabled=false isSystemFullscreenOverrideEnabled=false cameraCompatTaskInfo=CameraCompatTaskInfo { cameraCompatControlState=hidden freeformCameraCompatMode=inactive}} topActivityLetterboxInsets=Rect(0, 0 - 0, 0) mOplusExtraBundle = Bundle[{androidx.flexible.taskFrame=Rect(0, 0 - 0, 0), key_flexible_task_state=0, androidx.activity.LaunchScenario=0, androidx.activity.LaunchScale=1.0}]}, pipTask = null, remoteTransition = null, displayChange = null, flags = 0, debugId = 27 }
01-10 06:18:44.998 17922 17944 V WindowManager:     startWCT=WindowContainerTransaction { changes = {} hops = [] errorCallbackToken=null taskFragmentOrganizer=null }
01-10 06:18:44.998 17922 17944 V WindowManager:     info={id=27 t=OPEN f=0x40 trk=0 r=[] c=[] extendInfo=[OplusTransitionExtendedInfo{mTmpFinishT=null, mInOplusCompatMode=false, mIsProcessRunning=false, mHasMismatchBoundsTarget=false, mRecentsController=null, mIsTranslucentActivityToHome=false, mAvoidInterceptKeyEventToHome=false, mIsFromHome=false, mParentLeash=null, mIsOplusAnimRes=false, mIsFromOverlay=false, mIsBalAllow=false, mTaskNotInRecent=false, mAssistScreenShowing=false, mAbortTransitionOnShell=false, mUserIdTransition=-1, mInRemoteScene=false, mInPreReady=false, mToken=null, mRequestTransitionTaskId=71}]}
01-10 06:18:44.999 17922 17947 D WindowManager: NFW_findFocusedWindowIfNeeded:Window{88342aa u0 NotificationShade} mCurrentFocus:Window{88342aa u0 NotificationShade}
01-10 06:18:45.000 17922 19243 I WindowManager: Window{383ca41 u0 com.android.systemui/com.android.systemui.usb.UsbDebuggingActivity} state from DRAW_PENDING to COMMIT_DRAW_PENDING; reason: finishDrawingLocked
01-10 06:18:45.001 17922 17948 I WindowManager: Window{383ca41 u0 com.android.systemui/com.android.systemui.usb.UsbDebuggingActivity} state from COMMIT_DRAW_PENDING to READY_TO_SHOW; reason: commitFinishDrawingLocked
01-10 06:18:45.001 17922 17948 D OplusAppQuickStart_AppQuickStartController: onFirstWindowDrawn ar=ActivityRecord{5bfe50c u0 com.android.systemui/.usb.UsbDebuggingActivity t71}
01-10 06:18:45.001 17922 17948 D ActivityTaskManager: Clearing startingData for activity=ActivityRecord{5bfe50c u0 com.android.systemui/.usb.UsbDebuggingActivity t71} mStartingData=null mStartingSurface=null
01-10 06:18:45.002 17922 17948 I Quality : LaunchTime2.0: com.android.systemui/.usb.UsbDebuggingActivity 2 39 android -1 -1
01-10 06:18:45.004 17922 17948 D FlexibleWindowManagerService: onFlexibleWindowTaskAppeared: task = 71
01-10 06:18:45.004 17922 17948 D OplusFlexibleWindowMinimizedManagerHelper: onTaskAppered taskInfo:71
01-10 06:18:45.004 17922 17948 D OplusFlexibleDragToSplitAnimController: visibleFlexibleTaskInfos delete:71
01-10 06:18:45.004 17922 19256 I BLASTSyncEngine: onCommitted syncId: 27, timeout: falseran: false
01-10 06:18:45.004 17922 17948 D OplusAppQuickStart_AppQuickStartController: onFirstWindowDrawn ar=ActivityRecord{5bfe50c u0 com.android.systemui/.usb.UsbDebuggingActivity t71}
01-10 06:18:45.004 17922 17948 D ActivityTaskManager: Clearing startingData for activity=ActivityRecord{5bfe50c u0 com.android.systemui/.usb.UsbDebuggingActivity t71} mStartingData=null mStartingSurface=null
01-10 06:18:45.005 17922 19243 W UserManagerService: Requested status bar icon for non-badged user 0
01-10 06:18:45.005 17922 19136 W UserManagerService: Requested status bar icon for non-badged user 0
01-10 06:18:45.007 17922 19136 V WindowManager: Relayout Window{383ca41 u0 com.android.systemui/com.android.systemui.usb.UsbDebuggingActivity}: viewVisibility=4, oldvis=0, req=1024x624, vsysui=
01-10 06:18:45.007 17922 19136 D OplusAppQuickStart_AppQuickStartController: onFirstWindowDrawn ar=ActivityRecord{5bfe50c u0 com.android.systemui/.usb.UsbDebuggingActivity t71}
01-10 06:18:45.007 17922 19136 D ActivityTaskManager: Clearing startingData for activity=ActivityRecord{5bfe50c u0 com.android.systemui/.usb.UsbDebuggingActivity t71} mStartingData=null mStartingSurface=null
01-10 06:18:45.007 17922 19136 D WindowManager: NFW_findFocusedWindowIfNeeded:Window{88342aa u0 NotificationShade} mCurrentFocus:Window{88342aa u0 NotificationShade}
01-10 06:18:45.008 17922 19136 D WindowManager: NFW_setClientVisible:ActivityRecord{5bfe50c u0 com.android.systemui/.usb.UsbDebuggingActivity t71} clientVisible:false
01-10 06:18:45.008 17922 19136 I WindowManager: Window{383ca41 u0 com.android.systemui/com.android.systemui.usb.UsbDebuggingActivity} state from READY_TO_SHOW to NO_SURFACE; reason: destroySurface
01-10 06:18:45.009 17922 19136 D ActivityTaskManager: Clearing startingData for activity=ActivityRecord{5bfe50c u0 com.android.systemui/.usb.UsbDebuggingActivity t71} mStartingData=null mStartingSurface=null
01-10 06:18:45.024 17922 19256 V WindowManager: Relayout Window{383ca41 u0 com.android.systemui/com.android.systemui.usb.UsbDebuggingActivity}: viewVisibility=8, oldvis=4, req=1024x624, vsysui=
01-10 06:18:45.024 17922 19256 D WindowManager: NFW_findFocusedWindowIfNeeded:Window{88342aa u0 NotificationShade} mCurrentFocus:Window{88342aa u0 NotificationShade}
01-10 06:18:45.106 17922 17998 D VRR [OPlusSAManager]: updateAutoMinfps with nits: 104.651405, mHistOK true, mAmbientOK true, mCctOK true, mIrOK true, mBrightnessOK true, isPkgOK true, SA min fps: 0
01-10 06:18:45.106 17922 17998 D VRR [OPlusSurfaceFlingerController]: setAutoMode enable: false fakeFrame: true fps: 0
01-10 06:18:45.145 17922 19256 D CompatChangeReporter: Compat change id reported: 161145287; UID 10330; state: ENABLED
01-10 06:18:45.175 17922 19256 D ActivityManager: pid 29669 com.zhiliaoapp.musically received async transactions while frozen
01-10 06:18:45.177 17922 19256 D ActivityManager: sync unfroze 29669 com.zhiliaoapp.musically for 7
01-10 06:18:45.188 17922 19256 I ActivityManager: Flag disabled. Ignoring finishAttachApplication from uid: 10330. pid: 9661
01-10 06:18:45.194 17922 18304 V NetworkPolicy: updateNetworkEnabledNL() return
01-10 06:18:45.194 17922 18304 V NetworkPolicy: updateNotificationsNL not process
01-10 06:18:45.204 17922 19256 D ActivityManager: Async freezing 29669 com.zhiliaoapp.musically
01-10 06:18:45.204 17922 19256 D ActivityManager: Async freezing 9661 com.zhiliaoapp.musically:push
01-10 06:18:45.204 17922 19256 I ActivityManager: Killing 22397:com.android.vending:background/u0a126 (adj 995): empty #65
01-10 06:18:45.211  9661  9875 D ActivityThread: Loading provider com.ss.android.common.multiprocess.SHARE_PROVIDER_AUTHORITY1233: com.ss.android.common.util.MultiProcessSharedProvider
01-10 06:18:45.223 17922 19256 D CompatChangeReporter: Compat change id reported: 261072174; UID 10330; state: ENABLED
01-10 06:18:45.233 17922 18943 I ActivityManager: Death received, pid = 22397, processName = com.android.vending:background for thread android.os.BinderProxy@1a95600
01-10 06:18:45.266 17922 18235 D ActivityManager: freezing 27421 com.android.chrome
01-10 06:18:45.267 17922 18235 D ActivityManager: freezing 27963 com.android.chrome:sandboxed_process0:org.chromium.content.app.SandboxedProcessService0:0
01-10 06:18:45.267 17922 18235 D ActivityManager: freezing 27798 com.android.chrome:privileged_process0
01-10 06:18:45.267 17922 18235 D ActivityManager: freezing 8163 com.android.chrome:sandboxed_process0:org.chromium.content.app.SandboxedProcessService0:12
01-10 06:18:45.267 17922 18235 D ActivityManager: reportOneUidFrozenStateChanged uid 90000 frozen = true
01-10 06:18:45.267 17922 18235 D ActivityManager: reportOneUidFrozenStateChanged uid 10170 frozen = true
01-10 06:18:45.267 17922 18235 D ActivityManager: reportOneUidFrozenStateChanged uid 90012 frozen = true
01-10 06:18:45.325 17922 17977 D ActivityManager: Cancel freezing 29669 com.zhiliaoapp.musically
01-10 06:18:45.325 17922 17977 D ActivityManager: Async freezing 29669 com.zhiliaoapp.musically
01-10 06:18:45.325 17922 17977 D ActivityManager: Cancel freezing 9661 com.zhiliaoapp.musically:push
01-10 06:18:45.325 17922 17977 D ActivityManager: Async freezing 9661 com.zhiliaoapp.musically:push
01-10 06:18:45.325 17922 17977 D ActivityManager: Cancel freezing 29669 com.zhiliaoapp.musically
01-10 06:18:45.325 17922 17977 D ActivityManager: Async freezing 29669 com.zhiliaoapp.musically
01-10 06:18:45.326 17922 17977 D ActivityManager: Cancel freezing 9661 com.zhiliaoapp.musically:push
01-10 06:18:45.326 17922 17977 D ActivityManager: Async freezing 9661 com.zhiliaoapp.musically:push
01-10 06:18:45.332 17922 19246 E OplusCustomizeRestrictionManagerService: isBiometricDisabled start
01-10 06:18:45.332 17922 19246 D BiometricService: Sensor ID(4), oemStrength: 4095, updatedStrength: 4095, modality 8, state: 0, cookie: 0, sensorId 4, hasEnrollments: false cannot participate in Keystore operations
01-10 06:18:45.334 17922 19246 E OplusCustomizeRestrictionManagerService: isBiometricDisabled start
01-10 06:18:45.334 17922 19246 D BiometricService: Sensor ID(4), oemStrength: 4095, updatedStrength: 4095, modality 8, state: 0, cookie: 0, sensorId 4, hasEnrollments: false cannot participate in Keystore operations
01-10 06:18:45.337 17922 18235 D ActivityManager: reportOneUidFrozenStateChanged uid 10309 frozen = false
01-10 06:18:45.338 17922 19246 D ActivityManager: pid 23709 com.google.android.rkpdapp received async transactions while frozen
01-10 06:18:45.339 17922 19246 D ActivityManager: sync unfroze 23709 com.google.android.rkpdapp for 6
01-10 06:18:45.346 17922 19136 D ActivityManager: Async freezing 23709 com.google.android.rkpdapp
01-10 06:18:45.389 17922 17945 V WindowOrientationListener: onSensorChanged mDesiredRotation = 4
01-10 06:18:45.481 17922 17947 W ProcessStats: Tracking association SourceState{caa1c7d com.oplus.pantanal.ums/10148 BFgs #7065} whose proc state 4 is better than process ProcessState{a216f34 com.oplus.statistics.rom/10128 pkg=com.oplus.statistics.rom} proc state 5 (107 skipped)
01-10 06:18:45.490 17922 19246 D ActivityManager: Cancel freezing 29669 com.zhiliaoapp.musically
01-10 06:18:45.491 17922 19246 D ActivityManager: Async freezing 29669 com.zhiliaoapp.musically
01-10 06:18:45.523 17922 18943 D WindowManager: NFW_findFocusedWindowIfNeeded:Window{8dd6cfd u0 OplusChargeAnimationView} mCurrentFocus:Window{88342aa u0 NotificationShade}
01-10 06:18:45.523 17922 18943 V WindowManager: Changing focus from Window{88342aa u0 NotificationShade} to Window{8dd6cfd u0 OplusChargeAnimationView},diplayid=0
01-10 06:18:45.523 17922 18943 D WindowManager: BarWindow--setVisible: id=2, oldState=2, state=0, mFocuseWindow= Window{8dd6cfd u0 OplusChargeAnimationView} call: 
01-10 06:18:45.524 17922 18943 I WindowManager: addWindow: New client android.os.BinderProxy@70e3ca7 : window=Window{8dd6cfd u0 OplusChargeAnimationView}
01-10 06:18:45.528 18698 18698 D FingerprintManager: Cancel fingerprint authentication requested for: 7
01-10 06:18:45.528 17922 18943 E OplusCustomizeRestrictionManagerService: isBiometricDisabled start
01-10 06:18:45.528 17922 18943 D FingerprintProvider/default: [cancelAuthentication] sensorId: 1 ,token: android.os.BinderProxy@5ca928f ,requestId: 7
01-10 06:18:45.528 17922 18943 D Biometrics/FingerprintProvider/FingerprintServiceProviderExtImpl: [handleCancelAuthentication] opPackageName = com.android.systemui, clientToken = android.os.BinderProxy@5ca928f, passedInToken = android.os.BinderProxy@5ca928f
01-10 06:18:45.528 17922 18366 D BiometricScheduler: cancelAuthenticationOrDetection, requestId: 7
01-10 06:18:45.529 17922 18366 D BiometricScheduler: Cancelling auth/detect op: {[20] com.android.server.biometrics.sensors.fingerprint.aidl.FingerprintAuthenticationClient, proto=3, owner=com.android.systemui, cookie=0, requestId=7, userId=0}, State: 2
01-10 06:18:45.529 17922 18366 D BiometricSchedulerOperation: [Cancelling] Current client: {[20] com.android.server.biometrics.sensors.fingerprint.aidl.FingerprintAuthenticationClient, proto=3, owner=com.android.systemui, cookie=0, requestId=7, userId=0}
01-10 06:18:45.529 17922 18366 D Biometrics/Fingerprint/UdfpsHelperExtImpl: preHideUdfpsOverlay sensor:1
01-10 06:18:45.529 17922 18293 E Biometrics/Fingerprint/UdfpsHelperExtImpl: notifyFingerprintIconStatus: 0
01-10 06:18:45.529 17922 18293 D VRR [OPlusExternalRefreshRateManager]: setStatus with: 0
01-10 06:18:45.529 17922 18293 D VRR [OPlusExternalRefreshRateManager]: setStatus from 1 to 0
01-10 06:18:45.529 17922 18293 D VRR [OPlusSurfaceFlingerController]:  setMiscExclusiveMode : -1
01-10 06:18:45.529 17922 18293 D VRR [OPlusExternalRefreshRateManager]: setTouchIdleKeepHight enable: false
01-10 06:18:45.530 17922 17998 D VRR [OPlusSurfaceFlingerController]:  setDirectorOtiHwConfig : true
01-10 06:18:45.530 17922 19136 D AidlResponseHandler: [onTransact]code 4 flags: 16
01-10 06:18:45.531 17922 18366 D Biometrics/AcquisitionClient: onErrorInternal code: 5, finish: true
01-10 06:18:45.531 17922 18366 V BiometricLogger: Error! Modality: 1, User: 0, IsCrypto: false, Action: 2, Client: 1, Error: 5, VendorCode: 0, Latency: -1
01-10 06:18:45.531 17922 18366 W BiometricFrameworkStatsLogger: found a negative latency : -1
01-10 06:18:45.531 17922 18366 D BiometricStateCallback: Client finished, state updated to 0, client {[20] com.android.server.biometrics.sensors.fingerprint.aidl.FingerprintAuthenticationClient, proto=3, owner=com.android.systemui, cookie=0, requestId=7, userId=0}
01-10 06:18:45.531 17922 18943 D WindowManagerServiceExtImpl: extractConfigInfoAndRealFlags rotation=0, screenDp=411, residentWS:0, win=Window{8dd6cfd u0 OplusChargeAnimationView}
01-10 06:18:45.531 17922 18943 V WindowManager: Relayout Window{8dd6cfd u0 OplusChargeAnimationView}: viewVisibility=0, oldvis=0, req=1080x2376, vsysui=, x=0, y=0
01-10 06:18:45.532 17922 18943 I WindowManager: Window{8dd6cfd u0 OplusChargeAnimationView} state from NO_SURFACE to DRAW_PENDING; reason: resetDrawState
01-10 06:18:45.532 17922 18366 D BiometricSchedulerOperation: [Finished / destroy]: {[20] com.android.server.biometrics.sensors.fingerprint.aidl.FingerprintAuthenticationClient, proto=3, owner=com.android.systemui, cookie=0, requestId=7, userId=0}
01-10 06:18:45.532 17922 18366 D Biometrics/Fingerprint/UdfpsHelperExtImpl: preHideUdfpsOverlay sensor:1
01-10 06:18:45.532 17922 18366 D BiometricScheduler: [Finishing] {[20] com.android.server.biometrics.sensors.fingerprint.aidl.FingerprintAuthenticationClient, proto=3, owner=com.android.systemui, cookie=0, requestId=7, userId=0}, success: false
01-10 06:18:45.532 17922 18366 D GestureAvailabilityTracker: Notifying gesture availability, active=true
01-10 06:18:45.532 17922 18366 D BiometricScheduler: No operations, returning to idle
01-10 06:18:45.532 17922 18943 D WindowManager: NFW_findFocusedWindowIfNeeded:Window{8dd6cfd u0 OplusChargeAnimationView} mCurrentFocus:Window{8dd6cfd u0 OplusChargeAnimationView}
01-10 06:18:45.532 17922 18293 E Biometrics/Fingerprint/UdfpsHelperExtImpl: notifyFingerprintIconStatus: 0
