01-10 06:19:19.314 17922 18415 D SystemNetworkObserver: default network nc changed 102
01-10 06:19:19.314 17922 18415 D SystemNetworkObserver: default network lp changed 102
01-10 06:19:19.314 17922 18415 D Smart_Assistant_StateMachine: handle seamless switch wifi result = 0
01-10 06:19:19.314 17922 18415 D Smart_Assistant_StateMachine: Leaving WiFiVerfyingLinkState
01-10 06:19:19.314 17922 18441 D OplusSlaFastSwitch: app:com.android.systemui,destroyType:3
01-10 06:19:19.313 18843 19457 D UlPriorityService: handleDataNetworkChange: mDefaultDataConnected changes from true to false
01-10 06:19:19.314 17922 18415 D Smart_Assistant_UI_Display: sendWifiToDataBroadcast wifi_to_data=false wifi_valid=true
01-10 06:19:19.314 19361 20157 I ChimeraSrvcProxy: NullBinder for android.net.action.RECOMMEND_NETWORKS triggering remote TransactionTooLargeException due to Service without Chimera impl
01-10 06:19:19.314 19361 20157 W .gms.persistent: Large reply transaction of 2113536 bytes, interface descriptor , code 1
01-10 06:19:19.315 17922 18314 D ConnectivityService: Setting inactive [104 CELLULAR] for 30000ms
01-10 06:19:19.315 17922 18441 D OplusSlaFastSwitch: ifname=wlan0,ifIndex=27,netId:102
01-10 06:19:19.315 17922 18441 D OplusSlaFastSwitch: new default Network set,netid=102,name=wlan0
01-10 06:19:19.315 18698 19314 V OplusCustomizeCacheManager: queryCache name: sys.cache.common_customize_cache18014 param: null
01-10 06:19:19.315 17922 18441 D OplusSlaNetworkManager: isPrimaryWifi:true network:102
01-10 06:19:19.315 18698 19314 V OplusCustomizeCacheManager: queryCache name: sys.cache.common_customize_cache18017 param: Bundle[{SETTING=BLOCK, BUSINESS=NCT-DATA}]
01-10 06:19:19.315 18698 19314 V OplusCustomizeCacheManager: start recompute
01-10 06:19:19.315 17922 19359 D OplusCustomizeSecurityManagerService: we can't find the BLOCK
01-10 06:19:19.315 18698 18794 I SystemUi--Statusbar: NetworkController.WifiSignalController-->handleStatusUpdated state=3 enabled=true connected=true isDefaultNetwork=true rssi=-55 level=4 statusLabel=null isDirty=false
01-10 06:19:19.315 17922 18314 W IPCThreadState: Sending oneway calls to frozen process.
01-10 06:19:19.315 17922 18314 W IPCThreadState: Sending oneway calls to frozen process.
01-10 06:19:19.315 17922 18314 W IPCThreadState: Sending oneway calls to frozen process.
01-10 06:19:19.315 17922 18314 W IPCThreadState: Sending oneway calls to frozen process.
01-10 06:19:19.315 17922 18314 W IPCThreadState: Sending oneway calls to frozen process.
01-10 06:19:19.315 17922 18314 W IPCThreadState: Sending oneway calls to frozen process.
01-10 06:19:19.315 17922 18314 W IPCThreadState: Sending oneway calls to frozen process.
01-10 06:19:19.315 18698 19314 V OplusCustomizeCacheManager: queryCache name: sys.cache.common_customize_cache18013 param: null
01-10 06:19:19.316 17922 18474 E LinkPower: [MonitorService] failed to on wifi event:0, pkg is null!
01-10 06:19:19.316 17922 18415 D Smart_Assistant_Dcs: final upload verfy link map info : {smart_assistant={subtype=REBACK_WIFI_LINK, happen_time=2025-01-10 06:19:19, reback_reason=WIFI_QOE_GOOD, keep_duration=560273, input_factor=OPLUS_SCORER, switch_reason=512, rssi=-55, bss_same=true, session_id=592f417f-a76d-4a36-af6b-4f4356c3a39d, oplus_scorer_info=[{time=06:19:07, uid=10225, wifi_link={linkId=1, on=true, id=0, std=5, conn=1, rssi=-61, rate=0, rtt=0, ch_qoe=5, qoe=5, bad_rea=0}, clink={linkId=3, on=true, id=1, std=4, conn=1, rssi=-114, rate=0, rtt=0, ch_qoe=5, qoe=5, bad_rea=0}, backOff=0, reason=0, id=-1, fcst_rssi=-60, l2_stat={tx=3, txre=0, txlo=0, rx=3, txper=5, cca=4, stall=0, bcnt=23, tputsuff=1, tx_ls=585, rx_ls=650}}, {time=06:19:10, uid=10225, wifi_link={linkId=1, on=true, id=0, std=5, conn=1, rssi=-60, rate=0, rtt=0, ch_qoe=3, qoe=3, bad_rea=0}, clink={linkId=3, on=true, id=1, std=4, conn=1, rssi=-114, rate=0, rtt=0, ch_qoe=5, qoe=5, bad_rea=0}, backOff=0, reason=0, id=-1, fcst_rssi=-60, l2_stat={tx=1, txre=20, txlo=20, rx=1, txper=93, cca=3, stall=0, bcnt=21, tputsuff=1, tx_ls=585, rx_ls=650}}, {time=06:19:13, uid=10225, wifi_link={linkId=1, on=true, id=0, std=5, conn=1, rssi=-60, rate=0, rtt=0, ch_qoe=5, qoe=5, bad_rea=0}, clink={linkId=3, on=true, id=1, std=4, conn=1, rssi=-114, rate=0, rtt=0, ch_qoe=5, qoe=5, bad_rea=0}, backOff=0, reason=0, id=-1, fcst_rssi=-60, l2_stat={tx=4, txre=0, txlo=0, rx=4, txper=55, cca=6, stall=0, bcnt=25, tputsuff=1, tx_ls=526, rx_ls=650}}, {time=06:19:16, uid=10225, wifi_link={linkId=1, on=true, id=0, std=5, conn=1, rssi=-61, rate=0, rtt=0, ch_qoe=5, qoe=5, bad_rea=0}, clink={linkId=3, on=true, id=1, std=4, conn=1, rssi=-114, rate=0, rtt=0, ch_qoe=5, qoe=5, bad_rea=0}, backOff=0, reason=0, id=-1, fcst_rssi=-60, l2_stat={tx=0, txre=0, txlo=0, rx=0, txper=33, cca=0, stall=0, bcnt=19, tputsuff=1, tx_ls=526, rx_ls=650}}, {time=06:19:19, uid=10225, wifi_link={linkId=1, on=true, id=0, std=5, conn=1, rssi=-56, rate=0, rtt=0, ch_qoe=5, qoe=5, bad_rea=0}, clink={linkId=3, on=true, id=1, std=4, conn=1, rssi=-114, rate=0, rtt=0, ch_qoe=5, qoe=5, bad_rea=0}, backOff=0, reason=0, id=-1, fcst_rssi=-58, l2_stat={tx=3, txre=2, txlo=0, rx=3, txper=19, cca=0, stall=0, bcnt=19, tputsuff=1, tx_ls=526, rx_ls=526}}], cell_tx_bytes=5100066, cell_rx_bytes=10688053}}
01-10 06:19:19.316 17922 18441 D OplusSlaGameSwitch: onDefaultNetworkChanged networkType 0 netId 102
01-10 06:19:19.316 17922 18314 W IPCThreadState: Sending oneway calls to frozen process.
01-10 06:19:19.316 17922 18441 D OplusSlaGameSwitch: DefaultNetworkChange,netid=102,type=0,mDefaultNetworkType=1
01-10 06:19:19.316 17922 18314 W IPCThreadState: Sending oneway calls to frozen process.
01-10 06:19:19.316 18986 18986 D VendorWifiService: onEvent event:17,action:0
01-10 06:19:19.316 17922 18314 W IPCThreadState: Sending oneway calls to frozen process.
01-10 06:19:19.316 17922 18314 W IPCThreadState: Sending oneway calls to frozen process.
01-10 06:19:19.316 17922 18314 W IPCThreadState: Sending oneway calls to frozen process.
01-10 06:19:19.316 17922 18314 W IPCThreadState: Sending oneway calls to frozen process.
01-10 06:19:19.316 17922 18314 W IPCThreadState: Sending oneway calls to frozen process.
01-10 06:19:19.316 17922 18314 W IPCThreadState: Sending oneway calls to frozen process.
01-10 06:19:19.316 17922 18314 W IPCThreadState: Sending oneway calls to frozen process.
01-10 06:19:19.316 17922 18415 D Smart_Assistant_NetworkRequest: releaseWifiNetwork...
01-10 06:19:19.316 17922 18415 D Smart_Assistant_StateMachine: WifiLinkMonitorState Enter
01-10 06:19:19.316 17922 18314 W IPCThreadState: Sending oneway calls to frozen process.
01-10 06:19:19.316 17922 18314 W IPCThreadState: Sending oneway calls to frozen process.
01-10 06:19:19.316 17922 18314 W IPCThreadState: Sending oneway calls to frozen process.
01-10 06:19:19.316 17922 18314 W IPCThreadState: Sending oneway calls to frozen process.
01-10 06:19:19.316 17922 18314 W IPCThreadState: Sending oneway calls to frozen process.
01-10 06:19:19.316 17922 18314 W IPCThreadState: Sending oneway calls to frozen process.
01-10 06:19:19.316 17922 18314 W IPCThreadState: Sending oneway calls to frozen process.
01-10 06:19:19.316 17922 18314 D ConnectivityService: Sending DISCONNECTED broadcast for type 0 [104 CELLULAR] isDefaultNetwork=true
01-10 06:19:19.316 17922 18314 W ContextImpl: Calling a method in the system process without a qualified user: android.app.ContextImpl.sendStickyBroadcast:1667 android.net.connectivity.com.android.server.ConnectivityService.sendStickyBroadcast:4006 android.net.connectivity.com.android.server.ConnectivityService.sendLegacyNetworkBroadcast:11887 android.net.connectivity.com.android.server.ConnectivityService$LegacyTypeTracker.remove:1309 android.net.connectivity.com.android.server.ConnectivityService.updateLegacyTypeTrackerAndVpnLockdownForRematch:11347 
01-10 06:19:19.318 18698 18794 I SystemUi--Statusbar: NetworkController.WifiSignalController-->handleStatusUpdated state=3 enabled=true connected=true isDefaultNetwork=true rssi=-55 level=4 statusLabel=null isDirty=false
01-10 06:19:19.318 17922 18314 D ConnectivityService: Sending CONNECTED broadcast for type 1 [102 WIFI] isDefaultNetwork=true
01-10 06:19:19.318 17922 18314 W ContextImpl: Calling a method in the system process without a qualified user: android.app.ContextImpl.sendStickyBroadcast:1667 android.net.connectivity.com.android.server.ConnectivityService.sendStickyBroadcast:4006 android.net.connectivity.com.android.server.ConnectivityService.sendGeneralBroadcast:3976 android.net.connectivity.com.android.server.ConnectivityService.sendConnectedBroadcast:3949 android.net.connectivity.com.android.server.ConnectivityService.sendLegacyNetworkBroadcast:11859 
01-10 06:19:19.318 20413 22045 I BugleRcsEngine: Rcs is enabled from user settings: true [CONTEXT log_prefix="ProvisioningEngineDataRetriever" thread_id=75 ]
01-10 06:19:19.319 20413 22045 I BugleRcsEngine: handleMessage processing message:[NOTIFY_UPTIME_IGNORE_STATE_CHANGED] with [non-null]:RcsEngineImpl reference [CONTEXT log_prefix="RcsEngineImpl[DUAL_REG]:[254f5748-f7ae]>Handler" thread_id=75 ]
01-10 06:19:19.319 17922 17922 D AcmeAlarmPolicy: updateConnectivityState: not working.
01-10 06:19:19.319 19361 20157 I ChimeraSrvcProxy: NullBinder for android.net.action.RECOMMEND_NETWORKS triggering remote TransactionTooLargeException due to Service without Chimera impl
01-10 06:19:19.319 19361 20157 W .gms.persistent: Large reply transaction of 2113536 bytes, interface descriptor , code 1
01-10 06:19:19.319 18986 18986 D SubsysBroadcastManager: onReceive action:android.net.conn.CONNECTIVITY_CHANGE
01-10 06:19:19.320 24295 24438 E Battery : NetworkStatusReceiver: The current WiFi connection is available 
01-10 06:19:19.320 18843 19839 D TelephonyImpl: getRealNrState start:0
01-10 06:19:19.320 17922 18943 D ActivityManager: Async freezing 20907 com.google.android.gms
01-10 06:19:19.321 18843 19457 V MonthTrafficAlert: getWarningNotification subId:1 numWarningNotificaion:0
01-10 06:19:19.321 18843 19839 D TelephonyImpl: getRealNrState start:0
01-10 06:19:19.321 20413 22045 I BugleRcsEngine: Rcs is enabled from user settings: true [CONTEXT log_prefix="ProvisioningEngineDataRetriever" thread_id=75 ]
01-10 06:19:19.321 18843 19456 D fastRecovery: idleState exit
01-10 06:19:19.321 18843 19456 D fastRecovery: enter stopDoActionState
01-10 06:19:19.321 18843 19456 D fastRecovery: enter idleState
01-10 06:19:19.322 18843 19456 D NetworkEvent: unregisterCb: cb
01-10 06:19:19.322 18843 19456 D fastRecovery: idleState exit
01-10 06:19:19.322 18843 19456 D fastRecovery: enter stopDoActionState
01-10 06:19:19.322 18843 19456 D fastRecovery: enter idleState
01-10 06:19:19.322 18843 19456 D NetworkEvent: unregisterCb: cb
01-10 06:19:19.322 18843 19456 D fastRecovery: idleState exit
01-10 06:19:19.322 18843 19456 D fastRecovery: enter stopDoActionState
01-10 06:19:19.322 18843 19456 D fastRecovery: enter idleState
01-10 06:19:19.322 18843 19456 D NetworkEvent: unregisterCb: cb
01-10 06:19:19.322 17922 20644 D OplusBatteryServiceFeature: getChgConfig: flag = 8, extra = , callerName = 2
01-10 06:19:19.322 17922 18863 I OplusAthenaTrafficMonitor: Is the current network connected? true
01-10 06:19:19.322 17922 18424 D OplusMultiNlpHelper: resource of name:config_osNetworkLocationProviderPackageName id is:201589067
01-10 06:19:19.322 17922 18424 D OplusMultiNlpHelper: resource of name:config_enableNetworkLocationProviderOverlay id is:202113042
01-10 06:19:19.322 17922 18424 D OplusMultiNlpHelper: resource of name:config_networkLocationProviderPackageNames id is:201785404
01-10 06:19:19.322 17922 17922 D AcmeAlarmPolicy: updateConnectivityState: not working.
01-10 06:19:19.322 17922 18424 D OplusMultiNlpHelper: resource of name:config_nlp_packageName_amap id is:201589131
01-10 06:19:19.322 18698 18698 I QuickSettingsController: calculateNotificationsTopPadding: overScrollHeight:0.0
01-10 06:19:19.322 17922 18424 D OplusMultiNlpHelper: resource of name:config_nlp_packageName_bd id is:201589133
01-10 06:19:19.322 17922 18863 I OplusAthenaTrafficMonitor: Is the current network connected? true
01-10 06:19:19.322 18986 18986 D SubsysBroadcastManager: onReceive action:android.net.conn.CONNECTIVITY_CHANGE
01-10 06:19:19.322 17922 18424 D OplusMultiNlpHelper: resource of name:config_nlp_packageName_tc id is:201589132
01-10 06:19:19.322 18698 18698 I QuickSettingsController: calculateNotificationsTopPadding: overScrollHeight:0.0
01-10 06:19:19.322 17922 18424 D OplusMultiNlpHelper: resource of name:config_nlp_packageName_oplus id is:201589169
01-10 06:19:19.322 18698 18698 I SystemUi--Notification: NotificationStackScrollLayoutExtImpl-->bind scrollGridCount 6 o.visibleChildrenCount 4 o.childCount 7
01-10 06:19:19.322 17922 18424 E OplusMultiNlpHelper: nlpPackageNameList:[com.oplus.location, com.google.android.gms, com.tencent.android.location, com.android.location.fused, com.amap.android.location, com.baidu.map.location]
01-10 06:19:19.323 17922 18424 E system_server: No package ID ff found for resource ID 0xffffffff.
01-10 06:19:19.323 17922 18424 D OplusMultiNlpHelper: resource of name:config_osNetworkLocationProviderPackageName id is:201589067
01-10 06:19:19.323 17922 18424 D OplusMultiNlpHelper: resource of name:config_enableNetworkLocationProviderOverlay id is:202113042
01-10 06:19:19.323 17922 18424 D OplusMultiNlpHelper: resource of name:config_networkLocationProviderPackageNames id is:201785404
01-10 06:19:19.323 17922 18424 D OplusMultiNlpHelper: resource of name:config_nlp_packageName_amap id is:201589131
01-10 06:19:19.323 17922 18304 D NetworkPolicy: Normalization put networkpolicyNetworkTemplate: matchRule=CARRIER, matchSubscriberIds=[240016...], matchWifiNetworkKeys=[], metered=YES
01-10 06:19:19.323 17922 18304 V NetworkPolicy: updateNetworkEnabledNL() return
01-10 06:19:19.323 17922 18424 D OplusMultiNlpHelper: resource of name:config_nlp_packageName_bd id is:201589133
01-10 06:19:19.323 17922 18424 D OplusMultiNlpHelper: resource of name:config_nlp_packageName_tc id is:201589132
01-10 06:19:19.323 17922 18424 D OplusMultiNlpHelper: resource of name:config_nlp_packageName_oplus id is:201589169
01-10 06:19:19.323 17922 18424 E OplusMultiNlpHelper: nlpPackageNameList:[com.oplus.location, com.google.android.gms, com.tencent.android.location, com.android.location.fused, com.amap.android.location, com.baidu.map.location]
01-10 06:19:19.323 17922 18424 E system_server: No package ID ff found for resource ID 0xffffffff.
01-10 06:19:19.323 20717 22001 I SettingImpl: isSenselessConnectionToggleChecked switchValue: 1, state is true
01-10 06:19:19.324 18776 19262 D DataStatistics: DsIdleState msg.what=8
01-10 06:19:19.324 18776 19262 D DataStatistics: DsDefaultState EVENT_RELEASE_NETWORK_REQUEST not game app request network id=596 mNoGameStatisticsInfos size=0
01-10 06:19:19.325 17535 17574 E TetherController:  addInterface r_rmnet_data3->23 succ
01-10 06:19:19.325 17922 18314 D ConnectivityService: NetReassign [284 : 104 → 102, 203 : 104 → 102, 594 : 104 → 102, 188 : 104 → 102, 59 : 104 → 102, 592 : 104 → 102, 250 : 104 → 102, 135 : 104 → 102, 213 : 104 → 102, 167 : 104 → 102, 498 : 104 → 102, 295 : 104 → 102, 282 : 104 → 102, 75 : 104 → 102, 350 : 104 → 102, 111 : 104 → 102, 270 : 104 → 102, 237 : 104 → 102, 241 : 104 → 102, 205 : 104 → 102, 106 : 104 → 102, 492 : 104 → 102, 288 : 104 → 102, 361 : 104 → 102, 341 : 104 → 102, 175 : 104 → 102, 49 : 104 → 102, 33 : 104 → 102, 201 : 104 → 102, 108 : 104 → 102, 279 : 104 → 102, 207 : 104 → 102, 91 : 104 → 102, 160 : 104 → 102, 55 : 104 → 102, 353 : 104 → 102, 596 : 104 → 102, 427 : 104 → 102, 124 : 104 → 102, 89 : 104 → 102, 184 : 104 → 102, 489 : 104 → 102, 37 : 104 → 102, 14 : 104 → 102, 244 : 104 → 102, 77 : 104 → 102, 363 : 104 → 102, 510 : 104 → 102, 247 : 104 → 102, 399 : 104 → 102, 382 : 104 → 102, 107 : 104 → 102, 85 : 104 → 102, 132 : 104 → 102, 574 : 104 → 102, 117 : 104 → 102, 63 : 104 → 102, 93 : 104 → 102, 83 : 104 → 102, 524 : 104 → 102, 272 : 104 → 102, 389 : 104 → 102, 358 : 104 → 102, 435 : 104 → 102, 41 : 104 → 102, 321 : 104 → 102, 304 : 104 → 102, 27 : 104 → 102, 121 : 104 → 102, 220 : 104 → 102, 333 : 104 → 102, 315 : 104 → 102, 47 : 104 → 102, 197 : 104 → 102, 144 : 104 → 102, 1 : 104 → 102, 172 : 104 → 102, 430 : 104 → 102, 356 : 104 → 102, 397 : 104 → 102, 344 : 104 → 102, 178 : 104 → 102, 291 : 104 → 102, 372 : 104 → 102, 67 : 104 → 102, 339 : 104 → 102, 606 : 104 → 102, 259 : 104 → 102, 61 : 104 → 102, 71 : 104 → 102, 97 : 104 → 102, 496 : 104 → 102, 53 : 104 → 102, 6 : 104 → 102, 532 : 104 → 102, 51 : 104 → 102, 31 : 104 → 102, 508 : 104 → 102, 43 : 104 → 102, 346 : 104 → 102, 365 : 104 → 102, 45 : 104 → 102, 73 : 104 → 102, 162 : 104 → 102, 99 : 104 → 102, 384 : 104 → 102, 35 : 104 → 102, 182 : 104 → 102, 8 : 104 → 102, 140 : 104 → 102, 588 : 104 → 102, 103 : 104 → 102, 393 : 104 → 102, 424 : 104 → 102, 420 : 104 → 102, 69 : 104 → 102, 87 : 104 → 102, 584 : 104 → 102, 502 : 104 → 102, 21 : 104 → 102, 194 : 104 → 102, 586 : 104 → 102, 39 : 104 → 102, 57 : 104 → 102, 252 : 104 → 102, 29 : 104 → 102, 16 : 104 → 102, 298 : 104 → 102, 215 : 104 → 102, 406 : 104 → 102, 191 : 104 → 102, 210 : 104 → 102, 65 : 104 → 102, 239 : 104 → 102, 186 : 104 → 102, 506 : 104 → 102, 81 : 104 → 102, 307 : 104 → 102, 326 : 104 → 102, 301 : 104 → 102, 487 : 104 → 102, 266 : 104 → 102, 408 : 104 → 102, 157 : 104 → 102, 148 : 104 → 102, 312 : 104 → 102, 18 : 104 → 102, 517 : 104 → 102, 79 : 104 → 102] [c 1] [a 19] [i 3]
01-10 06:19:19.325 18698 18698 I SystemUi--Statusbar: OplusWifiRepositoryImpl-->ACTION_WIFI_SWITCH_TO_DATA_NETWORK, mIsWifiToData:false
01-10 06:19:19.325 18698 18698 I SystemUi--Statusbar: OplusStatusBarSignalPolicy-->imsIcon: OplusIMSModel(shouldShowVolte=false, shouldShowVowifi=false, simInserted=true, noSim=false, shouldShowVodata=false, shouldShowVo5G=false, vowifiState=false), OplusIMSModel(shouldShowVolte=false, shouldShowVowifi=false, simInserted=false, noSim=true, shouldShowVodata=false, shouldShowVo5G=false, vowifiState=false), noSubs:false, airplaneMode:falsevisible: false ,wifiConnect:true , vowifiIcon:0 , voDataStatus:false
01-10 06:19:19.326 17922 18314 D InetDiagMessage: Destroyed 0 sockets, proto=IPPROTO_TCP, family=AF_INET, states=14
01-10 06:19:19.326 18698 19314 I SystemUi--Statusbar: OplusQSHighlightTileViewImpl-->onStateChanged when has detached from window
01-10 06:19:19.326 18843 19839 D TelephonyImpl: getRealNrState start:0
01-10 06:19:19.326 17922 18314 D InetDiagMessage: Destroyed 0 sockets, proto=IPPROTO_TCP, family=AF_INET6, states=14
01-10 06:19:19.326 17922 18314 D InetDiagMessage: Destroyed live tcp sockets for uids={10205} in 1ms
01-10 06:19:19.327  3314  3371 D LOWI-9.0.1.110: [LOWINetlinkSocketReceiver] unpackRTMLinkMessage: RTM_NEWLINK - ifname r_rmnet_data3, flags 0x10041 ([UP][RUNNING])
01-10 06:19:19.327  3314  3372 D wlc     : Interface change event received
01-10 06:19:19.327 18698 19314 V OplusCustomizeCacheManager: queryCache name: sys.cache.common_customize_cache18014 param: null
01-10 06:19:19.327 18698 19314 V OplusCustomizeCacheManager: queryCache name: sys.cache.common_customize_cache18017 param: Bundle[{SETTING=BLOCK, BUSINESS=NCT-DATA}]
01-10 06:19:19.327 18698 19314 V OplusCustomizeCacheManager: start recompute
01-10 06:19:19.327 17922 20647 D OplusCustomizeSecurityManagerService: we can't find the BLOCK
01-10 06:19:19.327 18698 19314 V OplusCustomizeCacheManager: queryCache name: sys.cache.common_customize_cache18013 param: null
01-10 06:19:19.327 17922 18314 D ConnectivityService: releasing NetworkRequest [ REQUEST id=601, [ Transports: WIFI Capabilities: INTERNET&NOT_RESTRICTED&TRUSTED&NOT_VPN&NOT_VCN_MANAGED&NOT_BANDWIDTH_CONSTRAINED Forbidden: LOCAL_NETWORK Uid: 1000 RequestorUid: 1000 RequestorPkg: android UnderlyingNetworks: Null] ] (release request)
01-10 06:19:19.327 24295 24438 E Battery : NetworkStatusReceiver: The current WiFi connection is available 
01-10 06:19:19.327 18698 19314 V OplusCustomizeCacheManager: queryCache name: sys.cache.common_customize_cache18014 param: null
01-10 06:19:19.327 18698 19314 V OplusCustomizeCacheManager: queryCache name: sys.cache.common_customize_cache18017 param: Bundle[{SETTING=BLOCK, BUSINESS=NCT-DATA}]
01-10 06:19:19.327 18698 19314 V OplusCustomizeCacheManager: start recompute
01-10 06:19:19.327 17922 19136 D OplusCustomizeSecurityManagerService: we can't find the BLOCK
01-10 06:19:19.327 18698 19314 V OplusCustomizeCacheManager: queryCache name: sys.cache.common_customize_cache18013 param: null
01-10 06:19:19.328 20717 22001 I SettingImpl: isSenselessConnectionToggleChecked switchValue: 1, state is true
01-10 06:19:19.328 18843 19839 D TelephonyImpl: getRealNrState start:0
01-10 06:19:19.328 20717 22001 I StatisticsTrack: eventId: daily_senseless_switch_event, {senseless_switch=1}
01-10 06:19:19.328 17922 19256 D OplusBatteryServiceFeature: getChgConfig: flag = 8, extra = , callerName = 2
01-10 06:19:19.328 18776 19262 D DataStatistics: DsIdleState msg.what=8
01-10 06:19:19.328 18776 19262 D DataStatistics: DsDefaultState EVENT_RELEASE_NETWORK_REQUEST not game app request network id=588 mNoGameStatisticsInfos size=0
01-10 06:19:19.328 17922 18304 V NetworkPolicy: updateNotificationsNL not process
01-10 06:19:19.328 18776 19262 D DataStatistics: DsIdleState msg.what=8
01-10 06:19:19.328 18776 19262 D DataStatistics: DsDefaultState EVENT_RELEASE_NETWORK_REQUEST not game app request network id=239 mNoGameStatisticsInfos size=0
01-10 06:19:19.328 18776 19262 D DataStatistics: DsIdleState msg.what=8
01-10 06:19:19.328 18776 19262 D DataStatistics: DsDefaultState EVENT_RELEASE_NETWORK_REQUEST not game app request network id=344 mNoGameStatisticsInfos size=0
01-10 06:19:19.328 18776 19262 D DataStatistics: DsIdleState msg.what=8
01-10 06:19:19.328 18776 19262 D DataStatistics: DsDefaultState EVENT_RELEASE_NETWORK_REQUEST not game app request network id=111 mNoGameStatisticsInfos size=0
01-10 06:19:19.329 20717 22001 I StatisticsTrack: eventId: daily_setting_inner_discovery_switch, {setting_switch=1}
01-10 06:19:19.329 20717 22001 I StatisticsTrack: SP data:0|0|0|0|0|0|3|0|0|0|0|0|0|0|0|0|0|0|0|0|0|0|0|0
01-10 06:19:19.329 20717 22001 I StatisticsTrack: eventId: screen_on_times_event, {count_times_all=3, device_major_type=8, count_times_per_hour={"count_hour_0":"0","count_hour_1":"0","count_hour_2":"0","count_hour_3":"0","count_hour_4":"0","count_hour_5":"0","count_hour_6":"3","count_hour_7":"0","count_hour_8":"0","count_hour_9":"0","count_hour_10":"0","count_hour_11":"0","count_hour_12":"0","count_hour_13":"0","count_hour_14":"0","count_hour_15":"0","count_hour_16":"0","count_hour_17":"0","count_hour_18":"0","count_hour_19":"0","count_hour_20":"0","count_hour_21":"0","count_hour_22":"0","count_hour_23":"0"}}
01-10 06:19:19.329 20717 22001 I StatisticsTrack: eventId: daily_dbr_send_event_count, {dbr_send_failed_reason=, daily_dbr_send_bcmsg_count=0, daily_dbr_send_msg_count=0}
01-10 06:19:19.329 20717 22001 I StatisticsTrack: eventId: daily_dbr_receive_event_count, {daily_dbr_received_data_msg_count=0, daily_dbr_received_system_msg_count=0, daily_dbr_received_bc_msg_count=0}
01-10 06:19:19.329 18776 19262 D DataStatistics: DsIdleState msg.what=8
01-10 06:19:19.329 18698 18698 I QuickSettingsController: calculateNotificationsTopPadding: overScrollHeight:0.0
01-10 06:19:19.330 18776 19262 D DataStatistics: DsDefaultState EVENT_RELEASE_NETWORK_REQUEST not game app request network id=39 mNoGameStatisticsInfos size=0
01-10 06:19:19.330 18776 19262 D DataStatistics: DsIdleState msg.what=8
01-10 06:19:19.330 18776 19262 D DataStatistics: DsDefaultState EVENT_RELEASE_NETWORK_REQUEST not game app request network id=87 mNoGameStatisticsInfos size=0
01-10 06:19:19.330 18698 18698 I QuickSettingsController: calculateNotificationsTopPadding: overScrollHeight:0.0
01-10 06:19:19.330 18776 19262 D DataStatistics: DsIdleState msg.what=8
01-10 06:19:19.330 18776 19262 D DataStatistics: DsDefaultState EVENT_RELEASE_NETWORK_REQUEST not game app request network id=489 mNoGameStatisticsInfos size=0
01-10 06:19:19.330 18776 19262 D DataStatistics: DsIdleState msg.what=8
01-10 06:19:19.330 18776 19262 D DataStatistics: DsDefaultState EVENT_RELEASE_NETWORK_REQUEST not game app request network id=117 mNoGameStatisticsInfos size=0
01-10 06:19:19.330 18776 19262 D DataStatistics: DsIdleState msg.what=8
01-10 06:19:19.330 18776 19262 D DataStatistics: DsDefaultState EVENT_RELEASE_NETWORK_REQUEST not game app request network id=312 mNoGameStatisticsInfos size=0
01-10 06:19:19.330 18776 19262 D DataStatistics: DsIdleState msg.what=8
01-10 06:19:19.330 18776 19262 D DataStatistics: DsDefaultState EVENT_RELEASE_NETWORK_REQUEST not game app request network id=389 mNoGameStatisticsInfos size=0
01-10 06:19:19.330 18776 19262 D DataStatistics: DsIdleState msg.what=8
01-10 06:19:19.330 18776 19262 D DataStatistics: DsDefaultState EVENT_RELEASE_NETWORK_REQUEST not game app request network id=353 mNoGameStatisticsInfos size=0
01-10 06:19:19.330 18776 19262 D DataStatistics: DsIdleState msg.what=8
01-10 06:19:19.330 18776 19262 D DataStatistics: DsDefaultState EVENT_RELEASE_NETWORK_REQUEST not game app request network id=210 mNoGameStatisticsInfos size=0
01-10 06:19:19.330 18776 19262 D DataStatistics: DsIdleState msg.what=8
01-10 06:19:19.330 18776 19262 D DataStatistics: DsDefaultState EVENT_RELEASE_NETWORK_REQUEST not game app request network id=508 mNoGameStatisticsInfos size=0
01-10 06:19:19.330 18776 19262 D DataStatistics: DsIdleState msg.what=8
01-10 06:19:19.330 18776 19262 D DataStatistics: DsDefaultState EVENT_RELEASE_NETWORK_REQUEST not game app request network id=241 mNoGameStatisticsInfos size=0
01-10 06:19:19.330 20717 22001 I StatisticsTrack: eventId: oaf_nfc_near_connect_switch_state, {deviceType=8, nfcNearConnectSwitchState=0}
01-10 06:19:19.330 20717 22001 I StatisticsTrack: eventId: oaf_nfc_near_allow_screen_shot, {nfcNearAllowScreenShot=0}
01-10 06:19:19.330 18843 19457 V MonthTrafficAlert: getWarningNotification subId:1 numWarningNotificaion:0
01-10 06:19:19.330 18776 19262 D DataStatistics: DsIdleState msg.what=8
01-10 06:19:19.330 18776 19262 D DataStatistics: DsDefaultState EVENT_RELEASE_NETWORK_REQUEST not game app request network id=298 mNoGameStatisticsInfos size=0
01-10 06:19:19.330 18776 19262 D DataStatistics: DsIdleState msg.what=8
01-10 06:19:19.330 18776 19262 D DataStatistics: DsDefaultState EVENT_RELEASE_NETWORK_REQUEST not game app request network id=85 mNoGameStatisticsInfos size=0
01-10 06:19:19.330 18776 19262 D DataStatistics: DsIdleState msg.what=8
01-10 06:19:19.330 18776 19262 D DataStatistics: DsDefaultState EVENT_RELEASE_NETWORK_REQUEST not game app request network id=372 mNoGameStatisticsInfos size=0
01-10 06:19:19.330 18937 19735 D IWlanJni: new aidl event arrived
01-10 06:19:19.330 18937 19735 D IWlanJni: handleEvent 3
01-10 06:19:19.330 18937 19735 D IWlanJni: isThreadAttached start
01-10 06:19:19.330 18937 19735 D IWlanJni: jni detached
01-10 06:19:19.330 17922 18304 D NetworkPolicy: Normalization put networkpolicyNetworkTemplate: matchRule=CARRIER, matchSubscriberIds=[240016...], matchWifiNetworkKeys=[], metered=YES
01-10 06:19:19.331 17922 18304 V NetworkPolicy: updateNetworkEnabledNL() return
01-10 06:19:19.331 18937 19735 D IWlanJni: jni attached
01-10 06:19:19.331 18937 19735 D IWlanJni: dataRegistrationStateChangeIndication start
01-10 06:19:19.331 18937 19735 D IWlanJni: getJavaCallbackClass start
01-10 06:19:19.331 18937 19735 D IWlanJni: getJavaCallbackClass End midIs[1]
01-10 06:19:19.331 18937 19735 I IWlanAidlClient: dataRegistrationStateChangeIndication called
01-10 06:19:19.331 18937 19734 D IWlanJni: responseAcknowledgement start
01-10 06:19:19.331 17922 18304 V NetworkPolicy: updateNotificationsNL not process
01-10 06:19:19.332 18585 18608 I [0]DCS-StrategyManager: isNeedUpload: cache, type: 2006, appID: 20210, logTag: 20210001, eventID: daily_senseless_switch_event
01-10 06:19:19.332 18776 19262 D DataStatistics: DsIdleState msg.what=8
01-10 06:19:19.332 18776 19262 D DataStatistics: DsDefaultState EVENT_RELEASE_NETWORK_REQUEST not game app request network id=284 mNoGameStatisticsInfos size=0
01-10 06:19:19.332 18776 19262 D DataStatistics: DsIdleState msg.what=8
01-10 06:19:19.332 18776 19262 D DataStatistics: DsDefaultState EVENT_RELEASE_NETWORK_REQUEST not game app request network id=194 mNoGameStatisticsInfos size=0
01-10 06:19:19.332 18776 19262 D DataStatistics: DsIdleState msg.what=8
01-10 06:19:19.332 18776 19262 D DataStatistics: DsDefaultState EVENT_RELEASE_NETWORK_REQUEST not game app request network id=356 mNoGameStatisticsInfos size=0
01-10 06:19:19.332 18776 19262 D DataStatistics: DsIdleState msg.what=8
01-10 06:19:19.332 18776 19262 D DataStatistics: DsDefaultState EVENT_RELEASE_NETWORK_REQUEST not game app request network id=45 mNoGameStatisticsInfos size=0
01-10 06:19:19.332 18776 19262 D DataStatistics: DsIdleState msg.what=8
01-10 06:19:19.332 18776 19262 D DataStatistics: DsDefaultState EVENT_RELEASE_NETWORK_REQUEST not game app request network id=47 mNoGameStatisticsInfos size=0
01-10 06:19:19.332 18776 19262 D DataStatistics: DsIdleState msg.what=8
01-10 06:19:19.332 18776 19262 D DataStatistics: DsDefaultState EVENT_RELEASE_NETWORK_REQUEST not game app request network id=49 mNoGameStatisticsInfos size=0
01-10 06:19:19.333 18585 18608 I [0]DCS-StrategyManager: isNeedUpload: cache, type: 2006, appID: 20210, logTag: 20210001, eventID: daily_setting_inner_discovery_switch
01-10 06:19:19.333 18776 19262 D DataStatistics: DsIdleState msg.what=8
01-10 06:19:19.333 18776 19262 D DataStatistics: DsDefaultState EVENT_RELEASE_NETWORK_REQUEST not game app request network id=99 mNoGameStatisticsInfos size=0
01-10 06:19:19.333 18776 19262 D DataStatistics: DsIdleState msg.what=8
01-10 06:19:19.333 18776 19262 D DataStatistics: DsDefaultState EVENT_RELEASE_NETWORK_REQUEST not game app request network id=420 mNoGameStatisticsInfos size=0
01-10 06:19:19.333 18776 19262 D DataStatistics: DsIdleState msg.what=8
01-10 06:19:19.333 18776 19262 D DataStatistics: DsDefaultState EVENT_RELEASE_NETWORK_REQUEST not game app request network id=197 mNoGameStatisticsInfos size=0
01-10 06:19:19.333 18776 19262 D DataStatistics: DsIdleState msg.what=8
01-10 06:19:19.333 18776 19262 D DataStatistics: DsDefaultState EVENT_RELEASE_NETWORK_REQUEST not game app request network id=81 mNoGameStatisticsInfos size=0
01-10 06:19:19.333 18776 19262 D DataStatistics: DsIdleState msg.what=8
01-10 06:19:19.333 18776 19262 D DataStatistics: DsDefaultState EVENT_RELEASE_NETWORK_REQUEST not game app request network id=574 mNoGameStatisticsInfos size=0
01-10 06:19:19.333 18776 19262 D DataStatistics: DsIdleState msg.what=8
01-10 06:19:19.333 18776 19262 D DataStatistics: DsDefaultState EVENT_RELEASE_NETWORK_REQUEST not game app request network id=510 mNoGameStatisticsInfos size=0
01-10 06:19:19.333 18776 19262 D DataStatistics: DsIdleState msg.what=8
01-10 06:19:19.333 18776 19262 D DataStatistics: DsDefaultState EVENT_RELEASE_NETWORK_REQUEST not game app request network id=77 mNoGameStatisticsInfos size=0
01-10 06:19:19.333 18776 19262 D DataStatistics: DsIdleState msg.what=8
01-10 06:19:19.333 18776 19262 D DataStatistics: DsDefaultState EVENT_RELEASE_NETWORK_REQUEST not game app request network id=79 mNoGameStatisticsInfos size=0
01-10 06:19:19.333 18776 19262 D DataStatistics: DsIdleState msg.what=8
01-10 06:19:19.333 18776 19262 D DataStatistics: DsDefaultState EVENT_RELEASE_NETWORK_REQUEST not game app request network id=140 mNoGameStatisticsInfos size=0
01-10 06:19:19.333 18776 19262 D DataStatistics: DsIdleState msg.what=8
01-10 06:19:19.333 18776 19262 D DataStatistics: DsDefaultState EVENT_RELEASE_NETWORK_REQUEST not game app request network id=346 mNoGameStatisticsInfos size=0
01-10 06:19:19.333 18776 19262 D DataStatistics: DsIdleState msg.what=8
01-10 06:19:19.333 18776 19262 D DataStatistics: DsDefaultState EVENT_RELEASE_NETWORK_REQUEST not game app request network id=361 mNoGameStatisticsInfos size=0
01-10 06:19:19.333 18776 19262 D DataStatistics: DsIdleState msg.what=8
01-10 06:19:19.333 18776 19262 D DataStatistics: DsDefaultState EVENT_RELEASE_NETWORK_REQUEST not game app request network id=215 mNoGameStatisticsInfos size=0
01-10 06:19:19.333 18585 18608 I [0]DCS-StrategyManager: isNeedUpload: cache, type: 2006, appID: 20210, logTag: 20210001, eventID: screen_on_times_event
01-10 06:19:19.333 18776 19262 D DataStatistics: DsIdleState msg.what=8
01-10 06:19:19.333 18776 19262 D DataStatistics: DsDefaultState EVENT_RELEASE_NETWORK_REQUEST not game app request network id=304 mNoGameStatisticsInfos size=0
01-10 06:19:19.333 18776 19262 D DataStatistics: DsIdleState msg.what=8
01-10 06:19:19.333 18776 19262 D DataStatistics: DsDefaultState EVENT_RELEASE_NETWORK_REQUEST not game app request network id=408 mNoGameStatisticsInfos size=0
01-10 06:19:19.333 18776 19262 D DataStatistics: DsIdleState msg.what=8
01-10 06:19:19.333 18776 19262 D DataStatistics: DsDefaultState EVENT_RELEASE_NETWORK_REQUEST not game app request network id=244 mNoGameStatisticsInfos size=0
01-10 06:19:19.334 18776 19262 D DataStatistics: DsIdleState msg.what=8
01-10 06:19:19.334 18776 19262 D DataStatistics: DsDefaultState EVENT_RELEASE_NETWORK_REQUEST not game app request network id=435 mNoGameStatisticsInfos size=0
01-10 06:19:19.334 18585 18608 I [0]DCS-StrategyManager: isNeedUpload: cache, type: 2006, appID: 20210, logTag: 20210002, eventID: daily_dbr_send_event_count
01-10 06:19:19.334 18776 19262 D DataStatistics: DsIdleState msg.what=8
01-10 06:19:19.334 18776 19262 D DataStatistics: DsDefaultState EVENT_RELEASE_NETWORK_REQUEST not game app request network id=41 mNoGameStatisticsInfos size=0
01-10 06:19:19.334 18776 19262 D DataStatistics: DsIdleState msg.what=8
01-10 06:19:19.334 18776 19262 D DataStatistics: DsDefaultState EVENT_RELEASE_NETWORK_REQUEST not game app request network id=506 mNoGameStatisticsInfos size=0
01-10 06:19:19.334 18776 19262 D DataStatistics: DsIdleState msg.what=8
01-10 06:19:19.334 18776 19262 D DataStatistics: DsDefaultState EVENT_RELEASE_NETWORK_REQUEST not game app request network id=592 mNoGameStatisticsInfos size=0
01-10 06:19:19.334 18776 19262 D DataStatistics: DsIdleState msg.what=8
01-10 06:19:19.334 18776 19262 D DataStatistics: DsDefaultState EVENT_RELEASE_NETWORK_REQUEST not game app request network id=315 mNoGameStatisticsInfos size=0
01-10 06:19:19.334 18585 18608 I [0]DCS-StrategyManager: isNeedUpload: cache, type: 2006, appID: 20210, logTag: 20210002, eventID: daily_dbr_receive_event_count
01-10 06:19:19.334 18776 19262 D DataStatistics: DsIdleState msg.what=8
01-10 06:19:19.334 18585 18608 I [0]DCS-StrategyManager: isNeedUpload: cache, type: 2006, appID: 20210, logTag: 20210001, eventID: oaf_nfc_near_connect_switch_state
01-10 06:19:19.334 18776 19262 D DataStatistics: DsDefaultState EVENT_RELEASE_NETWORK_REQUEST not game app request network id=178 mNoGameStatisticsInfos size=0
01-10 06:19:19.334 18776 19262 D DataStatistics: DsIdleState msg.what=8
01-10 06:19:19.334 18776 19262 D DataStatistics: DsDefaultState EVENT_RELEASE_NETWORK_REQUEST not game app request network id=213 mNoGameStatisticsInfos size=0
01-10 06:19:19.334 18776 19262 D DataStatistics: DsIdleState msg.what=8
01-10 06:19:19.334 18776 19262 D DataStatistics: DsDefaultState EVENT_RELEASE_NETWORK_REQUEST not game app request network id=365 mNoGameStatisticsInfos size=0
01-10 06:19:19.334 18585 18608 I [0]DCS-StrategyManager: isNeedUpload: cache, type: 2006, appID: 20210, logTag: 20210001, eventID: oaf_nfc_near_allow_screen_shot
01-10 06:19:19.334 18776 19262 D DataStatistics: DsIdleState msg.what=8
01-10 06:19:19.334 18776 19262 D DataStatistics: DsDefaultState EVENT_RELEASE_NETWORK_REQUEST not game app request network id=157 mNoGameStatisticsInfos size=0
01-10 06:19:19.334 18776 19262 D DataStatistics: DsIdleState msg.what=8
01-10 06:19:19.334 18776 19262 D DataStatistics: DsDefaultState EVENT_RELEASE_NETWORK_REQUEST not game app request network id=186 mNoGameStatisticsInfos size=0
01-10 06:19:19.334 18776 19262 D DataStatistics: DsIdleState msg.what=8
01-10 06:19:19.334 18776 19262 D DataStatistics: DsDefaultState EVENT_RELEASE_NETWORK_REQUEST not game app request network id=250 mNoGameStatisticsInfos size=0
01-10 06:19:19.334 18776 19262 D DataStatistics: DsIdleState msg.what=8
01-10 06:19:19.334 18776 19262 D DataStatistics: DsDefaultState EVENT_RELEASE_NETWORK_REQUEST not game app request network id=384 mNoGameStatisticsInfos size=0
01-10 06:19:19.334 18776 19262 D DataStatistics: DsIdleState msg.what=8
01-10 06:19:19.335 18776 19262 D DataStatistics: DsDefaultState EVENT_RELEASE_NETWORK_REQUEST not game app request network id=502 mNoGameStatisticsInfos size=0
01-10 06:19:19.335 18776 19262 D DataStatistics: DsIdleState msg.what=8
01-10 06:19:19.335 18776 19262 D DataStatistics: DsDefaultState EVENT_RELEASE_NETWORK_REQUEST not game app request network id=103 mNoGameStatisticsInfos size=0
01-10 06:19:19.335 18776 19262 D DataStatistics: DsIdleState msg.what=8
01-10 06:19:19.335 18776 19262 D DataStatistics: DsDefaultState EVENT_RELEASE_NETWORK_REQUEST not game app request network id=524 mNoGameStatisticsInfos size=0
01-10 06:19:19.335 18776 19262 D DataStatistics: DsIdleState msg.what=8
01-10 06:19:19.335 18776 19262 D DataStatistics: DsDefaultState EVENT_RELEASE_NETWORK_REQUEST not game app request network id=424 mNoGameStatisticsInfos size=0
01-10 06:19:19.335 18776 19262 D DataStatistics: DsIdleState msg.what=8
01-10 06:19:19.335 18776 19262 D DataStatistics: DsDefaultState EVENT_RELEASE_NETWORK_REQUEST not game app request network id=160 mNoGameStatisticsInfos size=0
01-10 06:19:19.335 18776 19262 D DataStatistics: DsIdleState msg.what=8
01-10 06:19:19.335 18776 19262 D DataStatistics: DsDefaultState EVENT_RELEASE_NETWORK_REQUEST not game app request network id=427 mNoGameStatisticsInfos size=0
01-10 06:19:19.335 18776 19262 D DataStatistics: DsIdleState msg.what=8
01-10 06:19:19.335 18776 19262 D DataStatistics: DsDefaultState EVENT_RELEASE_NETWORK_REQUEST not game app request network id=532 mNoGameStatisticsInfos size=0
01-10 06:19:19.335 18776 19262 D DataStatistics: DsIdleState msg.what=8
01-10 06:19:19.335 18776 19262 D DataStatistics: DsDefaultState EVENT_RELEASE_NETWORK_REQUEST not game app request network id=247 mNoGameStatisticsInfos size=0
01-10 06:19:19.335 18776 19262 D DataStatistics: DsIdleState msg.what=8
01-10 06:19:19.335 18776 19262 D DataStatistics: DsDefaultState EVENT_RELEASE_NETWORK_REQUEST not game app request network id=584 mNoGameStatisticsInfos size=0
01-10 06:19:19.335 18776 19262 D DataStatistics: DsIdleState msg.what=8
01-10 06:19:19.335 18776 19262 D DataStatistics: DsDefaultState EVENT_RELEASE_NETWORK_REQUEST not game app request network id=1 mNoGameStatisticsInfos size=0
01-10 06:19:19.335 18776 19262 D DataStatistics: DsIdleState msg.what=8
01-10 06:19:19.335 18776 19262 D DataStatistics: DsDefaultState EVENT_RELEASE_NETWORK_REQUEST not game app request network id=144 mNoGameStatisticsInfos size=0
01-10 06:19:19.335 18776 19262 D DataStatistics: DsIdleState msg.what=8
01-10 06:19:19.335 18776 19262 D DataStatistics: DsDefaultState EVENT_RELEASE_NETWORK_REQUEST not game app request network id=399 mNoGameStatisticsInfos size=0
01-10 06:19:19.335 18776 19262 D DataStatistics: DsIdleState msg.what=8
01-10 06:19:19.335 18776 19262 D DataStatistics: DsDefaultState EVENT_RELEASE_NETWORK_REQUEST not game app request network id=496 mNoGameStatisticsInfos size=0
01-10 06:19:19.335 18776 19262 D DataStatistics: DsIdleState msg.what=8
01-10 06:19:19.335 18776 19262 D DataStatistics: DsDefaultState EVENT_RELEASE_NETWORK_REQUEST not game app request network id=498 mNoGameStatisticsInfos size=0
01-10 06:19:19.335 18776 19262 D DataStatistics: DsIdleState msg.what=8
01-10 06:19:19.335 18776 19262 D DataStatistics: DsDefaultState EVENT_RELEASE_NETWORK_REQUEST not game app request network id=53 mNoGameStatisticsInfos size=0
01-10 06:19:19.335 18776 19262 D DataStatistics: DsIdleState msg.what=8
01-10 06:19:19.335 18776 19262 D DataStatistics: DsDefaultState EVENT_RELEASE_NETWORK_REQUEST not game app request network id=270 mNoGameStatisticsInfos size=0
01-10 06:19:19.336 18776 19262 D DataStatistics: DsIdleState msg.what=8
01-10 06:19:19.336 18776 19262 D DataStatistics: DsDefaultState EVENT_RELEASE_NETWORK_REQUEST not game app request network id=333 mNoGameStatisticsInfos size=0
01-10 06:19:19.336 18776 19262 D DataStatistics: DsIdleState msg.what=8
01-10 06:19:19.336 18776 19262 D DataStatistics: DsDefaultState EVENT_RELEASE_NETWORK_REQUEST not game app request network id=350 mNoGameStatisticsInfos size=0
01-10 06:19:19.336 18776 19262 D DataStatistics: DsIdleState msg.what=8
01-10 06:19:19.336 18776 19262 D DataStatistics: DsDefaultState EVENT_RELEASE_NETWORK_REQUEST not game app request network id=59 mNoGameStatisticsInfos size=0
01-10 06:19:19.336 18776 19262 D DataStatistics: DsIdleState msg.what=8
01-10 06:19:19.336 18776 19262 D DataStatistics: DsDefaultState EVENT_RELEASE_NETWORK_REQUEST not game app request network id=295 mNoGameStatisticsInfos size=0
01-10 06:19:19.336 18776 19262 D DataStatistics: DsIdleState msg.what=8
01-10 06:19:19.336 18776 19262 D DataStatistics: DsDefaultState EVENT_RELEASE_NETWORK_REQUEST not game app request network id=51 mNoGameStatisticsInfos size=0
01-10 06:19:19.336 18776 19262 D DataStatistics: DsIdleState msg.what=8
01-10 06:19:19.336 18776 19262 D DataStatistics: DsDefaultState EVENT_RELEASE_NETWORK_REQUEST not game app request network id=61 mNoGameStatisticsInfos size=0
01-10 06:19:19.336 18776 19262 D DataStatistics: DsIdleState msg.what=8
01-10 06:19:19.336 18776 19262 D DataStatistics: DsDefaultState EVENT_RELEASE_NETWORK_REQUEST not game app request network id=63 mNoGameStatisticsInfos size=0
01-10 06:19:19.336 18776 19262 D DataStatistics: DsIdleState msg.what=8
01-10 06:19:19.336 18776 19262 D DataStatistics: DsDefaultState EVENT_RELEASE_NETWORK_REQUEST not game app request network id=55 mNoGameStatisticsInfos size=0
01-10 06:19:19.336 18776 19262 D DataStatistics: DsIdleState msg.what=8
01-10 06:19:19.336 18776 19262 D DataStatistics: DsDefaultState EVENT_RELEASE_NETWORK_REQUEST not game app request network id=517 mNoGameStatisticsInfos size=0
01-10 06:19:19.336 18776 19262 D DataStatistics: DsIdleState msg.what=8
01-10 06:19:19.336 18776 19262 D DataStatistics: DsDefaultState EVENT_RELEASE_NETWORK_REQUEST not game app request network id=93 mNoGameStatisticsInfos size=0
01-10 06:19:19.336 18776 19262 D DataStatistics: DsIdleState msg.what=8
01-10 06:19:19.336 18776 19262 D DataStatistics: DsDefaultState EVENT_RELEASE_NETWORK_REQUEST not game app request network id=124 mNoGameStatisticsInfos size=0
01-10 06:19:19.336 18776 19262 D DataStatistics: DsIdleState msg.what=8
01-10 06:19:19.336 18776 19262 D DataStatistics: DsDefaultState EVENT_RELEASE_NETWORK_REQUEST not game app request network id=35 mNoGameStatisticsInfos size=0
01-10 06:19:19.336 18776 19262 D DataStatistics: DsIdleState msg.what=8
01-10 06:19:19.336 18776 19262 D DataStatistics: DsDefaultState EVENT_RELEASE_NETWORK_REQUEST not game app request network id=175 mNoGameStatisticsInfos size=0
01-10 06:19:19.336 18776 19262 D DataStatistics: DsIdleState msg.what=8
01-10 06:19:19.336 18776 19262 D DataStatistics: DsDefaultState EVENT_RELEASE_NETWORK_REQUEST not game app request network id=430 mNoGameStatisticsInfos size=0
01-10 06:19:19.336 18776 19262 D DataStatistics: DsIdleState msg.what=8
01-10 06:19:19.336 18776 19262 D DataStatistics: DsDefaultState EVENT_RELEASE_NETWORK_REQUEST not game app request network id=487 mNoGameStatisticsInfos size=0
01-10 06:19:19.336 18776 19262 D DataStatistics: DsIdleState msg.what=8
01-10 06:19:19.336 18776 19262 D DataStatistics: DsDefaultState EVENT_RELEASE_NETWORK_REQUEST not game app request network id=341 mNoGameStatisticsInfos size=0
01-10 06:19:19.336 18776 19262 D DataStatistics: DsIdleState msg.what=8
01-10 06:19:19.336 18776 19262 D DataStatistics: DsDefaultState EVENT_RELEASE_NETWORK_REQUEST not game app request network id=201 mNoGameStatisticsInfos size=0
01-10 06:19:19.336 18776 19262 D DataStatistics: DsIdleState msg.what=8
01-10 06:19:19.336 18776 19262 D DataStatistics: DsDefaultState EVENT_RELEASE_NETWORK_REQUEST not game app request network id=252 mNoGameStatisticsInfos size=0
01-10 06:19:19.336 18776 19262 D DataStatistics: DsIdleState msg.what=8
01-10 06:19:19.336 18776 19262 D DataStatistics: DsDefaultState EVENT_RELEASE_NETWORK_REQUEST not game app request network id=326 mNoGameStatisticsInfos size=0
01-10 06:19:19.337 18776 19262 D DataStatistics: DsIdleState msg.what=8
01-10 06:19:19.337 18776 19262 D DataStatistics: DsDefaultState EVENT_RELEASE_NETWORK_REQUEST not game app request network id=182 mNoGameStatisticsInfos size=0
01-10 06:19:19.337 18776 19262 D DataStatistics: DsIdleState msg.what=8
01-10 06:19:19.337 18776 19262 D DataStatistics: DsDefaultState EVENT_RELEASE_NETWORK_REQUEST not game app request network id=272 mNoGameStatisticsInfos size=0
01-10 06:19:19.337 18776 19262 D DataStatistics: DsIdleState msg.what=8
01-10 06:19:19.337 18776 19262 D DataStatistics: DsDefaultState EVENT_RELEASE_NETWORK_REQUEST not game app request network id=492 mNoGameStatisticsInfos size=0
01-10 06:19:19.337 18776 19262 D DataStatistics: DsIdleState msg.what=8
01-10 06:19:19.337 18776 19262 D DataStatistics: DsDefaultState EVENT_RELEASE_NETWORK_REQUEST not game app request network id=89 mNoGameStatisticsInfos size=0
01-10 06:19:19.337 18776 19262 D DataStatistics: DsIdleState msg.what=8
01-10 06:19:19.337 18776 19262 D DataStatistics: DsDefaultState EVENT_RELEASE_NETWORK_REQUEST not game app request network id=321 mNoGameStatisticsInfos size=0
01-10 06:19:19.337 18776 19262 D DataStatistics: DsIdleState msg.what=8
01-10 06:19:19.337 18776 19262 D DataStatistics: DsDefaultState EVENT_RELEASE_NETWORK_REQUEST not game app request network id=594 mNoGameStatisticsInfos size=0
01-10 06:19:19.337 18776 19262 D DataStatistics: DsIdleState msg.what=8
01-10 06:19:19.337 18776 19262 D DataStatistics: DsDefaultState EVENT_RELEASE_NETWORK_REQUEST not game app request network id=307 mNoGameStatisticsInfos size=0
01-10 06:19:19.337 18776 19262 D DataStatistics: DsIdleState msg.what=8
01-10 06:19:19.337 18776 19262 D DataStatistics: DsDefaultState EVENT_RELEASE_NETWORK_REQUEST not game app request network id=106 mNoGameStatisticsInfos size=0
01-10 06:19:19.337 18776 19262 D DataStatistics: DsIdleState msg.what=8
01-10 06:19:19.337 18776 19262 D DataStatistics: DsDefaultState EVENT_RELEASE_NETWORK_REQUEST not game app request network id=237 mNoGameStatisticsInfos size=0
01-10 06:19:19.337 18776 19262 D DataStatistics: DsIdleState msg.what=8
01-10 06:19:19.337 18776 19262 D DataStatistics: DsDefaultState EVENT_RELEASE_NETWORK_REQUEST not game app request network id=282 mNoGameStatisticsInfos size=0
01-10 06:19:19.337 18776 19262 D DataStatistics: DsIdleState msg.what=8
01-10 06:19:19.337 18776 19262 D DataStatistics: DsDefaultState EVENT_RELEASE_NETWORK_REQUEST not game app request network id=65 mNoGameStatisticsInfos size=0
01-10 06:19:19.337 18776 19262 D DataStatistics: DsIdleState msg.what=8
01-10 06:19:19.337 18776 19262 D DataStatistics: DsDefaultState EVENT_RELEASE_NETWORK_REQUEST not game app request network id=162 mNoGameStatisticsInfos size=0
01-10 06:19:19.337 18776 19262 D DataStatistics: DsIdleState msg.what=8
01-10 06:19:19.337 18776 19262 D DataStatistics: DsDefaultState EVENT_RELEASE_NETWORK_REQUEST not game app request network id=586 mNoGameStatisticsInfos size=0
01-10 06:19:19.337 18776 19262 D DataStatistics: DsIdleState msg.what=8
01-10 06:19:19.337 18776 19262 D DataStatistics: DsDefaultState EVENT_RELEASE_NETWORK_REQUEST not game app request network id=121 mNoGameStatisticsInfos size=0
01-10 06:19:19.337 18776 19262 D DataStatistics: DsIdleState msg.what=8
01-10 06:19:19.337 18776 19262 D DataStatistics: DsDefaultState EVENT_RELEASE_NETWORK_REQUEST not game app request network id=83 mNoGameStatisticsInfos size=0
01-10 06:19:19.337 18776 19262 D DataStatistics: DsIdleState msg.what=8
01-10 06:19:19.337 18776 19262 D DataStatistics: DsDefaultState EVENT_RELEASE_NETWORK_REQUEST not game app request network id=207 mNoGameStatisticsInfos size=0
01-10 06:19:19.337 18776 19262 D DataStatistics: DsIdleState msg.what=8
01-10 06:19:19.337 18776 19262 D DataStatistics: DsDefaultState EVENT_RELEASE_NETWORK_REQUEST not game app request network id=406 mNoGameStatisticsInfos size=0
01-10 06:19:19.337 18776 19262 D DataStatistics: DsIdleState msg.what=8
01-10 06:19:19.337 18776 19262 D DataStatistics: DsDefaultState EVENT_RELEASE_NETWORK_REQUEST not game app request network id=71 mNoGameStatisticsInfos size=0
01-10 06:19:19.337 18776 19262 D DataStatistics: DsIdleState msg.what=8
01-10 06:19:19.337 18776 19262 D DataStatistics: DsDefaultState EVENT_RELEASE_NETWORK_REQUEST not game app request network id=203 mNoGameStatisticsInfos size=0
01-10 06:19:19.337 18776 19262 D DataStatistics: DsIdleState msg.what=8
01-10 06:19:19.337 18776 19262 D DataStatistics: DsDefaultState EVENT_RELEASE_NETWORK_REQUEST not game app request network id=29 mNoGameStatisticsInfos size=0
01-10 06:19:19.337 18776 19262 D DataStatistics: DsIdleState msg.what=8
01-10 06:19:19.337 18776 19262 D DataStatistics: DsDefaultState EVENT_RELEASE_NETWORK_REQUEST not game app request network id=184 mNoGameStatisticsInfos size=0
01-10 06:19:19.337 18776 19262 D DataStatistics: DsIdleState msg.what=8
01-10 06:19:19.337 18776 19262 D DataStatistics: DsDefaultState EVENT_RELEASE_NETWORK_REQUEST not game app request network id=31 mNoGameStatisticsInfos size=0
01-10 06:19:19.337 18776 19262 D DataStatistics: DsIdleState msg.what=8
